000
CDUS41 KCTP 180618
CLIBFD


CLIMATE REPORT
NATIONAL WEATHER SERVICE STATE COLLEGE PA
117 AM EST MON DEC 18 2017


...................................

...THE BRADFORD CLIMATE SUMMARY FOR DECEMBER 17 2017...

CLIMATE NORMAL PERIOD 1981 TO 2010
CLIMATE RECORD PERIOD 1957 TO 2017


WEATHER ITEM   OBSERVED TIME   RECORD YEAR NORMAL DEPARTURE LAST
                VALUE   (LST)  VALUE       VALUE  FROM      YEAR
                                                  NORMAL
..................................................................
TEMPERATURE (F)
 YESTERDAY
  MAXIMUM         34   1159 PM  56    1984  32      2       53
  MINIMUM         26    459 AM  -5    2002  18      8       13
  AVERAGE         30                        25      5       33

PRECIPITATION (IN)
  YESTERDAY        0.00          0.83 2001   0.11  -0.11     0.48
  MONTH TO DATE    1.15                      1.96  -0.81     1.82
  SINCE DEC 1      1.15                      1.96  -0.81     1.82
  SINCE JAN 1     48.36                     43.02   5.34    43.08

DEGREE DAYS
 HEATING
  YESTERDAY       35                        35      0       32
  MONTH TO DATE  667                       552    115      663
  SINCE DEC 1    667                       552    115      663
  SINCE JUL 1   2201                      2387   -186     2051

 COOLING
  YESTERDAY        0                         0      0        0
  MONTH TO DATE    0                         0      0        0
  SINCE DEC 1      0                         0      0        0
  SINCE JAN 1    264                       193     71      370
..................................................................


WIND (MPH)
  HIGHEST WIND SPEED     9   HIGHEST WIND DIRECTION    SW (210)
  HIGHEST GUST SPEED    14   HIGHEST GUST DIRECTION     S (200)
  AVERAGE WIND SPEED     2.3


SKY COVER
  POSSIBLE SUNSHINE  MM
  AVERAGE SKY COVER 0.8


WEATHER CONDITIONS
 THE FOLLOWING WEATHER WAS RECORDED YESTERDAY.
  FOG
  FOG W/VISIBILITY <= 1/4 MILE


RELATIVE HUMIDITY (PERCENT)
 HIGHEST   100           200 AM
 LOWEST     78           700 PM
 AVERAGE    89

..........................................................


THE BRADFORD CLIMATE NORMALS FOR TODAY
                         NORMAL    RECORD    YEAR
 MAXIMUM TEMPERATURE (F)   32        54      2016
 MINIMUM TEMPERATURE (F)   17        -3      1989


SUNRISE AND SUNSET
DECEMBER 18 2017......SUNRISE   737 AM EST   SUNSET   446 PM EST
DECEMBER 19 2017......SUNRISE   738 AM EST   SUNSET   446 PM EST


-  INDICATES NEGATIVE NUMBERS.
R  INDICATES RECORD WAS SET OR TIED.
MM INDICATES DATA IS MISSING.
T  INDICATES TRACE AMOUNT.




$$
