000
CDUS41 KCTP 010607
CLIBFD


CLIMATE REPORT
NATIONAL WEATHER SERVICE STATE COLLEGE PA
207 AM EDT WED OCT 1 2014


...................................

...THE BRADFORD CLIMATE SUMMARY FOR SEPTEMBER 30 2014...

CLIMATE NORMAL PERIOD 1981 TO 2010
CLIMATE RECORD PERIOD 1957 TO 2014


WEATHER ITEM   OBSERVED TIME   RECORD YEAR NORMAL DEPARTURE LAST
                VALUE   (LST)  VALUE       VALUE  FROM      YEAR
                                                  NORMAL
..................................................................
TEMPERATURE (F)
 YESTERDAY
  MAXIMUM         71    106 PM  81    1986  63      8       70
  MINIMUM         44    602 AM  27    1963  40      4       44
  AVERAGE         58                        52      6       57

PRECIPITATION (IN)
  YESTERDAY        T             1.13 2010   0.13  -0.13     0.00
  MONTH TO DATE    2.25                      3.92  -1.67     2.53
  SINCE SEP 1      2.25                      3.92  -1.67     2.53
  SINCE JAN 1     33.59                     33.87  -0.28    23.94

DEGREE DAYS
 HEATING
  YESTERDAY        7                         9     -2        8
  MONTH TO DATE  217                       147     70      240
  SINCE SEP 1    217                       264    -47      240
  SINCE JUL 1    401                       417    -16      376

 COOLING
  YESTERDAY        0                         0      0        0
  MONTH TO DATE   25                        15     10       30
  SINCE SEP 1     25                        15     10       30
  SINCE JAN 1    195                       192      3      325
..................................................................


WIND (MPH)
  HIGHEST WIND SPEED    10   HIGHEST WIND DIRECTION    NW (320)
  HIGHEST GUST SPEED    13   HIGHEST GUST DIRECTION    NW (300)
  AVERAGE WIND SPEED     2.8


SKY COVER
  POSSIBLE SUNSHINE  MM
  AVERAGE SKY COVER 0.7


WEATHER CONDITIONS
 THE FOLLOWING WEATHER WAS RECORDED YESTERDAY.
  THUNDERSTORM
  LIGHT RAIN
  FOG
  FOG W/VISIBILITY <= 1/4 MILE


RELATIVE HUMIDITY (PERCENT)
 HIGHEST   100           200 AM
 LOWEST     53           100 PM
 AVERAGE    77

..........................................................


THE BRADFORD CLIMATE NORMALS FOR TODAY
                         NORMAL    RECORD    YEAR
 MAXIMUM TEMPERATURE (F)   62        77      1988
 MINIMUM TEMPERATURE (F)   40        27      1972


SUNRISE AND SUNSET
OCTOBER  1 2014.......SUNRISE   711 AM EDT   SUNSET   656 PM EDT
OCTOBER  2 2014.......SUNRISE   712 AM EDT   SUNSET   655 PM EDT


-  INDICATES NEGATIVE NUMBERS.
R  INDICATES RECORD WAS SET OR TIED.
MM INDICATES DATA IS MISSING.
T  INDICATES TRACE AMOUNT.




$$
