000
CDUS41 KCTP 220631
CLIBFD


CLIMATE REPORT
NATIONAL WEATHER SERVICE STATE COLLEGE PA
231 AM EDT FRI SEP 22 2017


...................................

...THE BRADFORD CLIMATE SUMMARY FOR SEPTEMBER 21 2017...

CLIMATE NORMAL PERIOD 1981 TO 2010
CLIMATE RECORD PERIOD 1957 TO 2017


WEATHER ITEM   OBSERVED TIME   RECORD YEAR NORMAL DEPARTURE LAST
                VALUE   (LST)  VALUE       VALUE  FROM      YEAR
                                                  NORMAL
..................................................................
TEMPERATURE (F)
 YESTERDAY
  MAXIMUM         81    335 PM  82    1980  66     15       80
  MINIMUM         48    616 AM  28    1962  43      5       48
  AVERAGE         65                        55     10       64

PRECIPITATION (IN)
  YESTERDAY        0.00          2.52 1992   0.13  -0.13     0.00
  MONTH TO DATE    2.31                      2.74  -0.43     1.86
  SINCE SEP 1      2.31                      2.74  -0.43     1.86
  SINCE JAN 1     37.46                     32.69   4.77    30.86

DEGREE DAYS
 HEATING
  YESTERDAY        0                         6     -6        1
  MONTH TO DATE  128                        75     53       61
  SINCE SEP 1    128                        75     53       61
  SINCE JUL 1    237                       228      9      104

 COOLING
  YESTERDAY        0                         0      0        0
  MONTH TO DATE    9                        13     -4       38
  SINCE SEP 1      9                        13     -4       38
  SINCE JAN 1    233                       190     43      363
..................................................................


WIND (MPH)
  HIGHEST WIND SPEED     8   HIGHEST WIND DIRECTION     N (350)
  HIGHEST GUST SPEED    10   HIGHEST GUST DIRECTION     N (360)
  AVERAGE WIND SPEED     1.6


SKY COVER
  POSSIBLE SUNSHINE  MM
  AVERAGE SKY COVER 0.3


WEATHER CONDITIONS
 THE FOLLOWING WEATHER WAS RECORDED YESTERDAY.
  FOG
  FOG W/VISIBILITY <= 1/4 MILE


RELATIVE HUMIDITY (PERCENT)
 HIGHEST   100          1200 AM
 LOWEST     42           100 PM
 AVERAGE    71

..........................................................


THE BRADFORD CLIMATE NORMALS FOR TODAY
                         NORMAL    RECORD    YEAR
 MAXIMUM TEMPERATURE (F)   66        82      1980
 MINIMUM TEMPERATURE (F)   43        26      1963


SUNRISE AND SUNSET
SEPTEMBER 22 2017.....SUNRISE   702 AM EDT   SUNSET   711 PM EDT
SEPTEMBER 23 2017.....SUNRISE   703 AM EDT   SUNSET   710 PM EDT


-  INDICATES NEGATIVE NUMBERS.
R  INDICATES RECORD WAS SET OR TIED.
MM INDICATES DATA IS MISSING.
T  INDICATES TRACE AMOUNT.




$$
