556
CDUS41 KCTP 212121
CLIBFD


CLIMATE REPORT
NATIONAL WEATHER SERVICE STATE COLLEGE PA
520 PM EDT FRI JUL 21 2017


...................................

...THE BRADFORD CLIMATE SUMMARY FOR JULY 21 2017...
VALID TODAY AS OF 0500 PM LOCAL TIME.

CLIMATE NORMAL PERIOD 1981 TO 2010
CLIMATE RECORD PERIOD 1957 TO 2017


WEATHER ITEM   OBSERVED TIME   RECORD YEAR NORMAL DEPARTURE LAST
                VALUE   (LST)  VALUE       VALUE  FROM      YEAR
                                                  NORMAL
..................................................................
TEMPERATURE (F)
 TODAY
  MAXIMUM         84    335 PM  95    2011  77      7       83
  MINIMUM         62    447 AM  38    1966  54      8       47
  AVERAGE         73                        66      7       65

PRECIPITATION (IN)
  TODAY            0.00          2.61 1988   0.13  -0.13     0.00
  MONTH TO DATE    2.79                      2.85  -0.06     2.95
  SINCE JUN 1      9.30                      7.76   1.54     5.97
  SINCE JAN 1     30.50                     24.50   6.00    20.40

DEGREE DAYS
 HEATING
  TODAY            0                         0      0        0
  MONTH TO DATE   14                         1     13       31
  SINCE JUN 1    146                       146      0      123
  SINCE JUL 1     14                         1     13       31

 COOLING
  TODAY            8                         2      6        0
  MONTH TO DATE   70                        50     20       62
  SINCE JUN 1    141                        90     51       94
  SINCE JAN 1    160                       100     60      113
..................................................................


WIND (MPH)
  HIGHEST WIND SPEED    12   HIGHEST WIND DIRECTION    NW (300)
  HIGHEST GUST SPEED    17   HIGHEST GUST DIRECTION     W (280)
  AVERAGE WIND SPEED     4.7


SKY COVER
  POSSIBLE SUNSHINE  MM
  AVERAGE SKY COVER 0.5


WEATHER CONDITIONS
 THE FOLLOWING WEATHER WAS RECORDED TODAY.
  FOG
  FOG W/VISIBILITY <= 1/4 MILE


RELATIVE HUMIDITY (PERCENT)
 HIGHEST   100           200 AM
 LOWEST     51           300 PM
 AVERAGE    76

..........................................................


THE BRADFORD CLIMATE NORMALS FOR TOMORROW
                         NORMAL    RECORD    YEAR
 MAXIMUM TEMPERATURE (F)   77        97      2011
 MINIMUM TEMPERATURE (F)   54        36      1970


SUNRISE AND SUNSET
JULY 21 2017..........SUNRISE   558 AM EDT   SUNSET   843 PM EDT
JULY 22 2017..........SUNRISE   559 AM EDT   SUNSET   842 PM EDT


-  INDICATES NEGATIVE NUMBERS.
R  INDICATES RECORD WAS SET OR TIED.
MM INDICATES DATA IS MISSING.
T  INDICATES TRACE AMOUNT.




$$
