142
CDUS41 KCTP 080625
CLIBFD


CLIMATE REPORT
NATIONAL WEATHER SERVICE STATE COLLEGE PA
124 AM EST MON FEB 8 2016


...................................

...THE BRADFORD CLIMATE SUMMARY FOR FEBRUARY 7 2016...

CLIMATE NORMAL PERIOD 1981 TO 2010
CLIMATE RECORD PERIOD 1957 TO 2016


WEATHER ITEM   OBSERVED TIME   RECORD YEAR NORMAL DEPARTURE LAST
                VALUE   (LST)  VALUE       VALUE  FROM      YEAR
                                                  NORMAL
..................................................................
TEMPERATURE (F)
 YESTERDAY
  MAXIMUM         44    339 PM  49    2005  31     13       37
  MINIMUM         17    744 AM -10    1988  14      3       18
  AVERAGE         31                        22      9       28

PRECIPITATION (IN)
  YESTERDAY        0.00          0.82 1986   0.09  -0.09     0.00
  MONTH TO DATE    0.84                      0.59   0.25     0.67
  SINCE DEC 1      6.79                      7.28  -0.49     4.71
  SINCE JAN 1      1.99                      3.88  -1.89     2.51

DEGREE DAYS
 HEATING
  YESTERDAY       34                        37     -3       37
  MONTH TO DATE  235                       261    -26      332
  SINCE DEC 1   2342                      2837   -495     2894
  SINCE JUL 1   3822                      4672   -850     4712

 COOLING
  YESTERDAY        0                         0      0        0
  MONTH TO DATE    0                         0      0        0
  SINCE DEC 1      0                         0      0        0
  SINCE JAN 1      0                         0      0        0
..................................................................


WIND (MPH)
  HIGHEST WIND SPEED    14   HIGHEST WIND DIRECTION     S (190)
  HIGHEST GUST SPEED    19   HIGHEST GUST DIRECTION     S (190)
  AVERAGE WIND SPEED     3.7


SKY COVER
  POSSIBLE SUNSHINE  MM
  AVERAGE SKY COVER 0.1


WEATHER CONDITIONS
 THE FOLLOWING WEATHER WAS RECORDED YESTERDAY.
  NO SIGNIFICANT WEATHER WAS OBSERVED.


RELATIVE HUMIDITY (PERCENT)
 HIGHEST    84           700 AM
 LOWEST     45           300 PM
 AVERAGE    65

..........................................................


THE BRADFORD CLIMATE NORMALS FOR TODAY
                         NORMAL    RECORD    YEAR
 MAXIMUM TEMPERATURE (F)   31        50      1990
 MINIMUM TEMPERATURE (F)   14       -14      1967


SUNRISE AND SUNSET
FEBRUARY  8 2016......SUNRISE   720 AM EST   SUNSET   538 PM EST
FEBRUARY  9 2016......SUNRISE   718 AM EST   SUNSET   540 PM EST


-  INDICATES NEGATIVE NUMBERS.
R  INDICATES RECORD WAS SET OR TIED.
MM INDICATES DATA IS MISSING.
T  INDICATES TRACE AMOUNT.




$$
