000
CDUS41 KCTP 290620
CLIBFD


CLIMATE REPORT
NATIONAL WEATHER SERVICE STATE COLLEGE PA
219 AM EDT FRI APR 29 2016


...................................

...THE BRADFORD CLIMATE SUMMARY FOR APRIL 28 2016...

CLIMATE NORMAL PERIOD 1981 TO 2010
CLIMATE RECORD PERIOD 1957 TO 2016


WEATHER ITEM   OBSERVED TIME   RECORD YEAR NORMAL DEPARTURE LAST
                VALUE   (LST)  VALUE       VALUE  FROM      YEAR
                                                  NORMAL
..................................................................
TEMPERATURE (F)
 YESTERDAY
  MAXIMUM         47    122 PM  85    1990  60    -13       60
  MINIMUM         37    553 AM  22    1972  36      1       34
  AVERAGE         42                        48     -6       47

PRECIPITATION (IN)
  YESTERDAY        0.20          2.20 1981   0.12   0.08     0.00
  MONTH TO DATE    3.47                      3.31   0.16     4.23
  SINCE MAR 1      6.40                      6.68  -0.28     6.57
  SINCE JAN 1     11.01                     12.32  -1.31     9.41

DEGREE DAYS
 HEATING
  YESTERDAY       23                        12     11       18
  MONTH TO DATE  649                       466    183      589
  SINCE MAR 1   1393                      1503   -110     1758
  SINCE JUL 1   6093                      7073   -980     7657

 COOLING
  YESTERDAY        0                         0      0        0
  MONTH TO DATE    0                         0      0        0
  SINCE MAR 1      0                         0      0        0
  SINCE JAN 1      0                         0      0        0
..................................................................


WIND (MPH)
  HIGHEST WIND SPEED    15   HIGHEST WIND DIRECTION     E (110)
  HIGHEST GUST SPEED    21   HIGHEST GUST DIRECTION    SE (120)
  AVERAGE WIND SPEED     7.8


SKY COVER
  POSSIBLE SUNSHINE  MM
  AVERAGE SKY COVER 0.6


WEATHER CONDITIONS
 THE FOLLOWING WEATHER WAS RECORDED YESTERDAY.
  RAIN
  LIGHT RAIN
  FOG


RELATIVE HUMIDITY (PERCENT)
 HIGHEST    92           600 PM
 LOWEST     31          1100 AM
 AVERAGE    62

..........................................................


THE BRADFORD CLIMATE NORMALS FOR TODAY
                         NORMAL    RECORD    YEAR
 MAXIMUM TEMPERATURE (F)   61        76      1984
 MINIMUM TEMPERATURE (F)   36        16      1977


SUNRISE AND SUNSET
APRIL 29 2016.........SUNRISE   613 AM EDT   SUNSET   811 PM EDT
APRIL 30 2016.........SUNRISE   612 AM EDT   SUNSET   812 PM EDT


-  INDICATES NEGATIVE NUMBERS.
R  INDICATES RECORD WAS SET OR TIED.
MM INDICATES DATA IS MISSING.
T  INDICATES TRACE AMOUNT.




$$
