000
CDUS41 KCTP 260631
CLIBFD


CLIMATE REPORT
NATIONAL WEATHER SERVICE STATE COLLEGE PA
230 AM EDT TUE MAY 26 2015


...................................

...THE BRADFORD CLIMATE SUMMARY FOR MAY 25 2015...

CLIMATE NORMAL PERIOD 1981 TO 2010
CLIMATE RECORD PERIOD 1957 TO 2015


WEATHER ITEM   OBSERVED TIME   RECORD YEAR NORMAL DEPARTURE LAST
                VALUE   (LST)  VALUE       VALUE  FROM      YEAR
                                                  NORMAL
..................................................................
TEMPERATURE (F)
 YESTERDAY
  MAXIMUM         79    458 PM  84    2012  68     11       75
  MINIMUM         51    527 AM  30    1992  43      8       38
  AVERAGE         65                        56      9       57

PRECIPITATION (IN)
  YESTERDAY        0.00          1.57 1994   0.15  -0.15     0.00
  MONTH TO DATE    1.48                      3.33  -1.85     5.43
  SINCE MAR 1      8.05                     10.25  -2.20    11.69
  SINCE JAN 1     10.89                     15.89  -5.00    15.22

DEGREE DAYS
 HEATING
  YESTERDAY        0                         6     -6        8
  MONTH TO DATE  199                       212    -13      283
  SINCE MAR 1   1988                      1893     95     2068
  SINCE JUL 1   7887                      7463    424     7734

 COOLING
  YESTERDAY        0                         0      0        0
  MONTH TO DATE   30                         0     30       14
  SINCE MAR 1     30                         2     28       16
  SINCE JAN 1     30                         2     28       16
..................................................................


WIND (MPH)
  HIGHEST WIND SPEED    17   HIGHEST WIND DIRECTION     S (200)
  HIGHEST GUST SPEED    25   HIGHEST GUST DIRECTION    SW (220)
  AVERAGE WIND SPEED     7.0


SKY COVER
  POSSIBLE SUNSHINE  MM
  AVERAGE SKY COVER 0.4


WEATHER CONDITIONS
 THE FOLLOWING WEATHER WAS RECORDED YESTERDAY.
  NO SIGNIFICANT WEATHER WAS OBSERVED.


RELATIVE HUMIDITY (PERCENT)
 HIGHEST    83           600 AM
 LOWEST     42           100 PM
 AVERAGE    63

..........................................................


THE BRADFORD CLIMATE NORMALS FOR TODAY
                         NORMAL    RECORD    YEAR
 MAXIMUM TEMPERATURE (F)   68        85      2012
 MINIMUM TEMPERATURE (F)   44        29      1988


SUNRISE AND SUNSET
MAY 26 2015...........SUNRISE   546 AM EDT   SUNSET   838 PM EDT
MAY 27 2015...........SUNRISE   545 AM EDT   SUNSET   839 PM EDT


-  INDICATES NEGATIVE NUMBERS.
R  INDICATES RECORD WAS SET OR TIED.
MM INDICATES DATA IS MISSING.
T  INDICATES TRACE AMOUNT.




$$
