000
CDUS41 KCTP 010739
CLIBFD


CLIMATE REPORT
NATIONAL WEATHER SERVICE STATE COLLEGE PA
239 AM EST SUN MAR 1 2015


...................................

...THE BRADFORD CLIMATE SUMMARY FOR FEBRUARY 28 2015...

CLIMATE NORMAL PERIOD 1981 TO 2010
CLIMATE RECORD PERIOD 1957 TO 2015


WEATHER ITEM   OBSERVED TIME   RECORD YEAR NORMAL DEPARTURE LAST
                VALUE   (LST)  VALUE       VALUE  FROM      YEAR
                                                  NORMAL
..................................................................
TEMPERATURE (F)
 YESTERDAY
  MAXIMUM         24    234 PM  53    1983  36    -12       16
  MINIMUM        -19R   727 AM -19    2014  17    -36      -19
  AVERAGE          3                        26    -23       -1

PRECIPITATION (IN)
  YESTERDAY        0.00          1.36 2011   0.09  -0.09     0.00
  MONTH TO DATE    1.00                      2.35  -1.35     1.59
  SINCE DEC 1      5.04                      9.04  -4.00     6.35
  SINCE JAN 1      2.84                      5.64  -2.80     3.53

DEGREE DAYS
 HEATING
  YESTERDAY       62                        33     29       66
  MONTH TO DATE 1519                      1002    517     1288
  SINCE DEC 1   4081                      3735    346     3878
  SINCE JUL 1   5899                      5570    329     5666

 COOLING
  YESTERDAY        0                         0      0        0
  MONTH TO DATE    0                         0      0        0
  SINCE DEC 1      0                         0      0        0
  SINCE JAN 1      0                         0      0        0
..................................................................


WIND (MPH)
  HIGHEST WIND SPEED     7   HIGHEST WIND DIRECTION    SE (130)
  HIGHEST GUST SPEED    10   HIGHEST GUST DIRECTION    SW (210)
  AVERAGE WIND SPEED     2.1


SKY COVER
  POSSIBLE SUNSHINE  MM
  AVERAGE SKY COVER 0.0


WEATHER CONDITIONS
 THE FOLLOWING WEATHER WAS RECORDED YESTERDAY.
  FOG
  HAZE


RELATIVE HUMIDITY (PERCENT)
 HIGHEST    79          1200 AM
 LOWEST     23           600 PM
 AVERAGE    51

..........................................................


THE BRADFORD CLIMATE NORMALS FOR TODAY
                         NORMAL    RECORD    YEAR
 MAXIMUM TEMPERATURE (F)   36        62      1972
 MINIMUM TEMPERATURE (F)   17       -17      1980


SUNRISE AND SUNSET
MARCH  1 2015.........SUNRISE   650 AM EST   SUNSET   605 PM EST
MARCH  2 2015.........SUNRISE   648 AM EST   SUNSET   606 PM EST


-  INDICATES NEGATIVE NUMBERS.
R  INDICATES RECORD WAS SET OR TIED.
MM INDICATES DATA IS MISSING.
T  INDICATES TRACE AMOUNT.




$$
