000
CDUS41 KCTP 242116
CLIBFD


CLIMATE REPORT
NATIONAL WEATHER SERVICE STATE COLLEGE PA
516 PM EDT MON APR 24 2017


...................................

...THE BRADFORD CLIMATE SUMMARY FOR APRIL 24 2017...
VALID TODAY AS OF 0500 PM LOCAL TIME.

CLIMATE NORMAL PERIOD 1981 TO 2010
CLIMATE RECORD PERIOD 1957 TO 2017


WEATHER ITEM   OBSERVED TIME   RECORD YEAR NORMAL DEPARTURE LAST
                VALUE   (LST)  VALUE       VALUE  FROM      YEAR
                                                  NORMAL
..................................................................
TEMPERATURE (F)
 TODAY
  MAXIMUM         71    314 PM  82    1958  59     12       63
  MINIMUM         32    437 AM  21    2002  35     -3       27
  AVERAGE         52                        47      5       45

PRECIPITATION (IN)
  TODAY            0.00          1.24 1961   0.11  -0.11     0.00
  MONTH TO DATE    4.14                      2.83   1.31     2.97
  SINCE MAR 1      7.88                      6.20   1.68     5.90
  SINCE JAN 1     14.96                     11.84   3.12    10.51

DEGREE DAYS
 HEATING
  TODAY           13                        13      0       20
  MONTH TO DATE  386                       415    -29      579
  SINCE MAR 1   1453                      1452      1     1323
  SINCE JUL 1   6036                      7022   -986     6023

 COOLING
  TODAY            0                         0      0        0
  MONTH TO DATE    1                         0      1        0
  SINCE MAR 1      1                         0      1        0
  SINCE JAN 1      1                         0      1        0
..................................................................


WIND (MPH)
  HIGHEST WIND SPEED    17   HIGHEST WIND DIRECTION     E (110)
  HIGHEST GUST SPEED    24   HIGHEST GUST DIRECTION     E (110)
  AVERAGE WIND SPEED     5.5


SKY COVER
  POSSIBLE SUNSHINE  MM
  AVERAGE SKY COVER 0.0


WEATHER CONDITIONS
 THE FOLLOWING WEATHER WAS RECORDED TODAY.
  NO SIGNIFICANT WEATHER WAS OBSERVED.


RELATIVE HUMIDITY (PERCENT)
 HIGHEST    89           400 AM
 LOWEST     17           100 PM
 AVERAGE    53

..........................................................


THE BRADFORD CLIMATE NORMALS FOR TOMORROW
                         NORMAL    RECORD    YEAR
 MAXIMUM TEMPERATURE (F)   59        82      2009
 MINIMUM TEMPERATURE (F)   35        17      1967


SUNRISE AND SUNSET
APRIL 24 2017.........SUNRISE   620 AM EDT   SUNSET   806 PM EDT
APRIL 25 2017.........SUNRISE   619 AM EDT   SUNSET   807 PM EDT


-  INDICATES NEGATIVE NUMBERS.
R  INDICATES RECORD WAS SET OR TIED.
MM INDICATES DATA IS MISSING.
T  INDICATES TRACE AMOUNT.




$$
