000
CDUS41 KCTP 050607
CLIBFD


CLIMATE REPORT
NATIONAL WEATHER SERVICE STATE COLLEGE PA
207 AM EDT SUN JUL 5 2015


...................................

...THE BRADFORD CLIMATE SUMMARY FOR JULY 4 2015...

CLIMATE NORMAL PERIOD 1981 TO 2010
CLIMATE RECORD PERIOD 1957 TO 2015


WEATHER ITEM   OBSERVED TIME   RECORD YEAR NORMAL DEPARTURE LAST
                VALUE   (LST)  VALUE       VALUE  FROM      YEAR
                                                  NORMAL
..................................................................
TEMPERATURE (F)
 YESTERDAY
  MAXIMUM         78    237 PM  91    1990  77      1       67
  MINIMUM         50   1155 PM  35    1986  53     -3       50
  AVERAGE         64                        65     -1       59

PRECIPITATION (IN)
  YESTERDAY        0.08          1.13 1989   0.13  -0.05     0.00
  MONTH TO DATE    0.11                      0.54  -0.43     0.73
  SINCE JUN 1      7.58                      5.45   2.13     6.77
  SINCE JAN 1     20.01                     22.19  -2.18    22.72

DEGREE DAYS
 HEATING
  YESTERDAY        1                         0      1        6
  MONTH TO DATE   15                         1     14        6
  SINCE JUN 1    122                       146    -24       91
  SINCE JUL 1     15                         1     14        6

 COOLING
  YESTERDAY        0                         2     -2        0
  MONTH TO DATE    0                         8     -8       21
  SINCE JUN 1     38                        48    -10       77
  SINCE JAN 1     82                        58     24       95
..................................................................


WIND (MPH)
  HIGHEST WIND SPEED    15   HIGHEST WIND DIRECTION    NW (320)
  HIGHEST GUST SPEED    20   HIGHEST GUST DIRECTION    NW (310)
  AVERAGE WIND SPEED     5.0


SKY COVER
  POSSIBLE SUNSHINE  MM
  AVERAGE SKY COVER 0.5


WEATHER CONDITIONS
 THE FOLLOWING WEATHER WAS RECORDED YESTERDAY.
  LIGHT RAIN
  FOG


RELATIVE HUMIDITY (PERCENT)
 HIGHEST    93           100 AM
 LOWEST     50           100 PM
 AVERAGE    72

..........................................................


THE BRADFORD CLIMATE NORMALS FOR TODAY
                         NORMAL    RECORD    YEAR
 MAXIMUM TEMPERATURE (F)   77        91      1993
 MINIMUM TEMPERATURE (F)   53        37      1961


SUNRISE AND SUNSET
JULY  5 2015..........SUNRISE   546 AM EDT   SUNSET   852 PM EDT
JULY  6 2015..........SUNRISE   546 AM EDT   SUNSET   852 PM EDT


-  INDICATES NEGATIVE NUMBERS.
R  INDICATES RECORD WAS SET OR TIED.
MM INDICATES DATA IS MISSING.
T  INDICATES TRACE AMOUNT.




$$
