000
CDUS41 KCTP 170645
CLIBFD


CLIMATE REPORT
NATIONAL WEATHER SERVICE STATE COLLEGE PA
144 AM EST WED DEC 17 2014


...................................

...THE BRADFORD CLIMATE SUMMARY FOR DECEMBER 16 2014...

CLIMATE NORMAL PERIOD 1981 TO 2010
CLIMATE RECORD PERIOD 1957 TO 2014


WEATHER ITEM   OBSERVED TIME   RECORD YEAR NORMAL DEPARTURE LAST
                VALUE   (LST)  VALUE       VALUE  FROM      YEAR
                                                  NORMAL
..................................................................
TEMPERATURE (F)
 YESTERDAY
  MAXIMUM         41   1039 PM  55    1984  32      9       18
  MINIMUM         34    741 AM  -5    2013  18     16       -5
  AVERAGE         38                        25     13        7

PRECIPITATION (IN)
  YESTERDAY        0.36          0.78 2000   0.11   0.25      T
  MONTH TO DATE    1.29                      1.85  -0.56     0.62
  SINCE DEC 1      1.29                      1.85  -0.56     0.62
  SINCE JAN 1     41.43                     42.91  -1.48    32.65

DEGREE DAYS
 HEATING
  YESTERDAY       27                        35     -8       58
  MONTH TO DATE  555                       517     38      642
  SINCE DEC 1    555                       517     38      642
  SINCE JUL 1   2373                      2352     21     2430

 COOLING
  YESTERDAY        0                         0      0        0
  MONTH TO DATE    0                         0      0        0
  SINCE DEC 1      0                         0      0        0
  SINCE JAN 1    196                       193      3      334
..................................................................


WIND (MPH)
  HIGHEST WIND SPEED    16   HIGHEST WIND DIRECTION    SE (130)
  HIGHEST GUST SPEED    21   HIGHEST GUST DIRECTION    SE (120)
  AVERAGE WIND SPEED     7.9


SKY COVER
  POSSIBLE SUNSHINE  MM
  AVERAGE SKY COVER 1.0


WEATHER CONDITIONS
 THE FOLLOWING WEATHER WAS RECORDED YESTERDAY.
  RAIN
  LIGHT RAIN
  FOG
  FOG W/VISIBILITY <= 1/4 MILE


RELATIVE HUMIDITY (PERCENT)
 HIGHEST   100          1200 AM
 LOWEST     89           700 AM
 AVERAGE    95

..........................................................


THE BRADFORD CLIMATE NORMALS FOR TODAY
                         NORMAL    RECORD    YEAR
 MAXIMUM TEMPERATURE (F)   32        56      1984
 MINIMUM TEMPERATURE (F)   18        -5      2002


SUNRISE AND SUNSET
DECEMBER 17 2014......SUNRISE   736 AM EST   SUNSET   445 PM EST
DECEMBER 18 2014......SUNRISE   737 AM EST   SUNSET   446 PM EST


-  INDICATES NEGATIVE NUMBERS.
R  INDICATES RECORD WAS SET OR TIED.
MM INDICATES DATA IS MISSING.
T  INDICATES TRACE AMOUNT.




$$
