000
CDUS41 KCTP 050712
CLIBFD


CLIMATE REPORT
NATIONAL WEATHER SERVICE STATE COLLEGE PA
211 AM EST MON DEC 5 2016


...................................

...THE BRADFORD CLIMATE SUMMARY FOR DECEMBER 4 2016...

CLIMATE NORMAL PERIOD 1981 TO 2010
CLIMATE RECORD PERIOD 1957 TO 2016


WEATHER ITEM   OBSERVED TIME   RECORD YEAR NORMAL DEPARTURE LAST
                VALUE   (LST)  VALUE       VALUE  FROM      YEAR
                                                  NORMAL
..................................................................
TEMPERATURE (F)
 YESTERDAY
  MAXIMUM         35    313 PM  67    2012  37     -2       37
  MINIMUM         30    813 AM  -7    1966  23      7       29
  AVERAGE         33                        30      3       33

PRECIPITATION (IN)
  YESTERDAY        0.08          1.04 1993   0.12  -0.04     0.00
  MONTH TO DATE    0.26                      0.47  -0.21     0.62
  SINCE DEC 1      0.26                      0.47  -0.21     0.62
  SINCE JAN 1     41.52                     41.53  -0.01    35.05

DEGREE DAYS
 HEATING
  YESTERDAY       32                        31      1       32
  MONTH TO DATE  123                       121      2      112
  SINCE DEC 1    123                       121      2      112
  SINCE JUL 1   1511                      1956   -445     1592

 COOLING
  YESTERDAY        0                         0      0        0
  MONTH TO DATE    0                         0      0        0
  SINCE DEC 1      0                         0      0        0
  SINCE JAN 1    370                       193    177      260
..................................................................


WIND (MPH)
  HIGHEST WIND SPEED    20   HIGHEST WIND DIRECTION     S (160)
  HIGHEST GUST SPEED    30   HIGHEST GUST DIRECTION    SE (150)
  AVERAGE WIND SPEED     5.8


SKY COVER
  POSSIBLE SUNSHINE  MM
  AVERAGE SKY COVER 0.9


WEATHER CONDITIONS
 THE FOLLOWING WEATHER WAS RECORDED YESTERDAY.
  SNOW
  LIGHT SNOW
  FOG


RELATIVE HUMIDITY (PERCENT)
 HIGHEST   100           800 AM
 LOWEST     69           100 PM
 AVERAGE    85

..........................................................


THE BRADFORD CLIMATE NORMALS FOR TODAY
                         NORMAL    RECORD    YEAR
 MAXIMUM TEMPERATURE (F)   36        65      1982
 MINIMUM TEMPERATURE (F)   22         0      2007


SUNRISE AND SUNSET
DECEMBER  5 2016......SUNRISE   727 AM EST   SUNSET   444 PM EST
DECEMBER  6 2016......SUNRISE   728 AM EST   SUNSET   444 PM EST


-  INDICATES NEGATIVE NUMBERS.
R  INDICATES RECORD WAS SET OR TIED.
MM INDICATES DATA IS MISSING.
T  INDICATES TRACE AMOUNT.




$$
