000
CDUS45 KCYS 070906
CLIBFF


CLIMATE REPORT
NATIONAL WEATHER SERVICE CHEYENNE WY
154 AM MST WED DEC 7 2016


...................................

...THE SCOTTSBLUFF NE AIRPORT CLIMATE SUMMARY FOR DECEMBER 6 2016...

CLIMATE NORMAL PERIOD 1981 TO 2010
CLIMATE RECORD PERIOD 1871 TO 2016


WEATHER ITEM   OBSERVED TIME   RECORD YEAR NORMAL DEPARTURE LAST
                VALUE   (LST)  VALUE       VALUE  FROM      YEAR
                                                  NORMAL
..................................................................
TEMPERATURE (F)
 YESTERDAY
  MAXIMUM         29    120 PM  73    1939  41    -12       58
  MINIMUM          2    705 AM -18    1972  14    -12       17
  AVERAGE         16                        27    -11       38

PRECIPITATION (IN)
  YESTERDAY        0.00          0.25 1995   0.02  -0.02     0.00
  MONTH TO DATE    T                         0.10  -0.10      T
  SINCE JAN 1     15.19                     15.38  -0.19    22.85

SNOWFALL (IN)
  YESTERDAY        0.0           7.3  2009   0.2   -0.2      0.0
  MONTH TO DATE    T                         1.3   -1.3       T
  SINCE JUL 1      0.4                      10.2   -9.8      4.8
  SNOW DEPTH       0

DEGREE DAYS
 HEATING
  YESTERDAY       49                        38     11       27
  MONTH TO DATE  225                       223      2      171
  SINCE DEC 1    225                       223      2      171
  SINCE JUL 1   1302                      1788   -486     1446

 COOLING
  YESTERDAY        0                         0      0        0
  MONTH TO DATE    0                         0      0        0
  SINCE DEC 1      0                         0      0        0
  SINCE JAN 1    898                       724    174      792
..................................................................


WIND (MPH)
  HIGHEST WIND SPEED    15   HIGHEST WIND DIRECTION     N (20)
  HIGHEST GUST SPEED    19   HIGHEST GUST DIRECTION    NW (310)
  AVERAGE WIND SPEED     6.8


SKY COVER
  AVERAGE SKY COVER 0.3


WEATHER CONDITIONS
 THE FOLLOWING WEATHER WAS RECORDED YESTERDAY.
  NO SIGNIFICANT WEATHER WAS OBSERVED.


RELATIVE HUMIDITY (PERCENT)
 HIGHEST    80           300 AM
 LOWEST     31           100 PM
 AVERAGE    56

..........................................................


THE SCOTTSBLUFF NE AIRPORT CLIMATE NORMALS FOR TODAY
                         NORMAL    RECORD    YEAR
 MAXIMUM TEMPERATURE (F)   40        68      1939
 MINIMUM TEMPERATURE (F)   13       -18      1909


SUNRISE AND SUNSET
DECEMBER  7 2016......SUNRISE   709 AM MST   SUNSET   423 PM MST
DECEMBER  8 2016......SUNRISE   710 AM MST   SUNSET   423 PM MST


-  INDICATES NEGATIVE NUMBERS.
R  INDICATES RECORD WAS SET OR TIED.
MM INDICATES DATA IS MISSING.
T  INDICATES TRACE AMOUNT.




$$
