000
CDUS45 KCYS 280737
CLIBFF


CLIMATE REPORT
NATIONAL WEATHER SERVICE CHEYENNE WY
1236 AM MST WED JAN 28 2015


...................................

...THE SCOTTSBLUFF NEBRASKA AIRPORT CLIMATE SUMMARY FOR JANUARY 27 2015...

CLIMATE NORMAL PERIOD 1981 TO 2010
CLIMATE RECORD PERIOD 1871 TO 2015


WEATHER ITEM   OBSERVED TIME   RECORD YEAR NORMAL DEPARTURE LAST
                VALUE   (LST)  VALUE       VALUE  FROM      YEAR
                                                  NORMAL
..................................................................
TEMPERATURE (F)
 YESTERDAY
  MAXIMUM         MM        MM  67    2003  42     MM       21
  MINIMUM         MM        MM -29    1902  14     MM        6
  AVERAGE         MM                        28     MM       14

PRECIPITATION (IN)
  YESTERDAY        0.00          0.19 1995   0.01  -0.01     0.00
  MONTH TO DATE    0.25                      0.35  -0.10     0.30
  SINCE JAN 1      0.25                      0.35  -0.10     0.30

SNOWFALL (IN)
  YESTERDAY        0.0           4.0  1944   0.2   -0.2      0.0
  MONTH TO DATE    3.4                       4.7   -1.3      3.7
  SINCE JUL 1     34.3                      20.7   13.6     27.8
  SNOW DEPTH      MM

DEGREE DAYS
 HEATING
  YESTERDAY       MM                        37     MM       51
  MONTH TO DATE 1057                      1022     35      916
  SINCE DEC 1   2265                      2229     36     2139
  SINCE JUL 1   3710                      3794    -84     3644

 COOLING
  YESTERDAY       MM                         0     MM        0
  MONTH TO DATE    0                         0      0        0
  SINCE DEC 1      0                         0      0        0
  SINCE JAN 1      0                         0      0        0
..................................................................


WIND (MPH)
  HIGHEST WIND SPEED    MM   HIGHEST WIND DIRECTION    MM
  HIGHEST GUST SPEED    MM   HIGHEST GUST DIRECTION    MM
  AVERAGE WIND SPEED    MM


SKY COVER
  AVERAGE SKY COVER  MM


WEATHER CONDITIONS
 THE FOLLOWING WEATHER WAS RECORDED YESTERDAY.
  NO SIGNIFICANT WEATHER WAS OBSERVED.


RELATIVE HUMIDITY (PERCENT)
 HIGHEST    MM
 LOWEST     MM
 AVERAGE    MM

..........................................................


THE SCOTTSBLUFF NEBRASKA AIRPORT CLIMATE NORMALS FOR TODAY
                         NORMAL    RECORD    YEAR
 MAXIMUM TEMPERATURE (F)   42        68      1931
 MINIMUM TEMPERATURE (F)   14       -16      1948
                                             1904


SUNRISE AND SUNSET
JANUARY 28 2015.......SUNRISE   711 AM MST   SUNSET   504 PM MST
JANUARY 29 2015.......SUNRISE   710 AM MST   SUNSET   506 PM MST


-  INDICATES NEGATIVE NUMBERS.
R  INDICATES RECORD WAS SET OR TIED.
MM INDICATES DATA IS MISSING.
T  INDICATES TRACE AMOUNT.




$$
