000
CDUS45 KCYS 290727
CLIBFF


CLIMATE REPORT
NATIONAL WEATHER SERVICE CHEYENNE WY
1227 AM MST MON DEC 29 2014


...................................

...THE SCOTTSBLUFF NEBRASKA AIRPORT CLIMATE SUMMARY FOR DECEMBER 28 2014...

CLIMATE NORMAL PERIOD 1981 TO 2010
CLIMATE RECORD PERIOD 1871 TO 2014


WEATHER ITEM   OBSERVED TIME   RECORD YEAR NORMAL DEPARTURE LAST
                VALUE   (LST)  VALUE       VALUE  FROM      YEAR
                                                  NORMAL
..................................................................
TEMPERATURE (F)
 YESTERDAY
  MAXIMUM         33    221 PM  63    1999  39     -6       52
  MINIMUM         -4    101 AM -18    1941  12    -16       13
  AVERAGE         15                        26    -11       33

PRECIPITATION (IN)
  YESTERDAY        0.00          0.42 2006   0.01  -0.01     0.00
  MONTH TO DATE    1.28                      0.46   0.82     0.63
  SINCE JAN 1     19.08                     15.74   3.34    13.37

SNOWFALL (IN)
  YESTERDAY        0.0           4.5  2006   0.3   -0.3      0.0
  MONTH TO DATE   21.1                       6.5   14.6     11.2
  SINCE JUL 1     26.7                      15.4   11.3     24.1
  SNOW DEPTH      MM

DEGREE DAYS
 HEATING
  YESTERDAY       50                        39     11       32
  MONTH TO DATE 1007                      1091    -84     1121
  SINCE DEC 1   1007                      1091    -84     1121
  SINCE JUL 1   2452                      2656   -204     2626

 COOLING
  YESTERDAY        0                         0      0        0
  MONTH TO DATE    0                         0      0        0
  SINCE DEC 1      0                         0      0        0
  SINCE JAN 1    719                       724     -5     1047
..................................................................


WIND (MPH)
  HIGHEST WIND SPEED    12   HIGHEST WIND DIRECTION     S (170)
  HIGHEST GUST SPEED    13   HIGHEST GUST DIRECTION     S (180)
  AVERAGE WIND SPEED     5.7


SKY COVER
  AVERAGE SKY COVER 0.6


WEATHER CONDITIONS
 THE FOLLOWING WEATHER WAS RECORDED YESTERDAY.
  NO SIGNIFICANT WEATHER WAS OBSERVED.


RELATIVE HUMIDITY (PERCENT)
 HIGHEST    87           800 AM
 LOWEST     69           100 PM
 AVERAGE    78

..........................................................


THE SCOTTSBLUFF NEBRASKA AIRPORT CLIMATE NORMALS FOR TODAY
                         NORMAL    RECORD    YEAR
 MAXIMUM TEMPERATURE (F)   39        63      1996
 MINIMUM TEMPERATURE (F)   12       -17      1990


SUNRISE AND SUNSET
DECEMBER 29 2014......SUNRISE   722 AM MST   SUNSET   432 PM MST
DECEMBER 30 2014......SUNRISE   722 AM MST   SUNSET   432 PM MST


-  INDICATES NEGATIVE NUMBERS.
R  INDICATES RECORD WAS SET OR TIED.
MM INDICATES DATA IS MISSING.
T  INDICATES TRACE AMOUNT.




$$
