000
CDUS45 KCYS 290344
CLIBFF


CLIMATE REPORT
NATIONAL WEATHER SERVICE CHEYENNE WY
943 PM MDT THU MAY 28 2015


...................................

...THE SCOTTSBLUFF NE AIRPORT CLIMATE SUMMARY FOR MAY 28 2015...
VALID TODAY AS OF 0900 PM LOCAL TIME.

CLIMATE NORMAL PERIOD 1981 TO 2010
CLIMATE RECORD PERIOD 1871 TO 2015


WEATHER ITEM   OBSERVED TIME   RECORD YEAR NORMAL DEPARTURE LAST
                VALUE   (LST)  VALUE       VALUE  FROM      YEAR
                                                  NORMAL
..................................................................
TEMPERATURE (F)
 TODAY
  MAXIMUM         76    401 PM 100    1934  75      1       91
  MINIMUM         50    515 AM  23    1947  47      3       52
  AVERAGE         63                        61      2       72

PRECIPITATION (IN)
  TODAY            0.06          1.18 1905   0.10  -0.04     0.00
  MONTH TO DATE    7.12                      2.17   4.95     3.63
  SINCE MAR 1     10.49                      5.00   5.49     5.10
  SINCE JAN 1     11.33                      6.01   5.32     6.70

SNOWFALL (IN)
  TODAY            0.0           3.0  1947   0.0    0.0      0.0
  MONTH TO DATE    8.0                       0.5    7.5      5.0
  SINCE JUL 1     51.7                      42.1    9.6     66.5
  SNOW DEPTH       0

DEGREE DAYS
 HEATING
  TODAY            2                         5     -3        0
  MONTH TO DATE  334                       249     85      259
  SINCE MAR 1   1423                      1630   -207     1586
  SINCE JUL 1   6138                      6542   -404     6619

 COOLING
  TODAY            0                         1     -1        7
  MONTH TO DATE    0                        17    -17       11
  SINCE MAR 1      0                        19    -19       11
  SINCE JAN 1      0                        19    -19       11
..................................................................


WIND (MPH)
  HIGHEST WIND SPEED    25   HIGHEST WIND DIRECTION     N (20)
  HIGHEST GUST SPEED    32   HIGHEST GUST DIRECTION     N (20)
  AVERAGE WIND SPEED     6.8


SKY COVER
  AVERAGE SKY COVER 0.2


WEATHER CONDITIONS
 THE FOLLOWING WEATHER WAS RECORDED TODAY.
  THUNDERSTORM
  LIGHT RAIN


RELATIVE HUMIDITY (PERCENT)
 HIGHEST    93           400 AM
 LOWEST     36           400 PM
 AVERAGE    65

..........................................................


THE SCOTTSBLUFF NE AIRPORT CLIMATE NORMALS FOR TOMORROW
                         NORMAL    RECORD    YEAR
 MAXIMUM TEMPERATURE (F)   76       103      2003
 MINIMUM TEMPERATURE (F)   47        18      1947


SUNRISE AND SUNSET
MAY 28 2015...........SUNRISE   524 AM MDT   SUNSET   820 PM MDT
MAY 29 2015...........SUNRISE   523 AM MDT   SUNSET   821 PM MDT


-  INDICATES NEGATIVE NUMBERS.
R  INDICATES RECORD WAS SET OR TIED.
MM INDICATES DATA IS MISSING.
T  INDICATES TRACE AMOUNT.




$$
