000
CDUS45 KCYS 311536
CLIBFF


CLIMATE REPORT
NATIONAL WEATHER SERVICE CHEYENNE WY
935 AM MDT THU JUL 31 2014


...................................

...THE SCOTTSBLUFF NEBRASKA AIRPORT CLIMATE SUMMARY FOR JULY 30 2014...

CLIMATE NORMAL PERIOD 1981 TO 2010
CLIMATE RECORD PERIOD 1871 TO 2014


WEATHER ITEM   OBSERVED TIME   RECORD YEAR NORMAL DEPARTURE LAST
                VALUE   (LST)  VALUE       VALUE  FROM      YEAR
                                                  NORMAL
..................................................................
TEMPERATURE (F)
 YESTERDAY
  MAXIMUM         79    426 PM 104    1934  90    -11       94
  MINIMUM         61   1159 PM  44    2009  59      2       58
  AVERAGE         70                        74     -4       76

PRECIPITATION (IN)
  YESTERDAY        T             1.30 1997   0.06  -0.06     0.06
  MONTH TO DATE    1.50                      1.78  -0.28     0.84
  SINCE JAN 1     10.38                     10.95  -0.57     7.02

SNOWFALL (IN)
  YESTERDAY        0.0          MM      MM   0.0    0.0      0.0
  MONTH TO DATE    0.0                       0.0    0.0      0.0
  SINCE JUL 1      0.0                       0.0    0.0      0.0
  SNOW DEPTH       0

DEGREE DAYS
 HEATING
  YESTERDAY        0                         0      0        0
  MONTH TO DATE    7                         1      6        2
  SINCE JUN 1     60                        61     -1       23
  SINCE JUL 1      7                         1      6        2

 COOLING
  YESTERDAY        5                        10     -5       11
  MONTH TO DATE  277                       280     -3      309
  SINCE JUN 1    372                       406    -34      504
  SINCE JAN 1    399                       429    -30      558
..................................................................


WIND (MPH)
  HIGHEST WIND SPEED    15   HIGHEST WIND DIRECTION    SW (210)
  HIGHEST GUST SPEED    18   HIGHEST GUST DIRECTION     S (200)
  AVERAGE WIND SPEED     4.1


SKY COVER
  AVERAGE SKY COVER 0.2


WEATHER CONDITIONS
 THE FOLLOWING WEATHER WAS RECORDED YESTERDAY.
  LIGHT RAIN


RELATIVE HUMIDITY (PERCENT)
 HIGHEST    90           200 AM
 LOWEST     39           300 PM
 AVERAGE    65

..........................................................


THE SCOTTSBLUFF NEBRASKA AIRPORT CLIMATE NORMALS FOR TODAY
                         NORMAL    RECORD    YEAR
 MAXIMUM TEMPERATURE (F)   90       105      2002
 MINIMUM TEMPERATURE (F)   59        39      1913


SUNRISE AND SUNSET
JULY 31 2014..........SUNRISE   547 AM MDT   SUNSET   814 PM MDT
AUGUST  1 2014........SUNRISE   548 AM MDT   SUNSET   813 PM MDT


-  INDICATES NEGATIVE NUMBERS.
R  INDICATES RECORD WAS SET OR TIED.
MM INDICATES DATA IS MISSING.
T  INDICATES TRACE AMOUNT.




$$
