000
CDUS45 KCYS 300727
CLIBFF


CLIMATE REPORT
NATIONAL WEATHER SERVICE CHEYENNE WY
127 AM MDT SUN AUG 30 2015


...................................

...THE SCOTTSBLUFF NE AIRPORT CLIMATE SUMMARY FOR AUGUST 29 2015...

CLIMATE NORMAL PERIOD 1981 TO 2010
CLIMATE RECORD PERIOD 1871 TO 2015


WEATHER ITEM   OBSERVED TIME   RECORD YEAR NORMAL DEPARTURE LAST
                VALUE   (LST)  VALUE       VALUE  FROM      YEAR
                                                  NORMAL
..................................................................
TEMPERATURE (F)
 YESTERDAY
  MAXIMUM         94    207 PM 104    1898  85      9       83
  MINIMUM         52    529 AM  39    1915  53     -1       49
  AVERAGE         73                        69      4       66

PRECIPITATION (IN)
  YESTERDAY        0.00          0.75 2002   0.04  -0.04     0.01
  MONTH TO DATE    1.24                      1.23   0.01     1.57
  SINCE JAN 1     19.47                     12.23   7.24    11.95

SNOWFALL (IN)
  YESTERDAY        0.0          MM      MM   0.0    0.0      0.0
  MONTH TO DATE    0.0                       0.0    0.0      0.0
  SINCE JUL 1      0.0                       0.0    0.0      0.0
  SNOW DEPTH       0

DEGREE DAYS
 HEATING
  YESTERDAY        0                         1     -1        0
  MONTH TO DATE   27                         8     19        5
  SINCE JUN 1     36                        74    -38       65
  SINCE JUL 1     33                        14     19       12

 COOLING
  YESTERDAY        8                         5      3        1
  MONTH TO DATE  227                       219      8      231
  SINCE JUN 1    659                       632     27      608
  SINCE JAN 1    659                       655      4      635
..................................................................


WIND (MPH)
  HIGHEST WIND SPEED    15   HIGHEST WIND DIRECTION     S (170)
  HIGHEST GUST SPEED    19   HIGHEST GUST DIRECTION     S (170)
  AVERAGE WIND SPEED     7.7


SKY COVER
  AVERAGE SKY COVER 0.0


WEATHER CONDITIONS
 THE FOLLOWING WEATHER WAS RECORDED YESTERDAY.
  FOG
  HAZE


RELATIVE HUMIDITY (PERCENT)
 HIGHEST    83           100 AM
 LOWEST     15           200 PM
 AVERAGE    49

..........................................................


THE SCOTTSBLUFF NE AIRPORT CLIMATE NORMALS FOR TODAY
                         NORMAL    RECORD    YEAR
 MAXIMUM TEMPERATURE (F)   85       102      1990
                                             1985
 MINIMUM TEMPERATURE (F)   53        37      1964


SUNRISE AND SUNSET
AUGUST 30 2015........SUNRISE   618 AM MDT   SUNSET   731 PM MDT
AUGUST 31 2015........SUNRISE   619 AM MDT   SUNSET   730 PM MDT


-  INDICATES NEGATIVE NUMBERS.
R  INDICATES RECORD WAS SET OR TIED.
MM INDICATES DATA IS MISSING.
T  INDICATES TRACE AMOUNT.




$$
