000
CDUS45 KCYS 230733
CLIBFF


CLIMATE REPORT
NATIONAL WEATHER SERVICE CHEYENNE WY
131 AM MDT WED APR 23 2014


...................................

...THE SCOTTSBLUFF NEBRASKA AIRPORT CLIMATE SUMMARY FOR APRIL 22 2014...

CLIMATE NORMAL PERIOD 1981 TO 2010
CLIMATE RECORD PERIOD 1871 TO 2014


WEATHER ITEM   OBSERVED TIME   RECORD YEAR NORMAL DEPARTURE LAST
                VALUE   (LST)  VALUE       VALUE  FROM      YEAR
                                                  NORMAL
..................................................................
TEMPERATURE (F)
 YESTERDAY
  MAXIMUM         84    154 PM  90    1989  64     20       43
  MINIMUM         44    525 AM  20    1967  34     10       23
                                      1951
  AVERAGE         64                        49     15       33

PRECIPITATION (IN)
  YESTERDAY        T             1.52 1932   0.07  -0.07     0.01
  MONTH TO DATE    0.09                      1.30  -1.21     1.87
  SINCE JAN 1      2.54                      3.31  -0.77     2.62

SNOWFALL (IN)
  YESTERDAY        0.0           8.0  1988   0.2   -0.2       T
  MONTH TO DATE    1.1                       4.6   -3.5     17.4
  SINCE JUL 1     61.5                      40.8   20.7     40.3
  SNOW DEPTH       0

DEGREE DAYS
 HEATING
  YESTERDAY        1                        16    -15       32
  MONTH TO DATE  376                       433    -57      588
  SINCE MAR 1   1206                      1262    -56     1405
  SINCE JUL 1   6239                      6174     65     5926

 COOLING
  YESTERDAY        0                         0      0        0
  MONTH TO DATE    0                         0      0        0
  SINCE MAR 1      0                         0      0        0
  SINCE JAN 1      0                         0      0        0
..................................................................


WIND (MPH)
  HIGHEST WIND SPEED    22   HIGHEST WIND DIRECTION    NW (300)
  HIGHEST GUST SPEED    29   HIGHEST GUST DIRECTION    NW (300)
  AVERAGE WIND SPEED    13.3


SKY COVER
  AVERAGE SKY COVER 0.2


WEATHER CONDITIONS
 THE FOLLOWING WEATHER WAS RECORDED YESTERDAY.
  THUNDERSTORM
  LIGHT RAIN


RELATIVE HUMIDITY (PERCENT)
 HIGHEST    62          1100 PM
 LOWEST     17           400 PM
 AVERAGE    40

..........................................................


THE SCOTTSBLUFF NEBRASKA AIRPORT CLIMATE NORMALS FOR TODAY
                         NORMAL    RECORD    YEAR
 MAXIMUM TEMPERATURE (F)   64        88      2012
 MINIMUM TEMPERATURE (F)   34        18      2001
                                             1898


SUNRISE AND SUNSET
APRIL 23 2014.........SUNRISE   602 AM MDT   SUNSET   744 PM MDT
APRIL 24 2014.........SUNRISE   600 AM MDT   SUNSET   745 PM MDT


-  INDICATES NEGATIVE NUMBERS.
R  INDICATES RECORD WAS SET OR TIED.
MM INDICATES DATA IS MISSING.
T  INDICATES TRACE AMOUNT.




$$
