000
CDUS46 KHNX 270823
CLIBFL


CLIMATE REPORT
NATIONAL WEATHER SERVICE SAN JOAQUIN VALLEY, CA
1222 AM PST THU NOV 27 2014


...................................

...THE BAKERSFIELD CLIMATE SUMMARY FOR NOVEMBER 26 2014...

CLIMATE NORMAL PERIOD 1981 TO 2010
CLIMATE RECORD PERIOD 1889 TO 2014


WEATHER ITEM   OBSERVED TIME   RECORD YEAR NORMAL DEPARTURE
                VALUE   (LST)  VALUE       VALUE  FROM
                                                  NORMAL
...............................................................
TEMPERATURE (F)
 YESTERDAY
  MAXIMUM         68    410 PM  90    1907  62      6
  MINIMUM         43    647 AM  27    1931  41      2
                                      1902
  AVERAGE         56                        51      5

PRECIPITATION (IN)
  YESTERDAY        0.00          0.80 1926   0.02  -0.02
  MONTH TO DATE    0.01                      0.54  -0.53
  SINCE JUL 1      0.66                      0.96  -0.30
  SINCE JAN 1      2.00                      5.35  -3.35

SNOWFALL (IN)
  YESTERDAY        0.0
  MONTH TO DATE    0.0
  SINCE SEP 1      0.0
  SINCE JUL 1      0.0
  SNOW DEPTH       0

DEGREE DAYS
 HEATING
  YESTERDAY        9                               -5
  MONTH TO DATE  149                              -94
  SINCE SEP 1    159                             -142
  SINCE JUL 1    159                             -142

 COOLING
  YESTERDAY        0                                0
  MONTH TO DATE    4                                1
  SINCE SEP 1    702                              213
  SINCE JAN 1   2983                              726
...............................................................


WIND (MPH)
  HIGHEST WIND SPEED     7   HIGHEST WIND DIRECTION    SW (220)
  HIGHEST GUST SPEED    11   HIGHEST GUST DIRECTION    SE (120)
  AVERAGE WIND SPEED     2.0




RELATIVE HUMIDITY (PERCENT)
 HIGHEST    71
 LOWEST     39
 AVERAGE    55

..........................................................


THE BAKERSFIELD CLIMATE NORMALS FOR TODAY
                         NORMAL    RECORD    YEAR
 MAXIMUM TEMPERATURE (F)   61        85      1901
 MINIMUM TEMPERATURE (F)   41        28      1905


SUNRISE AND SUNSET
NOVEMBER 27 2014......SUNRISE   643 AM PST   SUNSET   444 PM PST
NOVEMBER 28 2014......SUNRISE   644 AM PST   SUNSET   444 PM PST


-  INDICATES NEGATIVE NUMBERS.
R  INDICATES RECORD WAS SET OR TIED.
MM INDICATES DATA IS MISSING.
T  INDICATES TRACE AMOUNT.




$$
