000
CDUS46 KHNX 110823
CLIBFL


CLIMATE REPORT
NATIONAL WEATHER SERVICE SAN JOAQUIN VALLEY, CA
1222 AM PST SUN DEC 11 2016


...................................

...THE BAKERSFIELD CLIMATE SUMMARY FOR DECEMBER 10 2016...

CLIMATE NORMAL PERIOD 1981 TO 2010
CLIMATE RECORD PERIOD 1889 TO 2016


WEATHER ITEM   OBSERVED TIME   RECORD YEAR NORMAL DEPARTURE
                VALUE   (LST)  VALUE       VALUE  FROM
                                                  NORMAL
...............................................................
TEMPERATURE (F)
 YESTERDAY
  MAXIMUM         70    322 PM  85    1912  57     13
  MINIMUM         52    140 AM  24    1923  39     13
  AVERAGE         61                        48     13

PRECIPITATION (IN)
  YESTERDAY        0.00          0.75 2009   0.03  -0.03
  MONTH TO DATE    0.04                      0.28  -0.24
  SINCE OCT 1      0.66                      1.22  -0.56
  SINCE JAN 1      4.76                      5.73  -0.97

SNOWFALL (IN)
  YESTERDAY        0.0
  MONTH TO DATE    0.0
  SINCE DEC 1      0.0
  SINCE JUL 1      0.0
  SNOW DEPTH       0

DEGREE DAYS
 HEATING
  YESTERDAY        4                              -13
  MONTH TO DATE  134                              -25
  SINCE DEC 1    134                              -25
  SINCE JUL 1    339                             -178

 COOLING
  YESTERDAY        0                                0
  MONTH TO DATE    0                                0
  SINCE DEC 1      0                                0
  SINCE JAN 1   2738                              480
...............................................................


WIND (MPH)
  HIGHEST WIND SPEED     7   HIGHEST WIND DIRECTION    NW (330)
  HIGHEST GUST SPEED     9   HIGHEST GUST DIRECTION    SW (230)
  AVERAGE WIND SPEED     2.8




RELATIVE HUMIDITY (PERCENT)
 HIGHEST    89
 LOWEST     57
 AVERAGE    73

..........................................................


THE BAKERSFIELD CLIMATE NORMALS FOR TODAY
                         NORMAL    RECORD    YEAR
 MAXIMUM TEMPERATURE (F)   57        81      1912
 MINIMUM TEMPERATURE (F)   39        24      1923
                                             1903


SUNRISE AND SUNSET
DECEMBER 11 2016......SUNRISE   655 AM PST   SUNSET   444 PM PST
DECEMBER 12 2016......SUNRISE   656 AM PST   SUNSET   444 PM PST


-  INDICATES NEGATIVE NUMBERS.
R  INDICATES RECORD WAS SET OR TIED.
MM INDICATES DATA IS MISSING.
T  INDICATES TRACE AMOUNT.




$$
