000
CDUS46 KHNX 100104 AAA
CLIBFL

CLIMATE REPORT
NATIONAL WEATHER SERVICE SAN JOAQUIN VALLEY, CA
604 PM PDT WED JUL 9 2014


...................................

...THE BAKERSFIELD CLIMATE SUMMARY FOR JULY 9 2014...
VALID AS OF 0500 PM LOCAL TIME.

CLIMATE NORMAL PERIOD 1981 TO 2010
CLIMATE RECORD PERIOD 1889 TO 2014


WEATHER ITEM   OBSERVED TIME   RECORD YEAR NORMAL DEPARTURE LAST
                VALUE   (LST)  VALUE       VALUE  FROM      YEAR
                                                  NORMAL
..................................................................
TEMPERATURE (F)
 TODAY
  MAXIMUM        104    459 PM 113    1905  97      6      103
  MINIMUM         76    435 AM  52    1923  70      6       71
                                      1903
  AVERAGE         90                        83      7       87

PRECIPITATION (IN)
  TODAY            0.00          0.03 1992   0.00   0.00     0.00
  MONTH TO DATE    0.00                      0.00   0.00     0.00
  SINCE JUL 1      0.00                      0.00   0.00     0.00
  SINCE JAN 1      1.34                      4.39  -3.05     2.36

SNOWFALL (IN)
  TODAY            0.0
  MONTH TO DATE    0.0
  SINCE JUN 1      0.0
  SINCE JUL 1      0.0
  SNOW DEPTH       0

DEGREE DAYS
 HEATING
  TODAY            0                         0      0        0
  MONTH TO DATE    0                         0      0        0
  SINCE JUN 1      0                         2     -2        0
  SINCE JUL 1      0                         0      0        0

 COOLING
  TODAY           25                        18      7       22
  MONTH TO DATE  222                       158     64      233
  SINCE JUN 1    725                       537    188      703
  SINCE JAN 1   1177                       804    373     1082
..................................................................


WIND (MPH)
  HIGHEST WIND SPEED    15   HIGHEST WIND DIRECTION    NW (310)
  HIGHEST GUST SPEED    23   HIGHEST GUST DIRECTION    NW (320)
  AVERAGE WIND SPEED     7.5




RELATIVE HUMIDITY (PERCENT)
 HIGHEST    29
 LOWEST      7
 AVERAGE    18

..........................................................


THE BAKERSFIELD CLIMATE NORMALS FOR TOMORROW
                         NORMAL    RECORD    YEAR
 MAXIMUM TEMPERATURE (F)   97       113      1905
 MINIMUM TEMPERATURE (F)   70        51      1914


SUNRISE AND SUNSET
JULY  9 2014..........SUNRISE   549 AM PDT   SUNSET   814 PM PDT
JULY 10 2014..........SUNRISE   549 AM PDT   SUNSET   813 PM PDT


-  INDICATES NEGATIVE NUMBERS.
R  INDICATES RECORD WAS SET OR TIED.
MM INDICATES DATA IS MISSING.
T  INDICATES TRACE AMOUNT.




$$
