000
CDUS46 KHNX 060821
CLIBFL


CLIMATE REPORT
NATIONAL WEATHER SERVICE SAN JOAQUIN VALLEY, CA
121 AM PDT MON JUL 6 2015


...................................

...THE BAKERSFIELD CLIMATE SUMMARY FOR JULY 5 2015...

CLIMATE NORMAL PERIOD 1981 TO 2010
CLIMATE RECORD PERIOD 1889 TO 2015


WEATHER ITEM   OBSERVED TIME   RECORD YEAR NORMAL DEPARTURE
                VALUE   (LST)  VALUE       VALUE  FROM
                                                  NORMAL
...............................................................
TEMPERATURE (F)
 YESTERDAY
  MAXIMUM        100    358 PM 114    1931  96      4
  MINIMUM         76    409 AM  53    1948  69      7
                                      1913
  AVERAGE         88                        82      6

PRECIPITATION (IN)
  YESTERDAY        0.00          0.00 2014   0.00   0.00
                                      2013
                                      2012
  MONTH TO DATE    T                         0.00   0.00
  SINCE OCT 1      5.29                      6.35  -1.06
  SINCE JAN 1      2.62                      4.39  -1.77

SNOWFALL (IN)
  YESTERDAY        0.0
  MONTH TO DATE    0.0
  SINCE JUN 1      0.0
  SINCE JUL 1      0.0
  SNOW DEPTH       0

DEGREE DAYS
 HEATING
  YESTERDAY        0                                0
  MONTH TO DATE    0                                0
  SINCE JUN 1      0                               -2
  SINCE JUL 1      0                                0

 COOLING
  YESTERDAY       23                                5
  MONTH TO DATE  126                               40
  SINCE JUN 1    679                              214
  SINCE JAN 1   1024                              292
...............................................................


WIND (MPH)
  HIGHEST WIND SPEED    18   HIGHEST WIND DIRECTION    NW (310)
  HIGHEST GUST SPEED    22   HIGHEST GUST DIRECTION    NW (300)
  AVERAGE WIND SPEED     9.6




RELATIVE HUMIDITY (PERCENT)
 HIGHEST    39
 LOWEST     21
 AVERAGE    30

..........................................................


THE BAKERSFIELD CLIMATE NORMALS FOR TODAY
                         NORMAL    RECORD    YEAR
 MAXIMUM TEMPERATURE (F)   96       116      1913
 MINIMUM TEMPERATURE (F)   70        52      1915


SUNRISE AND SUNSET
JULY  6 2015..........SUNRISE   547 AM PDT   SUNSET   815 PM PDT
JULY  7 2015..........SUNRISE   548 AM PDT   SUNSET   814 PM PDT


-  INDICATES NEGATIVE NUMBERS.
R  INDICATES RECORD WAS SET OR TIED.
MM INDICATES DATA IS MISSING.
T  INDICATES TRACE AMOUNT.




$$
