000
CDUS44 KAMA 162226
CLIBGD


CLIMATE REPORT
NATIONAL WEATHER SERVICE AMARILLO TX
426 PM CST SAT DEC 16 2017


...................................

...THE BORGER CLIMATE SUMMARY FOR DECEMBER 16 2017...
VALID TODAY AS OF 0400 PM LOCAL TIME.

CLIMATE NORMAL PERIOD 1981 TO 2010
CLIMATE RECORD PERIOD 1949 TO 2017


WEATHER ITEM   OBSERVED TIME   RECORD YEAR NORMAL DEPARTURE LAST
                VALUE   (LST)  VALUE       VALUE  FROM      YEAR
                                                  NORMAL
..................................................................
TEMPERATURE (F)
 TODAY
  MAXIMUM         60    255 PM  76    2016  50     10       76
  MINIMUM         35    820 AM   2    1987  26      9       53
  AVERAGE         48                        38     10       65

PRECIPITATION (IN)
  TODAY            0.00          1.22 1959   0.02  -0.02     0.00
  MONTH TO DATE    0.00                      0.29  -0.29     0.11
  SINCE DEC 1      0.00                      0.29  -0.29     0.11
  SINCE JAN 1     26.10                     21.24   4.86    15.67

SNOWFALL (IN)
  TODAY            0.0          MM      MM                   0.0
  MONTH TO DATE    0.0                                       0.0
  SINCE DEC 1      0.0                                       0.0
  SINCE JUL 1      0.8                                       0.0
  SNOW DEPTH       0

DEGREE DAYS
 HEATING
  TODAY           17                        27    -10        0
  MONTH TO DATE  313                       405    -92      413
  SINCE DEC 1    313                       405    -92      413
  SINCE JUL 1    836                      1122   -286      786

 COOLING
  TODAY            0                         0      0        0
  MONTH TO DATE    0                         0      0        0
  SINCE DEC 1      0                         0      0        0
  SINCE JAN 1   2001                      1839    162     2180
..................................................................


WIND (MPH)
  RESULTANT WIND SPEED  15   RESULTANT WIND DIRECTION  SW (210)
  HIGHEST WIND SPEED    24   HIGHEST WIND DIRECTION     S (180)
  HIGHEST GUST SPEED    34   HIGHEST GUST DIRECTION     S (160)
  AVERAGE WIND SPEED    15.2


SKY COVER
  AVERAGE SKY COVER 0.0


WEATHER CONDITIONS
 THE FOLLOWING WEATHER WAS RECORDED TODAY.
  NO SIGNIFICANT WEATHER WAS OBSERVED.


RELATIVE HUMIDITY (PERCENT)
 HIGHEST    56           800 AM
 LOWEST     19           200 PM
 AVERAGE    38

..........................................................


THE BORGER CLIMATE NORMALS FOR TOMORROW
                         NORMAL    RECORD    YEAR
 MAXIMUM TEMPERATURE (F)   49        77      1980
 MINIMUM TEMPERATURE (F)   26         2      1964


SUNRISE AND SUNSET
DECEMBER 16 2017......SUNRISE   749 AM CST   SUNSET   534 PM CST
DECEMBER 17 2017......SUNRISE   749 AM CST   SUNSET   534 PM CST


-  INDICATES NEGATIVE NUMBERS.
R  INDICATES RECORD WAS SET OR TIED.
MM INDICATES DATA IS MISSING.
T  INDICATES TRACE AMOUNT.




$$
