000
CDUS44 KAMA 240629
CLIBGD


CLIMATE REPORT
NATIONAL WEATHER SERVICE AMARILLO TX
128 AM CDT SAT JUN 24 2017


...................................

...THE BORGER CLIMATE SUMMARY FOR JUNE 23 2017...

CLIMATE NORMAL PERIOD 1981 TO 2010
CLIMATE RECORD PERIOD 1949 TO 2017


WEATHER ITEM   OBSERVED TIME   RECORD YEAR NORMAL DEPARTURE LAST
                VALUE   (LST)  VALUE       VALUE  FROM      YEAR
                                                  NORMAL
..................................................................
TEMPERATURE (F)
 YESTERDAY
  MAXIMUM         86    338 PM 105    2011  91     -5       99
  MINIMUM         67   1159 PM  52    1989  66      1       72
  AVERAGE         77                        79     -2       86

PRECIPITATION (IN)
  YESTERDAY        0.01          0.96 1959   0.10  -0.09     0.00
  MONTH TO DATE    0.36                      2.53  -2.17     1.13
  SINCE JUN 1      0.36                      2.53  -2.17     1.13
  SINCE JAN 1     11.51                      9.58   1.93    10.00

SNOWFALL (IN)
  YESTERDAY        0.0           0.0  2013                   0.0
                                      2012
                                      2011
  MONTH TO DATE    0.0                                       0.0
  SINCE JUN 1      0.0                                       0.0
  SINCE JUL 1      1.2                                       8.9
  SNOW DEPTH       0

DEGREE DAYS
 HEATING
  YESTERDAY        0                         0      0        0
  MONTH TO DATE    0                         0      0        0
  SINCE JUN 1      0                         0      0        0
  SINCE JUL 1   2909                      3763   -854     3087

 COOLING
  YESTERDAY       12                        14     -2       21
  MONTH TO DATE  356                       256    100      327
  SINCE JUN 1    356                       256    100      327
  SINCE JAN 1    596                       453    143      514
..................................................................


WIND (MPH)
  RESULTANT WIND SPEED  14   RESULTANT WIND DIRECTION  NE (50)
  HIGHEST WIND SPEED    30   HIGHEST WIND DIRECTION    SE (140)
  HIGHEST GUST SPEED    39   HIGHEST GUST DIRECTION    SE (140)
  AVERAGE WIND SPEED    14.9


SKY COVER
  AVERAGE SKY COVER 0.2


WEATHER CONDITIONS
 THE FOLLOWING WEATHER WAS RECORDED YESTERDAY.
  THUNDERSTORM
  LIGHT RAIN


RELATIVE HUMIDITY (PERCENT)
 HIGHEST    73           800 AM
 LOWEST     32           300 PM
 AVERAGE    53

..........................................................


THE BORGER CLIMATE NORMALS FOR TODAY
                         NORMAL    RECORD    YEAR
 MAXIMUM TEMPERATURE (F)   92       110      2011
 MINIMUM TEMPERATURE (F)   67        55      1964


SUNRISE AND SUNSET
JUNE 24 2017..........SUNRISE   631 AM CDT   SUNSET   905 PM CDT
JUNE 25 2017..........SUNRISE   631 AM CDT   SUNSET   905 PM CDT


-  INDICATES NEGATIVE NUMBERS.
R  INDICATES RECORD WAS SET OR TIED.
MM INDICATES DATA IS MISSING.
T  INDICATES TRACE AMOUNT.




$$
