000
CDUS44 KAMA 170629
CLIBGD


CLIMATE REPORT
NATIONAL WEATHER SERVICE AMARILLO TX
128 AM CDT WED SEP 17 2014


...................................

...THE BORGER CLIMATE SUMMARY FOR SEPTEMBER 16 2014...

CLIMATE NORMAL PERIOD 1981 TO 2013
CLIMATE RECORD PERIOD 1949 TO 2014


WEATHER ITEM   OBSERVED TIME   RECORD YEAR NORMAL DEPARTURE LAST
                VALUE   (LST)  VALUE       VALUE  FROM      YEAR
                                                  NORMAL
..................................................................
TEMPERATURE (F)
 YESTERDAY
  MAXIMUM         84    207 PM 100    1978  84      0       80
  MINIMUM         60    124 AM  38    1951  60      0       62
  AVERAGE         72                        72      0       71

PRECIPITATION (IN)
  YESTERDAY        0.00          1.44 2013   0.09  -0.09     1.44
  MONTH TO DATE    1.79                      1.36   0.43     1.55
  SINCE SEP 1      1.79                      1.36   0.43     1.55
  SINCE JAN 1      9.53                     17.37  -7.84    13.11

SNOWFALL (IN)
  YESTERDAY        0.0           0.0  2013                   0.0
                                      2012
                                      2011
  MONTH TO DATE    0.0                                       0.0
  SINCE SEP 1      0.0                                       0.0
  SINCE JUL 1      0.0                                       0.0
  SNOW DEPTH       0

DEGREE DAYS
 HEATING
  YESTERDAY        0                         1     -1        0
  MONTH TO DATE   17                         2     15        0
  SINCE SEP 1     17                         2     15        0
  SINCE JUL 1     18                         3     15        0

 COOLING
  YESTERDAY        7                         8     -1        6
  MONTH TO DATE  134                       156    -22      247
  SINCE SEP 1    134                       156    -22      247
  SINCE JAN 1   1868                      1706    162     2058
..................................................................


WIND (MPH)
  RESULTANT WIND SPEED   4   RESULTANT WIND DIRECTION  SW (210)
  HIGHEST WIND SPEED    18   HIGHEST WIND DIRECTION    SW (230)
  HIGHEST GUST SPEED    23   HIGHEST GUST DIRECTION    SW (230)
  AVERAGE WIND SPEED     6.1


SKY COVER
  AVERAGE SKY COVER 0.5


WEATHER CONDITIONS
 THE FOLLOWING WEATHER WAS RECORDED YESTERDAY.
  FOG
  HAZE


RELATIVE HUMIDITY (PERCENT)
 HIGHEST    90           300 AM
 LOWEST     51           200 PM
 AVERAGE    71

..........................................................


THE BORGER CLIMATE NORMALS FOR TODAY
                         NORMAL    RECORD    YEAR
 MAXIMUM TEMPERATURE (F)   84        99      2004
 MINIMUM TEMPERATURE (F)   60        40      1965


SUNRISE AND SUNSET
SEPTEMBER 17 2014.....SUNRISE   730 AM CDT   SUNSET   750 PM CDT
SEPTEMBER 18 2014.....SUNRISE   730 AM CDT   SUNSET   748 PM CDT


-  INDICATES NEGATIVE NUMBERS.
R  INDICATES RECORD WAS SET OR TIED.
MM INDICATES DATA IS MISSING.
T  INDICATES TRACE AMOUNT.




$$
