000
CDUS44 KAMA 022231
CLIBGD


CLIMATE REPORT
NATIONAL WEATHER SERVICE AMARILLO TX
430 PM CST MON MAR 2 2015


...................................

...THE BORGER CLIMATE SUMMARY FOR MARCH 2 2015...
VALID TODAY AS OF 0400 PM LOCAL TIME.

CLIMATE NORMAL PERIOD 1981 TO 2013
CLIMATE RECORD PERIOD 1949 TO 2015


WEATHER ITEM   OBSERVED TIME   RECORD YEAR NORMAL DEPARTURE LAST
                VALUE   (LST)  VALUE       VALUE  FROM      YEAR
                                                  NORMAL
..................................................................
TEMPERATURE (F)
 TODAY
  MAXIMUM         40    256 PM  85    1967  58    -18       16
  MINIMUM         28    750 AM   7    2014  33     -5        7
                                      2002
  AVERAGE         34                        45    -11       12

PRECIPITATION (IN)
  TODAY            0.00          0.71 1957   0.04  -0.04     0.04
  MONTH TO DATE    0.00                      0.08  -0.08     0.04
  SINCE MAR 1      0.00                      0.08  -0.08     0.04
  SINCE JAN 1      1.85                      1.29   0.56     0.42

SNOWFALL (IN)
  TODAY            0.0           8.0  1969                   1.0
  MONTH TO DATE    0.0                                       1.0
  SINCE MAR 1      0.0                                       1.0
  SINCE JUL 1     17.5                                      13.6
  SNOW DEPTH       T

DEGREE DAYS
 HEATING
  TODAY           31                        20     11       53
  MONTH TO DATE   66                        40     26       86
  SINCE MAR 1     66                        40     26       86
  SINCE JUL 1   2938                      3033    -95     3164

 COOLING
  TODAY            0                         0      0        0
  MONTH TO DATE    0                         0      0        0
  SINCE MAR 1      0                         0      0        0
  SINCE JAN 1      0                         0      0        0
..................................................................


WIND (MPH)
  RESULTANT WIND SPEED   4   RESULTANT WIND DIRECTION   S (170)
  HIGHEST WIND SPEED    17   HIGHEST WIND DIRECTION     S (200)
  HIGHEST GUST SPEED    22   HIGHEST GUST DIRECTION     S (200)
  AVERAGE WIND SPEED     7.9


SKY COVER
  AVERAGE SKY COVER 1.0


WEATHER CONDITIONS
 THE FOLLOWING WEATHER WAS RECORDED TODAY.
  FOG


RELATIVE HUMIDITY (PERCENT)
 HIGHEST    92           900 AM
 LOWEST     64           400 PM
 AVERAGE    78

..........................................................


THE BORGER CLIMATE NORMALS FOR TOMORROW
                         NORMAL    RECORD    YEAR
 MAXIMUM TEMPERATURE (F)   58        80      1955
 MINIMUM TEMPERATURE (F)   33         1      1960


SUNRISE AND SUNSET
MARCH  2 2015.........SUNRISE   714 AM CST   SUNSET   641 PM CST
MARCH  3 2015.........SUNRISE   713 AM CST   SUNSET   642 PM CST


-  INDICATES NEGATIVE NUMBERS.
R  INDICATES RECORD WAS SET OR TIED.
MM INDICATES DATA IS MISSING.
T  INDICATES TRACE AMOUNT.




$$
