251
CDUS44 KAMA 200727
CLIBGD


CLIMATE REPORT
NATIONAL WEATHER SERVICE AMARILLO TX
127 AM CST FRI JAN 20 2017


...................................

...THE BORGER CLIMATE SUMMARY FOR JANUARY 19 2017...

CLIMATE NORMAL PERIOD 1981 TO 2010
CLIMATE RECORD PERIOD 1949 TO 2017


WEATHER ITEM   OBSERVED TIME   RECORD YEAR NORMAL DEPARTURE LAST
                VALUE   (LST)  VALUE       VALUE  FROM      YEAR
                                                  NORMAL
..................................................................
TEMPERATURE (F)
 YESTERDAY
  MAXIMUM         61    441 PM  76    1986  52      9       49
  MINIMUM         36   1159 PM  -3    1984  26     10       29
  AVERAGE         49                        39     10       39

PRECIPITATION (IN)
  YESTERDAY        0.00          1.19 1990   0.02  -0.02     0.00
  MONTH TO DATE    2.60                      0.31   2.29     0.28
  SINCE DEC 1      2.82                      1.08   1.74     1.42
  SINCE JAN 1      2.60                      0.31   2.29     0.28

SNOWFALL (IN)
  YESTERDAY        0.0           4.5  1993                   0.0
  MONTH TO DATE    0.0                                       2.5
  SINCE DEC 1      0.1                                       5.4
  SINCE JUL 1      0.1                                       6.2
  SNOW DEPTH       0

DEGREE DAYS
 HEATING
  YESTERDAY       16                        26    -10       26
  MONTH TO DATE  509                       512     -3      546
  SINCE DEC 1   1280                      1332    -52     1226
  SINCE JUL 1   1653                      2049   -396     1798

 COOLING
  YESTERDAY        0                         0      0        0
  MONTH TO DATE    0                         0      0        0
  SINCE DEC 1      0                         0      0        0
  SINCE JAN 1      0                         0      0        0
..................................................................


WIND (MPH)
  RESULTANT WIND SPEED   3   RESULTANT WIND DIRECTION  SW (230)
  HIGHEST WIND SPEED    17   HIGHEST WIND DIRECTION     S (180)
  HIGHEST GUST SPEED    24   HIGHEST GUST DIRECTION     S (190)
  AVERAGE WIND SPEED     8.8


SKY COVER
  AVERAGE SKY COVER 0.0


WEATHER CONDITIONS
 THE FOLLOWING WEATHER WAS RECORDED YESTERDAY.
  FOG


RELATIVE HUMIDITY (PERCENT)
 HIGHEST    92          1000 PM
 LOWEST     31           300 PM
 AVERAGE    62

..........................................................


THE BORGER CLIMATE NORMALS FOR TODAY
                         NORMAL    RECORD    YEAR
 MAXIMUM TEMPERATURE (F)   52        79      1986
 MINIMUM TEMPERATURE (F)   26         1      1963


SUNRISE AND SUNSET
JANUARY 20 2017.......SUNRISE   753 AM CST   SUNSET   601 PM CST
JANUARY 21 2017.......SUNRISE   752 AM CST   SUNSET   602 PM CST


-  INDICATES NEGATIVE NUMBERS.
R  INDICATES RECORD WAS SET OR TIED.
MM INDICATES DATA IS MISSING.
T  INDICATES TRACE AMOUNT.




$$
