000
CDUS44 KAMA 192135
CLIBGD


CLIMATE REPORT
NATIONAL WEATHER SERVICE AMARILLO TX
434 PM CDT SAT AUG 19 2017


...................................

...THE BORGER CLIMATE SUMMARY FOR AUGUST 19 2017...
VALID TODAY AS OF 0400 PM LOCAL TIME.

CLIMATE NORMAL PERIOD 1981 TO 2010
CLIMATE RECORD PERIOD 1949 TO 2017


WEATHER ITEM   OBSERVED TIME   RECORD YEAR NORMAL DEPARTURE LAST
                VALUE   (LST)  VALUE       VALUE  FROM      YEAR
                                                  NORMAL
..................................................................
TEMPERATURE (F)
 TODAY
  MAXIMUM         95    258 PM 103    2011  92      3       94
  MINIMUM         71    633 AM  53    1956  68      3       68
  AVERAGE         83                        80      3       81

PRECIPITATION (IN)
  TODAY            0.00          1.44 1988   0.12  -0.12     0.11
  MONTH TO DATE    5.56                      1.83   3.73     1.12
  SINCE JUN 1      9.41                      7.62   1.79     3.80
  SINCE JAN 1     20.56                     14.67   5.89    12.67

SNOWFALL (IN)
  TODAY            0.0           0.0  2013                   0.0
                                      2012
                                      2011
  MONTH TO DATE    0.0                                       0.0
  SINCE JUN 1      0.0                                       0.0
  SINCE JUL 1      0.0                                       0.0
  SNOW DEPTH       0

DEGREE DAYS
 HEATING
  TODAY            0                         0      0        0
  MONTH TO DATE    0                         0      0        0
  SINCE JUN 1      0                         3     -3        0
  SINCE JUL 1      0                         0      0        0

 COOLING
  TODAY           18                        15      3       16
  MONTH TO DATE  226                       308    -82      328
  SINCE JUN 1   1294                      1192    102     1415
  SINCE JAN 1   1534                      1389    145     1602
..................................................................


WIND (MPH)
  RESULTANT WIND SPEED   7   RESULTANT WIND DIRECTION  SW (210)
  HIGHEST WIND SPEED    15   HIGHEST WIND DIRECTION    SW (210)
  HIGHEST GUST SPEED    24   HIGHEST GUST DIRECTION     S (170)
  AVERAGE WIND SPEED     7.8


SKY COVER
  AVERAGE SKY COVER 0.0


WEATHER CONDITIONS
 THE FOLLOWING WEATHER WAS RECORDED TODAY.
  NO SIGNIFICANT WEATHER WAS OBSERVED.


RELATIVE HUMIDITY (PERCENT)
 HIGHEST    79           600 AM
 LOWEST     33           300 PM
 AVERAGE    56

..........................................................


THE BORGER CLIMATE NORMALS FOR TOMORROW
                         NORMAL    RECORD    YEAR
 MAXIMUM TEMPERATURE (F)   92       103      2007
 MINIMUM TEMPERATURE (F)   68        52      1956


SUNRISE AND SUNSET
AUGUST 19 2017........SUNRISE   708 AM CDT   SUNSET   830 PM CDT
AUGUST 20 2017........SUNRISE   709 AM CDT   SUNSET   829 PM CDT


-  INDICATES NEGATIVE NUMBERS.
R  INDICATES RECORD WAS SET OR TIED.
MM INDICATES DATA IS MISSING.
T  INDICATES TRACE AMOUNT.




$$
