000
CDUS44 KAMA 212242
CLIBGD


CLIMATE REPORT
NATIONAL WEATHER SERVICE AMARILLO TX
440 PM CST FRI NOV 21 2014


...THE BORGER CLIMATE SUMMARY FOR NOVEMBER 21 2014...
VALID TODAY AS OF 400 PM LOCAL TIME.

CLIMATE NORMAL PERIOD 1981 TO 2013
CLIMATE RECORD PERIOD 1949 TO 2014


WEATHER ITEM   OBSERVED TIME   RECORD YEAR NORMAL DEPARTURE LAST
                VALUE   (LST)  VALUE       VALUE  FROM      YEAR
                                                  NORMAL
..................................................................
TEMPERATURE (F)
 TODAY
  MAXIMUM         62    402 PM  81    1966  59      3       59
  MINIMUM         26    812 AM  19    1977  34     -8       24
  AVERAGE         44                        46     -2       42

PRECIPITATION (IN)
  TODAY            0.00          0.81 1992   0.03  -0.03     0.00
  MONTH TO DATE    0.23                      0.65  -0.42     0.38
  SINCE SEP 1      2.90                      4.75  -1.85     2.90
  SINCE JAN 1     10.64                     20.76 -10.12    14.46

SNOWFALL (IN)
  TODAY            0.0           4.0  1992                   0.0
  MONTH TO DATE    1.9                                       0.0
  SINCE SEP 1      1.9                                       0.0
  SINCE JUL 1      1.9                                       0.0
  SNOW DEPTH       0

DEGREE DAYS
 HEATING
  TODAY           21                        19      2       23
  MONTH TO DATE  432                       308    124      270
  SINCE SEP 1    548                       528     20      461
  SINCE JUL 1    549                       529     20      461

 COOLING
  TODAY            0                         0      0        0
  MONTH TO DATE    0                         0      0        0
  SINCE SEP 1    318                       285     33      409
  SINCE JAN 1   2052                      1835    217     2220
..................................................................


WIND (MPH)
  RESULTANT WIND SPEED   1   RESULTANT WIND DIRECTION   W (250)
  HIGHEST WIND SPEED     9   HIGHEST WIND DIRECTION     S (180)
  HIGHEST GUST SPEED    13   HIGHEST GUST DIRECTION     S (160)
  AVERAGE WIND SPEED   3.7


SKY COVER
  AVERAGE SKY COVER 0.0


WEATHER CONDITIONS
 THE FOLLOWING WEATHER WAS RECORDED TODAY.
  FOG
  HAZE


RELATIVE HUMIDITY (PERCENT)
 HIGHEST    92           300 AM
 LOWEST     34           400 PM
 AVERAGE    63

..................................................................


THE BORGER CLIMATE NORMALS FOR TOMORROW
                         NORMAL    RECORD    YEAR
 MAXIMUM TEMPERATURE (F)   58        82      1998
 MINIMUM TEMPERATURE (F)   33        12      1972


SUNRISE AND SUNSET
NOVEMBER 21 2014......SUNRISE   727 AM CST   SUNSET   535 PM CST
NOVEMBER 22 2014......SUNRISE   728 AM CST   SUNSET   535 PM CST


-  INDICATES NEGATIVE NUMBERS.
R  INDICATES RECORD WAS SET OR TIED.
MM INDICATES DATA IS MISSING.
T  INDICATES TRACE AMOUNT.


$$
