000
CDUS44 KAMA 170644
CLIBGD


CLIMATE REPORT
NATIONAL WEATHER SERVICE AMARILLO TX
140 AM CDT THU APR 17 2014


...THE BORGER CLIMATE SUMMARY FOR APRIL 16 2014...

CLIMATE NORMAL PERIOD 1981 TO 2013
CLIMATE RECORD PERIOD 1949 TO 2014


WEATHER ITEM   OBSERVED TIME   RECORD YEAR NORMAL DEPARTURE LAST
                VALUE   (LST)  VALUE       VALUE  FROM      YEAR
                                                  NORMAL
..................................................................
TEMPERATURE (F)
 YESTERDAY
  MAXIMUM         74    415 PM  88    2006  73      1       65
                                      1964
  MINIMUM         48    716 AM  28    2000  45      3       41
  AVERAGE         61                        59      2       53

PRECIPITATION (IN)
  YESTERDAY        0.00          1.46 1992   0.06  -0.06     0.00
  MONTH TO DATE    0.10                      0.89  -0.79     0.01
  SINCE MAR 1      0.17                      2.30  -2.13     0.30
  SINCE JAN 1      0.55                      3.51  -2.96     3.35

SNOWFALL (IN)
  YESTERDAY        0.0           T    1992                   0.0
  MONTH TO DATE    1.1                                        T
  SINCE MAR 1      2.1                                       0.3
  SINCE JUL 1     14.7                                      27.5
  SNOW DEPTH       0

DEGREE DAYS
 HEATING
  YESTERDAY        4                         7     -3       12
  MONTH TO DATE  142                       146     -4      190
  SINCE MAR 1    644                       630     14      648
  SINCE JUL 1   3722                      3623     99     3370

 COOLING
  YESTERDAY        0                         1     -1        0
  MONTH TO DATE   20                        13      7        7
  SINCE MAR 1     22                        20      2        7
  SINCE JAN 1     22                        20      2        7
..................................................................


WIND (MPH)
  RESULTANT WIND SPEED   4   RESULTANT WIND DIRECTION   E (90)
  HIGHEST WIND SPEED    23   HIGHEST WIND DIRECTION    NE (50)
  HIGHEST GUST SPEED    31   HIGHEST GUST DIRECTION    NE (30)
  AVERAGE WIND SPEED   14.9


SKY COVER
  AVERAGE SKY COVER 0.0


WEATHER CONDITIONS
 THE FOLLOWING WEATHER WAS RECORDED YESTERDAY.
  NO SIGNIFICANT WEATHER WAS OBSERVED.


RELATIVE HUMIDITY (PERCENT)
 HIGHEST    33          1000 PM
 LOWEST     11           400 PM
 AVERAGE    22

..................................................................


THE BORGER CLIMATE NORMALS FOR TODAY
                         NORMAL    RECORD    YEAR
 MAXIMUM TEMPERATURE (F)   73        93      2006
 MINIMUM TEMPERATURE (F)   45        32      1998


SUNRISE AND SUNSET
APRIL 17 2014.........SUNRISE   710 AM CDT   SUNSET   821 PM CDT
APRIL 18 2014.........SUNRISE   709 AM CDT   SUNSET   821 PM CDT


-  INDICATES NEGATIVE NUMBERS.
R  INDICATES RECORD WAS SET OR TIED.
MM INDICATES DATA IS MISSING.
T  INDICATES TRACE AMOUNT.


$$
