000
CDUS44 KAMA 302138
CLIBGD


CLIMATE REPORT
NATIONAL WEATHER SERVICE AMARILLO TX
436 PM CDT TUE JUN 30 2015


...................................

...THE BORGER CLIMATE SUMMARY FOR JUNE 30 2015...
VALID TODAY AS OF 0400 PM LOCAL TIME.

CLIMATE NORMAL PERIOD 1981 TO 2013
CLIMATE RECORD PERIOD 1949 TO 2015


WEATHER ITEM   OBSERVED TIME   RECORD YEAR NORMAL DEPARTURE LAST
                VALUE   (LST)  VALUE       VALUE  FROM      YEAR
                                                  NORMAL
..................................................................
TEMPERATURE (F)
 TODAY
  MAXIMUM         94    304 PM 106    2012  93      1      101
  MINIMUM         64    544 AM  54    1995  68     -4       69
  AVERAGE         79                        80     -1       85

PRECIPITATION (IN)
  TODAY            0.00          0.63 1981   0.08  -0.08      T
  MONTH TO DATE    5.15                      3.17   1.98     1.74
  SINCE JUN 1      5.15                      3.17   1.98     1.74
  SINCE JAN 1     20.67                     10.22  10.45     3.86

SNOWFALL (IN)
  TODAY            0.0           0.0  2013                   0.0
                                      2012
                                      2011
  MONTH TO DATE    0.0                                       0.0
  SINCE JUN 1      0.0                                       0.0
  SINCE JUL 1     17.5                                      14.7
  SNOW DEPTH       0

DEGREE DAYS
 HEATING
  TODAY            0                         0      0        0
  MONTH TO DATE    0                         0      0        3
  SINCE JUN 1      0                         3     -3        3
  SINCE JUL 1   3452                      3766   -314     3841

 COOLING
  TODAY           14                        15     -1       20
  MONTH TO DATE  412                       358     54      407
  SINCE JUN 1    412                       358     54      407
  SINCE JAN 1    536                       555    -19      721
..................................................................


WIND (MPH)
  RESULTANT WIND SPEED   5   RESULTANT WIND DIRECTION   S (190)
  HIGHEST WIND SPEED    18   HIGHEST WIND DIRECTION     S (170)
  HIGHEST GUST SPEED    24   HIGHEST GUST DIRECTION     S (180)
  AVERAGE WIND SPEED     7.4


SKY COVER
  AVERAGE SKY COVER 0.0


WEATHER CONDITIONS
 THE FOLLOWING WEATHER WAS RECORDED TODAY.
  NO SIGNIFICANT WEATHER WAS OBSERVED.


RELATIVE HUMIDITY (PERCENT)
 HIGHEST    87           400 AM
 LOWEST     20           300 PM
 AVERAGE    54

..........................................................


THE BORGER CLIMATE NORMALS FOR TOMORROW
                         NORMAL    RECORD    YEAR
 MAXIMUM TEMPERATURE (F)   93       106      1980
 MINIMUM TEMPERATURE (F)   68        56      1995


SUNRISE AND SUNSET
JUNE 30 2015..........SUNRISE   633 AM CDT   SUNSET   906 PM CDT
JULY  1 2015..........SUNRISE   633 AM CDT   SUNSET   905 PM CDT


-  INDICATES NEGATIVE NUMBERS.
R  INDICATES RECORD WAS SET OR TIED.
MM INDICATES DATA IS MISSING.
T  INDICATES TRACE AMOUNT.




$$
