000
CDUS44 KAMA 240635
CLIBGD


CLIMATE REPORT
NATIONAL WEATHER SERVICE AMARILLO TX
134 AM CDT SUN MAY 24 2015


...................................

...THE BORGER CLIMATE SUMMARY FOR MAY 23 2015...

CLIMATE NORMAL PERIOD 1981 TO 2013
CLIMATE RECORD PERIOD 1949 TO 2015


WEATHER ITEM   OBSERVED TIME   RECORD YEAR NORMAL DEPARTURE LAST
                VALUE   (LST)  VALUE       VALUE  FROM      YEAR
                                                  NORMAL
..................................................................
TEMPERATURE (F)
 YESTERDAY
  MAXIMUM         68    240 PM 103    2000  83    -15       69
  MINIMUM         55    834 AM  44    1967  58     -3       60
  AVERAGE         62                        70     -8       65

PRECIPITATION (IN)
  YESTERDAY        1.22          3.36 2002   0.12   1.10     0.13
  MONTH TO DATE    8.70                      1.86   6.84     0.88
  SINCE MAR 1     13.37                      4.81   8.56     1.08
  SINCE JAN 1     15.22                      6.02   9.20     1.46

SNOWFALL (IN)
  YESTERDAY        0.0           T    1954                   0.0
  MONTH TO DATE    0.0                                       0.0
  SINCE MAR 1      T                                         2.1
  SINCE JUL 1     17.5                                      14.7
  SNOW DEPTH       0

DEGREE DAYS
 HEATING
  YESTERDAY        3                         1      2        0
  MONTH TO DATE   76                        56     20       56
  SINCE MAR 1    577                       766   -189      760
  SINCE JUL 1   3449                      3759   -310     3838

 COOLING
  YESTERDAY        0                         6     -6        0
  MONTH TO DATE   45                        96    -51      187
  SINCE MAR 1    101                       140    -39      252
  SINCE JAN 1    101                       140    -39      252
..................................................................


WIND (MPH)
  RESULTANT WIND SPEED   9   RESULTANT WIND DIRECTION  SE (120)
  HIGHEST WIND SPEED    28   HIGHEST WIND DIRECTION     W (260)
  HIGHEST GUST SPEED    38   HIGHEST GUST DIRECTION     W (260)
  AVERAGE WIND SPEED    10.3


SKY COVER
  AVERAGE SKY COVER 0.8


WEATHER CONDITIONS
 THE FOLLOWING WEATHER WAS RECORDED YESTERDAY.
  THUNDERSTORM
  HEAVY RAIN
  RAIN
  LIGHT RAIN
  FOG


RELATIVE HUMIDITY (PERCENT)
 HIGHEST    93          1200 AM
 LOWEST     73           200 PM
 AVERAGE    83

..........................................................


THE BORGER CLIMATE NORMALS FOR TODAY
                         NORMAL    RECORD    YEAR
 MAXIMUM TEMPERATURE (F)   83        99      2000
 MINIMUM TEMPERATURE (F)   58        46      2002


SUNRISE AND SUNSET
MAY 24 2015...........SUNRISE   635 AM CDT   SUNSET   851 PM CDT
MAY 25 2015...........SUNRISE   634 AM CDT   SUNSET   851 PM CDT


-  INDICATES NEGATIVE NUMBERS.
R  INDICATES RECORD WAS SET OR TIED.
MM INDICATES DATA IS MISSING.
T  INDICATES TRACE AMOUNT.




$$
