000
CDUS41 KBGM 282219
CLIBGM


CLIMATE REPORT
NATIONAL WEATHER SERVICE BINGHAMTON NY
519 PM EST FRI NOV 28 2014


...................................

...THE BINGHAMTON NY CLIMATE SUMMARY FOR NOVEMBER 28 2014...
VALID TODAY AS OF 0500 PM LOCAL TIME.

CLIMATE NORMAL PERIOD 1981 TO 2010
CLIMATE RECORD PERIOD 1951 TO 2014


WEATHER ITEM   OBSERVED TIME   RECORD YEAR NORMAL DEPARTURE LAST
                VALUE   (LST)  VALUE       VALUE  FROM      YEAR
                                                  NORMAL
..................................................................
TEMPERATURE (F)
 TODAY
  MAXIMUM         36    214 PM  70    1990  40     -4       24
  MINIMUM         22   1017 AM   6    1951  27     -5       17
  AVERAGE         29                        34     -5       21

PRECIPITATION (IN)
  TODAY            T             1.28 2004   0.11  -0.11      T
  MONTH TO DATE    2.09                      3.07  -0.98     3.49
  SINCE SEP 1      7.29                     10.03  -2.74     9.21
  SINCE JAN 1     36.32                     36.24   0.08    39.50

SNOWFALL (IN)
  TODAY            0.2           4.8  1972   0.3   -0.1       T
  MONTH TO DATE   13.7                       5.1    8.6      8.0
  SINCE SEP 1     13.7                       6.1    7.6      8.0
  SINCE JUL 1     13.7                       6.1    7.6      8.0
  SNOW DEPTH       7

DEGREE DAYS
 HEATING
  TODAY           36                        32      4       44
  MONTH TO DATE  804                       740     64      818
  SINCE SEP 1   1388                      1449    -61     1451
  SINCE JUL 1   1454                      1512    -58     1502

 COOLING
  TODAY            0                         0      0        0
  MONTH TO DATE    0                         0      0        0
  SINCE SEP 1     39                        33      6       53
  SINCE JAN 1    341                       381    -40      480
..................................................................


WIND (MPH)
  HIGHEST WIND SPEED    18   HIGHEST WIND DIRECTION    NW (300)
  HIGHEST GUST SPEED    27   HIGHEST GUST DIRECTION     W (290)
  AVERAGE WIND SPEED     9.2


SKY COVER
  AVERAGE SKY COVER 0.8


WEATHER CONDITIONS
 THE FOLLOWING WEATHER WAS RECORDED TODAY.
  LIGHT SNOW
  FOG
  HAZE


RELATIVE HUMIDITY (PERCENT)
 HIGHEST    96          1200 AM
 LOWEST     38           200 PM
 AVERAGE    67

..........................................................


THE BINGHAMTON NY CLIMATE NORMALS FOR TOMORROW
                         NORMAL    RECORD    YEAR
 MAXIMUM TEMPERATURE (F)   39        63      2011
                                             2005
 MINIMUM TEMPERATURE (F)   27         4      1955


SUNRISE AND SUNSET
NOVEMBER 28 2014......SUNRISE   710 AM EST   SUNSET   434 PM EST
NOVEMBER 29 2014......SUNRISE   711 AM EST   SUNSET   433 PM EST


-  INDICATES NEGATIVE NUMBERS.
R  INDICATES RECORD WAS SET OR TIED.
MM INDICATES DATA IS MISSING.
T  INDICATES TRACE AMOUNT.




$$
