000
CDUS41 KBGM 290535
CLIBGM


CLIMATE REPORT
NATIONAL WEATHER SERVICE BINGHAMTON NY
1234 AM EST MON DEC 29 2014


...................................

...THE BINGHAMTON NY CLIMATE SUMMARY FOR DECEMBER 28 2014...

CLIMATE NORMAL PERIOD 1981 TO 2010
CLIMATE RECORD PERIOD 1951 TO 2014


WEATHER ITEM   OBSERVED TIME   RECORD YEAR NORMAL DEPARTURE LAST
                VALUE   (LST)  VALUE       VALUE  FROM      YEAR
                                                  NORMAL
..................................................................
TEMPERATURE (F)
 YESTERDAY
  MAXIMUM         47   1258 AM  60    1982  30     17       44
  MINIMUM         27   1159 PM  -4    1960  18      9       27
  AVERAGE         37                        24     13       36

PRECIPITATION (IN)
  YESTERDAY        0.25          1.25 1968   0.08   0.17     0.00
  MONTH TO DATE    3.26                      2.60   0.66     2.52
  SINCE DEC 1      3.26                      2.60   0.66     2.52
  SINCE JAN 1     39.59                     39.07   0.52    42.03

SNOWFALL (IN)
  YESTERDAY        0.0          12.5  1968   0.7   -0.7      0.0
  MONTH TO DATE   11.6                      15.9   -4.3     22.4
  SINCE DEC 1     11.6                      15.9   -4.3     22.4
  SINCE JUL 1     25.3                      22.7    2.6     30.6
  SNOW DEPTH       0

DEGREE DAYS
 HEATING
  YESTERDAY       28                        41    -13       29
  MONTH TO DATE  937                      1044   -107     1029
  SINCE DEC 1    937                      1044   -107     1029
  SINCE JUL 1   2472                      2619   -147     2620

 COOLING
  YESTERDAY        0                         0      0        0
  MONTH TO DATE    0                         0      0        0
  SINCE DEC 1      0                         0      0        0
  SINCE JAN 1    341                       381    -40      480
..................................................................


WIND (MPH)
  HIGHEST WIND SPEED    15   HIGHEST WIND DIRECTION     N (350)
  HIGHEST GUST SPEED    20   HIGHEST GUST DIRECTION    NW (320)
  AVERAGE WIND SPEED     8.1


SKY COVER
  AVERAGE SKY COVER 0.9


WEATHER CONDITIONS
 THE FOLLOWING WEATHER WAS RECORDED YESTERDAY.
  RAIN
  LIGHT RAIN
  FOG


RELATIVE HUMIDITY (PERCENT)
 HIGHEST   100           600 AM
 LOWEST     53           100 AM
 AVERAGE    77

..........................................................


THE BINGHAMTON NY CLIMATE NORMALS FOR TODAY
                         NORMAL    RECORD    YEAR
 MAXIMUM TEMPERATURE (F)   30        65      1984
 MINIMUM TEMPERATURE (F)   18        -3      1993


SUNRISE AND SUNSET
DECEMBER 29 2014......SUNRISE   732 AM EST   SUNSET   440 PM EST
DECEMBER 30 2014......SUNRISE   732 AM EST   SUNSET   441 PM EST


-  INDICATES NEGATIVE NUMBERS.
R  INDICATES RECORD WAS SET OR TIED.
MM INDICATES DATA IS MISSING.
T  INDICATES TRACE AMOUNT.

$$
