000
CDUS41 KCAR 150536
CLIBGR


CLIMATE REPORT
NATIONAL WEATHER SERVICE CARIBOU, ME
1233 AM EST FRI DEC 15 2017


...................................

...THE BANGOR ME CLIMATE SUMMARY FOR DECEMBER 14 2017...

CLIMATE NORMAL PERIOD 1981 TO 2010
CLIMATE RECORD PERIOD 1925 TO 2017


WEATHER ITEM   OBSERVED TIME   RECORD YEAR NORMAL DEPARTURE LAST
                VALUE   (LST)  VALUE       VALUE  FROM      YEAR
                                                  NORMAL
..................................................................
TEMPERATURE (F)
 YESTERDAY
  MAXIMUM         17    310 PM  52    1968  34    -17       32
  MINIMUM          4   1118 PM -20    1943  16    -12        2
  AVERAGE         11                        25    -14       17

PRECIPITATION (IN)
  YESTERDAY        0.00          6.40 1927   0.11  -0.11      T
  MONTH TO DATE    2.47                      1.77   0.70     1.23
  SINCE DEC 1      2.47                      1.77   0.70     1.23
  SINCE JAN 1     39.97                     40.22  -0.25    31.81

SNOWFALL (IN)
  YESTERDAY        0.0           6.2  1977   0.5              T
  MONTH TO DATE    8.4                       5.6             6.6
  SINCE DEC 1      8.4                       5.6             6.6
  SINCE JUL 1      8.4                       8.0             8.1
  SNOW DEPTH       6

DEGREE DAYS
 HEATING
  YESTERDAY       54                        40     14       48
  MONTH TO DATE  501                       516    -15      565
  SINCE DEC 1    501                       516    -15      565
  SINCE JUL 1   1760                      2185   -425     1984

 COOLING
  YESTERDAY        0                         0      0        0
  MONTH TO DATE    0                         0      0        0
  SINCE DEC 1      0                         0      0        0
  SINCE JAN 1    368                       318     50      448
..................................................................


WIND (MPH)
  RESULTANT WIND SPEED   6   RESULTANT WIND DIRECTION   W (250)
  HIGHEST WIND SPEED    14   HIGHEST WIND DIRECTION     W (250)
  HIGHEST GUST SPEED    20   HIGHEST GUST DIRECTION    SW (210)


SKY COVER
  POSSIBLE SUNSHINE  MM
  AVERAGE SKY COVER 0.4


WEATHER CONDITIONS
 THE FOLLOWING WEATHER WAS RECORDED YESTERDAY.
  NO SIGNIFICANT WEATHER WAS OBSERVED.


RELATIVE HUMIDITY (PERCENT)
 HIGHEST    73
 LOWEST     61
 AVERAGE    67

..........................................................


THE BANGOR ME CLIMATE NORMALS FOR TODAY
                         NORMAL    RECORD    YEAR
 MAXIMUM TEMPERATURE (F)   34        55      2008
 MINIMUM TEMPERATURE (F)   16       -20      1943


SUNRISE AND SUNSET
DECEMBER 15 2017......SUNRISE   706 AM EST   SUNSET   355 PM EST
DECEMBER 16 2017......SUNRISE   707 AM EST   SUNSET   355 PM EST


-  INDICATES NEGATIVE NUMBERS.
R  INDICATES RECORD WAS SET OR TIED.
MM INDICATES DATA IS MISSING.
T  INDICATES TRACE AMOUNT.




$$
