346
CDUS41 KCAR 110545
CLIBGR


CLIMATE REPORT
NATIONAL WEATHER SERVICE CARIBOU, ME
1245 AM EST SUN DEC 11 2016


...................................

...THE BANGOR ME CLIMATE SUMMARY FOR DECEMBER 10 2016...

CLIMATE NORMAL PERIOD 1981 TO 2010
CLIMATE RECORD PERIOD 1925 TO 2016


WEATHER ITEM   OBSERVED TIME   RECORD YEAR NORMAL DEPARTURE LAST
                VALUE   (LST)  VALUE       VALUE  FROM      YEAR
                                                  NORMAL
..................................................................
TEMPERATURE (F)
 YESTERDAY
  MAXIMUM         21    102 PM  56    2008  36    -15       47
  MINIMUM         10    528 AM -12    1964  18     -8       37
  AVERAGE         16                        27    -11       42

PRECIPITATION (IN)
  YESTERDAY        0.00          1.35 1957   0.12  -0.12     0.02
  MONTH TO DATE    0.96                      1.30  -0.34     0.82
  SINCE DEC 1      0.96                      1.30  -0.34     0.82
  SINCE JAN 1     31.54                     39.75  -8.21    32.29

SNOWFALL (IN)
  YESTERDAY        0.0           6.0  1995   0.4             0.0
  MONTH TO DATE    1.8                       3.8              T
  SINCE DEC 1      1.8                       3.8              T
  SINCE JUL 1      3.3                       6.2             2.5
  SNOW DEPTH       0

DEGREE DAYS
 HEATING
  YESTERDAY       49                        38     11       23
  MONTH TO DATE  381                       360     21      306
  SINCE DEC 1    381                       360     21      306
  SINCE JUL 1   1800                      2029   -229     1807

 COOLING
  YESTERDAY        0                         0      0        0
  MONTH TO DATE    0                         0      0        0
  SINCE DEC 1      0                         0      0        0
  SINCE JAN 1    448                       318    130      406
..................................................................


WIND (MPH)
  RESULTANT WIND SPEED  11   RESULTANT WIND DIRECTION  NW (310)
  HIGHEST WIND SPEED    25   HIGHEST WIND DIRECTION    NW (330)
  HIGHEST GUST SPEED    30   HIGHEST GUST DIRECTION     N (340)


SKY COVER
  POSSIBLE SUNSHINE  MM
  AVERAGE SKY COVER 0.6


WEATHER CONDITIONS
 THE FOLLOWING WEATHER WAS RECORDED YESTERDAY.
  NO SIGNIFICANT WEATHER WAS OBSERVED.


RELATIVE HUMIDITY (PERCENT)
 HIGHEST    67
 LOWEST     45
 AVERAGE    56

..........................................................


THE BANGOR ME CLIMATE NORMALS FOR TODAY
                         NORMAL    RECORD    YEAR
 MAXIMUM TEMPERATURE (F)   35        59      1966
 MINIMUM TEMPERATURE (F)   18       -19      1929


SUNRISE AND SUNSET
DECEMBER 11 2016......SUNRISE   703 AM EST   SUNSET   354 PM EST
DECEMBER 12 2016......SUNRISE   704 AM EST   SUNSET   354 PM EST


-  INDICATES NEGATIVE NUMBERS.
R  INDICATES RECORD WAS SET OR TIED.
MM INDICATES DATA IS MISSING.
T  INDICATES TRACE AMOUNT.




$$
