000
CDUS41 KCAR 260533
CLIBGR


CLIMATE REPORT
NATIONAL WEATHER SERVICE CARIBOU, ME
132 AM EDT SUN MAR 26 2017


...................................

...THE BANGOR ME CLIMATE SUMMARY FOR MARCH 25 2017...

CLIMATE NORMAL PERIOD 1981 TO 2010
CLIMATE RECORD PERIOD 1925 TO 2017


WEATHER ITEM   OBSERVED TIME   RECORD YEAR NORMAL DEPARTURE LAST
                VALUE   (LST)  VALUE       VALUE  FROM      YEAR
                                                  NORMAL
..................................................................
TEMPERATURE (F)
 YESTERDAY
  MAXIMUM         42    429 PM  66    1987  43     -1       35
  MINIMUM         24   1133 PM   0    2014  24      0       22
  AVERAGE         33                        34     -1       29

PRECIPITATION (IN)
  YESTERDAY        0.00          1.86 1969   0.12  -0.12     0.24
  MONTH TO DATE    1.53                      2.67  -1.14     2.08
  SINCE MAR 1      1.53                      2.67  -1.14     2.08
  SINCE JAN 1      7.42                      8.08  -0.66     8.35

SNOWFALL (IN)
  YESTERDAY        0.0           2.4  1947   0.3             0.0
  MONTH TO DATE   16.3                      10.0             6.0
  SINCE MAR 1     16.3                      10.0             6.0
  SINCE JUL 1     79.6                      60.7            44.6
  SNOW DEPTH       7

DEGREE DAYS
 HEATING
  YESTERDAY       32                        31      1       36
  MONTH TO DATE 1024                       896    128      825
  SINCE MAR 1   1024                       896    128      825
  SINCE JUL 1   6152                      6542   -390     5740

 COOLING
  YESTERDAY        0                         0      0        0
  MONTH TO DATE    0                         0      0        0
  SINCE MAR 1      0                         0      0        0
  SINCE JAN 1      0                         0      0        0
..................................................................


WIND (MPH)
  RESULTANT WIND SPEED   8   RESULTANT WIND DIRECTION  NW (310)
  HIGHEST WIND SPEED    17   HIGHEST WIND DIRECTION    NW (320)
  HIGHEST GUST SPEED    21   HIGHEST GUST DIRECTION    NW (320)


SKY COVER
  POSSIBLE SUNSHINE  MM
  AVERAGE SKY COVER 0.6


WEATHER CONDITIONS
 THE FOLLOWING WEATHER WAS RECORDED YESTERDAY.
  NO SIGNIFICANT WEATHER WAS OBSERVED.


RELATIVE HUMIDITY (PERCENT)
 HIGHEST    92
 LOWEST     33
 AVERAGE    63

..........................................................


THE BANGOR ME CLIMATE NORMALS FOR TODAY
                         NORMAL    RECORD    YEAR
 MAXIMUM TEMPERATURE (F)   44        65      1946
                                             1945
 MINIMUM TEMPERATURE (F)   25         2      1960


SUNRISE AND SUNSET
MARCH 26 2017.........SUNRISE   627 AM EDT   SUNSET   656 PM EDT
MARCH 27 2017.........SUNRISE   625 AM EDT   SUNSET   657 PM EDT


-  INDICATES NEGATIVE NUMBERS.
R  INDICATES RECORD WAS SET OR TIED.
MM INDICATES DATA IS MISSING.
T  INDICATES TRACE AMOUNT.




$$
