000
CDUS41 KCAR 020548
CLIBGR


CLIMATE REPORT
NATIONAL WEATHER SERVICE CARIBOU, ME
1244 AM EST MON MAR 2 2015


...................................

...THE BANGOR ME CLIMATE SUMMARY FOR MARCH 1 2015...

CLIMATE NORMAL PERIOD 1981 TO 2010
CLIMATE RECORD PERIOD 1925 TO 2015


WEATHER ITEM   OBSERVED TIME   RECORD YEAR NORMAL DEPARTURE LAST
                VALUE   (LST)  VALUE       VALUE  FROM      YEAR
                                                  NORMAL
..................................................................
TEMPERATURE (F)
 YESTERDAY
  MAXIMUM         29    516 PM  53    1974  35     -6       31
  MINIMUM        -14R   605 AM -11    2001  15    -29       -5
                                      1982
  AVERAGE          8                        25    -17       13

PRECIPITATION (IN)
  YESTERDAY        0.04          1.91 1999   0.10  -0.06      T
  MONTH TO DATE    0.04                      0.10  -0.06      T
  SINCE MAR 1      0.04                      0.10  -0.06      T
  SINCE JAN 1      4.93                      5.51  -0.58     5.17

SNOWFALL (IN)
  YESTERDAY        0.5           8.0  1968   0.5              T
  MONTH TO DATE    0.5                       0.5              T
  SINCE MAR 1      0.5                       0.5              T
  SINCE JUL 1    117.6                      51.2            63.2
  SNOW DEPTH      49

DEGREE DAYS
 HEATING
  YESTERDAY       57                        40     17       52
  MONTH TO DATE   57                        40     17       52
  SINCE MAR 1     57                        40     17       52
  SINCE JUL 1   5947                      5686    261     5804
..................................................................


WIND (MPH)
  RESULTANT WIND SPEED   4   RESULTANT WIND DIRECTION   S (190)
  HIGHEST WIND SPEED    16   HIGHEST WIND DIRECTION     S (170)
  HIGHEST GUST SPEED    22   HIGHEST GUST DIRECTION     S (190)


SKY COVER
  POSSIBLE SUNSHINE  MM
  AVERAGE SKY COVER 0.6


WEATHER CONDITIONS
 THE FOLLOWING WEATHER WAS RECORDED YESTERDAY.
  LIGHT SNOW
  FOG


RELATIVE HUMIDITY (PERCENT)
 HIGHEST    91
 LOWEST     42
 AVERAGE    67

..........................................................


THE BANGOR ME CLIMATE NORMALS FOR TODAY
                         NORMAL    RECORD    YEAR
 MAXIMUM TEMPERATURE (F)   36        54      1991
 MINIMUM TEMPERATURE (F)   15       -16      2001


SUNRISE AND SUNSET
MARCH  2 2015.........SUNRISE   612 AM EST   SUNSET   524 PM EST
MARCH  3 2015.........SUNRISE   610 AM EST   SUNSET   525 PM EST


-  INDICATES NEGATIVE NUMBERS.
R  INDICATES RECORD WAS SET OR TIED.
MM INDICATES DATA IS MISSING.
T  INDICATES TRACE AMOUNT.




$$
