000
CDUS41 KCAR 230528
CLIBGR


CLIMATE REPORT
NATIONAL WEATHER SERVICE CARIBOU, ME
1228 AM EST SUN NOV 23 2014


...................................

...THE BANGOR ME CLIMATE SUMMARY FOR NOVEMBER 22 2014...

CLIMATE NORMAL PERIOD 1981 TO 2010
CLIMATE RECORD PERIOD 1925 TO 2014


WEATHER ITEM   OBSERVED TIME   RECORD YEAR NORMAL DEPARTURE LAST
                VALUE   (LST)  VALUE       VALUE  FROM      YEAR
                                                  NORMAL
..................................................................
TEMPERATURE (F)
 YESTERDAY
  MAXIMUM         36   1026 PM  72    1931  43     -7       40
  MINIMUM         13    646 AM  11    1978  27    -14       24
  AVERAGE         25                        35    -10       32

PRECIPITATION (IN)
  YESTERDAY        0.00          2.49 2005   0.14  -0.14      T
  MONTH TO DATE    1.99                      3.06  -1.07     1.28
  SINCE SEP 1      9.73                     11.06  -1.33     9.47
  SINCE JAN 1     37.47                     37.31   0.16    34.65

SNOWFALL (IN)
  YESTERDAY        0.0           2.5  1997   0.2              T
  MONTH TO DATE   14.7                       1.0              T
  SINCE SEP 1     14.7                       1.1              T
  SINCE JUL 1     14.7                       1.1              T
  SNOW DEPTH       0

DEGREE DAYS
 HEATING
  YESTERDAY       40                        30     10       33
  MONTH TO DATE  675                       584     91      586
  SINCE SEP 1   1300                      1347    -47     1248
  SINCE JUL 1   1321                      1410    -89     1280

 COOLING
  YESTERDAY        0                         0      0        0
  MONTH TO DATE    0                         0      0        0
  SINCE SEP 1     49                        24     25       33
  SINCE JAN 1    363                       318     45      355
..................................................................


WIND (MPH)
  RESULTANT WIND SPEED   6   RESULTANT WIND DIRECTION  SW (210)
  HIGHEST WIND SPEED    17   HIGHEST WIND DIRECTION     S (190)
  HIGHEST GUST SPEED    23   HIGHEST GUST DIRECTION    SW (220)


SKY COVER
  POSSIBLE SUNSHINE  MM
  AVERAGE SKY COVER 0.7


WEATHER CONDITIONS
 THE FOLLOWING WEATHER WAS RECORDED YESTERDAY.
  NO SIGNIFICANT WEATHER WAS OBSERVED.


RELATIVE HUMIDITY (PERCENT)
 HIGHEST    80
 LOWEST     38
 AVERAGE    59

..........................................................


THE BANGOR ME CLIMATE NORMALS FOR TODAY
                         NORMAL    RECORD    YEAR
 MAXIMUM TEMPERATURE (F)   42        68      1931
 MINIMUM TEMPERATURE (F)   26         7      1929


SUNRISE AND SUNSET
NOVEMBER 23 2014......SUNRISE   643 AM EST   SUNSET   400 PM EST
NOVEMBER 24 2014......SUNRISE   644 AM EST   SUNSET   400 PM EST


-  INDICATES NEGATIVE NUMBERS.
R  INDICATES RECORD WAS SET OR TIED.
MM INDICATES DATA IS MISSING.
T  INDICATES TRACE AMOUNT.




$$
