000
CDUS41 KCAR 170526
CLIBGR


CLIMATE REPORT
NATIONAL WEATHER SERVICE CARIBOU, ME
126 AM EDT THU AUG 17 2017


...................................

...THE BANGOR ME CLIMATE SUMMARY FOR AUGUST 16 2017...

CLIMATE NORMAL PERIOD 1981 TO 2010
CLIMATE RECORD PERIOD 1925 TO 2017


WEATHER ITEM   OBSERVED TIME   RECORD YEAR NORMAL DEPARTURE LAST
                VALUE   (LST)  VALUE       VALUE  FROM      YEAR
                                                  NORMAL
..................................................................
TEMPERATURE (F)
 YESTERDAY
  MAXIMUM         78    152 PM  98    1944  79     -1       81
  MINIMUM         57   1159 PM  41    1940  56      1       54
  AVERAGE         68                        67      1       68

PRECIPITATION (IN)
  YESTERDAY        0.00          2.74 1981   0.09  -0.09     0.26
  MONTH TO DATE    0.91                      1.64  -0.73     1.22
  SINCE JUN 1      7.14                      8.86  -1.72     6.76
  SINCE JAN 1     25.44                     24.91   0.53    20.97

SNOWFALL (IN)
  YESTERDAY        0.0           0.0  2002   0.0             0.0
                                      2001
  MONTH TO DATE    0.0                       0.0             0.0
  SINCE JUN 1      T                         0.0             0.0
  SINCE JUL 1      0.0                       0.0             0.0
  SNOW DEPTH       0

DEGREE DAYS
 HEATING
  YESTERDAY        0                         1     -1        0
  MONTH TO DATE    1                        16    -15        3
  SINCE JUN 1    106                       146    -40      129
  SINCE JUL 1     15                        39    -24       26

 COOLING
  YESTERDAY        3                         3      0        3
  MONTH TO DATE   80                        62     18       99
  SINCE JUN 1    244                       246     -2      319
  SINCE JAN 1    251                       252     -1      329
..................................................................


WIND (MPH)
  RESULTANT WIND SPEED   8   RESULTANT WIND DIRECTION  NW (310)
  HIGHEST WIND SPEED    22   HIGHEST WIND DIRECTION    NW (320)
  HIGHEST GUST SPEED    29   HIGHEST GUST DIRECTION    NW (320)


SKY COVER
  POSSIBLE SUNSHINE  MM
  AVERAGE SKY COVER 0.4


WEATHER CONDITIONS
 THE FOLLOWING WEATHER WAS RECORDED YESTERDAY.
  FOG


RELATIVE HUMIDITY (PERCENT)
 HIGHEST   100
 LOWEST     29
 AVERAGE    65

..........................................................


THE BANGOR ME CLIMATE NORMALS FOR TODAY
                         NORMAL    RECORD    YEAR
 MAXIMUM TEMPERATURE (F)   78       100      1935
 MINIMUM TEMPERATURE (F)   56        44      1979
                                             1963
                                             1945


SUNRISE AND SUNSET
AUGUST 17 2017........SUNRISE   540 AM EDT   SUNSET   738 PM EDT
AUGUST 18 2017........SUNRISE   541 AM EDT   SUNSET   736 PM EDT


-  INDICATES NEGATIVE NUMBERS.
R  INDICATES RECORD WAS SET OR TIED.
MM INDICATES DATA IS MISSING.
T  INDICATES TRACE AMOUNT.




$$
