000
CDUS41 KCAR 020550
CLIBGR


CLIMATE REPORT
NATIONAL WEATHER SERVICE CARIBOU, ME
148 AM EDT WED SEP 2 2015


...................................

...THE BANGOR ME CLIMATE SUMMARY FOR SEPTEMBER 1 2015...

CLIMATE NORMAL PERIOD 1981 TO 2010
CLIMATE RECORD PERIOD 1925 TO 2015


WEATHER ITEM   OBSERVED TIME   RECORD YEAR NORMAL DEPARTURE LAST
                VALUE   (LST)  VALUE       VALUE  FROM      YEAR
                                                  NORMAL
..................................................................
TEMPERATURE (F)
 YESTERDAY
  MAXIMUM         78    344 PM  95    2010  75      3       84
                                      1937
  MINIMUM         57    520 AM  37    2002  53      4       67
  AVERAGE         68                        64      4       76

PRECIPITATION (IN)
  YESTERDAY        0.00          2.26 2013   0.11  -0.11     0.24
  MONTH TO DATE    0.00                      0.11  -0.11     0.24
  SINCE SEP 1      0.00                      0.11  -0.11     0.24
  SINCE JAN 1     19.74                     26.36  -6.62    27.98

SNOWFALL (IN)
  YESTERDAY        0.0           0.0  2002   0.0             0.0
                                      2001
  MONTH TO DATE    0.0                       0.0             0.0
  SINCE SEP 1      0.0                       0.0             0.0
  SINCE JUL 1      0.0                       0.0             0.0
  SNOW DEPTH       0

DEGREE DAYS
 HEATING
  YESTERDAY        0                         3     -3        0
  MONTH TO DATE    0                         3     -3        0
  SINCE SEP 1      0                         3     -3        0
  SINCE JUL 1     29                        66    -37       21

 COOLING
  YESTERDAY        3                         2      1       11
  MONTH TO DATE    3                         2      1       11
  SINCE SEP 1      3                         2      1       11
  SINCE JAN 1    312                       296     16      325
..................................................................


WIND (MPH)
  RESULTANT WIND SPEED   1   RESULTANT WIND DIRECTION  NW (300)
  HIGHEST WIND SPEED    14   HIGHEST WIND DIRECTION     N (350)
  HIGHEST GUST SPEED    17   HIGHEST GUST DIRECTION     N (20)


SKY COVER
  POSSIBLE SUNSHINE  MM
  AVERAGE SKY COVER 0.4


WEATHER CONDITIONS
 THE FOLLOWING WEATHER WAS RECORDED YESTERDAY.
  NO SIGNIFICANT WEATHER WAS OBSERVED.


RELATIVE HUMIDITY (PERCENT)
 HIGHEST    86
 LOWEST     39
 AVERAGE    63

..........................................................


THE BANGOR ME CLIMATE NORMALS FOR TODAY
                         NORMAL    RECORD    YEAR
 MAXIMUM TEMPERATURE (F)   75        94      2010
 MINIMUM TEMPERATURE (F)   52        40      1991


SUNRISE AND SUNSET
SEPTEMBER  2 2015.....SUNRISE   558 AM EDT   SUNSET   711 PM EDT
SEPTEMBER  3 2015.....SUNRISE   559 AM EDT   SUNSET   709 PM EDT


-  INDICATES NEGATIVE NUMBERS.
R  INDICATES RECORD WAS SET OR TIED.
MM INDICATES DATA IS MISSING.
T  INDICATES TRACE AMOUNT.




$$
