000
CDUS41 KCAR 200526
CLIBGR


CLIMATE REPORT
NATIONAL WEATHER SERVICE CARIBOU, ME
126 AM EDT WED AUG 20 2014


...................................

...THE BANGOR ME CLIMATE SUMMARY FOR AUGUST 19 2014...

CLIMATE NORMAL PERIOD 1981 TO 2010
CLIMATE RECORD PERIOD 1925 TO 2014


WEATHER ITEM   OBSERVED TIME   RECORD YEAR NORMAL DEPARTURE LAST
                VALUE   (LST)  VALUE       VALUE  FROM      YEAR
                                                  NORMAL
..................................................................
TEMPERATURE (F)
 YESTERDAY
  MAXIMUM         78    348 PM 104    1935  78      0       84
  MINIMUM         50    449 AM  43    1926  56     -6       53
  AVERAGE         64                        67     -3       69

PRECIPITATION (IN)
  YESTERDAY        0.00          3.67 1965   0.08  -0.08     0.00
  MONTH TO DATE    2.81                      1.90   0.91     3.26
  SINCE JUN 1     13.18                      9.12   4.06    12.46
  SINCE JAN 1     27.59                     25.17   2.42    23.75

SNOWFALL (IN)
  YESTERDAY        0.0           0.0  2002   0.0             0.0
                                      2001
  MONTH TO DATE    0.0                       0.0             0.0
  SINCE JUN 1      0.0                       0.0             0.0
  SINCE JUL 1      0.0                       0.0             0.0
  SNOW DEPTH       0

DEGREE DAYS
 HEATING
  YESTERDAY        1                         1      0        0
  MONTH TO DATE    8                        19    -11       11
  SINCE JUN 1     84                       149    -65      119
  SINCE JUL 1     13                        42    -29       19

 COOLING
  YESTERDAY        0                         3     -3        4
  MONTH TO DATE   48                        71    -23       20
  SINCE JUN 1    267                       255     12      262
  SINCE JAN 1    267                       261      6      270
..................................................................


WIND (MPH)
  RESULTANT WIND SPEED   2   RESULTANT WIND DIRECTION   W (260)
  HIGHEST WIND SPEED    10   HIGHEST WIND DIRECTION    NW (320)
  HIGHEST GUST SPEED    15   HIGHEST GUST DIRECTION     W (270)


SKY COVER
  POSSIBLE SUNSHINE  MM
  AVERAGE SKY COVER 0.2


WEATHER CONDITIONS
 THE FOLLOWING WEATHER WAS RECORDED YESTERDAY.
  NO SIGNIFICANT WEATHER WAS OBSERVED.


RELATIVE HUMIDITY (PERCENT)
 HIGHEST    93
 LOWEST     46
 AVERAGE    70

..........................................................


THE BANGOR ME CLIMATE NORMALS FOR TODAY
                         NORMAL    RECORD    YEAR
 MAXIMUM TEMPERATURE (F)   78        94      1938
 MINIMUM TEMPERATURE (F)   55        42      1944


SUNRISE AND SUNSET
AUGUST 20 2014........SUNRISE   543 AM EDT   SUNSET   733 PM EDT
AUGUST 21 2014........SUNRISE   544 AM EDT   SUNSET   731 PM EDT


-  INDICATES NEGATIVE NUMBERS.
R  INDICATES RECORD WAS SET OR TIED.
MM INDICATES DATA IS MISSING.
T  INDICATES TRACE AMOUNT.




$$
