000
CDUS44 KBMX 180848
CLIBHM


CLIMATE REPORT
NATIONAL WEATHER SERVICE BIRMINGHAM, AL
247 AM CST SAT NOV 18 2017


...................................

...THE BIRMINGHAM CLIMATE SUMMARY FOR NOVEMBER 17 2017...

CLIMATE NORMAL PERIOD 1981 TO 2010
CLIMATE RECORD PERIOD 1895 TO 2017


WEATHER ITEM   OBSERVED TIME   RECORD YEAR NORMAL DEPARTURE LAST
                VALUE   (LST)  VALUE       VALUE  FROM      YEAR
                                                  NORMAL
..................................................................
TEMPERATURE (F)
 YESTERDAY
  MAXIMUM         69    311 PM  82    1958  65      4       80
  MINIMUM         38    618 AM  20    1997  43     -5       45
  AVERAGE         54                        54      0       63

PRECIPITATION (IN)
  YESTERDAY        0.00          1.26 1946   0.17  -0.17     0.00
  MONTH TO DATE    0.73                      2.52  -1.79      T
  SINCE SEP 1      8.76                      9.86  -1.10     0.68
  SINCE JAN 1     64.32                     46.94  17.38    35.85

SNOWFALL (IN)
  YESTERDAY        0.0                       0.0    0.0      0.0
  MONTH TO DATE    0.0                       0.0    0.0      0.0
  SINCE SEP 1      0.0                       0.0    0.0      0.0
  SINCE JUL 1      0.0                       0.0    0.0      0.0
  SNOW DEPTH       0

DEGREE DAYS
 HEATING
  YESTERDAY       11                        11      0        2
  MONTH TO DATE  115                       155    -40       73
  SINCE SEP 1    226                       282    -56       92
  SINCE JUL 1    226                       282    -56       92
..................................................................


WIND (MPH)
  HIGHEST WIND SPEED    10   HIGHEST WIND DIRECTION     S (160)
  HIGHEST GUST SPEED    15   HIGHEST GUST DIRECTION     S (160)
  AVERAGE WIND SPEED     3.3


SKY COVER
  AVERAGE SKY COVER 0.1


WEATHER CONDITIONS
 THE FOLLOWING WEATHER WAS RECORDED YESTERDAY.
  NO SIGNIFICANT WEATHER WAS OBSERVED.


RELATIVE HUMIDITY (PERCENT)
 HIGHEST   100           200 AM
 LOWEST     26           300 PM
 AVERAGE    63

..........................................................


THE BIRMINGHAM CLIMATE NORMALS FOR TODAY
                         NORMAL    RECORD    YEAR
 MAXIMUM TEMPERATURE (F)   65        82      1930
 MINIMUM TEMPERATURE (F)   43        20      1959


SUNRISE AND SUNSET
NOVEMBER 18 2017......SUNRISE   622 AM CST   SUNSET   443 PM CST
NOVEMBER 19 2017......SUNRISE   623 AM CST   SUNSET   442 PM CST


-  INDICATES NEGATIVE NUMBERS.
R  INDICATES RECORD WAS SET OR TIED.
MM INDICATES DATA IS MISSING.
T  INDICATES TRACE AMOUNT.




$$
