000
CDUS44 KBMX 280824
CLIBHM


CLIMATE REPORT
NATIONAL WEATHER SERVICE BIRMINGHAM, AL
221 AM CST WED JAN 28 2015


...................................

...THE BIRMINGHAM CLIMATE SUMMARY FOR JANUARY 27 2015...

CLIMATE NORMAL PERIOD 1981 TO 2010
CLIMATE RECORD PERIOD 2014 TO 2015


WEATHER ITEM   OBSERVED TIME   RECORD YEAR NORMAL DEPARTURE LAST
                VALUE   (LST)  VALUE       VALUE  FROM      YEAR
                                                  NORMAL
..................................................................
TEMPERATURE (F)
 YESTERDAY
  MAXIMUM         57    236 PM  76    1944  55      2       53
  MINIMUM         32    535 AM   1    1940  34     -2       24
  AVERAGE         45                        44      1       39

PRECIPITATION (IN)
  YESTERDAY        0.00          2.05 1962   0.17  -0.17     0.00
  MONTH TO DATE    4.38                      4.18   0.20     1.48
  SINCE DEC 1     11.53                      8.63   2.90     8.54
  SINCE JAN 1      4.38                      4.18   0.20     1.48

SNOWFALL (IN)
  YESTERDAY        0.0                       0.0    0.0      0.0
  MONTH TO DATE    T                         0.5   -0.5      0.0
  SINCE DEC 1      T                         0.6   -0.6      0.0
  SINCE JUL 1      T                         0.6   -0.6      0.0
  SNOW DEPTH       0

DEGREE DAYS
 HEATING
  YESTERDAY       20                        21     -1       26
  MONTH TO DATE  616                       576     40      736
  SINCE DEC 1   1112                      1165    -53     1291
  SINCE JUL 1   1674                      1623     51     1819
..................................................................


WIND (MPH)
  HIGHEST WIND SPEED    21   HIGHEST WIND DIRECTION    NW (310)
  HIGHEST GUST SPEED    27   HIGHEST GUST DIRECTION    NW (320)
  AVERAGE WIND SPEED     7.6


SKY COVER
  AVERAGE SKY COVER 0.2


WEATHER CONDITIONS
 THE FOLLOWING WEATHER WAS RECORDED YESTERDAY.
  NO SIGNIFICANT WEATHER WAS OBSERVED.


RELATIVE HUMIDITY (PERCENT)
 HIGHEST    92           500 AM
 LOWEST     35           300 PM
 AVERAGE    64

..........................................................


THE BIRMINGHAM CLIMATE NORMALS FOR TODAY
                         NORMAL    RECORD    YEAR
 MAXIMUM TEMPERATURE (F)   55        74      1975
                                             1916
 MINIMUM TEMPERATURE (F)   34         5      1940


SUNRISE AND SUNSET
JANUARY 28 2015.......SUNRISE   646 AM CST   SUNSET   514 PM CST
JANUARY 29 2015.......SUNRISE   645 AM CST   SUNSET   515 PM CST


-  INDICATES NEGATIVE NUMBERS.
R  INDICATES RECORD WAS SET OR TIED.
MM INDICATES DATA IS MISSING.
T  INDICATES TRACE AMOUNT.




$$
