000
CDUS44 KBMX 270821
CLIBHM


CLIMATE REPORT
NATIONAL WEATHER SERVICE BIRMINGHAM, AL
218 AM CST THU NOV 27 2014


...................................

...THE BIRMINGHAM CLIMATE SUMMARY FOR NOVEMBER 26 2014...

CLIMATE NORMAL PERIOD 1981 TO 2010
CLIMATE RECORD PERIOD 1895 TO 2014


WEATHER ITEM   OBSERVED TIME   RECORD YEAR NORMAL DEPARTURE LAST
                VALUE   (LST)  VALUE       VALUE  FROM      YEAR
                                                  NORMAL
..................................................................
TEMPERATURE (F)
 YESTERDAY
  MAXIMUM         58    231 PM  80    1973  62     -4       47
  MINIMUM         33    703 AM  23    1950  41     -8       37
  AVERAGE         46                        51     -5       42

PRECIPITATION (IN)
  YESTERDAY        T             2.23 2013   0.17  -0.17     2.23
  MONTH TO DATE    4.46                      4.12   0.34     4.12
  SINCE SEP 1      9.76                     11.46  -1.70     8.55
  SINCE JAN 1     42.62                     48.54  -5.92    60.81

SNOWFALL (IN)
  YESTERDAY        0.0                       0.0    0.0      0.0
  MONTH TO DATE    0.0                       0.0    0.0      0.0
  SINCE SEP 1      0.0                       0.0    0.0      0.0
  SINCE JUL 1      0.0                       0.0    0.0      0.0
  SNOW DEPTH       0

DEGREE DAYS
 HEATING
  YESTERDAY       19                        14      5       23
  MONTH TO DATE  408                       272    136      323
  SINCE SEP 1    495                       399     96      420
  SINCE JUL 1    495                       399     96      420
..................................................................


WIND (MPH)
  HIGHEST WIND SPEED    20   HIGHEST WIND DIRECTION     W (280)
  HIGHEST GUST SPEED    28   HIGHEST GUST DIRECTION     W (290)
  AVERAGE WIND SPEED     7.4


SKY COVER
  AVERAGE SKY COVER 0.4


WEATHER CONDITIONS
 THE FOLLOWING WEATHER WAS RECORDED YESTERDAY.
  LIGHT RAIN


RELATIVE HUMIDITY (PERCENT)
 HIGHEST    82           600 AM
 LOWEST     25           200 PM
 AVERAGE    54

..........................................................


THE BIRMINGHAM CLIMATE NORMALS FOR TODAY
                         NORMAL    RECORD    YEAR
 MAXIMUM TEMPERATURE (F)   61        81      1990
 MINIMUM TEMPERATURE (F)   40        18      1903


SUNRISE AND SUNSET
NOVEMBER 27 2014......SUNRISE   630 AM CST   SUNSET   439 PM CST
NOVEMBER 28 2014......SUNRISE   631 AM CST   SUNSET   439 PM CST


-  INDICATES NEGATIVE NUMBERS.
R  INDICATES RECORD WAS SET OR TIED.
MM INDICATES DATA IS MISSING.
T  INDICATES TRACE AMOUNT.




$$
