000
CDUS44 KBMX 290806
CLIBHM


CLIMATE REPORT
NATIONAL WEATHER SERVICE BIRMINGHAM, AL
305 AM CDT WED JUL 29 2015


...................................

...THE BIRMINGHAM CLIMATE SUMMARY FOR JULY 28 2015...

CLIMATE NORMAL PERIOD 1981 TO 2010
CLIMATE RECORD PERIOD 2014 TO 2015


WEATHER ITEM   OBSERVED TIME   RECORD YEAR NORMAL DEPARTURE LAST
                VALUE   (LST)  VALUE       VALUE  FROM      YEAR
                                                  NORMAL
..................................................................
TEMPERATURE (F)
 YESTERDAY
  MAXIMUM         95   1253 PM 105    1952  91      4       93
  MINIMUM         73    508 AM  60    1911  72      1       68
  AVERAGE         84                        81      3       81

PRECIPITATION (IN)
  YESTERDAY        T             2.48 1977   0.15  -0.15     0.00
  MONTH TO DATE    7.24                      4.37   2.87     0.92
  SINCE JUN 1      8.94                      8.75   0.19     5.73
  SINCE JAN 1     34.67                     32.72   1.95    28.59

DEGREE DAYS
 COOLING
  YESTERDAY       19                        16      3       16
  MONTH TO DATE  501                       445     56      406
  SINCE JUN 1    967                       827    140      812
  SINCE JAN 1   1302                      1109    193     1105
..................................................................


WIND (MPH)
  HIGHEST WIND SPEED    15   HIGHEST WIND DIRECTION     N (340)
  HIGHEST GUST SPEED    19   HIGHEST GUST DIRECTION     N (340)
  AVERAGE WIND SPEED     1.8


SKY COVER
  AVERAGE SKY COVER 0.3


WEATHER CONDITIONS
 THE FOLLOWING WEATHER WAS RECORDED YESTERDAY.
  THUNDERSTORM
  FOG


RELATIVE HUMIDITY (PERCENT)
 HIGHEST   100           200 AM
 LOWEST     49           100 PM
 AVERAGE    75

..........................................................


THE BIRMINGHAM CLIMATE NORMALS FOR TODAY
                         NORMAL    RECORD    YEAR
 MAXIMUM TEMPERATURE (F)   91       107      1930
 MINIMUM TEMPERATURE (F)   72        60      1994


SUNRISE AND SUNSET
JULY 29 2015..........SUNRISE   557 AM CDT   SUNSET   750 PM CDT
JULY 30 2015..........SUNRISE   558 AM CDT   SUNSET   749 PM CDT


-  INDICATES NEGATIVE NUMBERS.
R  INDICATES RECORD WAS SET OR TIED.
MM INDICATES DATA IS MISSING.
T  INDICATES TRACE AMOUNT.




$$
