000
CDUS44 KBMX 280935
CLIBHM


CLIMATE REPORT
NATIONAL WEATHER SERVICE BIRMINGHAM, AL
435 AM CDT THU AUG 28 2014


...................................

...THE BIRMINGHAM CLIMATE SUMMARY FOR AUGUST 27 2014...

CLIMATE NORMAL PERIOD 1981 TO 2010
CLIMATE RECORD PERIOD 1895 TO 2014


WEATHER ITEM   OBSERVED TIME   RECORD YEAR NORMAL DEPARTURE LAST
                VALUE   (LST)  VALUE       VALUE  FROM      YEAR
                                                  NORMAL
..................................................................
TEMPERATURE (F)
 YESTERDAY
  MAXIMUM         92    210 PM 103    1943  90      2       87
                                      1938
  MINIMUM         65    525 AM  58    1968  70     -5       63
                                      1966
                                      1958
  AVERAGE         79                        80     -1       75

PRECIPITATION (IN)
  YESTERDAY        0.00          1.77 1992   0.12  -0.12     0.00
  MONTH TO DATE    3.08                      3.47  -0.39     4.29
  SINCE JUN 1      8.81                     12.65  -3.84    21.75
  SINCE JAN 1     31.67                     36.62  -4.95    52.26

DEGREE DAYS
 COOLING
  YESTERDAY       14                        15     -1       10
  MONTH TO DATE  447                       426     21      356
  SINCE JUN 1   1285                      1307    -22     1193
  SINCE JAN 1   1578                      1589    -11     1458
..................................................................


WIND (MPH)
  HIGHEST WIND SPEED    13   HIGHEST WIND DIRECTION     N (10)
  HIGHEST GUST SPEED    23   HIGHEST GUST DIRECTION     N (20)
  AVERAGE WIND SPEED     2.2


SKY COVER
  AVERAGE SKY COVER 0.1


WEATHER CONDITIONS
 THE FOLLOWING WEATHER WAS RECORDED YESTERDAY.
  NO SIGNIFICANT WEATHER WAS OBSERVED.


RELATIVE HUMIDITY (PERCENT)
 HIGHEST    87           300 AM
 LOWEST     29           300 PM
 AVERAGE    58

..........................................................


THE BIRMINGHAM CLIMATE NORMALS FOR TODAY
                         NORMAL    RECORD    YEAR
 MAXIMUM TEMPERATURE (F)   90       103      1924
 MINIMUM TEMPERATURE (F)   70        56      1952


SUNRISE AND SUNSET
AUGUST 28 2014........SUNRISE   618 AM CDT   SUNSET   718 PM CDT
AUGUST 29 2014........SUNRISE   619 AM CDT   SUNSET   716 PM CDT


-  INDICATES NEGATIVE NUMBERS.
R  INDICATES RECORD WAS SET OR TIED.
MM INDICATES DATA IS MISSING.
T  INDICATES TRACE AMOUNT.




$$
