000
CDUS44 KBMX 272130
CLIBHM


CLIMATE REPORT
NATIONAL WEATHER SERVICE BIRMINGHAM, AL
429 PM CDT FRI MAY 27 2016


...................................

...THE BIRMINGHAM CLIMATE SUMMARY FOR MAY 27 2016...
VALID TODAY AS OF 0400 PM LOCAL TIME.

CLIMATE NORMAL PERIOD 1981 TO 2010
CLIMATE RECORD PERIOD 1895 TO 2016


WEATHER ITEM   OBSERVED TIME   RECORD YEAR NORMAL DEPARTURE LAST
                VALUE   (LST)  VALUE       VALUE  FROM      YEAR
                                                  NORMAL
..................................................................
TEMPERATURE (F)
 TODAY
  MAXIMUM         89   1255 PM  98    1962  84      5       85
  MINIMUM         72    525 AM  42    1961  63      9       67
  AVERAGE         81                        73      8       76

PRECIPITATION (IN)
  TODAY            0.00          2.39 1996   0.15  -0.15     0.64
  MONTH TO DATE    1.38                      4.37  -2.99     1.57
  SINCE MAR 1     10.83                     13.98  -3.15    16.04
  SINCE JAN 1     21.57                     23.35  -1.78    24.74

DEGREE DAYS
 COOLING
  TODAY           16                         9      7       11
  MONTH TO DATE  153                       162     -9      212
  SINCE MAR 1    261                       242     19      294
  SINCE JAN 1    268                       246     22      294
..................................................................


WIND (MPH)
  HIGHEST WIND SPEED    12   HIGHEST WIND DIRECTION    SE (120)
  HIGHEST GUST SPEED    18   HIGHEST GUST DIRECTION    SE (120)
  AVERAGE WIND SPEED     7.3


SKY COVER
  AVERAGE SKY COVER 0.5


WEATHER CONDITIONS
 THE FOLLOWING WEATHER WAS RECORDED TODAY.
  NO SIGNIFICANT WEATHER WAS OBSERVED.


RELATIVE HUMIDITY (PERCENT)
 HIGHEST    84           500 AM
 LOWEST     38           300 PM
 AVERAGE    61

..........................................................


THE BIRMINGHAM CLIMATE NORMALS FOR TOMORROW
                         NORMAL    RECORD    YEAR
 MAXIMUM TEMPERATURE (F)   84        99      1962
 MINIMUM TEMPERATURE (F)   63        44      1907


SUNRISE AND SUNSET
MAY 27 2016...........SUNRISE   539 AM CDT   SUNSET   749 PM CDT
MAY 28 2016...........SUNRISE   539 AM CDT   SUNSET   750 PM CDT


-  INDICATES NEGATIVE NUMBERS.
R  INDICATES RECORD WAS SET OR TIED.
MM INDICATES DATA IS MISSING.
T  INDICATES TRACE AMOUNT.




$$
