000
CDUS44 KBMX 190941
CLIBHM


CLIMATE REPORT
NATIONAL WEATHER SERVICE BIRMINGHAM, AL
441 AM CDT FRI SEP 19 2014


...................................

...THE BIRMINGHAM CLIMATE SUMMARY FOR SEPTEMBER 18 2014...

CLIMATE NORMAL PERIOD 1981 TO 2010
CLIMATE RECORD PERIOD 1895 TO 2014


WEATHER ITEM   OBSERVED TIME   RECORD YEAR NORMAL DEPARTURE LAST
                VALUE   (LST)  VALUE       VALUE  FROM      YEAR
                                                  NORMAL
..................................................................
TEMPERATURE (F)
 YESTERDAY
  MAXIMUM         85    331 PM 101    1927  85      0       84
                                      1925
  MINIMUM         62    500 AM  46    1981  64     -2       68
                                      1903
  AVERAGE         74                        74      0       76

PRECIPITATION (IN)
  YESTERDAY        0.00          3.33 1939   0.12  -0.12     0.00
  MONTH TO DATE    1.64                      2.33  -0.69     1.44
  SINCE SEP 1      1.64                      2.33  -0.69     1.44
  SINCE JAN 1     34.50                     39.41  -4.91    53.70

DEGREE DAYS
 HEATING
  YESTERDAY        0                         0      0        0
  MONTH TO DATE    0                         0      0        0
  SINCE SEP 1      0                         0      0        0
  SINCE JUL 1      0                         0      0        0

 COOLING
  YESTERDAY        9                         9      0       11
  MONTH TO DATE  272                       213     59      230
  SINCE SEP 1    272                       213     59      230
  SINCE JAN 1   1912                      1863     49     1755
..................................................................


WIND (MPH)
  HIGHEST WIND SPEED    13   HIGHEST WIND DIRECTION     W (290)
  HIGHEST GUST SPEED    16   HIGHEST GUST DIRECTION     W (290)
  AVERAGE WIND SPEED     2.8


SKY COVER
  AVERAGE SKY COVER 0.6


WEATHER CONDITIONS
 THE FOLLOWING WEATHER WAS RECORDED YESTERDAY.
  NO SIGNIFICANT WEATHER WAS OBSERVED.


RELATIVE HUMIDITY (PERCENT)
 HIGHEST    84           300 AM
 LOWEST     43           100 PM
 AVERAGE    64

..........................................................


THE BIRMINGHAM CLIMATE NORMALS FOR TODAY
                         NORMAL    RECORD    YEAR
 MAXIMUM TEMPERATURE (F)   84       102      1931
 MINIMUM TEMPERATURE (F)   63        42      1901


SUNRISE AND SUNSET
SEPTEMBER 19 2014.....SUNRISE   633 AM CDT   SUNSET   648 PM CDT
SEPTEMBER 20 2014.....SUNRISE   634 AM CDT   SUNSET   646 PM CDT


-  INDICATES NEGATIVE NUMBERS.
R  INDICATES RECORD WAS SET OR TIED.
MM INDICATES DATA IS MISSING.
T  INDICATES TRACE AMOUNT.




$$
