000
CDUS45 KVEF 200827
CLIBIH


CLIMATE REPORT
NATIONAL WEATHER SERVICE LAS VEGAS, NV
1225 AM PST MON FEB 20 2017


...................................

...THE BISHOP CA CLIMATE SUMMARY FOR FEBRUARY 19 2017...

CLIMATE NORMAL PERIOD 1981 TO 2010
CLIMATE RECORD PERIOD 1943 TO 2017


WEATHER ITEM   OBSERVED TIME   RECORD YEAR NORMAL DEPARTURE LAST
                VALUE   (LST)  VALUE       VALUE  FROM      YEAR
                                                  NORMAL
..................................................................
TEMPERATURE (F)
 YESTERDAY
  MAXIMUM         57    304 PM  77    2015  59     -2       62
                                      1995
  MINIMUM         29    703 AM  12    1956  27      2       23
  AVERAGE         43                        43      0       43

PRECIPITATION (IN)
  YESTERDAY        0.00          0.51 1993   0.04  -0.04     0.00
  MONTH TO DATE    2.02                      0.57   1.45     0.06
  SINCE OCT 1      7.61                      3.24   4.37     1.93
  SINCE JAN 1      7.25                      1.62   5.63     1.12

SNOWFALL (IN)
  YESTERDAY        0.0           0.6  1962   0.1   -0.1      0.0
  MONTH TO DATE    0.0                       0.6   -0.6      0.0
  SINCE DEC 1      8.6                       7.0    1.6      2.0
  SINCE JUL 1      8.6                       7.3    1.3      2.0
  SNOW DEPTH       0

DEGREE DAYS
 HEATING
  YESTERDAY       22                        22      0       22
  MONTH TO DATE  368                       450    -82      380
  SINCE DEC 1   2032                      2118    -86     2106
  SINCE JUL 1   2775                      3019   -244     2920

 COOLING
  YESTERDAY        0                         0      0        0
  MONTH TO DATE    0                         0      0        0
  SINCE DEC 1      0                         0      0        0
  SINCE JAN 1      0                         0      0        0
..................................................................


WIND (MPH)
  RESULTANT WIND SPEED   4   RESULTANT WIND DIRECTION  SE (150)
  HIGHEST WIND SPEED    17   HIGHEST WIND DIRECTION     S (160)
  HIGHEST GUST SPEED    23   HIGHEST GUST DIRECTION    SE (150)
  AVERAGE WIND SPEED     7.2


SKY COVER
  POSSIBLE SUNSHINE  MM
  AVERAGE SKY COVER 0.1


WEATHER CONDITIONS
 THE FOLLOWING WEATHER WAS RECORDED YESTERDAY.
  NO SIGNIFICANT WEATHER WAS OBSERVED.


RELATIVE HUMIDITY (PERCENT)
 HIGHEST    92           300 AM
 LOWEST     51           200 PM
 AVERAGE    72

..........................................................


THE BISHOP CA CLIMATE NORMALS FOR TODAY
                         NORMAL    RECORD    YEAR
 MAXIMUM TEMPERATURE (F)   59        77      2015
                                             1982
 MINIMUM TEMPERATURE (F)   27        15      1951


SUNRISE AND SUNSET
FEBRUARY 20 2017......SUNRISE   636 AM PST   SUNSET   539 PM PST
FEBRUARY 21 2017......SUNRISE   635 AM PST   SUNSET   540 PM PST


-  INDICATES NEGATIVE NUMBERS.
R  INDICATES RECORD WAS SET OR TIED.
MM INDICATES DATA IS MISSING.
T  INDICATES TRACE AMOUNT.




$$
