000
CDUS45 KVEF 190826
CLIBIH


CLIMATE REPORT
NATIONAL WEATHER SERVICE LAS VEGAS, NV
126 AM PDT FRI SEP 19 2014


...................................

...THE BISHOP CA CLIMATE SUMMARY FOR SEPTEMBER 18 2014...

CLIMATE NORMAL PERIOD 1981 TO 2010
CLIMATE RECORD PERIOD 1943 TO 2014


WEATHER ITEM   OBSERVED TIME   RECORD YEAR NORMAL DEPARTURE LAST
                VALUE   (LST)  VALUE       VALUE  FROM      YEAR
                                                  NORMAL
..................................................................
TEMPERATURE (F)
 YESTERDAY
  MAXIMUM         94    309 PM  97    1962  88      6       84
  MINIMUM         54    557 AM  30    1946  46      8       55
  AVERAGE         74                        67      7       70

PRECIPITATION (IN)
  YESTERDAY        0.00          0.24 1975   0.01  -0.01     0.00
  MONTH TO DATE    T                         0.09  -0.09      T
  SINCE OCT 1      2.83                      5.08  -2.25     2.34
  SINCE JAN 1      2.61                      3.46  -0.85     1.11

SNOWFALL (IN)
  YESTERDAY        0.0           T    1955   0.0    0.0      0.0
  MONTH TO DATE    0.0                       0.0    0.0      0.0
  SINCE SEP 1      0.0                       0.0    0.0      0.0
  SINCE JUL 1      0.0                       0.0    0.0      0.0
  SNOW DEPTH       0

DEGREE DAYS
 HEATING
  YESTERDAY        0                         1     -1        0
  MONTH TO DATE    0                        11    -11        0
  SINCE SEP 1      0                        11    -11        0
  SINCE JUL 1      0                        13    -13        0

 COOLING
  YESTERDAY        9                         3      6        5
  MONTH TO DATE  171                        94     77      170
  SINCE SEP 1    171                        94     77      170
  SINCE JAN 1   1318                      1071    247     1335
..................................................................


WIND (MPH)
  RESULTANT WIND SPEED   2   RESULTANT WIND DIRECTION  SE (150)
  HIGHEST WIND SPEED    17   HIGHEST WIND DIRECTION     S (180)
  HIGHEST GUST SPEED    23   HIGHEST GUST DIRECTION     S (170)
  AVERAGE WIND SPEED     7.0


SKY COVER
  POSSIBLE SUNSHINE  MM
  AVERAGE SKY COVER 0.0


WEATHER CONDITIONS
 THE FOLLOWING WEATHER WAS RECORDED YESTERDAY.
  HAZE


RELATIVE HUMIDITY (PERCENT)
 HIGHEST    59           600 AM
 LOWEST      7           100 PM
 AVERAGE    33

..........................................................


THE BISHOP CA CLIMATE NORMALS FOR TODAY
                         NORMAL    RECORD    YEAR
 MAXIMUM TEMPERATURE (F)   87        96      2000
                                             1991
                                             1974
 MINIMUM TEMPERATURE (F)   46        33      1946


SUNRISE AND SUNSET
SEPTEMBER 19 2014.....SUNRISE   639 AM PDT   SUNSET   655 PM PDT
SEPTEMBER 20 2014.....SUNRISE   640 AM PDT   SUNSET   653 PM PDT


-  INDICATES NEGATIVE NUMBERS.
R  INDICATES RECORD WAS SET OR TIED.
MM INDICATES DATA IS MISSING.
T  INDICATES TRACE AMOUNT.




$$
