000
CDUS45 KVEF 310829
CLIBIH


CLIMATE REPORT
NATIONAL WEATHER SERVICE LAS VEGAS, NV
129 AM PDT FRI OCT 31 2014


...................................

...THE BISHOP CA CLIMATE SUMMARY FOR OCTOBER 30 2014...

CLIMATE NORMAL PERIOD 1981 TO 2010
CLIMATE RECORD PERIOD 1943 TO 2014


WEATHER ITEM   OBSERVED TIME   RECORD YEAR NORMAL DEPARTURE LAST
                VALUE   (LST)  VALUE       VALUE  FROM      YEAR
                                                  NORMAL
..................................................................
TEMPERATURE (F)
 YESTERDAY
  MAXIMUM         78    241 PM  81    1966  70      8       61
                                      1965
  MINIMUM         34    608 AM  17    1971  33      1       26
  AVERAGE         56                        52      4       44

PRECIPITATION (IN)
  YESTERDAY        0.00          0.53 1992   0.02  -0.02     0.00
  MONTH TO DATE    T                         0.29  -0.29     0.16
  SINCE OCT 1      T                         0.29  -0.29     0.16
  SINCE JAN 1      2.77                      3.85  -1.08     1.27

SNOWFALL (IN)
  YESTERDAY        0.0           1.8  1978   0.0    0.0      0.0
  MONTH TO DATE    0.0                       0.0    0.0      0.0
  SINCE SEP 1      0.0                       0.0    0.0      0.0
  SINCE JUL 1      0.0                       0.0    0.0      0.0
  SNOW DEPTH       0

DEGREE DAYS
 HEATING
  YESTERDAY        9                        13     -4       21
  MONTH TO DATE  125                       249   -124      349
  SINCE SEP 1    150                       290   -140      405
  SINCE JUL 1    150                       292   -142      405

 COOLING
  YESTERDAY        0                         0      0        0
  MONTH TO DATE   18                         7     11        0
  SINCE SEP 1    237                       126    111      172
  SINCE JAN 1   1384                      1103    281     1337
..................................................................


WIND (MPH)
  RESULTANT WIND SPEED   7   RESULTANT WIND DIRECTION   S (160)
  HIGHEST WIND SPEED    26   HIGHEST WIND DIRECTION     S (160)
  HIGHEST GUST SPEED    34   HIGHEST GUST DIRECTION     S (160)
  AVERAGE WIND SPEED    12.7


SKY COVER
  POSSIBLE SUNSHINE  MM
  AVERAGE SKY COVER 0.0


WEATHER CONDITIONS
 THE FOLLOWING WEATHER WAS RECORDED YESTERDAY.
  NO SIGNIFICANT WEATHER WAS OBSERVED.


RELATIVE HUMIDITY (PERCENT)
 HIGHEST    51           600 AM
 LOWEST      9           300 PM
 AVERAGE    30

..........................................................


THE BISHOP CA CLIMATE NORMALS FOR TODAY
                         NORMAL    RECORD    YEAR
 MAXIMUM TEMPERATURE (F)   70        84      1966
                                             1960
 MINIMUM TEMPERATURE (F)   33        18      2003
                                             1971


SUNRISE AND SUNSET
OCTOBER 31 2014.......SUNRISE   717 AM PDT   SUNSET   556 PM PDT
NOVEMBER  1 2014......SUNRISE   718 AM PDT   SUNSET   555 PM PDT


-  INDICATES NEGATIVE NUMBERS.
R  INDICATES RECORD WAS SET OR TIED.
MM INDICATES DATA IS MISSING.
T  INDICATES TRACE AMOUNT.




$$
