000
CDUS45 KVEF 250826
CLIBIH


CLIMATE REPORT
NATIONAL WEATHER SERVICE LAS VEGAS, NV
126 AM PDT SUN SEP 25 2016


...................................

...THE BISHOP CA CLIMATE SUMMARY FOR SEPTEMBER 24 2016...

CLIMATE NORMAL PERIOD 1981 TO 2010
CLIMATE RECORD PERIOD 1943 TO 2016


WEATHER ITEM   OBSERVED TIME   RECORD YEAR NORMAL DEPARTURE LAST
                VALUE   (LST)  VALUE       VALUE  FROM      YEAR
                                                  NORMAL
..................................................................
TEMPERATURE (F)
 YESTERDAY
  MAXIMUM         89    305 PM  96    2003  85      4       94
  MINIMUM         54    557 AM  31    2006  45      9       51
  AVERAGE         72                        65      7       73

PRECIPITATION (IN)
  YESTERDAY        0.00          0.73 1982   0.01  -0.01     0.00
  MONTH TO DATE    T                         0.14  -0.14     0.01
  SINCE OCT 1      3.88                      5.12  -1.24     3.02
  SINCE JAN 1      3.07                      3.50  -0.43     2.56

SNOWFALL (IN)
  YESTERDAY        0.0          MM      MM   0.0    0.0      0.0
  MONTH TO DATE    0.0                       0.0    0.0      0.0
  SINCE SEP 1      0.0                       0.0    0.0      0.0
  SINCE JUL 1      0.0                       0.0    0.0      0.0
  SNOW DEPTH       0

DEGREE DAYS
 HEATING
  YESTERDAY        0                         2     -2        0
  MONTH TO DATE   17                        23     -6        5
  SINCE SEP 1     17                        23     -6        5
  SINCE JUL 1     17                        25     -8        5

 COOLING
  YESTERDAY        7                         2      5        8
  MONTH TO DATE  114                       109      5      147
  SINCE SEP 1    114                       109      5      147
  SINCE JAN 1   1337                      1086    251     1297
..................................................................


WIND (MPH)
  RESULTANT WIND SPEED  11   RESULTANT WIND DIRECTION   N (340)
  HIGHEST WIND SPEED    21   HIGHEST WIND DIRECTION     N (10)
  HIGHEST GUST SPEED    29   HIGHEST GUST DIRECTION     N (20)
  AVERAGE WIND SPEED    12.9


SKY COVER
  POSSIBLE SUNSHINE  MM
  AVERAGE SKY COVER 0.0


WEATHER CONDITIONS
 THE FOLLOWING WEATHER WAS RECORDED YESTERDAY.
  NO SIGNIFICANT WEATHER WAS OBSERVED.


RELATIVE HUMIDITY (PERCENT)
 HIGHEST    38           600 AM
 LOWEST      5           300 PM
 AVERAGE    22

..........................................................


THE BISHOP CA CLIMATE NORMALS FOR TODAY
                         NORMAL    RECORD    YEAR
 MAXIMUM TEMPERATURE (F)   85        96      2015
 MINIMUM TEMPERATURE (F)   44        32      1986


SUNRISE AND SUNSET
SEPTEMBER 25 2016.....SUNRISE   644 AM PDT   SUNSET   645 PM PDT
SEPTEMBER 26 2016.....SUNRISE   645 AM PDT   SUNSET   643 PM PDT


-  INDICATES NEGATIVE NUMBERS.
R  INDICATES RECORD WAS SET OR TIED.
MM INDICATES DATA IS MISSING.
T  INDICATES TRACE AMOUNT.




$$
