000
CDUS45 KVEF 260827
CLIBIH


CLIMATE REPORT
NATIONAL WEATHER SERVICE LAS VEGAS, NV
126 AM PDT FRI AUG 26 2016


...................................

...THE BISHOP CA CLIMATE SUMMARY FOR AUGUST 25 2016...

CLIMATE NORMAL PERIOD 1981 TO 2010
CLIMATE RECORD PERIOD 1943 TO 2016


WEATHER ITEM   OBSERVED TIME   RECORD YEAR NORMAL DEPARTURE LAST
                VALUE   (LST)  VALUE       VALUE  FROM      YEAR
                                                  NORMAL
..................................................................
TEMPERATURE (F)
 YESTERDAY
  MAXIMUM         96    317 PM 103    2010  95      1      100
                                      1985
  MINIMUM         56    600 AM  40    1947  52      4       53
  AVERAGE         76                        74      2       77

PRECIPITATION (IN)
  YESTERDAY        0.00          0.03 1999   0.01  -0.01     0.00
  MONTH TO DATE    T                         0.11  -0.11     0.02
  SINCE OCT 1      3.88                      4.96  -1.08     3.01
  SINCE JAN 1      3.07                      3.34  -0.27     2.55

SNOWFALL (IN)
  YESTERDAY        0.0          MM      MM   0.0    0.0      0.0
  MONTH TO DATE    0.0                       0.0    0.0      0.0
  SINCE JUN 1      0.0                       0.0    0.0      0.0
  SINCE JUL 1      0.0                       0.0    0.0      0.0
  SNOW DEPTH       0

DEGREE DAYS
 HEATING
  YESTERDAY        0                         0      0        0
  MONTH TO DATE    0                         0      0        0
  SINCE JUN 1      3                        20    -17        0
  SINCE JUL 1      0                         1     -1        0

 COOLING
  YESTERDAY       11                         9      2       12
  MONTH TO DATE  296                       266     30      327
  SINCE JUN 1   1115                       862    253     1023
  SINCE JAN 1   1162                       930    232     1074
..................................................................


WIND (MPH)
  RESULTANT WIND SPEED   1   RESULTANT WIND DIRECTION   S (190)
  HIGHEST WIND SPEED    18   HIGHEST WIND DIRECTION    SE (150)
  HIGHEST GUST SPEED    24   HIGHEST GUST DIRECTION     S (160)
  AVERAGE WIND SPEED     7.6


SKY COVER
  POSSIBLE SUNSHINE  MM
  AVERAGE SKY COVER 0.0


WEATHER CONDITIONS
 THE FOLLOWING WEATHER WAS RECORDED YESTERDAY.
  NO SIGNIFICANT WEATHER WAS OBSERVED.


RELATIVE HUMIDITY (PERCENT)
 HIGHEST    38           600 AM
 LOWEST      7          1100 AM
 AVERAGE    23

..........................................................


THE BISHOP CA CLIMATE NORMALS FOR TODAY
                         NORMAL    RECORD    YEAR
 MAXIMUM TEMPERATURE (F)   95       102      2001
 MINIMUM TEMPERATURE (F)   52        42      1954


SUNRISE AND SUNSET
AUGUST 26 2016........SUNRISE   619 AM PDT   SUNSET   730 PM PDT
AUGUST 27 2016........SUNRISE   620 AM PDT   SUNSET   729 PM PDT


-  INDICATES NEGATIVE NUMBERS.
R  INDICATES RECORD WAS SET OR TIED.
MM INDICATES DATA IS MISSING.
T  INDICATES TRACE AMOUNT.




$$
