294
CDUS45 KVEF 290829
CLIBIH


CLIMATE REPORT
NATIONAL WEATHER SERVICE LAS VEGAS, NV
129 AM PDT FRI APR 29 2016


...................................

...THE BISHOP CA CLIMATE SUMMARY FOR APRIL 28 2016...

CLIMATE NORMAL PERIOD 1981 TO 2010
CLIMATE RECORD PERIOD 1943 TO 2016


WEATHER ITEM   OBSERVED TIME   RECORD YEAR NORMAL DEPARTURE LAST
                VALUE   (LST)  VALUE       VALUE  FROM      YEAR
                                                  NORMAL
..................................................................
TEMPERATURE (F)
 YESTERDAY
  MAXIMUM         67    153 PM  92    2013  76     -9       86
  MINIMUM         42    238 AM  26    1955  40      2       37
  AVERAGE         55                        58     -3       62

PRECIPITATION (IN)
  YESTERDAY        0.00          0.09 1944   0.01  -0.01     0.00
  MONTH TO DATE    1.04                      0.25   0.79     0.01
  SINCE OCT 1      3.04                      4.30  -1.26     0.74
  SINCE JAN 1      2.23                      2.68  -0.45     0.28

SNOWFALL (IN)
  YESTERDAY        0.0          MM      MM   0.0    0.0      0.0
  MONTH TO DATE    0.0                       0.1   -0.1      0.0
  SINCE MAR 1      T                         0.6   -0.6       T
  SINCE JUL 1      2.0                       8.0   -6.0       T
  SNOW DEPTH       0

DEGREE DAYS
 HEATING
  YESTERDAY       10                         7      3        3
  MONTH TO DATE  190                       305   -115      250
  SINCE MAR 1    585                       821   -236      550
  SINCE JUL 1   3641                      4028   -387     2991

 COOLING
  YESTERDAY        0                         0      0        0
  MONTH TO DATE    0                         0      0        0
  SINCE MAR 1      0                         0      0        0
  SINCE JAN 1      0                         0      0        0
..................................................................


WIND (MPH)
  RESULTANT WIND SPEED  16   RESULTANT WIND DIRECTION   N (350)
  HIGHEST WIND SPEED    31   HIGHEST WIND DIRECTION     N (340)
  HIGHEST GUST SPEED    41   HIGHEST GUST DIRECTION     N (360)
  AVERAGE WIND SPEED    16.1


SKY COVER
  POSSIBLE SUNSHINE  MM
  AVERAGE SKY COVER 0.3


WEATHER CONDITIONS
 THE FOLLOWING WEATHER WAS RECORDED YESTERDAY.
  NO SIGNIFICANT WEATHER WAS OBSERVED.


RELATIVE HUMIDITY (PERCENT)
 HIGHEST    76           100 AM
 LOWEST     24          1200 PM
 AVERAGE    50

..........................................................


THE BISHOP CA CLIMATE NORMALS FOR TODAY
                         NORMAL    RECORD    YEAR
 MAXIMUM TEMPERATURE (F)   77        91      2013
 MINIMUM TEMPERATURE (F)   40        27      1984


SUNRISE AND SUNSET
APRIL 29 2016.........SUNRISE   600 AM PDT   SUNSET   742 PM PDT
APRIL 30 2016.........SUNRISE   559 AM PDT   SUNSET   743 PM PDT


-  INDICATES NEGATIVE NUMBERS.
R  INDICATES RECORD WAS SET OR TIED.
MM INDICATES DATA IS MISSING.
T  INDICATES TRACE AMOUNT.




$$
