000
CDUS45 KVEF 280839
CLIBIH


CLIMATE REPORT
NATIONAL WEATHER SERVICE LAS VEGAS, NV
1239 AM PST WED JAN 28 2015


...................................

...THE BISHOP CA CLIMATE SUMMARY FOR JANUARY 27 2015...

CLIMATE NORMAL PERIOD 1981 TO 2010
CLIMATE RECORD PERIOD 1943 TO 2015


WEATHER ITEM   OBSERVED TIME   RECORD YEAR NORMAL DEPARTURE LAST
                VALUE   (LST)  VALUE       VALUE  FROM      YEAR
                                                  NORMAL
..................................................................
TEMPERATURE (F)
 YESTERDAY
  MAXIMUM         58    343 PM  72    1971  55      3       67
  MINIMUM         44   1151 PM   9    1979  24     20       29
  AVERAGE         51                        39     12       48

PRECIPITATION (IN)
  YESTERDAY        0.09          0.36 2008   0.02   0.07     0.00
  MONTH TO DATE    0.09                      0.95  -0.86     0.00
  SINCE OCT 1      0.55                      2.57  -2.02     0.22
  SINCE JAN 1      0.09                      0.95  -0.86     0.00

SNOWFALL (IN)
  YESTERDAY       MM             0.4  1994   0.1   MM        0.0
  MONTH TO DATE    0.0                       3.7   -3.7      0.0
  SINCE DEC 1      0.0                       5.0   -5.0      0.5
  SINCE JUL 1      0.0                       5.4   -5.4      0.5
  SNOW DEPTH       0

DEGREE DAYS
 HEATING
  YESTERDAY       14                        26    -12       17
  MONTH TO DATE  560                       720   -160      548
  SINCE DEC 1   1321                      1566   -245     1353
  SINCE JUL 1   1972                      2467   -495     2356

 COOLING
  YESTERDAY        0                         0      0        0
  MONTH TO DATE    0                         0      0        0
  SINCE DEC 1      0                         0      0        0
  SINCE JAN 1      0                         0      0        0
..................................................................


WIND (MPH)
  RESULTANT WIND SPEED   6   RESULTANT WIND DIRECTION   S (170)
  HIGHEST WIND SPEED    22   HIGHEST WIND DIRECTION     S (170)
  HIGHEST GUST SPEED    27   HIGHEST GUST DIRECTION     S (170)
  AVERAGE WIND SPEED     6.7


SKY COVER
  POSSIBLE SUNSHINE  MM
  AVERAGE SKY COVER 0.9


WEATHER CONDITIONS
 THE FOLLOWING WEATHER WAS RECORDED YESTERDAY.
  RAIN
  LIGHT RAIN
  FOG


RELATIVE HUMIDITY (PERCENT)
 HIGHEST    92           600 AM
 LOWEST     43           300 PM
 AVERAGE    68

..........................................................


THE BISHOP CA CLIMATE NORMALS FOR TODAY
                         NORMAL    RECORD    YEAR
 MAXIMUM TEMPERATURE (F)   55        72      1976
 MINIMUM TEMPERATURE (F)   24         4      1957


SUNRISE AND SUNSET
JANUARY 28 2015.......SUNRISE   700 AM PST   SUNSET   513 PM PST
JANUARY 29 2015.......SUNRISE   659 AM PST   SUNSET   514 PM PST


-  INDICATES NEGATIVE NUMBERS.
R  INDICATES RECORD WAS SET OR TIED.
MM INDICATES DATA IS MISSING.
T  INDICATES TRACE AMOUNT.




$$
