000
CDUS45 KVEF 230827
CLIBIH


CLIMATE REPORT
NATIONAL WEATHER SERVICE LAS VEGAS, NV
126 AM PDT SAT SEP 23 2017


...................................

...THE BISHOP CA CLIMATE SUMMARY FOR SEPTEMBER 22 2017...

CLIMATE NORMAL PERIOD 1981 TO 2010
CLIMATE RECORD PERIOD 1943 TO 2017


WEATHER ITEM   OBSERVED TIME   RECORD YEAR NORMAL DEPARTURE LAST
                VALUE   (LST)  VALUE       VALUE  FROM      YEAR
                                                  NORMAL
..................................................................
TEMPERATURE (F)
 YESTERDAY
  MAXIMUM         68    253 PM  98    1949  86    -18       73
  MINIMUM         32    617 AM  29    1945  45    -13       49
  AVERAGE         50                        66    -16       61

PRECIPITATION (IN)
  YESTERDAY        0.00          0.15 1990   0.01  -0.01     0.00
  MONTH TO DATE    T                         0.12  -0.12      T
  SINCE OCT 1      9.18                      5.10   4.08     3.88
  SINCE JAN 1      8.82                      3.48   5.34     3.07

SNOWFALL (IN)
  YESTERDAY        0.0          MM      MM   0.0    0.0      0.0
  MONTH TO DATE    0.0                       0.0    0.0      0.0
  SINCE SEP 1      0.0                       0.0    0.0      0.0
  SINCE JUL 1      0.0                       0.0    0.0      0.0
  SNOW DEPTH       0

DEGREE DAYS
 HEATING
  YESTERDAY       15                         2     13        4
  MONTH TO DATE   24                        19      5       14
  SINCE SEP 1     24                        19      5       14
  SINCE JUL 1     24                        21      3       14

 COOLING
  YESTERDAY        0                         2     -2        0
  MONTH TO DATE  134                       105     29      107
  SINCE SEP 1    134                       105     29      107
  SINCE JAN 1   1407                      1082    325     1330
..................................................................


WIND (MPH)
  RESULTANT WIND SPEED   7   RESULTANT WIND DIRECTION   N (0)
  HIGHEST WIND SPEED    26   HIGHEST WIND DIRECTION     N (360)
  HIGHEST GUST SPEED    39   HIGHEST GUST DIRECTION     N (360)
  AVERAGE WIND SPEED     9.3


SKY COVER
  POSSIBLE SUNSHINE  MM
  AVERAGE SKY COVER 0.4


WEATHER CONDITIONS
 THE FOLLOWING WEATHER WAS RECORDED YESTERDAY.
  NO SIGNIFICANT WEATHER WAS OBSERVED.


RELATIVE HUMIDITY (PERCENT)
 HIGHEST    69           600 AM
 LOWEST     15           100 PM
 AVERAGE    42

..........................................................


THE BISHOP CA CLIMATE NORMALS FOR TODAY
                         NORMAL    RECORD    YEAR
 MAXIMUM TEMPERATURE (F)   86        99      1949
 MINIMUM TEMPERATURE (F)   45        32      1986


SUNRISE AND SUNSET
SEPTEMBER 23 2017.....SUNRISE   642 AM PDT   SUNSET   648 PM PDT
SEPTEMBER 24 2017.....SUNRISE   643 AM PDT   SUNSET   647 PM PDT


-  INDICATES NEGATIVE NUMBERS.
R  INDICATES RECORD WAS SET OR TIED.
MM INDICATES DATA IS MISSING.
T  INDICATES TRACE AMOUNT.




$$
