000
CDUS45 KBYZ 292229
CLIBIL


CLIMATE REPORT
NATIONAL WEATHER SERVICE BILLINGS MT
422 PM MDT WED MAR 29 2017


...................................

...THE BILLINGS MT CLIMATE SUMMARY FOR MARCH 29 2017...
VALID TODAY AS OF 0400 PM LOCAL TIME.

CLIMATE NORMAL PERIOD 1981 TO 2010
CLIMATE RECORD PERIOD 1934 TO 2017


WEATHER ITEM   OBSERVED TIME   RECORD YEAR NORMAL DEPARTURE LAST
                VALUE   (LST)  VALUE       VALUE  FROM      YEAR
                                                  NORMAL
..................................................................
TEMPERATURE (F)
 TODAY
  MAXIMUM         59    259 PM  76    1978  52      7       38
  MINIMUM         36    320 AM  -5    1987  30      6       33
  AVERAGE         48                        41      7       36

PRECIPITATION (IN)
  TODAY            0.00          1.13 2006   0.05  -0.05     0.56
  MONTH TO DATE    1.87                      0.97   0.90     1.39
  SINCE OCT 1      8.89                      4.24   4.65     4.77
  SINCE JAN 1      3.33                      1.93   1.40     1.92

SNOWFALL (IN)
  TODAY            0.0           5.5  1977   0.4   -0.4      0.4
  MONTH TO DATE   10.4                       9.5    0.9      1.9
  SINCE MAR 1     10.4                       9.5    0.9      1.9
  SINCE JUL 1     70.7                      44.0   26.7     26.3
  SNOW DEPTH       0

DEGREE DAYS
 HEATING
  TODAY           17                        24     -7       29
  MONTH TO DATE  683                       798   -115      628
  SINCE MAR 1    683                       798   -115      628
  SINCE JUL 1   5768                      5763      5     4889

 COOLING
  TODAY            0                         0      0        0
  MONTH TO DATE    0                         0      0        0
  SINCE MAR 1      0                         0      0        0
  SINCE JAN 1      0                         0      0        0
..................................................................


WIND (MPH)
  HIGHEST WIND SPEED    17   HIGHEST WIND DIRECTION    SW (240)
  HIGHEST GUST SPEED    21   HIGHEST GUST DIRECTION    SW (240)
  AVERAGE WIND SPEED     7.7


SKY COVER
  POSSIBLE SUNSHINE  MM
  AVERAGE SKY COVER 0.4


WEATHER CONDITIONS
 THE FOLLOWING WEATHER WAS RECORDED TODAY.
  NO SIGNIFICANT WEATHER WAS OBSERVED.


RELATIVE HUMIDITY (PERCENT)
 HIGHEST    76           300 AM
 LOWEST     36           300 PM
 AVERAGE    56

..........................................................


THE BILLINGS MT CLIMATE NORMALS FOR TOMORROW
                         NORMAL    RECORD    YEAR
 MAXIMUM TEMPERATURE (F)   53        79      1978
 MINIMUM TEMPERATURE (F)   31        -8      1936


SUNRISE AND SUNSET
MARCH 29 2017.........SUNRISE   659 AM MDT   SUNSET   739 PM MDT
MARCH 30 2017.........SUNRISE   657 AM MDT   SUNSET   740 PM MDT


-  INDICATES NEGATIVE NUMBERS.
R  INDICATES RECORD WAS SET OR TIED.
MM INDICATES DATA IS MISSING.
T  INDICATES TRACE AMOUNT.




$$
