680
CDUS45 KBYZ 111046
CLIBIL


CLIMATE REPORT
NATIONAL WEATHER SERVICE BILLINGS MT
338 AM MST THU FEB 11 2016


...................................

...THE BILLINGS MT CLIMATE SUMMARY FOR FEBRUARY 10 2016...

CLIMATE NORMAL PERIOD 1981 TO 2010
CLIMATE RECORD PERIOD 1934 TO 2016


WEATHER ITEM   OBSERVED TIME   RECORD YEAR NORMAL DEPARTURE LAST
                VALUE   (LST)  VALUE       VALUE  FROM      YEAR
                                                  NORMAL
..................................................................
TEMPERATURE (F)
 YESTERDAY
  MAXIMUM         65    257 PM  72    1961  39     26       50
  MINIMUM         43   1013 PM -21    1939  20     23       28
  AVERAGE         54                        29     25       39

PRECIPITATION (IN)
  YESTERDAY        0.00          0.32 1984   0.01  -0.01      T
  MONTH TO DATE    T                         0.15  -0.15     0.09
  SINCE OCT 1      3.29                      2.94   0.35     2.75
  SINCE JAN 1      0.44                      0.63  -0.19     1.18

SNOWFALL (IN)
  YESTERDAY        0.0           2.0  1978   0.2   -0.2      0.0
  MONTH TO DATE    T                         2.0   -2.0      1.7
  SINCE DEC 1     20.1                      18.6    1.5     28.8
  SINCE JUL 1     24.2                      30.3   -6.1     42.0
  SNOW DEPTH       0

DEGREE DAYS
 HEATING
  YESTERDAY       11                        36    -25       26
  MONTH TO DATE  272                       363    -91      263
  SINCE DEC 1   2455                      2731   -276     2427
  SINCE JUL 1   3843                      4359   -516     4028

 COOLING
  YESTERDAY        0                         0      0        0
  MONTH TO DATE    0                         0      0        0
  SINCE DEC 1      0                         0      0        0
  SINCE JAN 1      0                         0      0        0
..................................................................


WIND (MPH)
  HIGHEST WIND SPEED    29   HIGHEST WIND DIRECTION    SW (240)
  HIGHEST GUST SPEED    35   HIGHEST GUST DIRECTION    SW (240)
  AVERAGE WIND SPEED    16.8


SKY COVER
  POSSIBLE SUNSHINE  MM
  AVERAGE SKY COVER 0.4


WEATHER CONDITIONS
 THE FOLLOWING WEATHER WAS RECORDED YESTERDAY.
  NO SIGNIFICANT WEATHER WAS OBSERVED.


RELATIVE HUMIDITY (PERCENT)
 HIGHEST    52           200 PM
 LOWEST     17           100 PM
 AVERAGE    35

..........................................................


THE BILLINGS MT CLIMATE NORMALS FOR TODAY
                         NORMAL    RECORD    YEAR
 MAXIMUM TEMPERATURE (F)   39        68      1961
 MINIMUM TEMPERATURE (F)   20       -15      1936


SUNRISE AND SUNSET
FEBRUARY 11 2016......SUNRISE   723 AM MST   SUNSET   534 PM MST
FEBRUARY 12 2016......SUNRISE   722 AM MST   SUNSET   536 PM MST


-  INDICATES NEGATIVE NUMBERS.
R  INDICATES RECORD WAS SET OR TIED.
MM INDICATES DATA IS MISSING.
T  INDICATES TRACE AMOUNT.





&&

...THE CLIMATE SUMMARY FOR SOUTHWEST BILLINGS FOR 10 FEBRUARY 2016...

HIGH TEMPERATURE........................67
LOW TEMPERATURE.........................41

PRECIPITATION...........................0.00
MONTHLY PRECIPITATION TOTAL.............T
YEARLY PRECIPITATION TOTAL..............0.35

SNOWFALL................................0.0
MONTHLY SNOWFALL TOTAL..................T
TOTAL SNOWFALL SINCE JULY 1.............23.8

SNOW DEPTH AT MIDNIGHT..................0

$$
