000
CDUS45 KBYZ 010933
CLIBIL


CLIMATE REPORT
NATIONAL WEATHER SERVICE BILLINGS MT
331 AM MDT SAT AUG 1 2015


...................................

...THE BILLINGS MT CLIMATE SUMMARY FOR JULY 31 2015...

CLIMATE NORMAL PERIOD 1981 TO 2010
CLIMATE RECORD PERIOD 1934 TO 2015


WEATHER ITEM   OBSERVED TIME   RECORD YEAR NORMAL DEPARTURE LAST
                VALUE   (LST)  VALUE       VALUE  FROM      YEAR
                                                  NORMAL
..................................................................
TEMPERATURE (F)
 YESTERDAY
  MAXIMUM         96    413 PM 104    1989  89      7       93
  MINIMUM         58    553 AM  47    1995  60     -2       62
                                      1968
  AVERAGE         77                        74      3       78

PRECIPITATION (IN)
  YESTERDAY        0.00          0.64 1998   0.04  -0.04      T
  MONTH TO DATE    1.66                      1.32   0.34     0.34
  SINCE OCT 1     10.50                     11.61  -1.11    14.81
  SINCE JAN 1      8.93                      9.30  -0.37     9.92

SNOWFALL (IN)
  YESTERDAY        0.0           T    1998   0.0    0.0      0.0
  MONTH TO DATE    T                         0.0    0.0      0.0
  SINCE JUN 1      T                         0.0    0.0       T
  SINCE JUL 1      T                         0.0    0.0      0.0
  SNOW DEPTH       0

DEGREE DAYS
 HEATING
  YESTERDAY        0                         0      0        0
  MONTH TO DATE    1                        12    -11        1
  SINCE JUN 1     19                       111    -92       90
  SINCE JUL 1      1                        15    -14        1

 COOLING
  YESTERDAY       12                         9      3       13
  MONTH TO DATE  241                       256    -15      304
  SINCE JUN 1    414                       341     73      323
  SINCE JAN 1    417                       358     59      339
..................................................................


WIND (MPH)
  HIGHEST WIND SPEED    18   HIGHEST WIND DIRECTION     N (360)
  HIGHEST GUST SPEED    22   HIGHEST GUST DIRECTION     N (360)
  AVERAGE WIND SPEED     7.2


SKY COVER
  POSSIBLE SUNSHINE  MM
  AVERAGE SKY COVER 0.2


WEATHER CONDITIONS
 THE FOLLOWING WEATHER WAS RECORDED YESTERDAY.
  NO SIGNIFICANT WEATHER WAS OBSERVED.


RELATIVE HUMIDITY (PERCENT)
 HIGHEST    62           600 AM
 LOWEST     10           600 PM
 AVERAGE    36

..........................................................


THE BILLINGS MT CLIMATE NORMALS FOR TODAY
                         NORMAL    RECORD    YEAR
 MAXIMUM TEMPERATURE (F)   89       102      2008
 MINIMUM TEMPERATURE (F)   60        49      1950


SUNRISE AND SUNSET
AUGUST  1 2015........SUNRISE   557 AM MDT   SUNSET   843 PM MDT
AUGUST  2 2015........SUNRISE   558 AM MDT   SUNSET   842 PM MDT


-  INDICATES NEGATIVE NUMBERS.
R  INDICATES RECORD WAS SET OR TIED.
MM INDICATES DATA IS MISSING.
T  INDICATES TRACE AMOUNT.





&&

...THE CLIMATE SUMMARY FOR SOUTHWEST BILLINGS FOR 31 JULY 2015...

HIGH TEMPERATURE........................97
LOW TEMPERATURE.........................54

PRECIPITATION...........................0.00
MONTHLY PRECIPITATION TOTAL.............2.55
YEARLY PRECIPITATION TOTAL..............10.61

SNOWFALL................................0.0
MONTHLY SNOWFALL TOTAL..................0.0
TOTAL SNOWFALL SINCE JULY 1.............0.0

SNOW DEPTH AT MIDNIGHT..................0

$$
