000
CDUS45 KBYZ 060933
CLIBIL


CLIMATE REPORT
NATIONAL WEATHER SERVICE BILLINGS MT
331 AM MDT FRI MAY 6 2016


...................................

...THE BILLINGS MT CLIMATE SUMMARY FOR MAY 5 2016...

CLIMATE NORMAL PERIOD 1981 TO 2010
CLIMATE RECORD PERIOD 1934 TO 2016


WEATHER ITEM   OBSERVED TIME   RECORD YEAR NORMAL DEPARTURE LAST
                VALUE   (LST)  VALUE       VALUE  FROM      YEAR
                                                  NORMAL
..................................................................
TEMPERATURE (F)
 YESTERDAY
  MAXIMUM         86R   413 PM  84    1936  64     22       80
  MINIMUM         54    424 AM  26    1967  40     14       45
  AVERAGE         70                        52     18       63

PRECIPITATION (IN)
  YESTERDAY        0.00          0.51 1978   0.07  -0.07     0.01
  MONTH TO DATE    0.00                      0.32  -0.32     0.01
  SINCE OCT 1      6.21                      6.31  -0.10     4.82
  SINCE JAN 1      3.36                      4.00  -0.64     3.25

SNOWFALL (IN)
  YESTERDAY        0.0           T    1960   0.1   -0.1      0.0
  MONTH TO DATE    0.0                       0.6   -0.6      0.0
  SINCE MAR 1      3.7                      19.1  -15.4     11.3
  SINCE JUL 1     28.1                      53.6  -25.5     55.4
  SNOW DEPTH       0

DEGREE DAYS
 HEATING
  YESTERDAY        0                        13    -13        2
  MONTH TO DATE   30                        68    -38       24
  SINCE MAR 1   1163                      1480   -317     1090
  SINCE JUL 1   5424                      6445  -1021     5731

 COOLING
  YESTERDAY        5                         0      5        0
  MONTH TO DATE    6                         0      6        0
  SINCE MAR 1      9                         1      8        0
  SINCE JAN 1      9                         1      8        0
..................................................................


WIND (MPH)
  HIGHEST WIND SPEED    20   HIGHEST WIND DIRECTION    SW (240)
  HIGHEST GUST SPEED    22   HIGHEST GUST DIRECTION    SW (240)
  AVERAGE WIND SPEED     9.8


SKY COVER
  POSSIBLE SUNSHINE  MM
  AVERAGE SKY COVER 0.6


WEATHER CONDITIONS
 THE FOLLOWING WEATHER WAS RECORDED YESTERDAY.
  NO SIGNIFICANT WEATHER WAS OBSERVED.


RELATIVE HUMIDITY (PERCENT)
 HIGHEST    51           400 AM
 LOWEST     14           200 PM
 AVERAGE    33

..........................................................


THE BILLINGS MT CLIMATE NORMALS FOR TODAY
                         NORMAL    RECORD    YEAR
 MAXIMUM TEMPERATURE (F)   65        89      1992
 MINIMUM TEMPERATURE (F)   41        28      2010


SUNRISE AND SUNSET
MAY  6 2016...........SUNRISE   553 AM MDT   SUNSET   829 PM MDT
MAY  7 2016...........SUNRISE   552 AM MDT   SUNSET   830 PM MDT


-  INDICATES NEGATIVE NUMBERS.
R  INDICATES RECORD WAS SET OR TIED.
MM INDICATES DATA IS MISSING.
T  INDICATES TRACE AMOUNT.





&&

...THE CLIMATE SUMMARY FOR SOUTHWEST BILLINGS FOR 05 MAY 2016...

HIGH TEMPERATURE........................88
LOW TEMPERATURE.........................49

PRECIPITATION...........................0.00
MONTHLY PRECIPITATION TOTAL.............0.00
YEARLY PRECIPITATION TOTAL..............3.00

SNOWFALL................................0.0
MONTHLY SNOWFALL TOTAL..................0.0
TOTAL SNOWFALL SINCE JULY 1.............25.8

SNOW DEPTH AT MIDNIGHT..................0

$$
