000
CDUS45 KBYZ 210932
CLIBIL


CLIMATE REPORT
NATIONAL WEATHER SERVICE BILLINGS MT
330 AM MDT SUN SEP 21 2014


...................................

...THE BILLINGS MT CLIMATE SUMMARY FOR SEPTEMBER 20 2014...

CLIMATE NORMAL PERIOD 1981 TO 2010
CLIMATE RECORD PERIOD 1934 TO 2014


WEATHER ITEM   OBSERVED TIME   RECORD YEAR NORMAL DEPARTURE LAST
                VALUE   (LST)  VALUE       VALUE  FROM      YEAR
                                                  NORMAL
..................................................................
TEMPERATURE (F)
 YESTERDAY
  MAXIMUM         76    236 PM  91    1938  71      5       75
  MINIMUM         50    537 AM  26    1983  46      4       43
  AVERAGE         63                        58      5       59

PRECIPITATION (IN)
  YESTERDAY        0.00          0.50 1970   0.04  -0.04     0.00
  MONTH TO DATE    0.41                      0.83  -0.42     2.99
  SINCE OCT 1     17.19                     13.19   4.00    13.22
  SINCE JAN 1     12.30                     10.88   1.42    11.17

SNOWFALL (IN)
  YESTERDAY        0.0           1.4  1995   0.0    0.0      0.0
  MONTH TO DATE    T                         0.4   -0.4       T
  SINCE SEP 1      T                         0.4   -0.4       T
  SINCE JUL 1      T                         0.4   -0.4       T
  SNOW DEPTH       0

DEGREE DAYS
 HEATING
  YESTERDAY        2                         8     -6        6
  MONTH TO DATE  144                        95     49       23
  SINCE SEP 1    144                        95     49       23
  SINCE JUL 1    192                       132     60       23

 COOLING
  YESTERDAY        0                         1     -1        0
  MONTH TO DATE   30                        44    -14      102
  SINCE SEP 1     30                        44    -14      102
  SINCE JAN 1    582                       626    -44      839
..................................................................


WIND (MPH)
  HIGHEST WIND SPEED    16   HIGHEST WIND DIRECTION    NE (30)
  HIGHEST GUST SPEED    22   HIGHEST GUST DIRECTION     N (10)
  AVERAGE WIND SPEED     8.1


SKY COVER
  POSSIBLE SUNSHINE  MM
  AVERAGE SKY COVER 0.1


WEATHER CONDITIONS
 THE FOLLOWING WEATHER WAS RECORDED YESTERDAY.
  NO SIGNIFICANT WEATHER WAS OBSERVED.


RELATIVE HUMIDITY (PERCENT)
 HIGHEST    61           300 AM
 LOWEST     27           200 PM
 AVERAGE    44

..........................................................


THE BILLINGS MT CLIMATE NORMALS FOR TODAY
                         NORMAL    RECORD    YEAR
 MAXIMUM TEMPERATURE (F)   70        91      1938
 MINIMUM TEMPERATURE (F)   46        28      1995


SUNRISE AND SUNSET
SEPTEMBER 21 2014.....SUNRISE   700 AM MDT   SUNSET   713 PM MDT
SEPTEMBER 22 2014.....SUNRISE   701 AM MDT   SUNSET   712 PM MDT


-  INDICATES NEGATIVE NUMBERS.
R  INDICATES RECORD WAS SET OR TIED.
MM INDICATES DATA IS MISSING.
T  INDICATES TRACE AMOUNT.





&&

...THE CLIMATE SUMMARY FOR SOUTHWEST BILLINGS FOR 20 SEPTEMBER 2014...

HIGH TEMPERATURE........................77
LOW TEMPERATURE.........................46

PRECIPITATION...........................0.00
MONTHLY PRECIPITATION TOTAL.............0.61
YEARLY PRECIPITATION TOTAL..............13.44

SNOWFALL................................0.0
MONTHLY SNOWFALL TOTAL..................0.0
TOTAL SNOWFALL SINCE JULY 1.............0.0

SNOW DEPTH AT MIDNIGHT..................0

$$
