000
CDUS45 KBYZ 192223
CLIBIL


CLIMATE REPORT
NATIONAL WEATHER SERVICE BILLINGS MT
423 PM MDT SAT AUG 19 2017


...................................

...THE BILLINGS MT CLIMATE SUMMARY FOR AUGUST 19 2017...
VALID TODAY AS OF 0400 PM LOCAL TIME.

CLIMATE NORMAL PERIOD 1981 TO 2010
CLIMATE RECORD PERIOD 1934 TO 2017


WEATHER ITEM   OBSERVED TIME   RECORD YEAR NORMAL DEPARTURE LAST
                VALUE   (LST)  VALUE       VALUE  FROM      YEAR
                                                  NORMAL
..................................................................
TEMPERATURE (F)
 TODAY
  MAXIMUM         85   1257 PM 101    2008  85      0       69
  MINIMUM         61    508 AM  45    1995  57      4       49
                                      1950
  AVERAGE         73                        71      2       59

PRECIPITATION (IN)
  TODAY            0.00          0.64 2016   0.02  -0.02     0.64
  MONTH TO DATE    0.17                      0.47  -0.30     1.67
  SINCE OCT 1     16.80                     12.08   4.72    10.60
  SINCE JAN 1     11.24                      9.77   1.47     7.75

DEGREE DAYS
 HEATING
  TODAY            0                         1     -1        6
  MONTH TO DATE    2                         4     -2        9
  SINCE JUN 1     40                       115    -75       24
  SINCE JUL 1      2                        19    -17       13

 COOLING
  TODAY            8                         7      1        0
  MONTH TO DATE   88                       158    -70      136
  SINCE JUN 1    610                       499    111      607
  SINCE JAN 1    625                       516    109      618
..................................................................


WIND (MPH)
  HIGHEST WIND SPEED    21   HIGHEST WIND DIRECTION     E (70)
  HIGHEST GUST SPEED    24   HIGHEST GUST DIRECTION    NE (50)
  AVERAGE WIND SPEED    11.2


SKY COVER
  POSSIBLE SUNSHINE  MM
  AVERAGE SKY COVER 0.6


WEATHER CONDITIONS
 THE FOLLOWING WEATHER WAS RECORDED TODAY.
  NO SIGNIFICANT WEATHER WAS OBSERVED.


RELATIVE HUMIDITY (PERCENT)
 HIGHEST    32           200 AM
 LOWEST     11          1200 PM
 AVERAGE    22

..........................................................


THE BILLINGS MT CLIMATE NORMALS FOR TOMORROW
                         NORMAL    RECORD    YEAR
 MAXIMUM TEMPERATURE (F)   85        98      1971
 MINIMUM TEMPERATURE (F)   57        44      1956
                                             1950
                                             1938


SUNRISE AND SUNSET
AUGUST 19 2017........SUNRISE   619 AM MDT   SUNSET   815 PM MDT
AUGUST 20 2017........SUNRISE   621 AM MDT   SUNSET   813 PM MDT


-  INDICATES NEGATIVE NUMBERS.
R  INDICATES RECORD WAS SET OR TIED.
MM INDICATES DATA IS MISSING.
T  INDICATES TRACE AMOUNT.




$$
