420
CDUS43 KBIS 310741
CLIBIS


CLIMATE REPORT
NATIONAL WEATHER SERVICE BISMARCK ND
241 AM CDT SUN JUL 31 2016


...................................

...THE BISMARCK ND CLIMATE SUMMARY FOR JULY 30 2016...

CLIMATE NORMAL PERIOD 1981 TO 2010
CLIMATE RECORD PERIOD 1875 TO 2016


WEATHER ITEM   OBSERVED TIME   RECORD YEAR NORMAL DEPARTURE LAST
                VALUE   (LST)  VALUE       VALUE  FROM      YEAR
                                                  NORMAL
..................................................................
TEMPERATURE (F)
 YESTERDAY
  MAXIMUM         87    339 PM 112    2006  86      1       85
  MINIMUM         63    428 AM  35    1971  58      5       54
  AVERAGE         75                        72      3       70

PRECIPITATION (IN)
  YESTERDAY        1.21R         1.15 1931   0.09   1.12     0.00
  MONTH TO DATE    5.10                      2.81   2.29     1.51
  SINCE JUN 1      9.48                      5.98   3.50     6.49
  SINCE JAN 1     16.66                     11.45   5.21    13.76

SNOWFALL (IN)
  YESTERDAY        0.0           0.0  2002   0.0    0.0      0.0
                                      2001
  MONTH TO DATE    0.0                       0.0    0.0      0.0
  SINCE JUN 1      0.0                       0.0    0.0      0.0
  SINCE JUL 1      0.0                       0.0    0.0      0.0
  SNOW DEPTH       0

DEGREE DAYS
 HEATING
  YESTERDAY        0                         0      0        0
  MONTH TO DATE    8                        13     -5        7
  SINCE JUN 1     34                       106    -72       50
  SINCE JUL 1      8                        13     -5        7

 COOLING
  YESTERDAY       10                         7      3        5
  MONTH TO DATE  216                       193     23      221
  SINCE JUN 1    342                       276     66      315
  SINCE JAN 1    352                       293     59      321
..................................................................


WIND (MPH)
  HIGHEST WIND SPEED    39   HIGHEST WIND DIRECTION    SE (120)
  HIGHEST GUST SPEED    48   HIGHEST GUST DIRECTION    SE (130)
  AVERAGE WIND SPEED    11.5


SKY COVER
  POSSIBLE SUNSHINE  MM
  AVERAGE SKY COVER 0.4


WEATHER CONDITIONS
 THE FOLLOWING WEATHER WAS RECORDED YESTERDAY.
  THUNDERSTORM
  HEAVY RAIN
  RAIN
  LIGHT RAIN
  FOG


RELATIVE HUMIDITY (PERCENT)
 HIGHEST    93           400 AM
 LOWEST     45           500 PM
 AVERAGE    69

..........................................................


THE BISMARCK ND CLIMATE NORMALS FOR TODAY
                         NORMAL    RECORD    YEAR
 MAXIMUM TEMPERATURE (F)   86       104      1946
 MINIMUM TEMPERATURE (F)   58        43      1905


SUNRISE AND SUNSET
JULY 31 2016..........SUNRISE   623 AM CDT   SUNSET   915 PM CDT
AUGUST  1 2016........SUNRISE   624 AM CDT   SUNSET   914 PM CDT


-  INDICATES NEGATIVE NUMBERS.
R  INDICATES RECORD WAS SET OR TIED.
MM INDICATES DATA IS MISSING.
T  INDICATES TRACE AMOUNT.




$$
