000
CDUS43 KBIS 280722
CLIBIS


CLIMATE REPORT
NATIONAL WEATHER SERVICE BISMARCK ND
222 AM CDT WED JUN 28 2017


...................................

...THE BISMARCK ND CLIMATE SUMMARY FOR JUNE 27 2017...

CLIMATE NORMAL PERIOD 1981 TO 2010
CLIMATE RECORD PERIOD 1875 TO 2017


WEATHER ITEM   OBSERVED TIME   RECORD YEAR NORMAL DEPARTURE LAST
                VALUE   (LST)  VALUE       VALUE  FROM      YEAR
                                                  NORMAL
..................................................................
TEMPERATURE (F)
 YESTERDAY
  MAXIMUM         90    353 PM 107    1988  81      9       77
  MINIMUM         57    507 AM  40    1895  55      2       55
  AVERAGE         74                        68      6       66

PRECIPITATION (IN)
  YESTERDAY        0.47          1.86 1946   0.11   0.36     0.00
  MONTH TO DATE    1.74                      2.87  -1.13     3.70
  SINCE JUN 1      1.74                      2.87  -1.13     3.70
  SINCE JAN 1      4.87                      8.34  -3.47    10.88

DEGREE DAYS
 HEATING
  YESTERDAY        0                         1     -1        0
  MONTH TO DATE   29                        89    -60       24
  SINCE JUN 1     29                        89    -60       24
  SINCE JUL 1   7914                      8554   -640     6981

 COOLING
  YESTERDAY        9                         4      5        1
  MONTH TO DATE  117                        69     48      120
  SINCE JUN 1    117                        69     48      120
  SINCE JAN 1    131                        86     45      130
..................................................................


WIND (MPH)
  HIGHEST WIND SPEED    38   HIGHEST WIND DIRECTION    SE (150)
  HIGHEST GUST SPEED    57   HIGHEST GUST DIRECTION    SW (240)
  AVERAGE WIND SPEED    15.3


SKY COVER
  POSSIBLE SUNSHINE  MM
  AVERAGE SKY COVER 0.1


WEATHER CONDITIONS
 THE FOLLOWING WEATHER WAS RECORDED YESTERDAY.
  THUNDERSTORM
  HEAVY RAIN
  LIGHT RAIN
  FOG


RELATIVE HUMIDITY (PERCENT)
 HIGHEST    93           900 PM
 LOWEST     37           100 PM
 AVERAGE    65

..........................................................


THE BISMARCK ND CLIMATE NORMALS FOR TODAY
                         NORMAL    RECORD    YEAR
 MAXIMUM TEMPERATURE (F)   81       104      2002
                                             1931
 MINIMUM TEMPERATURE (F)   55        39      1895


SUNRISE AND SUNSET
JUNE 28 2017..........SUNRISE   552 AM CDT   SUNSET   941 PM CDT
JUNE 29 2017..........SUNRISE   552 AM CDT   SUNSET   941 PM CDT


-  INDICATES NEGATIVE NUMBERS.
R  INDICATES RECORD WAS SET OR TIED.
MM INDICATES DATA IS MISSING.
T  INDICATES TRACE AMOUNT.




$$
