000
CDUS43 KBIS 200731
CLIBIS


CLIMATE REPORT
NATIONAL WEATHER SERVICE BISMARCK ND
131 AM CST SAT DEC 20 2014


...................................

...THE BISMARCK ND CLIMATE SUMMARY FOR DECEMBER 19 2014...

CLIMATE NORMAL PERIOD 1981 TO 2010
CLIMATE RECORD PERIOD 1875 TO 2014


WEATHER ITEM   OBSERVED TIME   RECORD YEAR NORMAL DEPARTURE LAST
                VALUE   (LST)  VALUE       VALUE  FROM      YEAR
                                                  NORMAL
..................................................................
TEMPERATURE (F)
 YESTERDAY
  MAXIMUM         39    309 PM  59    1894  25     14       11
  MINIMUM         15   1153 PM -36    1983   5     10       -8
  AVERAGE         27                        15     12        2

PRECIPITATION (IN)
  YESTERDAY        0.00          0.27 1884   0.02  -0.02     0.25
  MONTH TO DATE    T                         0.29  -0.29     0.89
  SINCE DEC 1      T                         0.29  -0.29     0.89
  SINCE JAN 1     13.81                     17.65  -3.84    26.38

SNOWFALL (IN)
  YESTERDAY        0.0           4.6  1960   0.3   -0.3      2.8
  MONTH TO DATE    0.1                       5.3   -5.2     10.4
  SINCE DEC 1      0.1                       5.3   -5.2     10.4
  SINCE JUL 1      8.0                      16.5   -8.5     12.0
  SNOW DEPTH       T

DEGREE DAYS
 HEATING
  YESTERDAY       38                        50    -12       63
  MONTH TO DATE  820                       898    -78     1069
  SINCE DEC 1    820                       898    -78     1069
  SINCE JUL 1   2892                      2884      8     3024

 COOLING
  YESTERDAY        0                         0      0        0
  MONTH TO DATE    0                         0      0        0
  SINCE DEC 1      0                         0      0        0
  SINCE JAN 1    457                       520    -63      555
..................................................................


WIND (MPH)
  HIGHEST WIND SPEED     8   HIGHEST WIND DIRECTION    NE (60)
  HIGHEST GUST SPEED    10   HIGHEST GUST DIRECTION     S (160)
  AVERAGE WIND SPEED     3.6


SKY COVER
  POSSIBLE SUNSHINE  MM
  AVERAGE SKY COVER 0.3


WEATHER CONDITIONS
 THE FOLLOWING WEATHER WAS RECORDED YESTERDAY.
  FOG


RELATIVE HUMIDITY (PERCENT)
 HIGHEST   100           600 AM
 LOWEST     64           200 PM
 AVERAGE    82

..........................................................


THE BISMARCK ND CLIMATE NORMALS FOR TODAY
                         NORMAL    RECORD    YEAR
 MAXIMUM TEMPERATURE (F)   25        58      1894
 MINIMUM TEMPERATURE (F)    5       -42      1916


SUNRISE AND SUNSET
DECEMBER 20 2014......SUNRISE   824 AM CST   SUNSET   457 PM CST
DECEMBER 21 2014......SUNRISE   825 AM CST   SUNSET   457 PM CST


-  INDICATES NEGATIVE NUMBERS.
R  INDICATES RECORD WAS SET OR TIED.
MM INDICATES DATA IS MISSING.
T  INDICATES TRACE AMOUNT.




$$
