000
CDUS43 KBIS 210731
CLIBIS


CLIMATE REPORT
NATIONAL WEATHER SERVICE BISMARCK ND
130 AM CST WED FEB 21 2018


...................................

...THE BISMARCK ND CLIMATE SUMMARY FOR FEBRUARY 20 2018...

CLIMATE NORMAL PERIOD 1981 TO 2010
CLIMATE RECORD PERIOD 1875 TO 2018


WEATHER ITEM   OBSERVED TIME   RECORD YEAR NORMAL DEPARTURE LAST
                VALUE   (LST)  VALUE       VALUE  FROM      YEAR
                                                  NORMAL
..................................................................
TEMPERATURE (F)
 YESTERDAY
  MAXIMUM         13    330 PM  60    1877  30    -17       52
  MINIMUM         -3   1159 PM -28    1949  10    -13       32
                                      1918
                                      1885
  AVERAGE          5                        20    -15       42

PRECIPITATION (IN)
  YESTERDAY        0.03          0.28 1969   0.02   0.01     0.22
  MONTH TO DATE    0.30                      0.32  -0.02     0.39
  SINCE DEC 1      1.14                      1.24  -0.10     3.08
  SINCE JAN 1      0.72                      0.75  -0.03     1.03

SNOWFALL (IN)
  YESTERDAY        0.2           4.6  1969   0.3   -0.1      0.0
  MONTH TO DATE    4.4                       5.4   -1.0      2.7
  SINCE DEC 1     16.2                      23.6   -7.4     42.4
  SINCE JUL 1     17.5                      34.8  -17.3     61.4

DEGREE DAYS
 HEATING
  YESTERDAY       60                        45     15       23
  MONTH TO DATE 1176                       965    211      861
  SINCE DEC 1   4179                      4097     82     4204
  SINCE JUL 1   5918                      6083   -165     5684

 COOLING
  YESTERDAY        0                         0      0        0
  MONTH TO DATE    0                         0      0        0
  SINCE DEC 1      0                         0      0        0
  SINCE JAN 1      0                         0      0        0
..................................................................


WIND (MPH)
  HIGHEST WIND SPEED    22   HIGHEST WIND DIRECTION     W (280)
  HIGHEST GUST SPEED    25   HIGHEST GUST DIRECTION     W (280)
  AVERAGE WIND SPEED    10.1


SKY COVER
  POSSIBLE SUNSHINE  MM
  AVERAGE SKY COVER 0.5


WEATHER CONDITIONS
 THE FOLLOWING WEATHER WAS RECORDED YESTERDAY.
  LIGHT SNOW
  FOG
  HAZE


RELATIVE HUMIDITY (PERCENT)
 HIGHEST    87           700 AM
 LOWEST     58           200 PM
 AVERAGE    73

..........................................................


THE BISMARCK ND CLIMATE NORMALS FOR TODAY
                         NORMAL    RECORD    YEAR
 MAXIMUM TEMPERATURE (F)   30        59      1961
 MINIMUM TEMPERATURE (F)   10       -29      1918


SUNRISE AND SUNSET
FEBRUARY 21 2018......SUNRISE   737 AM CST   SUNSET   617 PM CST
FEBRUARY 22 2018......SUNRISE   735 AM CST   SUNSET   618 PM CST


-  INDICATES NEGATIVE NUMBERS.
R  INDICATES RECORD WAS SET OR TIED.
MM INDICATES DATA IS MISSING.
T  INDICATES TRACE AMOUNT.




$$
