000
CDUS43 KBIS 280034
CLIBIS


CLIMATE REPORT
NATIONAL WEATHER SERVICE BISMARCK ND
727 PM CDT THU AUG 27 2015


...................................

...THE BISMARCK ND CLIMATE SUMMARY FOR AUGUST 27 2015...
VALID TODAY AS OF 0700 PM LOCAL TIME.

CLIMATE NORMAL PERIOD 1981 TO 2010
CLIMATE RECORD PERIOD 1875 TO 2015


WEATHER ITEM   OBSERVED TIME   RECORD YEAR NORMAL DEPARTURE LAST
                VALUE   (LST)  VALUE       VALUE  FROM      YEAR
                                                  NORMAL
..................................................................
TEMPERATURE (F)
 TODAY
  MAXIMUM         86    421 PM 107    1973  81      5       78
  MINIMUM         58    624 AM  33    1982  53      5       48
  AVERAGE         72                        67      5       63

PRECIPITATION (IN)
  TODAY            0.00          1.32 1892   0.07  -0.07     0.00
  MONTH TO DATE    1.41                      2.03  -0.62     4.22
  SINCE JUN 1      7.90                      8.09  -0.19     7.97
  SINCE JAN 1     15.17                     13.56   1.61    12.16

SNOWFALL (IN)
  TODAY            0.0           0.0  2002   0.0    0.0      0.0
                                      2001
  MONTH TO DATE    0.0                       0.0    0.0      0.0
  SINCE JUN 1      0.0                       0.0    0.0      0.0
  SINCE JUL 1      0.0                       0.0    0.0      0.0
  SNOW DEPTH       0

DEGREE DAYS
 HEATING
  TODAY            0                         2     -2        2
  MONTH TO DATE   29                        29      0       29
  SINCE JUN 1     79                       139    -60      151
  SINCE JUL 1     36                        46    -10       57

 COOLING
  TODAY            7                         4      3        0
  MONTH TO DATE  158                       162     -4      149
  SINCE JUN 1    477                       449     28      350
  SINCE JAN 1    483                       466     17      401
..................................................................


WIND (MPH)
  RESULTANT WIND SPEED   3   RESULTANT WIND DIRECTION  SE (130)
  HIGHEST WIND SPEED    14   HIGHEST WIND DIRECTION    SE (140)
  HIGHEST GUST SPEED    17   HIGHEST GUST DIRECTION     S (190)
  AVERAGE WIND SPEED     4.3


SKY COVER
  POSSIBLE SUNSHINE  MM
  AVERAGE SKY COVER 0.0


WEATHER CONDITIONS
 THE FOLLOWING WEATHER WAS RECORDED TODAY.
  NO SIGNIFICANT WEATHER WAS OBSERVED.


RELATIVE HUMIDITY (PERCENT)
 HIGHEST   100           100 AM
 LOWEST     42           400 PM
 AVERAGE    71

..........................................................


THE BISMARCK ND CLIMATE NORMALS FOR TOMORROW
                         NORMAL    RECORD    YEAR
 MAXIMUM TEMPERATURE (F)   80       101      1991
                                             1969
                                             1905
 MINIMUM TEMPERATURE (F)   53        32      1911


SUNRISE AND SUNSET
AUGUST 27 2015........SUNRISE   656 AM CDT   SUNSET   832 PM CDT
AUGUST 28 2015........SUNRISE   657 AM CDT   SUNSET   830 PM CDT


-  INDICATES NEGATIVE NUMBERS.
R  INDICATES RECORD WAS SET OR TIED.
MM INDICATES DATA IS MISSING.
T  INDICATES TRACE AMOUNT.




$$
