733
CDUS43 KBIS 280759
CLIBIS


CLIMATE REPORT
NATIONAL WEATHER SERVICE BISMARCK ND
258 AM CDT THU APR 28 2016


...................................

...THE BISMARCK ND CLIMATE SUMMARY FOR APRIL 27 2016...

CLIMATE NORMAL PERIOD 1981 TO 2010
CLIMATE RECORD PERIOD 1875 TO 2016


WEATHER ITEM   OBSERVED TIME   RECORD YEAR NORMAL DEPARTURE LAST
                VALUE   (LST)  VALUE       VALUE  FROM      YEAR
                                                  NORMAL
..................................................................
TEMPERATURE (F)
 YESTERDAY
  MAXIMUM         49    640 PM  92    1952  62    -13       51
  MINIMUM         40    630 AM  18    1994  35      5       40
                                      1909
  AVERAGE         45                        49     -4       46

PRECIPITATION (IN)
  YESTERDAY        0.15          1.12 1984   0.05   0.10     0.00
                                      1935
  MONTH TO DATE    4.14                      1.09   3.05     0.37
  SINCE MAR 1      4.57                      1.96   2.61     0.82
  SINCE JAN 1      5.21                      2.90   2.31     1.96

SNOWFALL (IN)
  YESTERDAY        0.0          11.9  1984   0.0    0.0      0.0
  MONTH TO DATE    0.2                       4.0   -3.8      0.2
  SINCE MAR 1      3.5                      13.1   -9.6      1.0
  SINCE JUL 1     24.1                      50.6  -26.5     23.9
  SNOW DEPTH       0

DEGREE DAYS
 HEATING
  YESTERDAY       20                        16      4       19
  MONTH TO DATE  544                       590    -46      548
  SINCE MAR 1   1342                      1678   -336     1437
  SINCE JUL 1   6662                      8109  -1447     7798

 COOLING
  YESTERDAY        0                         0      0        0
  MONTH TO DATE    0                         0      0        0
  SINCE MAR 1      0                         0      0        0
  SINCE JAN 1      0                         0      0        0
..................................................................


WIND (MPH)
  HIGHEST WIND SPEED    22   HIGHEST WIND DIRECTION    NE (60)
  HIGHEST GUST SPEED    27   HIGHEST GUST DIRECTION    NE (50)
  AVERAGE WIND SPEED    11.0


SKY COVER
  POSSIBLE SUNSHINE  MM
  AVERAGE SKY COVER 0.9


WEATHER CONDITIONS
 THE FOLLOWING WEATHER WAS RECORDED YESTERDAY.
  RAIN
  LIGHT RAIN
  FOG


RELATIVE HUMIDITY (PERCENT)
 HIGHEST   100           200 AM
 LOWEST     42           400 PM
 AVERAGE    71

..........................................................


THE BISMARCK ND CLIMATE NORMALS FOR TODAY
                         NORMAL    RECORD    YEAR
 MAXIMUM TEMPERATURE (F)   63        92      1952
 MINIMUM TEMPERATURE (F)   36        18      2008


SUNRISE AND SUNSET
APRIL 28 2016.........SUNRISE   632 AM CDT   SUNSET   850 PM CDT
APRIL 29 2016.........SUNRISE   630 AM CDT   SUNSET   851 PM CDT


-  INDICATES NEGATIVE NUMBERS.
R  INDICATES RECORD WAS SET OR TIED.
MM INDICATES DATA IS MISSING.
T  INDICATES TRACE AMOUNT.




$$
