000
CDUS43 KGRR 200512
CLIBIV


CLIMATE REPORT
NATIONAL WEATHER SERVICE GRAND RAPIDS, MI
111 AM EDT WED AUG 20 2014


...................................

...THE HOLLAND/TULIP CITY MI CLIMATE SUMMARY FOR AUGUST 19 2014...

CLIMATE NORMAL PERIOD 1981 TO 2010
CLIMATE RECORD PERIOD 1996 TO 2014


WEATHER ITEM   OBSERVED TIME   NORMAL DEPARTURE LAST
                VALUE   (LST)  VALUE  FROM      YEAR
                                      NORMAL
......................................................
TEMPERATURE (F)
 YESTERDAY
  MAXIMUM         80    514 PM  81     -1       83
  MINIMUM         66    802 AM  61      5       53
  AVERAGE         73            71      2       68

PRECIPITATION (IN)
  YESTERDAY        1.84          0.12   1.72     0.00
  MONTH TO DATE    4.17          2.08   2.09     1.35
  SINCE JUN 1     10.73          9.13   1.60     9.01
  SINCE JAN 1     20.26         21.72  -1.46    27.54

DEGREE DAYS
 HEATING
  YESTERDAY        0             0      0        0
  MONTH TO DATE   14             0     14       11
  SINCE JUN 1     59            54      5       53
  SINCE JUL 1     36             6     30       19

 COOLING
  YESTERDAY        8             6      2        3
  MONTH TO DATE   93           130    -37       64
  SINCE JUN 1    380           511   -131      499
  SINCE JAN 1    419           553   -134      589
......................................................


WIND (MPH)
  RESULTANT WIND SPEED   6   RESULTANT WIND DIRECTION   S (200)
  HIGHEST WIND SPEED    25   HIGHEST WIND DIRECTION     W (250)
  HIGHEST GUST SPEED    34   HIGHEST GUST DIRECTION     W (260)
  AVERAGE WIND SPEED     7.5


SKY COVER
  AVERAGE SKY COVER 0.6


WEATHER CONDITIONS
 THE FOLLOWING WEATHER WAS RECORDED YESTERDAY.
  THUNDERSTORM
  HEAVY RAIN
  RAIN
  LIGHT RAIN
  FOG
  HAZE


RELATIVE HUMIDITY (PERCENT)
 HIGHEST    93           400 AM
 LOWEST     74           500 PM
 AVERAGE    84

..........................................................


THE HOLLAND/TULIP CITY MI CLIMATE NORMALS FOR TODAY
                         NORMAL
 MAXIMUM TEMPERATURE (F)   81
 MINIMUM TEMPERATURE (F)   61


SUNRISE AND SUNSET
AUGUST 20 2014........SUNRISE   656 AM EDT   SUNSET   839 PM EDT
AUGUST 21 2014........SUNRISE   657 AM EDT   SUNSET   837 PM EDT


-  INDICATES NEGATIVE NUMBERS.
R  INDICATES RECORD WAS SET OR TIED.
MM INDICATES DATA IS MISSING.
T  INDICATES TRACE AMOUNT.




$$
