045
CDUS43 KGRR 221331
CLIBIV


CLIMATE REPORT
NATIONAL WEATHER SERVICE GRAND RAPIDS, MI
931 AM EDT FRI MAY 22 2015


...................................

...THE HOLLAND/TULIP CITY MI CLIMATE SUMMARY FOR MAY 22 2015...
VALID AS OF 0900 AM LOCAL TIME.

CLIMATE NORMAL PERIOD 1981 TO 2010
CLIMATE RECORD PERIOD 1996 TO 2015


WEATHER ITEM   OBSERVED TIME   NORMAL DEPARTURE LAST
                VALUE   (LST)  VALUE  FROM      YEAR
                                      NORMAL
......................................................
TEMPERATURE (F)
 TODAY
  MAXIMUM         56    759 AM  71    -15       68
  MINIMUM         43    531 AM  51     -8       49
  AVERAGE         50            61    -11       59

PRECIPITATION (IN)
  TODAY            0.00          0.10  -0.10     0.00
  MONTH TO DATE    3.45          2.36   1.09     2.02
  SINCE MAR 1      7.99          7.88   0.11     5.56
  SINCE JAN 1      9.47         11.77  -2.30     9.52

DEGREE DAYS
 HEATING
  TODAY           15             6      9        6
  MONTH TO DATE  179           188     -9      210
  SINCE MAR 1   1649          1567     82     1849
  SINCE JUL 1   6616          6067    549     7007

 COOLING
  TODAY            0             2     -2        0
  MONTH TO DATE   27            18      9       17
  SINCE MAR 1     27            22      5       17
  SINCE JAN 1     27            22      5       17
......................................................


WIND (MPH)
  RESULTANT WIND SPEED   2   RESULTANT WIND DIRECTION  NE (40)
  HIGHEST WIND SPEED     8   HIGHEST WIND DIRECTION     E (90)
  HIGHEST GUST SPEED    15   HIGHEST GUST DIRECTION    NE (30)
  AVERAGE WIND SPEED     4.1


SKY COVER
  AVERAGE SKY COVER 0.3


WEATHER CONDITIONS
 THE FOLLOWING WEATHER WAS RECORDED TODAY.
  NO SIGNIFICANT WEATHER WAS OBSERVED.


RELATIVE HUMIDITY (PERCENT)
 HIGHEST    70           500 AM
 LOWEST     38           800 AM
 AVERAGE    54

..........................................................


THE HOLLAND/TULIP CITY MI CLIMATE NORMALS FOR TOMORROW
                         NORMAL
 MAXIMUM TEMPERATURE (F)   71
 MINIMUM TEMPERATURE (F)   51


SUNRISE AND SUNSET
MAY 22 2015...........SUNRISE   616 AM EDT   SUNSET   908 PM EDT
MAY 23 2015...........SUNRISE   615 AM EDT   SUNSET   908 PM EDT


-  INDICATES NEGATIVE NUMBERS.
R  INDICATES RECORD WAS SET OR TIED.
MM INDICATES DATA IS MISSING.
T  INDICATES TRACE AMOUNT.




$$
