000
CDUS43 KGRR 072127
CLIBIV


CLIMATE REPORT
NATIONAL WEATHER SERVICE GRAND RAPIDS, MI
527 PM EDT TUE JUL 7 2015


...................................

...THE HOLLAND/TULIP CITY MI CLIMATE SUMMARY FOR JULY 7 2015...
VALID TODAY AS OF 0500 PM LOCAL TIME.

CLIMATE NORMAL PERIOD 1981 TO 2010
CLIMATE RECORD PERIOD 1996 TO 2015


WEATHER ITEM   OBSERVED TIME   NORMAL DEPARTURE LAST
                VALUE   (LST)  VALUE  FROM      YEAR
                                      NORMAL
......................................................
TEMPERATURE (F)
 TODAY
  MAXIMUM         77   1220 AM  82     -5       82
  MINIMUM         60    914 AM  62     -2       69
  AVERAGE         69            72     -3       76

PRECIPITATION (IN)
  TODAY            0.03          0.09  -0.06     0.03
  MONTH TO DATE    0.03          0.71  -0.68     0.57
  SINCE JUN 1      1.47          4.93  -3.46     4.30
  SINCE JAN 1     12.28         17.52  -5.24    13.83

DEGREE DAYS
 HEATING
  TODAY            0             0      0        0
  MONTH TO DATE    7             0      7        0
  SINCE JUN 1     31            48    -17       23
  SINCE JUL 1      7             0      7        0

 COOLING
  TODAY            4             8     -4       11
  MONTH TO DATE   19            50    -31       30
  SINCE JUN 1    103           196    -93      213
  SINCE JAN 1    152           238    -86      252
......................................................


WIND (MPH)
  RESULTANT WIND SPEED   8   RESULTANT WIND DIRECTION   W (280)
  HIGHEST WIND SPEED    20   HIGHEST WIND DIRECTION    SW (240)
  HIGHEST GUST SPEED    25   HIGHEST GUST DIRECTION    SW (240)
  AVERAGE WIND SPEED    11.5


SKY COVER
  AVERAGE SKY COVER 0.5


WEATHER CONDITIONS
 THE FOLLOWING WEATHER WAS RECORDED TODAY.
  LIGHT RAIN
  FOG


RELATIVE HUMIDITY (PERCENT)
 HIGHEST    97           800 AM
 LOWEST     49           400 PM
 AVERAGE    73

..........................................................


THE HOLLAND/TULIP CITY MI CLIMATE NORMALS FOR TOMORROW
                         NORMAL
 MAXIMUM TEMPERATURE (F)   82
 MINIMUM TEMPERATURE (F)   62


SUNRISE AND SUNSET
JULY  7 2015..........SUNRISE   613 AM EDT   SUNSET   925 PM EDT
JULY  8 2015..........SUNRISE   614 AM EDT   SUNSET   925 PM EDT


-  INDICATES NEGATIVE NUMBERS.
R  INDICATES RECORD WAS SET OR TIED.
MM INDICATES DATA IS MISSING.
T  INDICATES TRACE AMOUNT.




$$
