000
CDUS43 KGRR 221324
CLIBIV


CLIMATE REPORT
NATIONAL WEATHER SERVICE GRAND RAPIDS, MI
924 AM EDT SUN OCT 22 2017


...................................

...THE HOLLAND/TULIP CITY MI CLIMATE SUMMARY FOR OCTOBER 22 2017...
VALID AS OF 0900 AM LOCAL TIME.

CLIMATE NORMAL PERIOD 1981 TO 2010
CLIMATE RECORD PERIOD 1996 TO 2017


WEATHER ITEM   OBSERVED TIME   NORMAL DEPARTURE LAST
                VALUE   (LST)  VALUE  FROM      YEAR
                                      NORMAL
......................................................
TEMPERATURE (F)
 TODAY
  MAXIMUM         67   1251 AM  60      7       55
  MINIMUM         62    759 AM  42     20       39
  AVERAGE         65            51     14       47

PRECIPITATION (IN)
  TODAY            0.00          0.13  -0.13      T
  MONTH TO DATE    5.76          2.47   3.29     2.20
  SINCE SEP 1      6.39          6.37   0.02     3.57
  SINCE JAN 1     31.21         29.58   1.63    25.45

DEGREE DAYS
 HEATING
  TODAY            0            14    -14       18
  MONTH TO DATE  107           250   -143      163
  SINCE SEP 1    209           365   -156      191
  SINCE JUL 1    230           380   -150      198

 COOLING
  TODAY            0             0      0        0
  MONTH TO DATE   13            10      3       13
  SINCE SEP 1    128            74     54      106
  SINCE JAN 1    613           692    -79      785
......................................................


WIND (MPH)
  RESULTANT WIND SPEED  11   RESULTANT WIND DIRECTION   S (170)
  HIGHEST WIND SPEED    17   HIGHEST WIND DIRECTION     S (170)
  HIGHEST GUST SPEED    24   HIGHEST GUST DIRECTION     S (170)
  AVERAGE WIND SPEED    11.4


SKY COVER
  AVERAGE SKY COVER 0.4


WEATHER CONDITIONS
 THE FOLLOWING WEATHER WAS RECORDED TODAY.
  NO SIGNIFICANT WEATHER WAS OBSERVED.


RELATIVE HUMIDITY (PERCENT)
 HIGHEST    67           500 AM
 LOWEST     58          1200 AM
 AVERAGE    63

..........................................................


THE HOLLAND/TULIP CITY MI CLIMATE NORMALS FOR TOMORROW
                         NORMAL
 MAXIMUM TEMPERATURE (F)   59
 MINIMUM TEMPERATURE (F)   42


SUNRISE AND SUNSET
OCTOBER 22 2017.......SUNRISE   807 AM EDT   SUNSET   651 PM EDT
OCTOBER 23 2017.......SUNRISE   808 AM EDT   SUNSET   649 PM EDT


-  INDICATES NEGATIVE NUMBERS.
R  INDICATES RECORD WAS SET OR TIED.
MM INDICATES DATA IS MISSING.
T  INDICATES TRACE AMOUNT.




$$
