000
CDUS43 KGRR 252128
CLIBIV


CLIMATE REPORT
NATIONAL WEATHER SERVICE GRAND RAPIDS, MI
528 PM EDT WED MAY 25 2016


...................................

...THE HOLLAND/TULIP CITY MI CLIMATE SUMMARY FOR MAY 25 2016...
VALID TODAY AS OF 0500 PM LOCAL TIME.

CLIMATE NORMAL PERIOD 1981 TO 2010
CLIMATE RECORD PERIOD 1996 TO 2016


WEATHER ITEM   OBSERVED TIME   NORMAL DEPARTURE LAST
                VALUE   (LST)  VALUE  FROM      YEAR
                                      NORMAL
......................................................
TEMPERATURE (F)
 TODAY
  MAXIMUM         84    332 PM  72     12       78
  MINIMUM         66    137 AM  52     14       63
  AVERAGE         75            62     13       71

PRECIPITATION (IN)
  TODAY            0.00          0.10  -0.10      T
  MONTH TO DATE    2.05          2.67  -0.62     3.45
  SINCE MAR 1      8.97          8.19   0.78     7.99
  SINCE JAN 1     12.83         12.08   0.75     9.47

DEGREE DAYS
 HEATING
  TODAY            0             5     -5        0
  MONTH TO DATE  209           205      4      182
  SINCE MAR 1   1512          1584    -72     1652
  SINCE JUL 1   5502          6084   -582     6619

 COOLING
  TODAY           10             2      8        6
  MONTH TO DATE   14            24    -10       33
  SINCE MAR 1     15            28    -13       33
  SINCE JAN 1     15            28    -13       33
......................................................


WIND (MPH)
  RESULTANT WIND SPEED   6   RESULTANT WIND DIRECTION  SW (230)
  HIGHEST WIND SPEED    17   HIGHEST WIND DIRECTION    SW (230)
  HIGHEST GUST SPEED    22   HIGHEST GUST DIRECTION    SW (240)
  AVERAGE WIND SPEED     8.2


SKY COVER
  AVERAGE SKY COVER 0.0


WEATHER CONDITIONS
 THE FOLLOWING WEATHER WAS RECORDED TODAY.
  NO SIGNIFICANT WEATHER WAS OBSERVED.


RELATIVE HUMIDITY (PERCENT)
 HIGHEST    68           200 AM
 LOWEST     51          1100 AM
 AVERAGE    60

..........................................................


THE HOLLAND/TULIP CITY MI CLIMATE NORMALS FOR TOMORROW
                         NORMAL
 MAXIMUM TEMPERATURE (F)   72
 MINIMUM TEMPERATURE (F)   52


SUNRISE AND SUNSET
MAY 25 2016...........SUNRISE   613 AM EDT   SUNSET   911 PM EDT
MAY 26 2016...........SUNRISE   612 AM EDT   SUNSET   912 PM EDT


-  INDICATES NEGATIVE NUMBERS.
R  INDICATES RECORD WAS SET OR TIED.
MM INDICATES DATA IS MISSING.
T  INDICATES TRACE AMOUNT.




$$
