000
CDUS43 KGRR 182124
CLIBIV


CLIMATE REPORT
NATIONAL WEATHER SERVICE GRAND RAPIDS, MI
524 PM EDT FRI AUG 18 2017


...................................

...THE HOLLAND/TULIP CITY MI CLIMATE SUMMARY FOR AUGUST 18 2017...
VALID TODAY AS OF 0500 PM LOCAL TIME.

CLIMATE NORMAL PERIOD 1981 TO 2010
CLIMATE RECORD PERIOD 1996 TO 2017


WEATHER ITEM   OBSERVED TIME   NORMAL DEPARTURE LAST
                VALUE   (LST)  VALUE  FROM      YEAR
                                      NORMAL
......................................................
TEMPERATURE (F)
 TODAY
  MAXIMUM         72    311 PM  81     -9       84
  MINIMUM         67    738 AM  61      6       62
  AVERAGE         70            71     -1       73

PRECIPITATION (IN)
  TODAY            T             0.14  -0.14     0.00
  MONTH TO DATE    2.56          1.96   0.60     3.25
  SINCE JUN 1      9.14          9.01   0.13     6.91
  SINCE JAN 1     24.31         21.60   2.71    20.04

DEGREE DAYS
 HEATING
  TODAY            0             0      0        0
  MONTH TO DATE    3             0      3        0
  SINCE JUN 1     24            54    -30       43
  SINCE JUL 1      4             6     -2        7

 COOLING
  TODAY            5             6     -1        8
  MONTH TO DATE   76           124    -48      161
  SINCE JUN 1    428           505    -77      537
  SINCE JAN 1    459           547    -88      596
......................................................


WIND (MPH)
  RESULTANT WIND SPEED  12   RESULTANT WIND DIRECTION   W (280)
  HIGHEST WIND SPEED    20   HIGHEST WIND DIRECTION     W (260)
  HIGHEST GUST SPEED    28   HIGHEST GUST DIRECTION     W (270)
  AVERAGE WIND SPEED    12.0


SKY COVER
  AVERAGE SKY COVER 1.0


WEATHER CONDITIONS
 THE FOLLOWING WEATHER WAS RECORDED TODAY.
  LIGHT RAIN


RELATIVE HUMIDITY (PERCENT)
 HIGHEST    79          1200 AM
 LOWEST     68           900 AM
 AVERAGE    74

..........................................................


THE HOLLAND/TULIP CITY MI CLIMATE NORMALS FOR TOMORROW
                         NORMAL
 MAXIMUM TEMPERATURE (F)   81
 MINIMUM TEMPERATURE (F)   61


SUNRISE AND SUNSET
AUGUST 18 2017........SUNRISE   654 AM EDT   SUNSET   842 PM EDT
AUGUST 19 2017........SUNRISE   656 AM EDT   SUNSET   840 PM EDT


-  INDICATES NEGATIVE NUMBERS.
R  INDICATES RECORD WAS SET OR TIED.
MM INDICATES DATA IS MISSING.
T  INDICATES TRACE AMOUNT.




$$
