000
CDUS43 KGRR 120548
CLIBIV


CLIMATE REPORT
NATIONAL WEATHER SERVICE GRAND RAPIDS, MI
1247 AM EST TUE DEC 12 2017


...................................

...THE HOLLAND/TULIP CITY MI CLIMATE SUMMARY FOR DECEMBER 11 2017...

CLIMATE NORMAL PERIOD 1981 TO 2010
CLIMATE RECORD PERIOD 1996 TO 2017


WEATHER ITEM   OBSERVED TIME   NORMAL DEPARTURE LAST
                VALUE   (LST)  VALUE  FROM      YEAR
                                      NORMAL
......................................................
TEMPERATURE (F)
 YESTERDAY
  MAXIMUM         34   1007 PM  38     -4       34
  MINIMUM         26    844 AM  27     -1       23
  AVERAGE         30            32     -2       29

PRECIPITATION (IN)
  YESTERDAY        0.03          0.08  -0.05    MM
  MONTH TO DATE    0.34          1.05  -0.71     1.05
  SINCE DEC 1      0.34          1.05  -0.71     1.05
  SINCE JAN 1     39.30         35.21   4.09    30.92

DEGREE DAYS
 HEATING
  YESTERDAY       35            33      2       36
  MONTH TO DATE  317           341    -24      352
  SINCE DEC 1    317           341    -24      352
  SINCE JUL 1   1484          1564    -80     1250

 COOLING
  YESTERDAY        0             0      0        0
  MONTH TO DATE    0             0      0        0
  SINCE DEC 1      0             0      0        0
  SINCE JAN 1    613           693    -80      785
......................................................


WIND (MPH)
  RESULTANT WIND SPEED   4   RESULTANT WIND DIRECTION  SE (150)
  HIGHEST WIND SPEED    21   HIGHEST WIND DIRECTION     N (340)
  HIGHEST GUST SPEED    28   HIGHEST GUST DIRECTION     N (340)
  AVERAGE WIND SPEED     7.8


SKY COVER
  AVERAGE SKY COVER 1.0


WEATHER CONDITIONS
 THE FOLLOWING WEATHER WAS RECORDED YESTERDAY.
  LIGHT RAIN
  LT FREEZING RAIN
  LIGHT SNOW
  FOG


RELATIVE HUMIDITY (PERCENT)
 HIGHEST    92           900 AM
 LOWEST     63          1200 AM
 AVERAGE    78

..........................................................


THE HOLLAND/TULIP CITY MI CLIMATE NORMALS FOR TODAY
                         NORMAL
 MAXIMUM TEMPERATURE (F)   37
 MINIMUM TEMPERATURE (F)   27


SUNRISE AND SUNSET
DECEMBER 12 2017......SUNRISE   806 AM EST   SUNSET   511 PM EST
DECEMBER 13 2017......SUNRISE   807 AM EST   SUNSET   511 PM EST


-  INDICATES NEGATIVE NUMBERS.
R  INDICATES RECORD WAS SET OR TIED.
MM INDICATES DATA IS MISSING.
T  INDICATES TRACE AMOUNT.




$$
