000
CDUS46 KBOI 190930
CLIBKE


CLIMATE REPORT
NATIONAL WEATHER SERVICE BOISE ID
230 AM MST SUN NOV 19 2017


...................................

...THE BAKER OR CLIMATE SUMMARY FOR NOVEMBER 18 2017...

CLIMATE NORMAL PERIOD 1981 TO 2010
CLIMATE RECORD PERIOD 1928 TO 2017


WEATHER ITEM   OBSERVED TIME   RECORD YEAR NORMAL DEPARTURE LAST
                VALUE   (LST)  VALUE       VALUE  FROM      YEAR
                                                  NORMAL
..................................................................
TEMPERATURE (F)
 YESTERDAY
  MAXIMUM         47    108 PM  58    1936  42      5       42
  MINIMUM         18    609 AM  -3    2014  22     -4       19
  AVERAGE         33                        32      1       31

PRECIPITATION (IN)
  YESTERDAY        0.00          0.83 1996   0.04  -0.04      T
  MONTH TO DATE    0.26                      0.53  -0.27     0.33
  SINCE OCT 1      0.82                      1.16  -0.34     1.66
  SINCE JAN 1      6.56                      8.78  -2.22     5.36

DEGREE DAYS
 HEATING
  YESTERDAY       32                        33     -1       34
  MONTH TO DATE  468                       533    -65      390
  SINCE SEP 1   1326                      1461   -135     1273
  SINCE JUL 1   1338                      1612   -274     1419

 COOLING
  YESTERDAY        0                         0      0        0
  MONTH TO DATE    0                         0      0        0
  SINCE SEP 1     53                         9     44        0
  SINCE JAN 1    357                       169    188      132
..................................................................


WIND (MPH)
  RESULTANT WIND SPEED   8   RESULTANT WIND DIRECTION   E (100)
  HIGHEST WIND SPEED    20   HIGHEST WIND DIRECTION     E (110)
  HIGHEST GUST SPEED    25   HIGHEST GUST DIRECTION     E (100)
  AVERAGE WIND SPEED     9.3


SKY COVER
  AVERAGE SKY COVER 0.0


WEATHER CONDITIONS
 THE FOLLOWING WEATHER WAS RECORDED YESTERDAY.
  NO SIGNIFICANT WEATHER WAS OBSERVED.


RELATIVE HUMIDITY (PERCENT)
 HIGHEST    88           300 AM
 LOWEST     37           100 PM
 AVERAGE    63

..........................................................


THE BAKER OR CLIMATE NORMALS FOR TODAY
                         NORMAL    RECORD    YEAR
 MAXIMUM TEMPERATURE (F)   42        63      2003
 MINIMUM TEMPERATURE (F)   22         1      1956


SUNRISE AND SUNSET
NOVEMBER 19 2017......SUNRISE   654 AM PST   SUNSET   419 PM PST
NOVEMBER 20 2017......SUNRISE   656 AM PST   SUNSET   418 PM PST


-  INDICATES NEGATIVE NUMBERS.
R  INDICATES RECORD WAS SET OR TIED.
MM INDICATES DATA IS MISSING.
T  INDICATES TRACE AMOUNT.




$$
