764
CDUS46 KBOI 210934
CLIBKE


CLIMATE REPORT
NATIONAL WEATHER SERVICE BOISE ID
233 AM MST TUE FEB 21 2017


...................................

...THE BAKER OR CLIMATE SUMMARY FOR FEBRUARY 20 2017...

CLIMATE NORMAL PERIOD 1981 TO 2010
CLIMATE RECORD PERIOD 1948 TO 2017


WEATHER ITEM   OBSERVED TIME   RECORD YEAR NORMAL DEPARTURE LAST
                VALUE   (LST)  VALUE       VALUE  FROM      YEAR
                                                  NORMAL
..................................................................
TEMPERATURE (F)
 YESTERDAY
  MAXIMUM         55    322 PM  59    1968  42     13       45
  MINIMUM         36    558 AM   0    1957  20     16       23
  AVERAGE         46                        31     15       34

PRECIPITATION (IN)
  YESTERDAY        0.12          0.19 2005   0.02   0.10     0.00
  MONTH TO DATE    0.85                      0.41   0.44     0.21
  SINCE OCT 1      4.27                      3.72   0.55     3.14
  SINCE JAN 1      1.53                      1.21   0.32     0.60

DEGREE DAYS
 HEATING
  YESTERDAY       19                        34    -15       31
  MONTH TO DATE  620                       732   -112      638
  SINCE DEC 1   3774                      3218    556     2933
  SINCE JUL 1   5548                      5255    293     4784

 COOLING
  YESTERDAY        0                         0      0        0
  MONTH TO DATE    0                         0      0        0
  SINCE DEC 1      0                         0      0        0
  SINCE JAN 1      0                         0      0        0
..................................................................


WIND (MPH)
  RESULTANT WIND SPEED  11   RESULTANT WIND DIRECTION  SE (140)
  HIGHEST WIND SPEED    28   HIGHEST WIND DIRECTION     S (170)
  HIGHEST GUST SPEED    34   HIGHEST GUST DIRECTION     S (170)
  AVERAGE WIND SPEED    13.6


SKY COVER
  AVERAGE SKY COVER 0.7


WEATHER CONDITIONS
 THE FOLLOWING WEATHER WAS RECORDED YESTERDAY.
  LIGHT RAIN
  FOG


RELATIVE HUMIDITY (PERCENT)
 HIGHEST    92           300 AM
 LOWEST     44           200 PM
 AVERAGE    68

..........................................................


THE BAKER OR CLIMATE NORMALS FOR TODAY
                         NORMAL    RECORD    YEAR
 MAXIMUM TEMPERATURE (F)   42        57      1991
 MINIMUM TEMPERATURE (F)   20       -12      1957


SUNRISE AND SUNSET
FEBRUARY 21 2017......SUNRISE   642 AM PST   SUNSET   528 PM PST
FEBRUARY 22 2017......SUNRISE   640 AM PST   SUNSET   530 PM PST


-  INDICATES NEGATIVE NUMBERS.
R  INDICATES RECORD WAS SET OR TIED.
MM INDICATES DATA IS MISSING.
T  INDICATES TRACE AMOUNT.




$$
