000
CDUS46 KBOI 260931
CLIBKE


CLIMATE REPORT
NATIONAL WEATHER SERVICE BOISE ID
330 AM MDT WED JUL 26 2017


...................................

...THE BAKER OR CLIMATE SUMMARY FOR JULY 25 2017...

CLIMATE NORMAL PERIOD 1981 TO 2010
CLIMATE RECORD PERIOD 1928 TO 2017


WEATHER ITEM   OBSERVED TIME   RECORD YEAR NORMAL DEPARTURE LAST
                VALUE   (LST)  VALUE       VALUE  FROM      YEAR
                                                  NORMAL
..................................................................
TEMPERATURE (F)
 YESTERDAY
  MAXIMUM         90    319 PM 100    1978  86      4       93
                                      1928
  MINIMUM         50    407 AM  36    1948  47      3       42
  AVERAGE         70                        67      3       68

PRECIPITATION (IN)
  YESTERDAY        0.00          0.31 2003   0.02  -0.02     0.00
  MONTH TO DATE    T                         0.54  -0.54     0.80
  SINCE OCT 1      7.53                      8.76  -1.23     6.05
  SINCE JAN 1      4.79                      6.25  -1.46     3.51

DEGREE DAYS
 HEATING
  YESTERDAY        0                         1     -1        0
  MONTH TO DATE    6                        61    -55       83
  SINCE JUN 1    182                       287   -105      275
  SINCE JUL 1      6                        61    -55       83

 COOLING
  YESTERDAY        5                         3      2        3
  MONTH TO DATE  102                        56     46        6
  SINCE JUN 1    123                        72     51       52
  SINCE JAN 1    123                        74     49       52
..................................................................


WIND (MPH)
  RESULTANT WIND SPEED   3   RESULTANT WIND DIRECTION   W (270)
  HIGHEST WIND SPEED    13   HIGHEST WIND DIRECTION     W (260)
  HIGHEST GUST SPEED    15   HIGHEST GUST DIRECTION    NW (320)
  AVERAGE WIND SPEED     5.2


SKY COVER
  AVERAGE SKY COVER 0.0


WEATHER CONDITIONS
 THE FOLLOWING WEATHER WAS RECORDED YESTERDAY.
  HAZE


RELATIVE HUMIDITY (PERCENT)
 HIGHEST    83           300 AM
 LOWEST      9           200 PM
 AVERAGE    46

..........................................................


THE BAKER OR CLIMATE NORMALS FOR TODAY
                         NORMAL    RECORD    YEAR
 MAXIMUM TEMPERATURE (F)   87       101      1928
 MINIMUM TEMPERATURE (F)   47        37      1966


SUNRISE AND SUNSET
JULY 26 2017..........SUNRISE   531 AM PDT   SUNSET   824 PM PDT
JULY 27 2017..........SUNRISE   532 AM PDT   SUNSET   823 PM PDT


-  INDICATES NEGATIVE NUMBERS.
R  INDICATES RECORD WAS SET OR TIED.
MM INDICATES DATA IS MISSING.
T  INDICATES TRACE AMOUNT.




$$
