000
CDUS46 KBOI 290932
CLIBKE


CLIMATE REPORT
NATIONAL WEATHER SERVICE BOISE ID
331 AM MDT SUN MAR 29 2015


...................................

...THE BAKER OR CLIMATE SUMMARY FOR MARCH 28 2015...

CLIMATE NORMAL PERIOD 1981 TO 2010
CLIMATE RECORD PERIOD 1948 TO 2015


WEATHER ITEM   OBSERVED TIME   RECORD YEAR NORMAL DEPARTURE LAST
                VALUE   (LST)  VALUE       VALUE  FROM      YEAR
                                                  NORMAL
..................................................................
TEMPERATURE (F)
 YESTERDAY
  MAXIMUM         57    404 PM  75    1966  54      3       47
  MINIMUM         29   1115 PM  14    1988  27      2       24
  AVERAGE         43                        40      3       36

PRECIPITATION (IN)
  YESTERDAY        0.01          0.32 1989   0.03  -0.02     0.12
  MONTH TO DATE    0.50                      0.74  -0.24     1.00
  SINCE OCT 1      3.80                      4.63  -0.83     3.86
  SINCE JAN 1      1.60                      2.12  -0.52     2.69

DEGREE DAYS
 HEATING
  YESTERDAY       22                        25     -3       29
  MONTH TO DATE  647                       777   -130      685
  SINCE MAR 1    647                       777   -130      685
  SINCE JUL 1   5323                      6297   -974     6211

 COOLING
  YESTERDAY        0                         0      0        0
  MONTH TO DATE    0                         0      0        0
  SINCE MAR 1      0                         0      0        0
  SINCE JAN 1      0                         0      0        0
..................................................................


WIND (MPH)
  RESULTANT WIND SPEED  11   RESULTANT WIND DIRECTION  NW (320)
  HIGHEST WIND SPEED    36   HIGHEST WIND DIRECTION    NW (320)
  HIGHEST GUST SPEED    45   HIGHEST GUST DIRECTION    NW (320)
  AVERAGE WIND SPEED    12.2


SKY COVER
  AVERAGE SKY COVER 0.2


WEATHER CONDITIONS
 THE FOLLOWING WEATHER WAS RECORDED YESTERDAY.
  LIGHT RAIN


RELATIVE HUMIDITY (PERCENT)
 HIGHEST    85          1000 PM
 LOWEST     30          1200 PM
 AVERAGE    58

..........................................................


THE BAKER OR CLIMATE NORMALS FOR TODAY
                         NORMAL    RECORD    YEAR
 MAXIMUM TEMPERATURE (F)   54        78      1978
 MINIMUM TEMPERATURE (F)   27        10      2008


SUNRISE AND SUNSET
MARCH 29 2015.........SUNRISE   638 AM PDT   SUNSET   715 PM PDT
MARCH 30 2015.........SUNRISE   636 AM PDT   SUNSET   716 PM PDT


-  INDICATES NEGATIVE NUMBERS.
R  INDICATES RECORD WAS SET OR TIED.
MM INDICATES DATA IS MISSING.
T  INDICATES TRACE AMOUNT.




$$
