000
CDUS46 KBOI 230934
CLIBKE


CLIMATE REPORT
NATIONAL WEATHER SERVICE BOISE ID
334 AM MDT TUE SEP 23 2014


...................................

...THE BAKER OR CLIMATE SUMMARY FOR SEPTEMBER 22 2014...

CLIMATE NORMAL PERIOD 1981 TO 2010
CLIMATE RECORD PERIOD 1948 TO 2014


WEATHER ITEM   OBSERVED TIME   RECORD YEAR NORMAL DEPARTURE LAST
                VALUE   (LST)  VALUE       VALUE  FROM      YEAR
                                                  NORMAL
..................................................................
TEMPERATURE (F)
 YESTERDAY
  MAXIMUM         78    209 PM  92    1966  72      6       67
  MINIMUM         56   1059 PM  20    1961  34     22       41
  AVERAGE         67                        53     14       54

PRECIPITATION (IN)
  YESTERDAY        0.21          0.24 1958   0.02   0.19     0.02
  MONTH TO DATE    0.21                      0.42  -0.21     0.74
  SINCE OCT 1      7.00                     10.00  -3.00     9.07
  SINCE JAN 1      5.83                      7.49  -1.66     6.89

DEGREE DAYS
 HEATING
  YESTERDAY        0                        12    -12       11
  MONTH TO DATE  148                       182    -34      101
  SINCE SEP 1    148                       182    -34      101
  SINCE JUL 1    225                       333   -108      133

 COOLING
  YESTERDAY        2                         0      2        0
  MONTH TO DATE   13                         7      6       28
  SINCE SEP 1     13                         7      6       28
  SINCE JAN 1    248                       167     81      258
..................................................................


WIND (MPH)
  RESULTANT WIND SPEED   4   RESULTANT WIND DIRECTION   E (100)
  HIGHEST WIND SPEED    33   HIGHEST WIND DIRECTION     E (110)
  HIGHEST GUST SPEED    38   HIGHEST GUST DIRECTION     E (110)
  AVERAGE WIND SPEED     7.4


SKY COVER
  AVERAGE SKY COVER 0.5


WEATHER CONDITIONS
 THE FOLLOWING WEATHER WAS RECORDED YESTERDAY.
  LIGHT RAIN
  FOG


RELATIVE HUMIDITY (PERCENT)
 HIGHEST    75           500 AM
 LOWEST     43           200 PM
 AVERAGE    59

..........................................................


THE BAKER OR CLIMATE NORMALS FOR TODAY
                         NORMAL    RECORD    YEAR
 MAXIMUM TEMPERATURE (F)   72        93      1987
 MINIMUM TEMPERATURE (F)   34        22      1996


SUNRISE AND SUNSET
SEPTEMBER 23 2014.....SUNRISE   640 AM PDT   SUNSET   647 PM PDT
SEPTEMBER 24 2014.....SUNRISE   641 AM PDT   SUNSET   645 PM PDT


-  INDICATES NEGATIVE NUMBERS.
R  INDICATES RECORD WAS SET OR TIED.
MM INDICATES DATA IS MISSING.
T  INDICATES TRACE AMOUNT.




$$
