000
CDUS46 KBOI 200932
CLIBKE


CLIMATE REPORT
NATIONAL WEATHER SERVICE BOISE ID
332 AM MDT WED SEP 20 2017


...................................

...THE BAKER OR CLIMATE SUMMARY FOR SEPTEMBER 19 2017...

CLIMATE NORMAL PERIOD 1981 TO 2010
CLIMATE RECORD PERIOD 1928 TO 2017


WEATHER ITEM   OBSERVED TIME   RECORD YEAR NORMAL DEPARTURE LAST
                VALUE   (LST)  VALUE       VALUE  FROM      YEAR
                                                  NORMAL
..................................................................
TEMPERATURE (F)
 YESTERDAY
  MAXIMUM         60    239 PM  90    1979  73    -13       75
  MINIMUM         37   1207 AM  19    1947  35      2       37
  AVERAGE         49                        54     -5       56

PRECIPITATION (IN)
  YESTERDAY        0.01          0.70 1982   0.02  -0.01     0.00
  MONTH TO DATE    0.04                      0.37  -0.33     0.05
  SINCE OCT 1      8.36                      9.95  -1.59     6.22
  SINCE JAN 1      5.62                      7.44  -1.82     3.68

DEGREE DAYS
 HEATING
  YESTERDAY       16                        11      5        9
  MONTH TO DATE   76                       148    -72      208
  SINCE SEP 1     76                       148    -72      208
  SINCE JUL 1     88                       299   -211      354

 COOLING
  YESTERDAY        0                         0      0        0
  MONTH TO DATE   53                         7     46        0
  SINCE SEP 1     53                         7     46        0
  SINCE JAN 1    357                       167    190      132
..................................................................


WIND (MPH)
  RESULTANT WIND SPEED   1   RESULTANT WIND DIRECTION   E (100)
  HIGHEST WIND SPEED    15   HIGHEST WIND DIRECTION    SW (220)
  HIGHEST GUST SPEED    20   HIGHEST GUST DIRECTION    SW (210)
  AVERAGE WIND SPEED     5.2


SKY COVER
  AVERAGE SKY COVER 0.6


WEATHER CONDITIONS
 THE FOLLOWING WEATHER WAS RECORDED YESTERDAY.
  LIGHT RAIN


RELATIVE HUMIDITY (PERCENT)
 HIGHEST    92           300 AM
 LOWEST     33           300 PM
 AVERAGE    63

..........................................................


THE BAKER OR CLIMATE NORMALS FOR TODAY
                         NORMAL    RECORD    YEAR
 MAXIMUM TEMPERATURE (F)   73        90      1979
                                             1939
 MINIMUM TEMPERATURE (F)   35        21      1983


SUNRISE AND SUNSET
SEPTEMBER 20 2017.....SUNRISE   636 AM PDT   SUNSET   652 PM PDT
SEPTEMBER 21 2017.....SUNRISE   637 AM PDT   SUNSET   650 PM PDT


-  INDICATES NEGATIVE NUMBERS.
R  INDICATES RECORD WAS SET OR TIED.
MM INDICATES DATA IS MISSING.
T  INDICATES TRACE AMOUNT.




$$
