000
CDUS46 KBOI 200931
CLIBKE


CLIMATE REPORT
NATIONAL WEATHER SERVICE BOISE ID
231 AM MST SAT DEC 20 2014


...................................

...THE BAKER OR CLIMATE SUMMARY FOR DECEMBER 19 2014...

CLIMATE NORMAL PERIOD 1981 TO 2010
CLIMATE RECORD PERIOD 1948 TO 2014


WEATHER ITEM   OBSERVED TIME   RECORD YEAR NORMAL DEPARTURE LAST
                VALUE   (LST)  VALUE       VALUE  FROM      YEAR
                                                  NORMAL
..................................................................
TEMPERATURE (F)
 YESTERDAY
  MAXIMUM         45    113 PM  55    1979  33     12       30
  MINIMUM         29   1026 PM -10    1984  15     14        8
  AVERAGE         37                        24     13       19

PRECIPITATION (IN)
  YESTERDAY        0.09          0.42 1969   0.03   0.06      T
  MONTH TO DATE    0.58                      0.60  -0.02     0.10
  SINCE OCT 1      1.30                      2.13  -0.83     0.64
  SINCE JAN 1      7.30                      9.75  -2.45     8.41

DEGREE DAYS
 HEATING
  YESTERDAY       28                        41    -13       46
  MONTH TO DATE  549                       754   -205      889
  SINCE DEC 1    549                       754   -205      889
  SINCE JUL 1   2352                      2791   -439     2814

 COOLING
  YESTERDAY        0                         0      0        0
  MONTH TO DATE    0                         0      0        0
  SINCE DEC 1      0                         0      0        0
  SINCE JAN 1    250                       169     81      258
..................................................................


WIND (MPH)
  RESULTANT WIND SPEED   7   RESULTANT WIND DIRECTION   E (110)
  HIGHEST WIND SPEED    21   HIGHEST WIND DIRECTION     W (290)
  HIGHEST GUST SPEED    26   HIGHEST GUST DIRECTION     E (100)
  AVERAGE WIND SPEED    10.2


SKY COVER
  AVERAGE SKY COVER 0.8


WEATHER CONDITIONS
 THE FOLLOWING WEATHER WAS RECORDED YESTERDAY.
  LIGHT RAIN
  FOG


RELATIVE HUMIDITY (PERCENT)
 HIGHEST   100           600 PM
 LOWEST     76           100 PM
 AVERAGE    88

..........................................................


THE BAKER OR CLIMATE NORMALS FOR TODAY
                         NORMAL    RECORD    YEAR
 MAXIMUM TEMPERATURE (F)   33        47      1979
 MINIMUM TEMPERATURE (F)   15       -16      1990


SUNRISE AND SUNSET
DECEMBER 20 2014......SUNRISE   725 AM PST   SUNSET   413 PM PST
DECEMBER 21 2014......SUNRISE   726 AM PST   SUNSET   413 PM PST


-  INDICATES NEGATIVE NUMBERS.
R  INDICATES RECORD WAS SET OR TIED.
MM INDICATES DATA IS MISSING.
T  INDICATES TRACE AMOUNT.




$$
