000
CDUS46 KBOI 280931
CLIBKE


CLIMATE REPORT
NATIONAL WEATHER SERVICE BOISE ID
331 AM MDT SAT MAY 28 2016


...................................

...THE BAKER OR CLIMATE SUMMARY FOR MAY 27 2016...

CLIMATE NORMAL PERIOD 1981 TO 2010
CLIMATE RECORD PERIOD 1948 TO 2016


WEATHER ITEM   OBSERVED TIME   RECORD YEAR NORMAL DEPARTURE LAST
                VALUE   (LST)  VALUE       VALUE  FROM      YEAR
                                                  NORMAL
..................................................................
TEMPERATURE (F)
 YESTERDAY
  MAXIMUM         60    317 PM  89    1983  69     -9       66
  MINIMUM         37    255 AM  30    1973  39     -2       41
  AVERAGE         49                        54     -5       54

PRECIPITATION (IN)
  YESTERDAY        0.00          0.60 2010   0.06  -0.06      T
  MONTH TO DATE    1.07                      1.27  -0.20     1.87
  SINCE OCT 1      4.88                      6.83  -1.95     6.31
  SINCE JAN 1      2.34                      4.32  -1.98     4.11

DEGREE DAYS
 HEATING
  YESTERDAY       16                        11      5       11
  MONTH TO DATE  332                       391    -59      323
  SINCE MAR 1   1597                      1884   -287     1689
  SINCE JUL 1   6641                      7404   -763     6365

 COOLING
  YESTERDAY        0                         0      0        0
  MONTH TO DATE    0                         0      0        0
  SINCE MAR 1      0                         0      0        0
  SINCE JAN 1      0                         0      0        0
..................................................................


WIND (MPH)
  RESULTANT WIND SPEED  11   RESULTANT WIND DIRECTION  NW (330)
  HIGHEST WIND SPEED    23   HIGHEST WIND DIRECTION    NW (330)
  HIGHEST GUST SPEED    32   HIGHEST GUST DIRECTION    NW (330)
  AVERAGE WIND SPEED    11.9


SKY COVER
  AVERAGE SKY COVER 0.1


WEATHER CONDITIONS
 THE FOLLOWING WEATHER WAS RECORDED YESTERDAY.
  NO SIGNIFICANT WEATHER WAS OBSERVED.


RELATIVE HUMIDITY (PERCENT)
 HIGHEST    85           300 AM
 LOWEST     33           400 PM
 AVERAGE    59

..........................................................


THE BAKER OR CLIMATE NORMALS FOR TODAY
                         NORMAL    RECORD    YEAR
 MAXIMUM TEMPERATURE (F)   69        92      1983
 MINIMUM TEMPERATURE (F)   39        27      1954


SUNRISE AND SUNSET
MAY 28 2016...........SUNRISE   510 AM PDT   SUNSET   827 PM PDT
MAY 29 2016...........SUNRISE   510 AM PDT   SUNSET   828 PM PDT


-  INDICATES NEGATIVE NUMBERS.
R  INDICATES RECORD WAS SET OR TIED.
MM INDICATES DATA IS MISSING.
T  INDICATES TRACE AMOUNT.




$$
