000
CDUS46 KBOI 040930
CLIBKE


CLIMATE REPORT
NATIONAL WEATHER SERVICE BOISE ID
330 AM MDT TUE AUG 4 2015


...................................

...THE BAKER OR CLIMATE SUMMARY FOR AUGUST 3 2015...

CLIMATE NORMAL PERIOD 1981 TO 2010
CLIMATE RECORD PERIOD 1948 TO 2015


WEATHER ITEM   OBSERVED TIME   RECORD YEAR NORMAL DEPARTURE LAST
                VALUE   (LST)  VALUE       VALUE  FROM      YEAR
                                                  NORMAL
..................................................................
TEMPERATURE (F)
 YESTERDAY
  MAXIMUM         82   1152 AM 103    1961  87     -5       91
  MINIMUM         54   1122 PM  33    2002  47      7       51
  AVERAGE         68                        67      1       71

PRECIPITATION (IN)
  YESTERDAY        T             0.97 1976   0.02  -0.02     0.01
  MONTH TO DATE    T                         0.06  -0.06     0.01
  SINCE OCT 1      9.46                      8.93   0.53     6.10
  SINCE JAN 1      7.26                      6.42   0.84     4.93

DEGREE DAYS
 HEATING
  YESTERDAY        0                         1     -1        0
  MONTH TO DATE    0                         3     -3        0
  SINCE JUN 1    124                       299   -175      246
  SINCE JUL 1     40                        73    -33       13

 COOLING
  YESTERDAY        3                         3      0        6
  MONTH TO DATE   17                         9      8       22
  SINCE JUN 1    168                       100     68      187
  SINCE JAN 1    169                       102     67      187
..................................................................


WIND (MPH)
  RESULTANT WIND SPEED   4   RESULTANT WIND DIRECTION   W (290)
  HIGHEST WIND SPEED    16   HIGHEST WIND DIRECTION    NW (320)
  HIGHEST GUST SPEED    21   HIGHEST GUST DIRECTION    NW (330)
  AVERAGE WIND SPEED     5.2


SKY COVER
  AVERAGE SKY COVER 0.2


WEATHER CONDITIONS
 THE FOLLOWING WEATHER WAS RECORDED YESTERDAY.
  NO SIGNIFICANT WEATHER WAS OBSERVED.


RELATIVE HUMIDITY (PERCENT)
 HIGHEST    72          1100 PM
 LOWEST     24          1100 AM
 AVERAGE    48

..........................................................


THE BAKER OR CLIMATE NORMALS FOR TODAY
                         NORMAL    RECORD    YEAR
 MAXIMUM TEMPERATURE (F)   87       106      1961
 MINIMUM TEMPERATURE (F)   47        38      1980


SUNRISE AND SUNSET
AUGUST  4 2015........SUNRISE   540 AM PDT   SUNSET   814 PM PDT
AUGUST  5 2015........SUNRISE   541 AM PDT   SUNSET   812 PM PDT


-  INDICATES NEGATIVE NUMBERS.
R  INDICATES RECORD WAS SET OR TIED.
MM INDICATES DATA IS MISSING.
T  INDICATES TRACE AMOUNT.




$$
