000
CDUS46 KBOI 070933
CLIBKE


CLIMATE REPORT
NATIONAL WEATHER SERVICE BOISE ID
232 AM MST WED DEC 7 2016


...................................

...THE BAKER OR CLIMATE SUMMARY FOR DECEMBER 6 2016...

CLIMATE NORMAL PERIOD 1981 TO 2010
CLIMATE RECORD PERIOD 1948 TO 2016


WEATHER ITEM   OBSERVED TIME   RECORD YEAR NORMAL DEPARTURE LAST
                VALUE   (LST)  VALUE       VALUE  FROM      YEAR
                                                  NORMAL
..................................................................
TEMPERATURE (F)
 YESTERDAY
  MAXIMUM         27    222 PM  54    1987  35     -8       47
  MINIMUM         10   1118 PM  -8    1992  17     -7       34
  AVERAGE         19                        26     -7       41

PRECIPITATION (IN)
  YESTERDAY        T             0.28 1982   0.03  -0.03     0.01
  MONTH TO DATE    0.07                      0.19  -0.12     0.14
  SINCE OCT 1      1.88                      1.72   0.16     1.34
  SINCE JAN 1      5.58                      9.34  -3.76     9.30

DEGREE DAYS
 HEATING
  YESTERDAY       46                        39      7       24
  MONTH TO DATE  242                       230     12      206
  SINCE DEC 1    242                       230     12      206
  SINCE JUL 1   2016                      2267   -251     2057

 COOLING
  YESTERDAY        0                         0      0        0
  MONTH TO DATE    0                         0      0        0
  SINCE DEC 1      0                         0      0        0
  SINCE JAN 1    132                       169    -37      225
..................................................................


WIND (MPH)
  RESULTANT WIND SPEED   5   RESULTANT WIND DIRECTION   N (350)
  HIGHEST WIND SPEED    21   HIGHEST WIND DIRECTION    NW (330)
  HIGHEST GUST SPEED    25   HIGHEST GUST DIRECTION    NW (330)
  AVERAGE WIND SPEED     7.1


SKY COVER
  AVERAGE SKY COVER 0.8


WEATHER CONDITIONS
 THE FOLLOWING WEATHER WAS RECORDED YESTERDAY.
  LIGHT SNOW
  FOG


RELATIVE HUMIDITY (PERCENT)
 HIGHEST    96           700 AM
 LOWEST     68           300 PM
 AVERAGE    82

..........................................................


THE BAKER OR CLIMATE NORMALS FOR TODAY
                         NORMAL    RECORD    YEAR
 MAXIMUM TEMPERATURE (F)   35        51      2015
 MINIMUM TEMPERATURE (F)   17        -9      2013


SUNRISE AND SUNSET
DECEMBER  7 2016......SUNRISE   716 AM PST   SUNSET   410 PM PST
DECEMBER  8 2016......SUNRISE   717 AM PST   SUNSET   410 PM PST


-  INDICATES NEGATIVE NUMBERS.
R  INDICATES RECORD WAS SET OR TIED.
MM INDICATES DATA IS MISSING.
T  INDICATES TRACE AMOUNT.




$$
