000
CDUS41 KRLX 230843
CLIBKW


CLIMATE REPORT
NATIONAL WEATHER SERVICE CHARLESTON WV
342 AM EST MON JAN 23 2017


...................................

...THE BECKLEY WV CLIMATE SUMMARY FOR JANUARY 22 2017...

CLIMATE NORMAL PERIOD 1981 TO 2010
CLIMATE RECORD PERIOD 1963 TO 2017


WEATHER ITEM   OBSERVED TIME   RECORD YEAR NORMAL DEPARTURE LAST
                VALUE   (LST)  VALUE       VALUE  FROM      YEAR
                                                  NORMAL
..................................................................
TEMPERATURE (F)
 YESTERDAY
  MAXIMUM         54    304 PM  70    1909  39     15       26
  MINIMUM         48    459 AM  -8    1970  23     25       17
                                      1961
  AVERAGE         51                        31     20       22

PRECIPITATION (IN)
  YESTERDAY        0.01          1.30 1906   0.09  -0.08     0.91
  MONTH TO DATE    2.73                      2.01   0.72     1.93
  SINCE JAN 1      2.73                      2.01   0.72     1.93

SNOWFALL (IN)
  YESTERDAY        0.0
  MONTH TO DATE    7.6
  SINCE SEP 1     12.6
  SNOW DEPTH       0

DEGREE DAYS
 HEATING
  YESTERDAY       14                        34    -20       43
  MONTH TO DATE  552                       748   -196      819
  SINCE DEC 1   1472                      1701   -229     1349
  SINCE JUL 1   2247                      2841   -594     2208

 COOLING
  YESTERDAY        0                         0      0        0
  MONTH TO DATE    0                         0      0        0
  SINCE DEC 1      0                         0      0        0
  SINCE JAN 1      0                         0      0        0
..................................................................


WIND (MPH)
  HIGHEST WIND SPEED    24   HIGHEST WIND DIRECTION    SE (120)
  HIGHEST GUST SPEED    34   HIGHEST GUST DIRECTION    SE (120)
  AVERAGE WIND SPEED    10.9


SKY COVER
  POSSIBLE SUNSHINE  MM
  AVERAGE SKY COVER 0.9


WEATHER CONDITIONS
 THE FOLLOWING WEATHER WAS RECORDED YESTERDAY.
  LIGHT RAIN


RELATIVE HUMIDITY (PERCENT)
 HIGHEST    93           200 AM
 LOWEST     83          1000 AM
 AVERAGE    88

..........................................................


THE BECKLEY WV CLIMATE NORMALS FOR TODAY
                         NORMAL    RECORD    YEAR
 MAXIMUM TEMPERATURE (F)   40        68      1914
 MINIMUM TEMPERATURE (F)   23       -19      1936


SUNRISE AND SUNSET
JANUARY 23 2017.......SUNRISE   735 AM EST   SUNSET   538 PM EST
JANUARY 24 2017.......SUNRISE   734 AM EST   SUNSET   539 PM EST


-  INDICATES NEGATIVE NUMBERS.
R  INDICATES RECORD WAS SET OR TIED.
MM INDICATES DATA IS MISSING.
T  INDICATES TRACE AMOUNT.




$$
