000
CDUS41 KRLX 190732
CLIBKW


CLIMATE REPORT
NATIONAL WEATHER SERVICE CHARLESTON WV
331 AM EDT THU OCT 19 2017


...................................

...THE BECKLEY WV CLIMATE SUMMARY FOR OCTOBER 18 2017...

CLIMATE NORMAL PERIOD 1981 TO 2010
CLIMATE RECORD PERIOD 1963 TO 2017


WEATHER ITEM   OBSERVED TIME   RECORD YEAR NORMAL DEPARTURE LAST
                VALUE   (LST)  VALUE       VALUE  FROM      YEAR
                                                  NORMAL
..................................................................
TEMPERATURE (F)
 YESTERDAY
  MAXIMUM         68    245 PM  86    1938  63      5       78
  MINIMUM         37    642 AM  20    1930  42     -5       56
  AVERAGE         53                        53      0       67

PRECIPITATION (IN)
  YESTERDAY        0.00          1.16 1990   0.08  -0.08     0.00
  MONTH TO DATE    1.76                      1.45   0.31     1.63
  SINCE JAN 1     36.95                     34.12   2.83    38.96

SNOWFALL (IN)
  YESTERDAY        0.0           1.5  1948   0.0    0.0      0.0
  MONTH TO DATE    0.0                       0.1   -0.1      0.0
  SINCE SEP 1      0.0                       0.1   -0.1      0.0
  SNOW DEPTH       0

DEGREE DAYS
 HEATING
  YESTERDAY       12                        13     -1        0
  MONTH TO DATE   70                       186   -116      108
  SINCE SEP 1    168                       299   -131      125
  SINCE JUL 1    185                       320   -135      125

 COOLING
  YESTERDAY        0                         0      0        2
  MONTH TO DATE   33                         2     31        2
  SINCE SEP 1     81                        59     22      132
  SINCE JAN 1    594                       552     42      833
..................................................................


WIND (MPH)
  HIGHEST WIND SPEED    15   HIGHEST WIND DIRECTION    SE (150)
  HIGHEST GUST SPEED    20   HIGHEST GUST DIRECTION     S (170)
  AVERAGE WIND SPEED     5.8


SKY COVER
  POSSIBLE SUNSHINE  MM
  AVERAGE SKY COVER 0.0


WEATHER CONDITIONS
 THE FOLLOWING WEATHER WAS RECORDED YESTERDAY.
  NO SIGNIFICANT WEATHER WAS OBSERVED.


RELATIVE HUMIDITY (PERCENT)
 HIGHEST    85           200 AM
 LOWEST     34           200 PM
 AVERAGE    60

..........................................................


THE BECKLEY WV CLIMATE NORMALS FOR TODAY
                         NORMAL    RECORD    YEAR
 MAXIMUM TEMPERATURE (F)   63        81      1938
                                             1908
 MINIMUM TEMPERATURE (F)   42        19      1930


SUNRISE AND SUNSET
OCTOBER 19 2017.......SUNRISE   737 AM EDT   SUNSET   641 PM EDT
OCTOBER 20 2017.......SUNRISE   738 AM EDT   SUNSET   640 PM EDT


-  INDICATES NEGATIVE NUMBERS.
R  INDICATES RECORD WAS SET OR TIED.
MM INDICATES DATA IS MISSING.
T  INDICATES TRACE AMOUNT.




$$
