000
CDUS41 KRLX 132232
CLIBKW


CLIMATE REPORT
NATIONAL WEATHER SERVICE CHARLESTON WV
531 PM EST WED DEC 13 2017


...................................

...THE BECKLEY WV CLIMATE SUMMARY FOR DECEMBER 13 2017...
VALID TODAY AS OF 0500 PM LOCAL TIME.

CLIMATE NORMAL PERIOD 1981 TO 2010
CLIMATE RECORD PERIOD 1963 TO 2017


WEATHER ITEM   OBSERVED TIME   RECORD YEAR NORMAL DEPARTURE LAST
                VALUE   (LST)  VALUE       VALUE  FROM      YEAR
                                                  NORMAL
..................................................................
TEMPERATURE (F)
 TODAY
  MAXIMUM         32    359 PM  68    1984  43    -11       44
  MINIMUM         11    747 AM -13    1962  27    -16       32
  AVERAGE         22                        35    -13       38

PRECIPITATION (IN)
  TODAY            T             1.28 1941   0.10  -0.10     0.01
  MONTH TO DATE    0.52                      1.30  -0.78     1.39
  SINCE DEC 1      0.52                      1.30  -0.78     1.39
  SINCE JAN 1     41.63                     39.49   2.14    44.39

DEGREE DAYS
 HEATING
  TODAY           43                        30     13       27
  MONTH TO DATE  384                       372     12      395
  SINCE DEC 1    384                       372     12      395
  SINCE JUL 1   1367                      1512   -145     1170

 COOLING
  TODAY            0                         0      0        0
  MONTH TO DATE    0                         0      0        0
  SINCE DEC 1      0                         0      0        0
  SINCE JAN 1    594                       557     37      844
..................................................................


WIND (MPH)
  HIGHEST WIND SPEED    22   HIGHEST WIND DIRECTION     W (280)
  HIGHEST GUST SPEED    30   HIGHEST GUST DIRECTION     W (280)
  AVERAGE WIND SPEED    11.4


SKY COVER
  POSSIBLE SUNSHINE  MM
  AVERAGE SKY COVER 0.5


WEATHER CONDITIONS
 THE FOLLOWING WEATHER WAS RECORDED TODAY.
  LIGHT SNOW
  FOG


RELATIVE HUMIDITY (PERCENT)
 HIGHEST    73          1200 AM
 LOWEST     42           100 PM
 AVERAGE    58

..........................................................


THE BECKLEY WV CLIMATE NORMALS FOR TOMORROW
                         NORMAL    RECORD    YEAR
 MAXIMUM TEMPERATURE (F)   42        68      1984
 MINIMUM TEMPERATURE (F)   26       -11      1898


SUNRISE AND SUNSET
DECEMBER 13 2017......SUNRISE   731 AM EST   SUNSET   506 PM EST
DECEMBER 14 2017......SUNRISE   732 AM EST   SUNSET   506 PM EST


-  INDICATES NEGATIVE NUMBERS.
R  INDICATES RECORD WAS SET OR TIED.
MM INDICATES DATA IS MISSING.
T  INDICATES TRACE AMOUNT.




$$
