000
CDUS41 KRLX 160752
CLIBKW


CLIMATE REPORT
NATIONAL WEATHER SERVICE CHARLESTON WV
352 AM EDT WED APR 16 2014


...................................

...THE BECKLEY WV CLIMATE SUMMARY FOR APRIL 15 2014...

CLIMATE NORMAL PERIOD 1981 TO 2010
CLIMATE RECORD PERIOD 1963 TO 2014


WEATHER ITEM   OBSERVED TIME   RECORD YEAR NORMAL DEPARTURE LAST
                VALUE   (LST)  VALUE       VALUE  FROM      YEAR
                                                  NORMAL
..................................................................
TEMPERATURE (F)
 YESTERDAY
  MAXIMUM         60    547 AM  82    2012  63     -3       57
  MINIMUM         26   1159 PM  17    1957  41    -15       50
  AVERAGE         43                        52     -9       54

PRECIPITATION (IN)
  YESTERDAY        0.16          1.33 1956   0.11   0.05     0.18
  MONTH TO DATE    1.52                      1.62  -0.10     1.64
  SINCE JAN 1      9.09                     10.76  -1.67     9.98

SNOWFALL (IN)
  YESTERDAY        0.6
  MONTH TO DATE    0.6
  SINCE SEP 1     76.3
  SNOW DEPTH       0

DEGREE DAYS
 HEATING
  YESTERDAY       22                        13      9       11
  MONTH TO DATE  154                       230    -76      204
  SINCE MAR 1    972                       942     30     1118
  SINCE JUL 1   5180                      4943    237     4932

 COOLING
  YESTERDAY        0                         0      0        0
  MONTH TO DATE    5                         0      5       11
  SINCE MAR 1      5                         1      4       11
  SINCE JAN 1      5                         1      4       11
..................................................................


WIND (MPH)
  HIGHEST WIND SPEED    25   HIGHEST WIND DIRECTION    NW (320)
  HIGHEST GUST SPEED    32   HIGHEST GUST DIRECTION    NW (300)
  AVERAGE WIND SPEED    12.7


SKY COVER
  POSSIBLE SUNSHINE  MM
  AVERAGE SKY COVER 0.8


WEATHER CONDITIONS
 THE FOLLOWING WEATHER WAS RECORDED YESTERDAY.
  LIGHT RAIN
  HEAVY SNOW
  SNOW
  LIGHT SNOW
  FOG
  FOG W/VISIBILITY <= 1/4 MILE


RELATIVE HUMIDITY (PERCENT)
 HIGHEST    92           700 AM
 LOWEST     63           900 PM
 AVERAGE    78

..........................................................


THE BECKLEY WV CLIMATE NORMALS FOR TODAY
                         NORMAL    RECORD    YEAR
 MAXIMUM TEMPERATURE (F)   63        84      2002
 MINIMUM TEMPERATURE (F)   42        16      1935


SUNRISE AND SUNSET
APRIL 16 2014.........SUNRISE   648 AM EDT   SUNSET   801 PM EDT
APRIL 17 2014.........SUNRISE   647 AM EDT   SUNSET   802 PM EDT


-  INDICATES NEGATIVE NUMBERS.
R  INDICATES RECORD WAS SET OR TIED.
MM INDICATES DATA IS MISSING.
T  INDICATES TRACE AMOUNT.




$$
