000
CDUS41 KRLX 260719
CLIBKW


CLIMATE REPORT
NATIONAL WEATHER SERVICE CHARLESTON WV
317 AM EDT TUE MAY 26 2015


...................................

...THE BECKLEY WV CLIMATE SUMMARY FOR MAY 25 2015...

CLIMATE NORMAL PERIOD 1981 TO 2010
CLIMATE RECORD PERIOD 1963 TO 2015


WEATHER ITEM   OBSERVED TIME   RECORD YEAR NORMAL DEPARTURE LAST
                VALUE   (LST)  VALUE       VALUE  FROM      YEAR
                                                  NORMAL
..................................................................
TEMPERATURE (F)
 YESTERDAY
  MAXIMUM         84    307 PM  86    1953  72     12       77
                                      1914
                                      1911
  MINIMUM         58    456 AM  28    1956  52      6       47
  AVERAGE         71                        62      9       62

PRECIPITATION (IN)
  YESTERDAY        0.00          0.83 1902   0.16  -0.16     0.00
  MONTH TO DATE    0.91                      3.73  -2.82     3.84
  SINCE JAN 1     19.71                     16.23   3.48    14.09

SNOWFALL (IN)
  YESTERDAY        0.0
  MONTH TO DATE    0.0
  SINCE SEP 1     66.2
  SNOW DEPTH       0

DEGREE DAYS
 HEATING
  YESTERDAY        0                         5     -5        3
  MONTH TO DATE   88                       170    -82      105
  SINCE MAR 1   1111                      1278   -167     1223
  SINCE JUL 1   5444                      5279    165     5431

 COOLING
  YESTERDAY        6                         1      5        0
  MONTH TO DATE   61                        19     42       49
  SINCE MAR 1     64                        29     35       54
  SINCE JAN 1     64                        29     35       54
..................................................................


WIND (MPH)
  HIGHEST WIND SPEED    14   HIGHEST WIND DIRECTION     S (160)
  HIGHEST GUST SPEED    18   HIGHEST GUST DIRECTION     W (280)
  AVERAGE WIND SPEED     7.5


SKY COVER
  POSSIBLE SUNSHINE  MM
  AVERAGE SKY COVER 0.0


WEATHER CONDITIONS
 THE FOLLOWING WEATHER WAS RECORDED YESTERDAY.
  NO SIGNIFICANT WEATHER WAS OBSERVED.


RELATIVE HUMIDITY (PERCENT)
 HIGHEST    67           500 AM
 LOWEST     31           400 PM
 AVERAGE    49

..........................................................


THE BECKLEY WV CLIMATE NORMALS FOR TODAY
                         NORMAL    RECORD    YEAR
 MAXIMUM TEMPERATURE (F)   72        90      1926
 MINIMUM TEMPERATURE (F)   52        30      1934
                                             1897


SUNRISE AND SUNSET
MAY 26 2015...........SUNRISE   607 AM EDT   SUNSET   836 PM EDT
MAY 27 2015...........SUNRISE   607 AM EDT   SUNSET   837 PM EDT


-  INDICATES NEGATIVE NUMBERS.
R  INDICATES RECORD WAS SET OR TIED.
MM INDICATES DATA IS MISSING.
T  INDICATES TRACE AMOUNT.




$$
