000
CDUS41 KRLX 230719
CLIBKW


CLIMATE REPORT
NATIONAL WEATHER SERVICE CHARLESTON WV
318 AM EDT WED AUG 23 2017


...................................

...THE BECKLEY WV CLIMATE SUMMARY FOR AUGUST 22 2017...

CLIMATE NORMAL PERIOD 1981 TO 2010
CLIMATE RECORD PERIOD 1963 TO 2017


WEATHER ITEM   OBSERVED TIME   RECORD YEAR NORMAL DEPARTURE LAST
                VALUE   (LST)  VALUE       VALUE  FROM      YEAR
                                                  NORMAL
..................................................................
TEMPERATURE (F)
 YESTERDAY
  MAXIMUM         84    415 PM  95    1926  79      5       75
  MINIMUM         66    557 AM  36    1956  60      6       55
  AVERAGE         75                        70      5       65

PRECIPITATION (IN)
  YESTERDAY        0.09          1.68 2014   0.10  -0.01     0.00
  MONTH TO DATE    1.88                      2.66  -0.78     4.12
  SINCE JAN 1     33.21                     28.85   4.36    34.99

SNOWFALL (IN)
  YESTERDAY        0.0
  MONTH TO DATE    0.0
  SINCE SEP 1     26.0
  SNOW DEPTH       0

DEGREE DAYS
 HEATING
  YESTERDAY        0                         0      0        0
  MONTH TO DATE    4                         0      4        0
  SINCE JUN 1     46                        47     -1       16
  SINCE JUL 1      8                         8      0        0

 COOLING
  YESTERDAY       10                         5      5        0
  MONTH TO DATE  124                       123      1      185
  SINCE JUN 1    441                       415     26      575
  SINCE JAN 1    506                       456     50      616
..................................................................


WIND (MPH)
  HIGHEST WIND SPEED    18   HIGHEST WIND DIRECTION    SW (230)
  HIGHEST GUST SPEED    24   HIGHEST GUST DIRECTION    SW (240)
  AVERAGE WIND SPEED     7.3


SKY COVER
  AVERAGE SKY COVER 0.2


WEATHER CONDITIONS
 THE FOLLOWING WEATHER WAS RECORDED YESTERDAY.
  RAIN
  LIGHT RAIN
  FOG


RELATIVE HUMIDITY (PERCENT)
 HIGHEST    90          1100 PM
 LOWEST     48           300 PM
 AVERAGE    69

..........................................................


THE BECKLEY WV CLIMATE NORMALS FOR TODAY
                         NORMAL    RECORD    YEAR
 MAXIMUM TEMPERATURE (F)   79        98      1926
 MINIMUM TEMPERATURE (F)   60        33      1940


SUNRISE AND SUNSET
AUGUST 23 2017........SUNRISE   647 AM EDT   SUNSET   806 PM EDT
AUGUST 24 2017........SUNRISE   648 AM EDT   SUNSET   805 PM EDT


-  INDICATES NEGATIVE NUMBERS.
R  INDICATES RECORD WAS SET OR TIED.
MM INDICATES DATA IS MISSING.
T  INDICATES TRACE AMOUNT.




$$
