000
CDUS41 KRNK 242121
CLIBLF


CLIMATE REPORT
NATIONAL WEATHER SERVICE BLACKSBURG VA
519 PM EDT THU APR 24 2014


...................................

...THE BLUEFIELD WV CLIMATE SUMMARY FOR APRIL 24 2014...
VALID TODAY AS OF 0500 PM LOCAL TIME.

CLIMATE NORMAL PERIOD 1981 TO 2010
CLIMATE RECORD PERIOD 1959 TO 2014


WEATHER ITEM   OBSERVED TIME   RECORD YEAR NORMAL DEPARTURE LAST
                VALUE   (LST)  VALUE       VALUE  FROM      YEAR
                                                  NORMAL
..................................................................
TEMPERATURE (F)
 TODAY
  MAXIMUM         75    404 PM  82    2009  68      7       75
  MINIMUM         41    545 AM  28    2005  48     -7       40
  AVERAGE         58                        58      0

PRECIPITATION (IN)
  TODAY            0.00          1.76 1987   0.12  -0.12     0.20
  MONTH TO DATE    1.60                      2.63  -1.03     3.99
  SINCE MAR 1      3.56                      6.14  -2.58     7.41
  SINCE JAN 1      7.69                     11.80  -4.11    15.08

SNOWFALL (IN)
  TODAY            0.0
  MONTH TO DATE    0.4
  SINCE MAR 1      9.4
  SINCE JUL 1     47.0
  SNOW DEPTH       0

DEGREE DAYS
 HEATING
  TODAY            7                         8     -1
  MONTH TO DATE  208                       276    -68
  SINCE MAR 1    910                       892     18
  SINCE JUL 1   4545                      4385    160

 COOLING
  TODAY            0                         1     -1
  MONTH TO DATE   15                        22     -7
  SINCE MAR 1     15                        26    -11
  SINCE JAN 1     15                        26    -11
..................................................................


WIND (MPH)
  HIGHEST WIND SPEED    15   HIGHEST WIND DIRECTION     W (250)
  HIGHEST GUST SPEED    18   HIGHEST GUST DIRECTION     W (260)
  AVERAGE WIND SPEED     4.0


SKY COVER
  POSSIBLE SUNSHINE  MM
  AVERAGE SKY COVER 0.3


WEATHER CONDITIONS
 THE FOLLOWING WEATHER WAS RECORDED TODAY.
  NO SIGNIFICANT WEATHER WAS OBSERVED.


RELATIVE HUMIDITY (PERCENT)
 HIGHEST    57           700 AM
 LOWEST     15           300 PM
 AVERAGE    36

..........................................................


THE BLUEFIELD WV CLIMATE NORMALS FOR TOMORROW
                         NORMAL    RECORD    YEAR
 MAXIMUM TEMPERATURE (F)   68        85      2009
 MINIMUM TEMPERATURE (F)   48        30      1983


SUNRISE AND SUNSET
APRIL 24 2014.........SUNRISE   638 AM EDT   SUNSET   808 PM EDT
APRIL 25 2014.........SUNRISE   637 AM EDT   SUNSET   809 PM EDT


-  INDICATES NEGATIVE NUMBERS.
R  INDICATES RECORD WAS SET OR TIED.
MM INDICATES DATA IS MISSING.
T  INDICATES TRACE AMOUNT.




$$
