000
CDUS41 KRNK 062227
CLIBLF


CLIMATE REPORT
NATIONAL WEATHER SERVICE BLACKSBURG VA
523 PM EST FRI MAR 6 2015


...................................

...THE BLUEFIELD WV CLIMATE SUMMARY FOR MARCH 6 2015...
VALID TODAY AS OF 0500 PM LOCAL TIME.

CLIMATE NORMAL PERIOD 1981 TO 2010
CLIMATE RECORD PERIOD 1959 TO 2015


WEATHER ITEM   OBSERVED TIME   RECORD YEAR NORMAL DEPARTURE LAST
                VALUE   (LST)  VALUE       VALUE  FROM      YEAR
                                                  NORMAL
..................................................................
TEMPERATURE (F)
 TODAY
  MAXIMUM         32    433 PM  70    1961  51    -19       40
  MINIMUM          7    640 AM   1    1960  33    -26       29
  AVERAGE         20                        42    -22

PRECIPITATION (IN)
  TODAY            T             1.55 2011   0.11  -0.11     0.00
  MONTH TO DATE    2.49                      0.65   1.84     0.91
  SINCE MAR 1      2.49                      0.65   1.84     0.91
  SINCE JAN 1      6.05                      6.31  -0.26     5.04

SNOWFALL (IN)
  TODAY           MM
  MONTH TO DATE    2.6
  SINCE MAR 1      2.6
  SINCE JUL 1     39.2
  SNOW DEPTH      MM

DEGREE DAYS
 HEATING
  TODAY           45                        23     22
  MONTH TO DATE  168                       142     26
  SINCE MAR 1    168                       142     26
  SINCE JUL 1   4088                      3635    453

 COOLING
  TODAY            0                         0      0
  MONTH TO DATE    0                         0      0
  SINCE MAR 1      0                         0      0
  SINCE JAN 1      0                         0      0
..................................................................


WIND (MPH)
  HIGHEST WIND SPEED    13   HIGHEST WIND DIRECTION     W (290)
  HIGHEST GUST SPEED    16   HIGHEST GUST DIRECTION     W (290)
  AVERAGE WIND SPEED     3.0


SKY COVER
  POSSIBLE SUNSHINE  MM
  AVERAGE SKY COVER 0.5


WEATHER CONDITIONS
 THE FOLLOWING WEATHER WAS RECORDED TODAY.
  LIGHT SNOW


RELATIVE HUMIDITY (PERCENT)
 HIGHEST    80           600 AM
 LOWEST     49           400 PM
 AVERAGE    65

..........................................................


THE BLUEFIELD WV CLIMATE NORMALS FOR TOMORROW
                         NORMAL    RECORD    YEAR
 MAXIMUM TEMPERATURE (F)   51        74      2009
                                             2000
 MINIMUM TEMPERATURE (F)   34         9      1960


SUNRISE AND SUNSET
MARCH  6 2015.........SUNRISE   649 AM EST   SUNSET   623 PM EST
MARCH  7 2015.........SUNRISE   648 AM EST   SUNSET   624 PM EST


-  INDICATES NEGATIVE NUMBERS.
R  INDICATES RECORD WAS SET OR TIED.
MM INDICATES DATA IS MISSING.
T  INDICATES TRACE AMOUNT.




$$
