000
CDUS41 KRNK 252129
CLIBLF


CLIMATE REPORT
NATIONAL WEATHER SERVICE BLACKSBURG VA
527 PM EDT FRI JUL 25 2014


...................................

...THE BLUEFIELD WV CLIMATE SUMMARY FOR JULY 25 2014...
VALID TODAY AS OF 0500 PM LOCAL TIME.

CLIMATE NORMAL PERIOD 1981 TO 2010
CLIMATE RECORD PERIOD 1959 TO 2014


WEATHER ITEM   OBSERVED TIME   RECORD YEAR NORMAL DEPARTURE LAST
                VALUE   (LST)  VALUE       VALUE  FROM      YEAR
                                                  NORMAL
..................................................................
TEMPERATURE (F)
 TODAY
  MAXIMUM         78    402 PM  90    1987  81     -3       78
  MINIMUM         57    336 AM  54    2003  65     -8       59
  AVERAGE         68                        73     -5

PRECIPITATION (IN)
  TODAY            0.00          1.31 2002   0.13  -0.13     0.00
  MONTH TO DATE    1.88                      3.42  -1.54     2.96
  SINCE JUN 1      5.48                      7.56  -2.08     7.79
  SINCE JAN 1     17.14                     24.38  -7.24    26.32

SNOWFALL (IN)
  TODAY            0.0
  MONTH TO DATE    0.0
  SINCE JUN 1      0.0
  SINCE JUL 1      0.0
  SNOW DEPTH       0

DEGREE DAYS
 HEATING
  TODAY            0                         0      0
  MONTH TO DATE    5                         0      5
  SINCE JUN 1      7                        22    -15
  SINCE JUL 1      5                         0      5

 COOLING
  TODAY            3                         8     -5
  MONTH TO DATE  173                       200    -27
  SINCE JUN 1    394                       366     28
  SINCE JAN 1    523                       457     66
..................................................................


WIND (MPH)
  HIGHEST WIND SPEED    13   HIGHEST WIND DIRECTION     W (290)
  HIGHEST GUST SPEED    19   HIGHEST GUST DIRECTION     W (280)
  AVERAGE WIND SPEED     2.6


SKY COVER
  POSSIBLE SUNSHINE  MM
  AVERAGE SKY COVER 0.7


WEATHER CONDITIONS
 THE FOLLOWING WEATHER WAS RECORDED TODAY.
  FOG
  HAZE


RELATIVE HUMIDITY (PERCENT)
 HIGHEST    90           100 AM
 LOWEST     54          1200 PM
 AVERAGE    72

..........................................................


THE BLUEFIELD WV CLIMATE NORMALS FOR TOMORROW
                         NORMAL    RECORD    YEAR
 MAXIMUM TEMPERATURE (F)   81        91      1993
 MINIMUM TEMPERATURE (F)   65        54      1975


SUNRISE AND SUNSET
JULY 25 2014..........SUNRISE   624 AM EDT   SUNSET   839 PM EDT
JULY 26 2014..........SUNRISE   624 AM EDT   SUNSET   838 PM EDT


-  INDICATES NEGATIVE NUMBERS.
R  INDICATES RECORD WAS SET OR TIED.
MM INDICATES DATA IS MISSING.
T  INDICATES TRACE AMOUNT.


REMARKS

DUE TO A POWER FAILURE CAUSING A MISSING LOW TEMPERATURE ON
MAY 30...THE SEASONAL TOTAL AND DEPARTURE FROM NORMAL FOR CDD WILL
BE CALCULATED WITHOUT DATA FROM THAT DATE.

$$

MBS
