000
CDUS41 KRNK 250750
CLIBLF


CLIMATE REPORT
NATIONAL WEATHER SERVICE BLACKSBURG VA
342 AM EDT MON SEP 25 2017


...................................

...THE BLUEFIELD WV CLIMATE SUMMARY FOR SEPTEMBER 24 2017...

CLIMATE NORMAL PERIOD 1981 TO 2010
CLIMATE RECORD PERIOD 1959 TO 2017


WEATHER ITEM   OBSERVED TIME   RECORD YEAR NORMAL DEPARTURE LAST
                VALUE   (LST)  VALUE       VALUE  FROM      YEAR
                                                  NORMAL
..................................................................
TEMPERATURE (F)
 YESTERDAY
  MAXIMUM         80    149 PM  88    2007  72      8       81
  MINIMUM         55    645 AM  30    1989  54      1       62
  AVERAGE         68                        63      5       72

PRECIPITATION (IN)
  YESTERDAY        0.00          0.82 1988   0.11  -0.11      T
  MONTH TO DATE    0.84                      2.50  -1.66     0.69
  SINCE SEP 1      0.84                      2.50  -1.66     0.69
  SINCE JAN 1     32.90                     30.89   2.01    27.58

SNOWFALL (IN)
  YESTERDAY        0.0                                       0.0
  MONTH TO DATE    0.0                                       0.0
  SINCE SEP 1      0.0                                       0.0
  SINCE JUL 1      0.0                                       0.0
  SNOW DEPTH       0

DEGREE DAYS
 HEATING
  YESTERDAY        0                         4     -4        0
  MONTH TO DATE  102                        44     58        8
  SINCE SEP 1    102                        44     58        8
  SINCE JUL 1    128                        50     78        8

 COOLING
  YESTERDAY        3                         2      1        7
  MONTH TO DATE   28                        89    -61      107
  SINCE SEP 1     28                        89    -61      107
  SINCE JAN 1    452                       823   -371      715
..................................................................


WIND (MPH)
  HIGHEST WIND SPEED    12   HIGHEST WIND DIRECTION     E (80)
  HIGHEST GUST SPEED    17   HIGHEST GUST DIRECTION    SE (140)
  AVERAGE WIND SPEED     3.8


SKY COVER
  AVERAGE SKY COVER 0.0


WEATHER CONDITIONS
 THE FOLLOWING WEATHER WAS RECORDED YESTERDAY.
  NO SIGNIFICANT WEATHER WAS OBSERVED.


RELATIVE HUMIDITY (PERCENT)
 HIGHEST    83           400 AM
 LOWEST     32           100 PM
 AVERAGE    58

..........................................................


THE BLUEFIELD WV CLIMATE NORMALS FOR TODAY
                         NORMAL    RECORD    YEAR
 MAXIMUM TEMPERATURE (F)   71        88      2007
 MINIMUM TEMPERATURE (F)   54        39      2001


SUNRISE AND SUNSET
SEPTEMBER 25 2017.....SUNRISE   715 AM EDT   SUNSET   717 PM EDT
SEPTEMBER 26 2017.....SUNRISE   716 AM EDT   SUNSET   715 PM EDT


-  INDICATES NEGATIVE NUMBERS.
R  INDICATES RECORD WAS SET OR TIED.
MM INDICATES DATA IS MISSING.
T  INDICATES TRACE AMOUNT.




$$
