000
CDUS41 KRNK 252103
CLIBLF


CLIMATE REPORT
NATIONAL WEATHER SERVICE BLACKSBURG VA
503 PM EDT THU AUG 25 2016


...................................

...THE BLUEFIELD WV CLIMATE SUMMARY FOR AUGUST 25 2016...
VALID TODAY AS OF 0500 PM LOCAL TIME.

CLIMATE NORMAL PERIOD 1981 TO 2010
CLIMATE RECORD PERIOD 1959 TO 2016


WEATHER ITEM   OBSERVED TIME   RECORD YEAR NORMAL DEPARTURE LAST
                VALUE   (LST)  VALUE       VALUE  FROM      YEAR
                                                  NORMAL
..................................................................
TEMPERATURE (F)
 TODAY
  MAXIMUM         82    251 PM  92    2007  80      2       74
  MINIMUM         65    456 AM  51    1986  63      2       55
  AVERAGE         74                        72      2       65

PRECIPITATION (IN)
  TODAY            0.00          0.52 1979   0.10  -0.10     0.00
  MONTH TO DATE    2.85                      2.69   0.16     2.39
  SINCE JUN 1     11.80                     11.00   0.80    10.76
  SINCE JAN 1     26.56                     27.82  -1.26    26.55

SNOWFALL (IN)
  TODAY            0.0                                       0.0
  MONTH TO DATE    0.0                                       0.0
  SINCE JUN 1      0.0                                       0.0
  SINCE JUL 1      0.0                                       0.0
  SNOW DEPTH       0

DEGREE DAYS
 HEATING
  TODAY            0                         0      0        0
  MONTH TO DATE    0                         0      0        0
  SINCE JUN 1     16                        24     -8        3
  SINCE JUL 1      0                         2     -2        0

 COOLING
  TODAY            9                         7      2        0
  MONTH TO DATE  166                       192    -26      195
  SINCE JUN 1    524                       606    -82      715
  SINCE JAN 1    551                       697   -146      872
..................................................................


WIND (MPH)
  HIGHEST WIND SPEED    13   HIGHEST WIND DIRECTION     W (270)
  HIGHEST GUST SPEED    16   HIGHEST GUST DIRECTION     W (270)
  AVERAGE WIND SPEED     5.4


SKY COVER
  AVERAGE SKY COVER 0.4


WEATHER CONDITIONS
 THE FOLLOWING WEATHER WAS RECORDED TODAY.
  NO SIGNIFICANT WEATHER WAS OBSERVED.


RELATIVE HUMIDITY (PERCENT)
 HIGHEST    93           500 AM
 LOWEST     67           200 PM
 AVERAGE    80

..........................................................


THE BLUEFIELD WV CLIMATE NORMALS FOR TOMORROW
                         NORMAL    RECORD    YEAR
 MAXIMUM TEMPERATURE (F)   80        87      1993
 MINIMUM TEMPERATURE (F)   63        51      1968


SUNRISE AND SUNSET
AUGUST 25 2016........SUNRISE   650 AM EDT   SUNSET   803 PM EDT
AUGUST 26 2016........SUNRISE   651 AM EDT   SUNSET   801 PM EDT


-  INDICATES NEGATIVE NUMBERS.
R  INDICATES RECORD WAS SET OR TIED.
MM INDICATES DATA IS MISSING.
T  INDICATES TRACE AMOUNT.




$$
