597
CDUS46 KSEW 120137
CLIBLI


CLIMATE REPORT
NATIONAL WEATHER SERVICE SEATTLE WA
537 PM PST THU FEB 11 2016


...................................

...THE BELLINGHAM WA AIRPORT CLIMATE SUMMARY FOR FEBRUARY 11 2016...
VALID TODAY AS OF 0500 PM LOCAL TIME.

CLIMATE NORMAL PERIOD 1981 TO 2010
CLIMATE RECORD PERIOD 1949 TO 2016


WEATHER ITEM   OBSERVED TIME   RECORD YEAR NORMAL DEPARTURE LAST
                VALUE   (LST)  VALUE       VALUE  FROM      YEAR
                                                  NORMAL
..................................................................
TEMPERATURE (F)
 TODAY
  MAXIMUM         54    138 PM  63    1983  48      6       55
  MINIMUM         36    243 AM  17    1981  33      3       42
  AVERAGE         45                        40      5       49

PRECIPITATION (IN)
  TODAY            0.03          0.72 1976   0.11  -0.08     0.00
  MONTH TO DATE    0.79                      1.26  -0.47     1.98
  SINCE OCT 1     17.97                     19.63  -1.66    22.20
  SINCE JAN 1      3.90                      5.93  -2.03     7.47

DEGREE DAYS
 HEATING
  TODAY           20                        25     -5       16
  MONTH TO DATE  225                       275    -50      165
  SINCE DEC 1   1663                      1909   -246     1552

 COOLING
  TODAY            0                         0      0        0
  MONTH TO DATE    0                         0      0        0
  SINCE DEC 1      0                         0      0        0
  SINCE JAN 1      0                         0      0        0
..................................................................


WIND (MPH)
  RESULTANT WIND SPEED   4   RESULTANT WIND DIRECTION   N (10)
  HIGHEST WIND SPEED    14   HIGHEST WIND DIRECTION     N (20)
  HIGHEST GUST SPEED    17   HIGHEST GUST DIRECTION     N (20)
  AVERAGE WIND SPEED     3.9


SKY COVER
  AVERAGE SKY COVER 0.7


WEATHER CONDITIONS
 THE FOLLOWING WEATHER WAS RECORDED TODAY.
  LIGHT RAIN
  FOG
  FOG W/VISIBILITY <= 1/4 MILE


RELATIVE HUMIDITY (PERCENT)
 HIGHEST   100          1200 AM
 LOWEST     71           300 PM
 AVERAGE    86

..........................................................


THE BELLINGHAM WA AIRPORT CLIMATE NORMALS FOR TOMORROW
                         NORMAL    RECORD    YEAR
 MAXIMUM TEMPERATURE (F)   48        60      1963
 MINIMUM TEMPERATURE (F)   33        10      1949


SUNRISE AND SUNSET
FEBRUARY 11 2016......SUNRISE   725 AM PST   SUNSET   524 PM PST
FEBRUARY 12 2016......SUNRISE   724 AM PST   SUNSET   526 PM PST


-  INDICATES NEGATIVE NUMBERS.
R  INDICATES RECORD WAS SET OR TIED.
MM INDICATES DATA IS MISSING.
T  INDICATES TRACE AMOUNT.




$$
