000
CDUS46 KSEW 260832
CLIBLI


CLIMATE REPORT
NATIONAL WEATHER SERVICE SEATTLE WA
132 AM PDT THU MAY 26 2016


...................................

...THE BELLINGHAM WA AIRPORT CLIMATE SUMMARY FOR MAY 25 2016...

CLIMATE NORMAL PERIOD 1981 TO 2010
CLIMATE RECORD PERIOD 1949 TO 2016


WEATHER ITEM   OBSERVED TIME   RECORD YEAR NORMAL DEPARTURE LAST
                VALUE   (LST)  VALUE       VALUE  FROM      YEAR
                                                  NORMAL
..................................................................
TEMPERATURE (F)
 YESTERDAY
  MAXIMUM         66    358 PM  80    1979  64      2       62
  MINIMUM         52    345 AM  35    1972  47      5       52
  AVERAGE         59                        56      3       57

PRECIPITATION (IN)
  YESTERDAY        0.00          0.61 1984   0.08  -0.08     0.04
  MONTH TO DATE    0.42                      1.99  -1.57     0.67
  SINCE OCT 1     29.43                     29.29   0.14    29.37
  SINCE JAN 1     15.36                     15.59  -0.23    14.64

DEGREE DAYS
 HEATING
  YESTERDAY        6                         9     -3        8
  MONTH TO DATE  176                       291   -115      213
  SINCE MAR 1    996                      1432   -436     1188

 COOLING
  YESTERDAY        0                         0      0        0
  MONTH TO DATE    1                         0      1        0
  SINCE MAR 1      1                         0      1        0
  SINCE JAN 1      1                         0      1        0
..................................................................


WIND (MPH)
  RESULTANT WIND SPEED  10   RESULTANT WIND DIRECTION   S (170)
  HIGHEST WIND SPEED    16   HIGHEST WIND DIRECTION    SE (150)
  HIGHEST GUST SPEED    23   HIGHEST GUST DIRECTION     S (160)
  AVERAGE WIND SPEED    10.1


SKY COVER
  AVERAGE SKY COVER 0.3


WEATHER CONDITIONS
 THE FOLLOWING WEATHER WAS RECORDED YESTERDAY.
  NO SIGNIFICANT WEATHER WAS OBSERVED.


RELATIVE HUMIDITY (PERCENT)
 HIGHEST    86          1200 AM
 LOWEST     58           400 PM
 AVERAGE    72

..........................................................


THE BELLINGHAM WA AIRPORT CLIMATE NORMALS FOR TODAY
                         NORMAL    RECORD    YEAR
 MAXIMUM TEMPERATURE (F)   64        84      2005
 MINIMUM TEMPERATURE (F)   48        38      1951


SUNRISE AND SUNSET
MAY 26 2016...........SUNRISE   516 AM PDT   SUNSET   900 PM PDT
MAY 27 2016...........SUNRISE   515 AM PDT   SUNSET   901 PM PDT


-  INDICATES NEGATIVE NUMBERS.
R  INDICATES RECORD WAS SET OR TIED.
MM INDICATES DATA IS MISSING.
T  INDICATES TRACE AMOUNT.




$$
