000
CDUS46 KSEW 200121
CLIBLI


CLIMATE REPORT
NATIONAL WEATHER SERVICE SEATTLE WA
521 PM PST FRI DEC 19 2014


...................................

...THE BELLINGHAM WA AIRPORT CLIMATE SUMMARY FOR DECEMBER 19 2014...
VALID TODAY AS OF 0500 PM LOCAL TIME.

CLIMATE NORMAL PERIOD 1981 TO 2010
CLIMATE RECORD PERIOD 1949 TO 2014


WEATHER ITEM   OBSERVED TIME   RECORD YEAR NORMAL DEPARTURE LAST
                VALUE   (LST)  VALUE       VALUE  FROM      YEAR
                                                  NORMAL
..................................................................
TEMPERATURE (F)
 TODAY
  MAXIMUM         50    445 PM  58    1959  44      6       37
  MINIMUM         47    955 AM  12    1990  32     15       30
  AVERAGE         49                        38     11       34

PRECIPITATION (IN)
  TODAY            0.48          1.07 1953   0.13   0.35     0.00
  MONTH TO DATE    3.25                      2.73   0.52     1.15
  SINCE OCT 1     13.19                     12.21   0.98     8.32
  SINCE JAN 1     35.28                     34.34   0.94    28.82

DEGREE DAYS
 HEATING
  TODAY           16                        27    -11       31
  MONTH TO DATE  399                       503   -104      581
  SINCE DEC 1    399                       503   -104      581

 COOLING
  TODAY            0                         0      0        0
  MONTH TO DATE    0                         0      0        0
  SINCE DEC 1      0                         0      0        0
  SINCE JAN 1    117                        42     75       95
..................................................................


WIND (MPH)
  RESULTANT WIND SPEED  11   RESULTANT WIND DIRECTION   S (160)
  HIGHEST WIND SPEED    21   HIGHEST WIND DIRECTION    SE (140)
  HIGHEST GUST SPEED    26   HIGHEST GUST DIRECTION    SE (130)
  AVERAGE WIND SPEED    11.3


SKY COVER
  AVERAGE SKY COVER 0.9


WEATHER CONDITIONS
 THE FOLLOWING WEATHER WAS RECORDED TODAY.
  RAIN
  LIGHT RAIN
  FOG


RELATIVE HUMIDITY (PERCENT)
 HIGHEST    86           100 AM
 LOWEST     66           400 PM
 AVERAGE    76

..........................................................


THE BELLINGHAM WA AIRPORT CLIMATE NORMALS FOR TOMORROW
                         NORMAL    RECORD    YEAR
 MAXIMUM TEMPERATURE (F)   44        59      1958
 MINIMUM TEMPERATURE (F)   32        11      2008
                                             1990


SUNRISE AND SUNSET
DECEMBER 19 2014......SUNRISE   800 AM PST   SUNSET   415 PM PST
DECEMBER 20 2014......SUNRISE   800 AM PST   SUNSET   416 PM PST


-  INDICATES NEGATIVE NUMBERS.
R  INDICATES RECORD WAS SET OR TIED.
MM INDICATES DATA IS MISSING.
T  INDICATES TRACE AMOUNT.




$$
