000
CDUS46 KSEW 010832
CLIBLI


CLIMATE REPORT
NATIONAL WEATHER SERVICE SEATTLE WA
132 AM PDT TUE SEP 1 2015


...................................

...THE BELLINGHAM WA AIRPORT CLIMATE SUMMARY FOR AUGUST 31 2015...

CLIMATE NORMAL PERIOD 1981 TO 2010
CLIMATE RECORD PERIOD 1949 TO 2015


WEATHER ITEM   OBSERVED TIME   RECORD YEAR NORMAL DEPARTURE LAST
                VALUE   (LST)  VALUE       VALUE  FROM      YEAR
                                                  NORMAL
..................................................................
TEMPERATURE (F)
 YESTERDAY
  MAXIMUM         70        MM  86    1987  70      0       69
  MINIMUM         59        MM  42    1969  51      8       58
                                      1966
  AVERAGE         65                        61      4       64

PRECIPITATION (IN)
  YESTERDAY        0.45          0.73 2010   0.05   0.40     0.01
  MONTH TO DATE    1.53                      1.23   0.30     0.68
  SINCE OCT 1     31.83                     34.05  -2.22    30.08
  SINCE JAN 1     17.10                     20.35  -3.25    19.77

DEGREE DAYS
 HEATING
  YESTERDAY        0                         4     -4        1
  MONTH TO DATE   23                        80    -57       15
  SINCE JUN 1    105                       398   -293      186

 COOLING
  YESTERDAY        0                         0      0        0
  MONTH TO DATE   55                        17     38       62
  SINCE JUN 1    193                        40    153      114
  SINCE JAN 1    193                        40    153      115
..................................................................


WIND (MPH)
  RESULTANT WIND SPEED  16   RESULTANT WIND DIRECTION   S (160)
  HIGHEST WIND SPEED    23   HIGHEST WIND DIRECTION    SE (150)
  HIGHEST GUST SPEED    40   HIGHEST GUST DIRECTION    SE (150)
  AVERAGE WIND SPEED    16.2


SKY COVER
  AVERAGE SKY COVER 1.0


WEATHER CONDITIONS
 THE FOLLOWING WEATHER WAS RECORDED YESTERDAY.
  LIGHT RAIN
  FOG


RELATIVE HUMIDITY (PERCENT)
 HIGHEST    90          1200 PM
 LOWEST     67           100 AM
 AVERAGE    79

..........................................................


THE BELLINGHAM WA AIRPORT CLIMATE NORMALS FOR TODAY
                         NORMAL    RECORD    YEAR
 MAXIMUM TEMPERATURE (F)   70        82      1952
 MINIMUM TEMPERATURE (F)   51        39      1960


SUNRISE AND SUNSET
SEPTEMBER  1 2015.....SUNRISE   627 AM PDT   SUNSET   752 PM PDT
SEPTEMBER  2 2015.....SUNRISE   628 AM PDT   SUNSET   750 PM PDT


-  INDICATES NEGATIVE NUMBERS.
R  INDICATES RECORD WAS SET OR TIED.
MM INDICATES DATA IS MISSING.
T  INDICATES TRACE AMOUNT.




$$
