000
CDUS46 KSEW 160830
CLIBLI


CLIMATE REPORT
NATIONAL WEATHER SERVICE SEATTLE WA
1230 AM PST TUE JAN 16 2018


...................................

...THE BELLINGHAM WA AIRPORT CLIMATE SUMMARY FOR JANUARY 15 2018...

CLIMATE NORMAL PERIOD 1981 TO 2010
CLIMATE RECORD PERIOD 1949 TO 2018


WEATHER ITEM   OBSERVED TIME   RECORD YEAR NORMAL DEPARTURE LAST
                VALUE   (LST)  VALUE       VALUE  FROM      YEAR
                                                  NORMAL
..................................................................
TEMPERATURE (F)
 YESTERDAY
  MAXIMUM         53    225 PM  58    1974  46      7       43
  MINIMUM         35    810 AM   9    1950  33      2       23
  AVERAGE         44                        39      5       33

PRECIPITATION (IN)
  YESTERDAY        T             1.16 1976   0.16  -0.16     0.00
  MONTH TO DATE    2.59                      2.30   0.29     0.59
  SINCE OCT 1     20.21                     16.00   4.21    19.71
  SINCE JAN 1      2.59                      2.30   0.29     0.59

DEGREE DAYS
 HEATING
  YESTERDAY       21                        26     -5       32
  MONTH TO DATE  376                       396    -20      522
  SINCE DEC 1   1235                      1230      5     1472

 COOLING
  YESTERDAY        0                         0      0        0
  MONTH TO DATE    0                         0      0        0
  SINCE DEC 1      0                         0      0        0
  SINCE JAN 1      0                         0      0        0
..................................................................


WIND (MPH)
  RESULTANT WIND SPEED   4   RESULTANT WIND DIRECTION   N (10)
  HIGHEST WIND SPEED    13   HIGHEST WIND DIRECTION     N (20)
  HIGHEST GUST SPEED    17   HIGHEST GUST DIRECTION     N (20)
  AVERAGE WIND SPEED     4.3


SKY COVER
  AVERAGE SKY COVER 0.0


WEATHER CONDITIONS
 THE FOLLOWING WEATHER WAS RECORDED YESTERDAY.
  LIGHT RAIN


RELATIVE HUMIDITY (PERCENT)
 HIGHEST   100           800 AM
 LOWEST     63           200 PM
 AVERAGE    82

..........................................................


THE BELLINGHAM WA AIRPORT CLIMATE NORMALS FOR TODAY
                         NORMAL    RECORD    YEAR
 MAXIMUM TEMPERATURE (F)   46        58      1958
 MINIMUM TEMPERATURE (F)   33         9      1950


SUNRISE AND SUNSET
JANUARY 16 2018.......SUNRISE   757 AM PST   SUNSET   443 PM PST
JANUARY 17 2018.......SUNRISE   756 AM PST   SUNSET   445 PM PST


-  INDICATES NEGATIVE NUMBERS.
R  INDICATES RECORD WAS SET OR TIED.
MM INDICATES DATA IS MISSING.
T  INDICATES TRACE AMOUNT.




$$
