000
CDUS43 KIND 240531
CLIBMG


CLIMATE REPORT
NATIONAL WEATHER SERVICE INDIANAPOLIS IN
1230 AM EST FRI NOV 24 2017


...................................

...THE BLOOMINGTON IN CLIMATE SUMMARY FOR NOVEMBER 23 2017...

CLIMATE NORMAL PERIOD 1981 TO 2010
CLIMATE RECORD PERIOD 9999 TO 9999


WEATHER ITEM   OBSERVED TIME   NORMAL DEPARTURE LAST
                VALUE   (LST)  VALUE  FROM      YEAR
                                      NORMAL
......................................................
TEMPERATURE (F)
 YESTERDAY
  MAXIMUM         47    409 PM  50     -3       51
  MINIMUM         25   1231 AM  31     -6       40
  AVERAGE         36            40     -4       46

PRECIPITATION (IN)
  YESTERDAY        0.00          0.13  -0.13     0.87
  MONTH TO DATE    5.32          3.06   2.26     1.85
  SINCE SEP 1      9.29          9.94  -0.65    10.47
  SINCE JAN 1     38.85         43.13  -4.28    46.39

DEGREE DAYS
 HEATING
  YESTERDAY       29            25      4       19
  MONTH TO DATE  473           452     21      367
  SINCE SEP 1    786           864    -78      542
  SINCE JUL 1    789           871    -82      545

 COOLING
  YESTERDAY        0             0      0        0
  MONTH TO DATE    0             0      0        4
  SINCE SEP 1    200           109     91      247
  SINCE JAN 1   1088           926    162     1322
......................................................


WIND (MPH)
  HIGHEST WIND SPEED    10   HIGHEST WIND DIRECTION     S (200)
  HIGHEST GUST SPEED    14   HIGHEST GUST DIRECTION    SW (210)
  AVERAGE WIND SPEED     2.7


SKY COVER
  AVERAGE SKY COVER 0.4


WEATHER CONDITIONS
 THE FOLLOWING WEATHER WAS RECORDED YESTERDAY.
  NO SIGNIFICANT WEATHER WAS OBSERVED.


RELATIVE HUMIDITY (PERCENT)
 HIGHEST    88          1200 AM
 LOWEST     34           400 PM
 AVERAGE    61

..........................................................


THE BLOOMINGTON IN CLIMATE NORMALS FOR TODAY
                         NORMAL
 MAXIMUM TEMPERATURE (F)   49
 MINIMUM TEMPERATURE (F)   31


SUNRISE AND SUNSET
NOVEMBER 24 2017......SUNRISE   740 AM EST   SUNSET   526 PM EST
NOVEMBER 25 2017......SUNRISE   741 AM EST   SUNSET   526 PM EST


-  INDICATES NEGATIVE NUMBERS.
R  INDICATES RECORD WAS SET OR TIED.
MM INDICATES DATA IS MISSING.
T  INDICATES TRACE AMOUNT.




$$
