000
CDUS43 KIND 200537
CLIBMG


CLIMATE REPORT
NATIONAL WEATHER SERVICE INDIANAPOLIS IN
133 AM EDT MON OCT 20 2014


...................................

...THE BLOOMINGTON IN CLIMATE SUMMARY FOR OCTOBER 19 2014...

CLIMATE NORMAL PERIOD 1981 TO 2010
CLIMATE RECORD PERIOD 9999 TO 9999


WEATHER ITEM   OBSERVED TIME   NORMAL DEPARTURE LAST
                VALUE   (LST)  VALUE  FROM      YEAR
                                      NORMAL
......................................................
TEMPERATURE (F)
 YESTERDAY
  MAXIMUM         57        MM  66     -9       53
  MINIMUM         43   1000 PM  41      2       40
  AVERAGE         50            54     -4       47

PRECIPITATION (IN)
  YESTERDAY        0.00          0.13  -0.13     0.29
  MONTH TO DATE    4.32          2.20   2.12     4.92
  SINCE SEP 1      8.43          5.55   2.88     6.78
  SINCE JAN 1     39.06         38.74   0.32    37.10

DEGREE DAYS
 HEATING
  YESTERDAY       15            11      4       18
  MONTH TO DATE  177           174      3      125
  SINCE SEP 1    275           252     23      175
  SINCE JUL 1    281           259     22      189

 COOLING
  YESTERDAY        0             0      0        0
  MONTH TO DATE   10            11     -1       30
  SINCE SEP 1     73           107    -34      165
  SINCE JAN 1    903           924    -21     1006
......................................................


WIND (MPH)
  HIGHEST WIND SPEED     8   HIGHEST WIND DIRECTION     N (20)
  HIGHEST GUST SPEED    MM   HIGHEST GUST DIRECTION    MM
  AVERAGE WIND SPEED     3.1


SKY COVER
  AVERAGE SKY COVER 0.5


WEATHER CONDITIONS
 THE FOLLOWING WEATHER WAS RECORDED YESTERDAY.
  NO SIGNIFICANT WEATHER WAS OBSERVED.


RELATIVE HUMIDITY (PERCENT)
 HIGHEST    96           900 PM
 LOWEST     51           300 PM
 AVERAGE    74

..........................................................


THE BLOOMINGTON IN CLIMATE NORMALS FOR TODAY
                         NORMAL
 MAXIMUM TEMPERATURE (F)   66
 MINIMUM TEMPERATURE (F)   41


SUNRISE AND SUNSET
OCTOBER 20 2014.......SUNRISE   801 AM EDT   SUNSET   701 PM EDT
OCTOBER 21 2014.......SUNRISE   802 AM EDT   SUNSET   659 PM EDT


-  INDICATES NEGATIVE NUMBERS.
R  INDICATES RECORD WAS SET OR TIED.
MM INDICATES DATA IS MISSING.
T  INDICATES TRACE AMOUNT.




$$
