634
CDUS43 KIND 030601
CLIBMG


CLIMATE REPORT
NATIONAL WEATHER SERVICE INDIANAPOLIS IN
101 AM EST SAT DEC 3 2016


...................................

...THE BLOOMINGTON IN CLIMATE SUMMARY FOR DECEMBER 2 2016...

CLIMATE NORMAL PERIOD 1981 TO 2010
CLIMATE RECORD PERIOD 9999 TO 9999


WEATHER ITEM   OBSERVED TIME   NORMAL DEPARTURE LAST
                VALUE   (LST)  VALUE  FROM      YEAR
                                      NORMAL
......................................................
TEMPERATURE (F)
 YESTERDAY
  MAXIMUM         41    517 PM  45     -4       38
  MINIMUM         30    406 AM  28      2       26
  AVERAGE         36            36      0       32

PRECIPITATION (IN)
  YESTERDAY        0.00          0.10  -0.10     0.05
  MONTH TO DATE    0.00          0.20  -0.20     0.16
  SINCE DEC 1      0.00          0.20  -0.20     0.16
  SINCE JAN 1     47.80         44.21   3.59    43.70

DEGREE DAYS
 HEATING
  YESTERDAY       29            29      0       33
  MONTH TO DATE   55            57     -2       59
  SINCE DEC 1     55            57     -2       59
  SINCE JUL 1    738          1113   -375      851

 COOLING
  YESTERDAY        0             0      0        0
  MONTH TO DATE    0             0      0        0
  SINCE DEC 1      0             0      0        0
  SINCE JAN 1   1322           927    395     1044
......................................................


WIND (MPH)
  HIGHEST WIND SPEED    10   HIGHEST WIND DIRECTION     W (290)
  HIGHEST GUST SPEED    15   HIGHEST GUST DIRECTION     W (270)
  AVERAGE WIND SPEED     5.6


SKY COVER
  AVERAGE SKY COVER 1.0


WEATHER CONDITIONS
 THE FOLLOWING WEATHER WAS RECORDED YESTERDAY.
  NO SIGNIFICANT WEATHER WAS OBSERVED.


RELATIVE HUMIDITY (PERCENT)
 HIGHEST    85           400 AM
 LOWEST     60           200 PM
 AVERAGE    73

..........................................................


THE BLOOMINGTON IN CLIMATE NORMALS FOR TODAY
                         NORMAL
 MAXIMUM TEMPERATURE (F)   44
 MINIMUM TEMPERATURE (F)   28


SUNRISE AND SUNSET
DECEMBER  3 2016......SUNRISE   749 AM EST   SUNSET   524 PM EST
DECEMBER  4 2016......SUNRISE   750 AM EST   SUNSET   524 PM EST


-  INDICATES NEGATIVE NUMBERS.
R  INDICATES RECORD WAS SET OR TIED.
MM INDICATES DATA IS MISSING.
T  INDICATES TRACE AMOUNT.




$$
