000
CDUS43 KIND 300534
CLIBMG


CLIMATE REPORT
NATIONAL WEATHER SERVICE INDIANAPOLIS IN
133 AM EDT SAT MAY 30 2015


...................................

...THE BLOOMINGTON IN CLIMATE SUMMARY FOR MAY 29 2015...

CLIMATE NORMAL PERIOD 1981 TO 2010
CLIMATE RECORD PERIOD 9999 TO 9999


WEATHER ITEM   OBSERVED TIME   NORMAL DEPARTURE LAST
                VALUE   (LST)  VALUE  FROM      YEAR
                                      NORMAL
......................................................
TEMPERATURE (F)
 YESTERDAY
  MAXIMUM         84    348 PM  78      6       84
  MINIMUM         62    539 AM  55      7       64
  AVERAGE         73            67      6       74

PRECIPITATION (IN)
  YESTERDAY        0.00          0.17  -0.17     0.06
  MONTH TO DATE    1.55          4.87  -3.32     4.39
  SINCE MAR 1     10.99         13.45  -2.46    13.95
  SINCE JAN 1     14.56         19.52  -4.96    18.60

DEGREE DAYS
 HEATING
  YESTERDAY        0             2     -2        0
  MONTH TO DATE   74           133    -59      123
  SINCE MAR 1   1114          1179    -65     1268
  SINCE JUL 1   5685          5247    438     5830

 COOLING
  YESTERDAY        8             4      4        9
  MONTH TO DATE  111            58     53      100
  SINCE MAR 1    117            77     40      109
  SINCE JAN 1    117            77     40      109
......................................................


WIND (MPH)
  HIGHEST WIND SPEED    15   HIGHEST WIND DIRECTION     S (200)
  HIGHEST GUST SPEED    21   HIGHEST GUST DIRECTION    SW (220)
  AVERAGE WIND SPEED     7.4


SKY COVER
  AVERAGE SKY COVER 0.2


WEATHER CONDITIONS
 THE FOLLOWING WEATHER WAS RECORDED YESTERDAY.
  FOG


RELATIVE HUMIDITY (PERCENT)
 HIGHEST   100           600 AM
 LOWEST     55           400 PM
 AVERAGE    78

..........................................................


THE BLOOMINGTON IN CLIMATE NORMALS FOR TODAY
                         NORMAL
 MAXIMUM TEMPERATURE (F)   78
 MINIMUM TEMPERATURE (F)   56


SUNRISE AND SUNSET
MAY 30 2015...........SUNRISE   623 AM EDT   SUNSET   905 PM EDT
MAY 31 2015...........SUNRISE   623 AM EDT   SUNSET   906 PM EDT


-  INDICATES NEGATIVE NUMBERS.
R  INDICATES RECORD WAS SET OR TIED.
MM INDICATES DATA IS MISSING.
T  INDICATES TRACE AMOUNT.




$$
