000
CDUS43 KIND 250530
CLIBMG


CLIMATE REPORT
NATIONAL WEATHER SERVICE INDIANAPOLIS IN
130 AM EDT THU MAY 25 2017


...................................

...THE BLOOMINGTON IN CLIMATE SUMMARY FOR MAY 24 2017...

CLIMATE NORMAL PERIOD 1981 TO 2010
CLIMATE RECORD PERIOD 9999 TO 9999


WEATHER ITEM   OBSERVED TIME   NORMAL DEPARTURE LAST
                VALUE   (LST)  VALUE  FROM      YEAR
                                      NORMAL
......................................................
TEMPERATURE (F)
 YESTERDAY
  MAXIMUM         62    347 PM  76    -14       84
  MINIMUM         57   1159 PM  54      3       49
  AVERAGE         60            65     -5       67

PRECIPITATION (IN)
  YESTERDAY        0.30          0.15   0.15     0.00
  MONTH TO DATE    6.08          4.09   1.99     2.37
  SINCE MAR 1     16.64         12.67   3.97    12.43
  SINCE JAN 1     21.68         18.74   2.94    17.64

DEGREE DAYS
 HEATING
  YESTERDAY        5             3      2        0
  MONTH TO DATE  131           121     10      148
  SINCE MAR 1    925          1167   -242      955
  SINCE JUL 1   4112          5235  -1123     4275

 COOLING
  YESTERDAY        0             3     -3        2
  MONTH TO DATE   60            41     19       11
  SINCE MAR 1    105            60     45       25
  SINCE JAN 1    105            60     45       25
......................................................


WIND (MPH)
  HIGHEST WIND SPEED    14   HIGHEST WIND DIRECTION     N (10)
  HIGHEST GUST SPEED    17   HIGHEST GUST DIRECTION     N (340)
  AVERAGE WIND SPEED     4.8


SKY COVER
  AVERAGE SKY COVER 1.0


WEATHER CONDITIONS
 THE FOLLOWING WEATHER WAS RECORDED YESTERDAY.
  LIGHT RAIN
  FOG


RELATIVE HUMIDITY (PERCENT)
 HIGHEST    93          1000 AM
 LOWEST     78          1200 AM
 AVERAGE    86

..........................................................


THE BLOOMINGTON IN CLIMATE NORMALS FOR TODAY
                         NORMAL
 MAXIMUM TEMPERATURE (F)   77
 MINIMUM TEMPERATURE (F)   54


SUNRISE AND SUNSET
MAY 25 2017...........SUNRISE   626 AM EDT   SUNSET   902 PM EDT
MAY 26 2017...........SUNRISE   625 AM EDT   SUNSET   902 PM EDT


-  INDICATES NEGATIVE NUMBERS.
R  INDICATES RECORD WAS SET OR TIED.
MM INDICATES DATA IS MISSING.
T  INDICATES TRACE AMOUNT.




$$
