000
CDUS44 KOHX 230725
CLIBNA


CLIMATE REPORT
NATIONAL WEATHER SERVICE NASHVILLE TN
225 AM CDT SUN APR 23 2017


...................................

...THE NASHVILLE CLIMATE SUMMARY FOR APRIL 22 2017...

CLIMATE NORMAL PERIOD 1981 TO 2010
CLIMATE RECORD PERIOD 1871 TO 2017


WEATHER ITEM   OBSERVED TIME   RECORD YEAR NORMAL DEPARTURE
                VALUE   (LST)  VALUE       VALUE  FROM
                                                  NORMAL
...............................................................
TEMPERATURE (F)
 YESTERDAY
  MAXIMUM         60   1033 AM  86    1987  72    -12
                                      1980
                                      1963
  MINIMUM         52   1159 PM  32    1978  50      2
  AVERAGE         56                        61     -5

PRECIPITATION (IN)
  YESTERDAY        2.67          5.03 1883   0.15   2.52
  MONTH TO DATE    5.87                      2.76   3.11
  SINCE JAN 1     14.79                     14.56   0.23

SNOWFALL (IN)
  YESTERDAY        0.0           0.0  2002
                                      2001
  MONTH TO DATE    0.0
  SINCE MAR 1      1.5
  SINCE JUL 1      2.2

DEGREE DAYS
 HEATING
  YESTERDAY        9                                3
  MONTH TO DATE   58                             -124
  SINCE MAR 1    423                             -232
  SINCE JUL 1   2391                            -1202

 COOLING
  YESTERDAY        0                               -2
  MONTH TO DATE   76                               52
  SINCE MAR 1     90                               58
  SINCE JAN 1     97                               65
...............................................................


WIND (MPH)
  HIGHEST WIND SPEED    24   HIGHEST WIND DIRECTION     E (110)
  HIGHEST GUST SPEED    30   HIGHEST GUST DIRECTION     E (110)
  AVERAGE WIND SPEED    10.1




RELATIVE HUMIDITY (PERCENT)
 HIGHEST   100
 LOWEST     83

..........................................................


THE NASHVILLE CLIMATE NORMALS FOR TODAY
                         NORMAL    RECORD    YEAR
 MAXIMUM TEMPERATURE (F)   73        90      1980
 MINIMUM TEMPERATURE (F)   50        31      1986


SUNRISE AND SUNSET
APRIL 23 2017.........SUNRISE   603 AM CDT   SUNSET   728 PM CDT
APRIL 24 2017.........SUNRISE   602 AM CDT   SUNSET   728 PM CDT


-  INDICATES NEGATIVE NUMBERS.
R  INDICATES RECORD WAS SET OR TIED.
MM INDICATES DATA IS MISSING.
T  INDICATES TRACE AMOUNT.




$$
