000
CDUS44 KOHX 120112
CLIBNA


CLIMATE REPORT
NATIONAL WEATHER SERVICE NASHVILLE TN
712 PM CST THU FEB 11 2016


...................................

...THE NASHVILLE CLIMATE SUMMARY FOR FEBRUARY 11 2016...
VALID TODAY AS OF 0700 PM LOCAL TIME.

CLIMATE NORMAL PERIOD 1981 TO 2010
CLIMATE RECORD PERIOD 1871 TO 2016


WEATHER ITEM   OBSERVED TIME   RECORD YEAR NORMAL DEPARTURE
                VALUE   (LST)  VALUE       VALUE  FROM
                                                  NORMAL
...............................................................
TEMPERATURE (F)
 TODAY
  MAXIMUM         44    345 PM  74    1938  51     -7
  MINIMUM         26    625 AM  -1    1885  31     -5
  AVERAGE         35                        41     -6

PRECIPITATION (IN)
  TODAY            0.00          2.45 1880   0.14  -0.14
  MONTH TO DATE    1.34                      1.54  -0.20
  SINCE JAN 1      3.51                      5.29  -1.78

SNOWFALL (IN)
  TODAY            0.0           8.8  1910
  MONTH TO DATE    3.1
  SINCE DEC 1     11.3
  SINCE JUL 1     11.3

DEGREE DAYS
 HEATING
  TODAY           30                                6
  MONTH TO DATE  268                              -11
  SINCE DEC 1   1488                             -402
  SINCE JUL 1   1911                             -653

 COOLING
  TODAY            0                                0
  MONTH TO DATE    0                                0
  SINCE DEC 1      8                                7
  SINCE JAN 1      0                                0
...............................................................


WIND (MPH)
  HIGHEST WIND SPEED    13   HIGHEST WIND DIRECTION     N (20)
  HIGHEST GUST SPEED    17   HIGHEST GUST DIRECTION    NW (320)
  AVERAGE WIND SPEED     5.7



WEATHER CONDITIONS
 THE FOLLOWING WEATHER WAS RECORDED TODAY.
  NO SIGNIFICANT WEATHER WAS OBSERVED.


RELATIVE HUMIDITY (PERCENT)
 HIGHEST    81
 LOWEST     40
 AVERAGE    61

..........................................................


THE NASHVILLE CLIMATE NORMALS FOR TOMORROW
                         NORMAL    RECORD    YEAR
 MAXIMUM TEMPERATURE (F)   51        75      1961
 MINIMUM TEMPERATURE (F)   31        -8      1899


SUNRISE AND SUNSET
FEBRUARY 11 2016......SUNRISE   639 AM CST   SUNSET   523 PM CST
FEBRUARY 12 2016......SUNRISE   638 AM CST   SUNSET   524 PM CST


-  INDICATES NEGATIVE NUMBERS.
R  INDICATES RECORD WAS SET OR TIED.
MM INDICATES DATA IS MISSING.
T  INDICATES TRACE AMOUNT.




$$
