000
CDUS44 KOHX 170101
CLIBNA


CLIMATE REPORT
NATIONAL WEATHER SERVICE NASHVILLE TN
701 PM CST MON JAN 16 2017


...................................

...THE NASHVILLE CLIMATE SUMMARY FOR JANUARY 16 2017...
VALID TODAY AS OF 0400 PM LOCAL TIME.

CLIMATE NORMAL PERIOD 1981 TO 2010
CLIMATE RECORD PERIOD 1871 TO 2017


WEATHER ITEM   OBSERVED TIME   RECORD YEAR NORMAL DEPARTURE
                VALUE   (LST)  VALUE       VALUE  FROM
                                                  NORMAL
...............................................................
TEMPERATURE (F)
 TODAY
  MAXIMUM         72    128 PM  74    1943  47     25
                                      1907
  MINIMUM         48    546 AM  -6    1982  28     20
  AVERAGE         60                        37     23

PRECIPITATION (IN)
  TODAY            0.00          1.67 1876   0.13  -0.13
  MONTH TO DATE    1.28                      1.88  -0.60
  SINCE JAN 1      1.28                      1.88  -0.60

SNOWFALL (IN)
  TODAY            0.0           7.0  2003
                                      1948
  MONTH TO DATE    0.4
  SINCE DEC 1      0.7
  SINCE JUL 1      0.7

DEGREE DAYS
 HEATING
  TODAY            5                              -23
  MONTH TO DATE  326                             -117
  SINCE DEC 1   1009                             -197
  SINCE JUL 1   1363                             -517

 COOLING
  TODAY            0                                0
  MONTH TO DATE    0                                0
  SINCE DEC 1      4                                3
  SINCE JAN 1      0                                0
...............................................................


WIND (MPH)
  HIGHEST WIND SPEED    22   HIGHEST WIND DIRECTION     S (190)
  HIGHEST GUST SPEED    29   HIGHEST GUST DIRECTION     S (200)
  AVERAGE WIND SPEED     5.4




RELATIVE HUMIDITY (PERCENT)
 HIGHEST   100
 LOWEST     49
 AVERAGE    75

..........................................................


THE NASHVILLE CLIMATE NORMALS FOR TOMORROW
                         NORMAL    RECORD    YEAR
 MAXIMUM TEMPERATURE (F)   47        71      1937
                                             1907
 MINIMUM TEMPERATURE (F)   28       -11      1982


SUNRISE AND SUNSET
JANUARY 16 2017.......SUNRISE   656 AM CST   SUNSET   457 PM CST
JANUARY 17 2017.......SUNRISE   656 AM CST   SUNSET   458 PM CST


-  INDICATES NEGATIVE NUMBERS.
R  INDICATES RECORD WAS SET OR TIED.
MM INDICATES DATA IS MISSING.
T  INDICATES TRACE AMOUNT.




$$
