000
CDUS44 KOHX 290622
CLIBNA


CLIMATE REPORT
NATIONAL WEATHER SERVICE NASHVILLE TN
122 AM CDT FRI APR 29 2016


...................................

...THE NASHVILLE CLIMATE SUMMARY FOR APRIL 28 2016...

CLIMATE NORMAL PERIOD 1981 TO 2010
CLIMATE RECORD PERIOD 1871 TO 2016


WEATHER ITEM   OBSERVED TIME   RECORD YEAR NORMAL DEPARTURE
                VALUE   (LST)  VALUE       VALUE  FROM
                                                  NORMAL
...............................................................
TEMPERATURE (F)
 YESTERDAY
  MAXIMUM         84    335 PM  90    1989  74     10
  MINIMUM         60   1119 PM  36    1992  51      9
  AVERAGE         72                        63      9

PRECIPITATION (IN)
  YESTERDAY        0.00          3.19 2014   0.16  -0.16
  MONTH TO DATE    0.95                      3.69  -2.74
  SINCE JAN 1     11.91                     15.49  -3.58

SNOWFALL (IN)
  YESTERDAY        0.0           0.0  2002
                                      2001
  MONTH TO DATE    0.0
  SINCE MAR 1      0.0
  SINCE JUL 1     11.3

DEGREE DAYS
 HEATING
  YESTERDAY        0                               -4
  MONTH TO DATE  136                              -74
  SINCE MAR 1    426                             -257
  SINCE JUL 1   2669                             -952

 COOLING
  YESTERDAY        7                                5
  MONTH TO DATE   57                               21
  SINCE MAR 1     71                               27
  SINCE JAN 1     71                               27
...............................................................


WIND (MPH)
  HIGHEST WIND SPEED    15   HIGHEST WIND DIRECTION     W (270)
  HIGHEST GUST SPEED    24   HIGHEST GUST DIRECTION     W (250)
  AVERAGE WIND SPEED     5.4



WEATHER CONDITIONS
 THE FOLLOWING WEATHER WAS RECORDED YESTERDAY.
  NO SIGNIFICANT WEATHER WAS OBSERVED.


RELATIVE HUMIDITY (PERCENT)
 HIGHEST    93
 LOWEST     34

..........................................................


THE NASHVILLE CLIMATE NORMALS FOR TODAY
                         NORMAL    RECORD    YEAR
 MAXIMUM TEMPERATURE (F)   74        90      1894
 MINIMUM TEMPERATURE (F)   52        35      1992


SUNRISE AND SUNSET
APRIL 29 2016.........SUNRISE   556 AM CDT   SUNSET   733 PM CDT
APRIL 30 2016.........SUNRISE   555 AM CDT   SUNSET   734 PM CDT


-  INDICATES NEGATIVE NUMBERS.
R  INDICATES RECORD WAS SET OR TIED.
MM INDICATES DATA IS MISSING.
T  INDICATES TRACE AMOUNT.




$$
