000
CDUS44 KOHX 250701
CLIBNA


CLIMATE REPORT
NATIONAL WEATHER SERVICE NASHVILLE TN
201 AM CDT WED MAY 25 2016


...................................

...THE NASHVILLE CLIMATE SUMMARY FOR MAY 24 2016...

CLIMATE NORMAL PERIOD 1981 TO 2010
CLIMATE RECORD PERIOD 1871 TO 2016


WEATHER ITEM   OBSERVED TIME   RECORD YEAR NORMAL DEPARTURE
                VALUE   (LST)  VALUE       VALUE  FROM
                                                  NORMAL
...............................................................
TEMPERATURE (F)
 YESTERDAY
  MAXIMUM         87    307 PM  93    1996  80      7
  MINIMUM         55    450 AM  44    1931  59     -4
                                      1892
  AVERAGE         71                        70      1

PRECIPITATION (IN)
  YESTERDAY        0.00          3.28 2000   0.16  -0.16
  MONTH TO DATE    2.08                      4.36  -2.28
  SINCE JAN 1     14.16                     20.16  -6.00

SNOWFALL (IN)
  YESTERDAY        0.0           0.0  2002
                                      2001
  MONTH TO DATE    0.0
  SINCE MAR 1      0.0
  SINCE JUL 1     11.3

DEGREE DAYS
 HEATING
  YESTERDAY        0                               -1
  MONTH TO DATE   67                               16
  SINCE MAR 1    493                             -248
  SINCE JUL 1   2736                             -943

 COOLING
  YESTERDAY        6                                0
  MONTH TO DATE   71                              -17
  SINCE MAR 1    150                               17
  SINCE JAN 1    150                               17
...............................................................


WIND (MPH)
  HIGHEST WIND SPEED    15   HIGHEST WIND DIRECTION     S (180)
  HIGHEST GUST SPEED    18   HIGHEST GUST DIRECTION     S (190)
  AVERAGE WIND SPEED     3.8



WEATHER CONDITIONS
 THE FOLLOWING WEATHER WAS RECORDED YESTERDAY.
  NO SIGNIFICANT WEATHER WAS OBSERVED.


RELATIVE HUMIDITY (PERCENT)
 HIGHEST    86
 LOWEST     29

..........................................................


THE NASHVILLE CLIMATE NORMALS FOR TODAY
                         NORMAL    RECORD    YEAR
 MAXIMUM TEMPERATURE (F)   80        93      1926
 MINIMUM TEMPERATURE (F)   59        43      1925


SUNRISE AND SUNSET
MAY 25 2016...........SUNRISE   534 AM CDT   SUNSET   754 PM CDT
MAY 26 2016...........SUNRISE   533 AM CDT   SUNSET   755 PM CDT


-  INDICATES NEGATIVE NUMBERS.
R  INDICATES RECORD WAS SET OR TIED.
MM INDICATES DATA IS MISSING.
T  INDICATES TRACE AMOUNT.




$$
