476
CDUS44 KOHX 240040
CLIBNA


CLIMATE REPORT
NATIONAL WEATHER SERVICE NASHVILLE TN
739 PM CDT SAT SEP 23 2017


...................................

...THE NASHVILLE CLIMATE SUMMARY FOR SEPTEMBER 23 2017...
VALID TODAY AS OF 0400 PM LOCAL TIME.

CLIMATE NORMAL PERIOD 1981 TO 2010
CLIMATE RECORD PERIOD 1871 TO 2017


WEATHER ITEM   OBSERVED TIME   RECORD YEAR NORMAL DEPARTURE
                VALUE   (LST)  VALUE       VALUE  FROM
                                                  NORMAL
...............................................................
TEMPERATURE (F)
 TODAY
  MAXIMUM         92    113 PM  95    1940  80     12
                                      1931
  MINIMUM         68    603 AM  42    1982  58     10
                                      1927
  AVERAGE         80                        69     11

PRECIPITATION (IN)
  TODAY            0.00          2.95 2006   0.12  -0.12
  MONTH TO DATE    3.58                      2.57   1.01
  SINCE JAN 1     40.42                     34.82   5.60

SNOWFALL (IN)
  TODAY            0.0           0.0  2002
                                      2001
                                      2000
  MONTH TO DATE    0.0
  SINCE SEP 1      0.0
  SINCE JUL 1      0.0

DEGREE DAYS
 HEATING
  TODAY            0                               -1
  MONTH TO DATE   12                                4
  SINCE SEP 1     12                                4
  SINCE JUL 1     12                                4

 COOLING
  TODAY           15                               10
  MONTH TO DATE  155                              -36
  SINCE SEP 1    155                              -36
  SINCE JAN 1   1735                              170
...............................................................


WIND (MPH)
  HIGHEST WIND SPEED    12   HIGHEST WIND DIRECTION    NE (50)
  HIGHEST GUST SPEED    14   HIGHEST GUST DIRECTION    NE (50)
  AVERAGE WIND SPEED     2.2




RELATIVE HUMIDITY (PERCENT)
 HIGHEST    97
 LOWEST     41
 AVERAGE    69

..........................................................


THE NASHVILLE CLIMATE NORMALS FOR TOMORROW
                         NORMAL    RECORD    YEAR
 MAXIMUM TEMPERATURE (F)   79        94      1961
 MINIMUM TEMPERATURE (F)   57        36      1983


SUNRISE AND SUNSET
SEPTEMBER 23 2017.....SUNRISE   636 AM CDT   SUNSET   642 PM CDT
SEPTEMBER 24 2017.....SUNRISE   636 AM CDT   SUNSET   640 PM CDT


-  INDICATES NEGATIVE NUMBERS.
R  INDICATES RECORD WAS SET OR TIED.
MM INDICATES DATA IS MISSING.
T  INDICATES TRACE AMOUNT.




$$
