000
CDUS45 KBOI 280934
CLIBNO


CLIMATE REPORT
NATIONAL WEATHER SERVICE BOISE ID
334 AM MDT TUE JUL 28 2015


...................................

...THE BURNS OR CLIMATE SUMMARY FOR JULY 27 2015...

CLIMATE NORMAL PERIOD 1981 TO 2010
CLIMATE RECORD PERIOD 1938 TO 2015


WEATHER ITEM   OBSERVED TIME   RECORD YEAR NORMAL DEPARTURE LAST
                VALUE   (LST)  VALUE       VALUE  FROM      YEAR
                                                  NORMAL
..................................................................
TEMPERATURE (F)
 YESTERDAY
  MAXIMUM         73    415 PM 101    1939  88    -15       96
  MINIMUM         42    519 AM  39    1993  48     -6       51
  AVERAGE         58                        68    -10       74

PRECIPITATION (IN)
  YESTERDAY        0.00          0.10 1997   0.02  -0.02     0.00
  MONTH TO DATE    0.51                      0.35   0.16     0.32
  SINCE OCT 1      9.07                     10.07  -1.00     6.69
  SINCE JAN 1      4.57                      6.57  -2.00     5.72

DEGREE DAYS
 HEATING
  YESTERDAY        7                         1      6        0
  MONTH TO DATE   21                        53    -32       12
  SINCE JUN 1     70                       271   -201      197
  SINCE JUL 1     21                        53    -32       12

 COOLING
  YESTERDAY        0                         4     -4        9
  MONTH TO DATE   98                        90      8      161
  SINCE JUN 1    208                       110     98      169
  SINCE JAN 1    211                       113     98      169
..................................................................


WIND (MPH)
  HIGHEST WIND SPEED    21   HIGHEST WIND DIRECTION     W (280)
  HIGHEST GUST SPEED    27   HIGHEST GUST DIRECTION    NW (300)
  AVERAGE WIND SPEED     9.2


SKY COVER
  POSSIBLE SUNSHINE  MM
  AVERAGE SKY COVER 0.0


WEATHER CONDITIONS
 THE FOLLOWING WEATHER WAS RECORDED YESTERDAY.
  NO SIGNIFICANT WEATHER WAS OBSERVED.


RELATIVE HUMIDITY (PERCENT)
 HIGHEST    76           300 AM
 LOWEST     17           500 PM
 AVERAGE    47

..........................................................


THE BURNS OR CLIMATE NORMALS FOR TODAY
                         NORMAL    RECORD    YEAR
 MAXIMUM TEMPERATURE (F)   88       101      1968
 MINIMUM TEMPERATURE (F)   48        38      1959


SUNRISE AND SUNSET
JULY 28 2015..........SUNRISE   541 AM PDT   SUNSET   823 PM PDT
JULY 29 2015..........SUNRISE   542 AM PDT   SUNSET   822 PM PDT


-  INDICATES NEGATIVE NUMBERS.
R  INDICATES RECORD WAS SET OR TIED.
MM INDICATES DATA IS MISSING.
T  INDICATES TRACE AMOUNT.




$$
