000
CDUS45 KBOI 250121
CLIBNO


CLIMATE REPORT
NATIONAL WEATHER SERVICE BOISE ID
721 PM MDT SUN JUL 24 2016


...................................

...THE BURNS OR CLIMATE SUMMARY FOR JULY 24 2016...
VALID TODAY AS OF 0600 PM LOCAL TIME.

CLIMATE NORMAL PERIOD 1981 TO 2010
CLIMATE RECORD PERIOD 1938 TO 2016


WEATHER ITEM   OBSERVED TIME   RECORD YEAR NORMAL DEPARTURE LAST
                VALUE   (LST)  VALUE       VALUE  FROM      YEAR
                                                  NORMAL
..................................................................
TEMPERATURE (F)
 TODAY
  MAXIMUM         91    433 PM  98    2004  88      3       86
  MINIMUM         42    447 AM  37    2014  48     -6       43
                                      2008
  AVERAGE         67                        68     -1       65

PRECIPITATION (IN)
  TODAY            0.00          0.19 2003   0.01  -0.01     0.00
  MONTH TO DATE    0.14                      0.31  -0.17     0.51
  SINCE OCT 1      9.26                     10.03  -0.77     9.07
  SINCE JAN 1      4.39                      6.53  -2.14     4.57

DEGREE DAYS
 HEATING
  TODAY            0                         1     -1        0
  MONTH TO DATE   57                        50      7       10
  SINCE JUN 1    237                       268    -31       59
  SINCE JUL 1     57                        50      7       10

 COOLING
  TODAY            2                         4     -2        0
  MONTH TO DATE   19                        78    -59       96
  SINCE JUN 1     77                        98    -21      206
  SINCE JAN 1     77                       101    -24      209
..................................................................


WIND (MPH)
  HIGHEST WIND SPEED    10   HIGHEST WIND DIRECTION     S (180)
  HIGHEST GUST SPEED    13   HIGHEST GUST DIRECTION     S (160)
  AVERAGE WIND SPEED     4.3



WEATHER CONDITIONS
 THE FOLLOWING WEATHER WAS RECORDED TODAY.
  NO SIGNIFICANT WEATHER WAS OBSERVED.


RELATIVE HUMIDITY (PERCENT)
 HIGHEST    60           400 AM
 LOWEST      8           500 PM
 AVERAGE    34

..........................................................


THE BURNS OR CLIMATE NORMALS FOR TOMORROW
                         NORMAL    RECORD    YEAR
 MAXIMUM TEMPERATURE (F)   88        97      2013
                                             1988
 MINIMUM TEMPERATURE (F)   48        37      1993


SUNRISE AND SUNSET
JULY 24 2016..........SUNRISE   537 AM PDT   SUNSET   827 PM PDT
JULY 25 2016..........SUNRISE   538 AM PDT   SUNSET   826 PM PDT


-  INDICATES NEGATIVE NUMBERS.
R  INDICATES RECORD WAS SET OR TIED.
MM INDICATES DATA IS MISSING.
T  INDICATES TRACE AMOUNT.




$$
