861
CDUS45 KBOI 200120
CLIBNO


CLIMATE REPORT
NATIONAL WEATHER SERVICE BOISE ID
720 PM MDT SAT AUG 19 2017


...................................

...THE BURNS OR CLIMATE SUMMARY FOR AUGUST 19 2017...
VALID TODAY AS OF 0600 PM LOCAL TIME.

CLIMATE NORMAL PERIOD 1981 TO 2010
CLIMATE RECORD PERIOD 1938 TO 2017


WEATHER ITEM   OBSERVED TIME   RECORD YEAR NORMAL DEPARTURE LAST
                VALUE   (LST)  VALUE       VALUE  FROM      YEAR
                                                  NORMAL
..................................................................
TEMPERATURE (F)
 TODAY
  MAXIMUM         86    326 PM  97    1967  84      2       94
  MINIMUM         47    552 AM  33    1996  44      3       51
  AVERAGE         67                        64      3       73

PRECIPITATION (IN)
  TODAY            0.00          0.71 1959   0.01  -0.01     0.00
  MONTH TO DATE    0.03                      0.22  -0.19      T
  SINCE OCT 1     11.88                     10.34   1.54     9.26
  SINCE JAN 1      8.37                      6.84   1.53     4.39

DEGREE DAYS
 HEATING
  TODAY            0                         3     -3        0
  MONTH TO DATE   10                        33    -23       28
  SINCE JUN 1    193                       309   -116      265
  SINCE JUL 1     10                        91    -81       85

 COOLING
  TODAY            2                         2      0        8
  MONTH TO DATE   50                        58     -8       82
  SINCE JUN 1    238                       187     51      218
  SINCE JAN 1    239                       190     49      218
..................................................................


WIND (MPH)
  HIGHEST WIND SPEED    16   HIGHEST WIND DIRECTION     N (340)
  HIGHEST GUST SPEED    22   HIGHEST GUST DIRECTION    NW (300)
  AVERAGE WIND SPEED     8.5



WEATHER CONDITIONS
 THE FOLLOWING WEATHER WAS RECORDED TODAY.
  NO SIGNIFICANT WEATHER WAS OBSERVED.


RELATIVE HUMIDITY (PERCENT)
 HIGHEST    50           500 AM
 LOWEST     11           300 PM
 AVERAGE    31

..........................................................


THE BURNS OR CLIMATE NORMALS FOR TOMORROW
                         NORMAL    RECORD    YEAR
 MAXIMUM TEMPERATURE (F)   84       100      2009
                                             1946
 MINIMUM TEMPERATURE (F)   44        35      1974


SUNRISE AND SUNSET
AUGUST 19 2017........SUNRISE   605 AM PDT   SUNSET   752 PM PDT
AUGUST 20 2017........SUNRISE   606 AM PDT   SUNSET   751 PM PDT


-  INDICATES NEGATIVE NUMBERS.
R  INDICATES RECORD WAS SET OR TIED.
MM INDICATES DATA IS MISSING.
T  INDICATES TRACE AMOUNT.




$$
