000
CDUS45 KBOI 240933
CLIBNO


CLIMATE REPORT
NATIONAL WEATHER SERVICE BOISE ID
332 AM MDT THU JUL 24 2014


...................................

...THE BURNS OR CLIMATE SUMMARY FOR JULY 23 2014...

CLIMATE NORMAL PERIOD 1981 TO 2010
CLIMATE RECORD PERIOD 1939 TO 2014


WEATHER ITEM   OBSERVED TIME   RECORD YEAR NORMAL DEPARTURE LAST
                VALUE   (LST)  VALUE       VALUE  FROM      YEAR
                                                  NORMAL
..................................................................
TEMPERATURE (F)
 YESTERDAY
  MAXIMUM         85    106 PM 103    2003  88     -3       97
  MINIMUM         44    439 AM  37    2011  48     -4       46
  AVERAGE         65                        68     -3       72

PRECIPITATION (IN)
  YESTERDAY        0.00          0.46 1984   0.01  -0.01     0.00
  MONTH TO DATE    0.32                      0.30   0.02      T
  SINCE OCT 1      6.69                     10.02  -3.33     7.31
  SINCE JAN 1      5.72                      6.52  -0.80     3.41

DEGREE DAYS
 HEATING
  YESTERDAY        0                         1     -1        0
  MONTH TO DATE    0                        49    -49        3
  SINCE JUN 1    185                       267    -82      191
  SINCE JUL 1      0                        49    -49        3

 COOLING
  YESTERDAY        0                         4     -4        7
  MONTH TO DATE  150                        74     76      173
  SINCE JUN 1    158                        94     64      227
  SINCE JAN 1    158                        97     61      228
..................................................................


WIND (MPH)
  HIGHEST WIND SPEED    30   HIGHEST WIND DIRECTION     S (180)
  HIGHEST GUST SPEED    37   HIGHEST GUST DIRECTION     S (180)
  AVERAGE WIND SPEED    11.1


SKY COVER
  POSSIBLE SUNSHINE  MM
  AVERAGE SKY COVER 0.1


WEATHER CONDITIONS
 THE FOLLOWING WEATHER WAS RECORDED YESTERDAY.
  NO SIGNIFICANT WEATHER WAS OBSERVED.


RELATIVE HUMIDITY (PERCENT)
 HIGHEST    92           500 AM
 LOWEST     16           300 PM
 AVERAGE    54

..........................................................


THE BURNS OR CLIMATE NORMALS FOR TODAY
                         NORMAL    RECORD    YEAR
 MAXIMUM TEMPERATURE (F)   88        98      2004
 MINIMUM TEMPERATURE (F)   48        37      2008


SUNRISE AND SUNSET
JULY 24 2014..........SUNRISE   537 AM PDT   SUNSET   827 PM PDT
JULY 25 2014..........SUNRISE   538 AM PDT   SUNSET   826 PM PDT


-  INDICATES NEGATIVE NUMBERS.
R  INDICATES RECORD WAS SET OR TIED.
MM INDICATES DATA IS MISSING.
T  INDICATES TRACE AMOUNT.




$$
