000
CDUS45 KBOI 300121
CLIBNO


CLIMATE REPORT
NATIONAL WEATHER SERVICE BOISE ID
720 PM MDT SAT APR 29 2017


...................................

...THE BURNS OR CLIMATE SUMMARY FOR APRIL 29 2017...
VALID TODAY AS OF 0600 PM LOCAL TIME.

CLIMATE NORMAL PERIOD 1981 TO 2010
CLIMATE RECORD PERIOD 1938 TO 2017


WEATHER ITEM   OBSERVED TIME   RECORD YEAR NORMAL DEPARTURE LAST
                VALUE   (LST)  VALUE       VALUE  FROM      YEAR
                                                  NORMAL
..................................................................
TEMPERATURE (F)
 TODAY
  MAXIMUM         60    452 PM  80    1968  61     -1       51
  MINIMUM         23    502 AM  15    1962  32     -9       37
  AVERAGE         42                        46     -4       44

PRECIPITATION (IN)
  TODAY            0.00          0.38 1948   0.03  -0.03      T
  MONTH TO DATE    1.18                      0.90   0.28     0.11
  SINCE OCT 1     11.39                      7.70   3.69     8.03
  SINCE JAN 1      7.88                      4.20   3.68     3.16

DEGREE DAYS
 HEATING
  TODAY           23                        19      4       21
  MONTH TO DATE  679                       636     43      457
  SINCE MAR 1   1474                      1493    -19     1199
  SINCE JUL 1   7348                      7021    327     6360

 COOLING
  TODAY            0                         0      0        0
  MONTH TO DATE    0                         0      0        0
  SINCE MAR 1      0                         0      0        0
  SINCE JAN 1      0                         0      0        0
..................................................................


WIND (MPH)
  HIGHEST WIND SPEED    13   HIGHEST WIND DIRECTION    SW (210)
  HIGHEST GUST SPEED    16   HIGHEST GUST DIRECTION     S (170)
  AVERAGE WIND SPEED     5.4



WEATHER CONDITIONS
 THE FOLLOWING WEATHER WAS RECORDED TODAY.
  NO SIGNIFICANT WEATHER WAS OBSERVED.


RELATIVE HUMIDITY (PERCENT)
 HIGHEST    88           400 AM
 LOWEST     24           100 PM
 AVERAGE    56

..........................................................


THE BURNS OR CLIMATE NORMALS FOR TOMORROW
                         NORMAL    RECORD    YEAR
 MAXIMUM TEMPERATURE (F)   61        81      1981
 MINIMUM TEMPERATURE (F)   32        18      2013


SUNRISE AND SUNSET
APRIL 29 2017.........SUNRISE   551 AM PDT   SUNSET   756 PM PDT
APRIL 30 2017.........SUNRISE   549 AM PDT   SUNSET   757 PM PDT


-  INDICATES NEGATIVE NUMBERS.
R  INDICATES RECORD WAS SET OR TIED.
MM INDICATES DATA IS MISSING.
T  INDICATES TRACE AMOUNT.




$$
