426
CDUS45 KBOI 220939
CLIBOI


CLIMATE REPORT
NATIONAL WEATHER SERVICE BOISE ID
339 AM MDT FRI MAY 22 2015


...................................

...THE BOISE ID CLIMATE SUMMARY FOR MAY 21 2015...

CLIMATE NORMAL PERIOD 1981 TO 2010
CLIMATE RECORD PERIOD 1878 TO 2015


WEATHER ITEM   OBSERVED TIME   RECORD YEAR NORMAL DEPARTURE LAST
                VALUE   (LST)  VALUE       VALUE  FROM      YEAR
                                                  NORMAL
..................................................................
TEMPERATURE (F)
 YESTERDAY
  MAXIMUM         73    521 PM  91    1919  73      0       76
  MINIMUM         52    506 AM  27    1887  48      4       50
  AVERAGE         63                        60      3       63

PRECIPITATION (IN)
  YESTERDAY        0.03          1.12 1932   0.04  -0.01     0.06
  MONTH TO DATE    1.30                      0.96   0.34     0.60
  SINCE OCT 1     10.50                      9.46   1.04    11.01
  SINCE JAN 1      4.59                      5.81  -1.22     8.10

SNOWFALL (IN)
  YESTERDAY        0.0           T    1960   0.0    0.0      0.0
  MONTH TO DATE    0.0                       0.0    0.0      0.0
  SINCE OCT 1     13.3                      19.2   -5.9     14.4
  SINCE JUL 1     13.3                      19.2   -5.9     14.4
  SNOW DEPTH       0

DEGREE DAYS
 HEATING
  YESTERDAY        2                         6     -4        2
  MONTH TO DATE  114                       176    -62      134
  SINCE MAR 1    988                      1241   -253     1153
  SINCE JUL 1   4583                      5400   -817     5493

 COOLING
  YESTERDAY        0                         2     -2        0
  MONTH TO DATE    2                        21    -19       10
  SINCE MAR 1      2                        24    -22       10
  SINCE JAN 1      2                        24    -22       10
..................................................................


WIND (MPH)
  HIGHEST WIND SPEED    14   HIGHEST WIND DIRECTION     E (110)
  HIGHEST GUST SPEED    17   HIGHEST GUST DIRECTION    SE (120)
  AVERAGE WIND SPEED     4.6


SKY COVER
  POSSIBLE SUNSHINE  MM
  AVERAGE SKY COVER 0.5


WEATHER CONDITIONS
 THE FOLLOWING WEATHER WAS RECORDED YESTERDAY.
  THUNDERSTORM


RELATIVE HUMIDITY (PERCENT)
 HIGHEST    77           300 AM
 LOWEST     35           400 PM
 AVERAGE    56

..........................................................


THE BOISE ID CLIMATE NORMALS FOR TODAY
                         NORMAL    RECORD    YEAR
 MAXIMUM TEMPERATURE (F)   74        93      1988
 MINIMUM TEMPERATURE (F)   48        28      1960


SUNRISE AND SUNSET
MAY 22 2015...........SUNRISE   614 AM MDT   SUNSET   910 PM MDT
MAY 23 2015...........SUNRISE   613 AM MDT   SUNSET   911 PM MDT


-  INDICATES NEGATIVE NUMBERS.
R  INDICATES RECORD WAS SET OR TIED.
MM INDICATES DATA IS MISSING.
T  INDICATES TRACE AMOUNT.




$$
