000
CDUS45 KBOI 220931
CLIBOI


CLIMATE REPORT
NATIONAL WEATHER SERVICE BOISE ID
331 AM MDT WED OCT 22 2014


...................................

...THE BOISE ID CLIMATE SUMMARY FOR OCTOBER 21 2014...

CLIMATE NORMAL PERIOD 1981 TO 2010
CLIMATE RECORD PERIOD 1878 TO 2014


WEATHER ITEM   OBSERVED TIME   RECORD YEAR NORMAL DEPARTURE LAST
                VALUE   (LST)  VALUE       VALUE  FROM      YEAR
                                                  NORMAL
..................................................................
TEMPERATURE (F)
 YESTERDAY
  MAXIMUM         60    446 PM  84    2003  62     -2       67
  MINIMUM         46   1159 PM  23    1996  39      7       39
  AVERAGE         53                        51      2       53

PRECIPITATION (IN)
  YESTERDAY        0.30          0.65 1974   0.03   0.27     0.00
  MONTH TO DATE    0.32                      0.46  -0.14     0.02
  SINCE OCT 1      0.32                      0.46  -0.14     0.02
  SINCE JAN 1      9.85                      8.54   1.31     6.68

SNOWFALL (IN)
  YESTERDAY        0.0           0.0  2006   0.0    0.0      0.0
  MONTH TO DATE    0.0                       0.0    0.0      0.0
  SINCE OCT 1      0.0                       0.0    0.0      0.0
  SINCE JUL 1      0.0                       0.0    0.0      0.0
  SNOW DEPTH       0

DEGREE DAYS
 HEATING
  YESTERDAY       12                        14     -2       12
  MONTH TO DATE  104                       220   -116      312
  SINCE SEP 1    156                       323   -167      403
  SINCE JUL 1    160                       341   -181      403

 COOLING
  YESTERDAY        0                         0      0        0
  MONTH TO DATE   10                         7      3        0
  SINCE SEP 1    146                       107     39      148
  SINCE JAN 1   1129                       941    188     1320
..................................................................


WIND (MPH)
  HIGHEST WIND SPEED    15   HIGHEST WIND DIRECTION     E (90)
  HIGHEST GUST SPEED    20   HIGHEST GUST DIRECTION     E (80)
  AVERAGE WIND SPEED     7.0


SKY COVER
  POSSIBLE SUNSHINE  MM
  AVERAGE SKY COVER 0.5


WEATHER CONDITIONS
 THE FOLLOWING WEATHER WAS RECORDED YESTERDAY.
  RAIN
  LIGHT RAIN
  FOG


RELATIVE HUMIDITY (PERCENT)
 HIGHEST    86           400 AM
 LOWEST     36           400 PM
 AVERAGE    61

..........................................................


THE BOISE ID CLIMATE NORMALS FOR TODAY
                         NORMAL    RECORD    YEAR
 MAXIMUM TEMPERATURE (F)   62        82      1915
 MINIMUM TEMPERATURE (F)   39        20      1980


SUNRISE AND SUNSET
OCTOBER 22 2014.......SUNRISE   808 AM MDT   SUNSET   650 PM MDT
OCTOBER 23 2014.......SUNRISE   809 AM MDT   SUNSET   649 PM MDT


-  INDICATES NEGATIVE NUMBERS.
R  INDICATES RECORD WAS SET OR TIED.
MM INDICATES DATA IS MISSING.
T  INDICATES TRACE AMOUNT.




$$
