000
CDUS41 KBOX 220541
CLIBOS


CLIMATE REPORT
NATIONAL WEATHER SERVICE TAUNTON MA
131 AM EDT SUN OCT 22 2017


...................................

...THE BOSTON MA CLIMATE SUMMARY FOR OCTOBER 21 2017...

CLIMATE NORMAL PERIOD 1981 TO 2010
CLIMATE RECORD PERIOD 1872 TO 2017


WEATHER ITEM   OBSERVED TIME   RECORD YEAR NORMAL DEPARTURE LAST
                VALUE   (LST)  VALUE       VALUE  FROM      YEAR
                                                  NORMAL
..................................................................
TEMPERATURE (F)
 YESTERDAY
  MAXIMUM         78    311 PM  82    1920  60     18       75
  MINIMUM         51    626 AM  30    1974  45      6       59
  AVERAGE         65                        52     13       67

PRECIPITATION (IN)
  YESTERDAY        0.00          1.78 1996   0.12  -0.12     1.11
                                      1944
  MONTH TO DATE    0.49                      2.67  -2.18     3.92
  SINCE SEP 1      4.22                      6.11  -1.89     5.30
  SINCE JAN 1     35.51                     34.73   0.78    25.56

SNOWFALL (IN)
  YESTERDAY        0.0           T    1964   0.0    0.0      0.0
  MONTH TO DATE    0.0                       0.0    0.0      0.0
  SINCE SEP 1      0.0                       0.0    0.0      0.0
  SINCE JUL 1      0.0                       0.0    0.0      0.0
  SNOW DEPTH      MM

DEGREE DAYS
 HEATING
  YESTERDAY        0                        13    -13        0
  MONTH TO DATE   80                       206   -126      145
  SINCE SEP 1    117                       290   -173      191
  SINCE JUL 1    129                       303   -174      198

 COOLING
  YESTERDAY        0                         0      0        2
  MONTH TO DATE   36                         6     30       13
  SINCE SEP 1    147                        87     60      141
  SINCE JAN 1    876                       746    130     1035
..................................................................


WIND (MPH)
  RESULTANT WIND SPEED   5   RESULTANT WIND DIRECTION  SW (230)
  HIGHEST WIND SPEED    13   HIGHEST WIND DIRECTION     W (270)
  HIGHEST GUST SPEED    20   HIGHEST GUST DIRECTION     W (260)
  AVERAGE WIND SPEED     6.7


SKY COVER
  POSSIBLE SUNSHINE  MM
  AVERAGE SKY COVER 0.2


WEATHER CONDITIONS
 THE FOLLOWING WEATHER WAS RECORDED YESTERDAY.
  NO SIGNIFICANT WEATHER WAS OBSERVED.


RELATIVE HUMIDITY (PERCENT)
 HIGHEST    64           200 AM
 LOWEST     22           200 PM
 AVERAGE    43

..........................................................


THE BOSTON MA CLIMATE NORMALS FOR TODAY
                         NORMAL    RECORD    YEAR
 MAXIMUM TEMPERATURE (F)   59        83      1979
 MINIMUM TEMPERATURE (F)   45        28      1940


SUNRISE AND SUNSET
OCTOBER 22 2017.......SUNRISE   705 AM EDT   SUNSET   551 PM EDT
OCTOBER 23 2017.......SUNRISE   707 AM EDT   SUNSET   550 PM EDT


-  INDICATES NEGATIVE NUMBERS.
R  INDICATES RECORD WAS SET OR TIED.
MM INDICATES DATA IS MISSING.
T  INDICATES TRACE AMOUNT.




$$
