000
CDUS45 KRIW 310911
CLIBPI


CLIMATE REPORT
NATIONAL WEATHER SERVICE RIVERTON WY
310 AM MDT FRI JUL 31 2015


...................................

...THE BIG PINEY WY CLIMATE SUMMARY FOR JULY 30 2015...

CLIMATE NORMAL PERIOD 1981 TO 2010
CLIMATE RECORD PERIOD 1976 TO 2015


WEATHER ITEM   OBSERVED TIME   RECORD YEAR NORMAL DEPARTURE LAST
                VALUE   (LST)  VALUE       VALUE  FROM      YEAR
                                                  NORMAL
..................................................................
TEMPERATURE (F)
 YESTERDAY
  MAXIMUM         82    538 PM  93    1982  82      0       61
  MINIMUM         35    513 AM  32    1977  44     -9       46
  AVERAGE         59                        63     -4       54

PRECIPITATION (IN)
  YESTERDAY        0.00          0.40 1976   0.03  -0.03     0.06
  MONTH TO DATE    1.73                      0.68   1.05     0.44
  SINCE JUN 1      1.96                      1.47   0.49     0.62
  SINCE JAN 1      4.94                      3.94   1.00     1.77

DEGREE DAYS
 HEATING
  YESTERDAY        6                         3      3       11
  MONTH TO DATE  155                       112     43       47
  SINCE JUN 1    290                       417   -127      394
  SINCE JUL 1    155                       112     43       47

 COOLING
  YESTERDAY        0                         1     -1        0
  MONTH TO DATE   18                        22     -4       26
  SINCE JUN 1     42                        24     18       26
  SINCE JAN 1     42                        24     18       26
..................................................................


WIND (MPH)
  HIGHEST WIND SPEED    14   HIGHEST WIND DIRECTION     N (340)
  HIGHEST GUST SPEED    16   HIGHEST GUST DIRECTION     N (20)
  AVERAGE WIND SPEED     5.5


SKY COVER
  POSSIBLE SUNSHINE  MM
  AVERAGE SKY COVER 0.0


WEATHER CONDITIONS
 THE FOLLOWING WEATHER WAS RECORDED YESTERDAY.
  NO SIGNIFICANT WEATHER WAS OBSERVED.


RELATIVE HUMIDITY (PERCENT)
 HIGHEST    70           500 AM
 LOWEST     11           300 PM
 AVERAGE    41

..........................................................


THE BIG PINEY WY CLIMATE NORMALS FOR TODAY
                         NORMAL    RECORD    YEAR
 MAXIMUM TEMPERATURE (F)   82        92      2003
 MINIMUM TEMPERATURE (F)   44        28      1987


SUNRISE AND SUNSET
JULY 31 2015..........SUNRISE   611 AM MDT   SUNSET   842 PM MDT
AUGUST  1 2015........SUNRISE   612 AM MDT   SUNSET   841 PM MDT


-  INDICATES NEGATIVE NUMBERS.
R  INDICATES RECORD WAS SET OR TIED.
MM INDICATES DATA IS MISSING.
T  INDICATES TRACE AMOUNT.




$$
