000
CDUS45 KRIW 180746
CLIBPI


CLIMATE REPORT
NATIONAL WEATHER SERVICE RIVERTON WY
1240 AM MST WED JAN 18 2017


...................................

...THE BIG PINEY WY CLIMATE SUMMARY FOR JANUARY 17 2017...

CLIMATE NORMAL PERIOD 1981 TO 2010
CLIMATE RECORD PERIOD 1976 TO 2017


WEATHER ITEM   OBSERVED TIME   RECORD YEAR NORMAL DEPARTURE LAST
                VALUE   (LST)  VALUE       VALUE  FROM      YEAR
                                                  NORMAL
..................................................................
TEMPERATURE (F)
 YESTERDAY
  MAXIMUM          4    318 PM  41    2014  26    -22       34
                                      1994
  MINIMUM        -23R   212 AM -21    2007  -4    -19        6
  AVERAGE         -9                        11    -20       20

PRECIPITATION (IN)
  YESTERDAY        0.00          0.30 1996   0.01  -0.01     0.00
  MONTH TO DATE    0.53                      0.18   0.35     0.03
  SINCE DEC 1      1.08                      0.48   0.60     0.14
  SINCE JAN 1      0.53                      0.18   0.35     0.03

DEGREE DAYS
 HEATING
  YESTERDAY       74                        54     20       45
  MONTH TO DATE 1107                       918    189      899
  SINCE DEC 1   2835                      2542    293     2571
  SINCE JUL 1   5284                      5357    -73     5052

 COOLING
  YESTERDAY        0                         0      0        0
  MONTH TO DATE    0                         0      0        0
  SINCE DEC 1      0                         0      0        0
  SINCE JAN 1      0                         0      0        0
..................................................................


WIND (MPH)
  HIGHEST WIND SPEED     7   HIGHEST WIND DIRECTION     E (80)
  HIGHEST GUST SPEED     7   HIGHEST GUST DIRECTION     E (90)
  AVERAGE WIND SPEED     2.4


SKY COVER
  POSSIBLE SUNSHINE  MM
  AVERAGE SKY COVER 0.0


WEATHER CONDITIONS
 THE FOLLOWING WEATHER WAS RECORDED YESTERDAY.
  FOG
  HAZE


RELATIVE HUMIDITY (PERCENT)
 HIGHEST   100          1000 AM
 LOWEST     72           300 PM
 AVERAGE    86

..........................................................


THE BIG PINEY WY CLIMATE NORMALS FOR TODAY
                         NORMAL    RECORD    YEAR
 MAXIMUM TEMPERATURE (F)   26        47      1985
 MINIMUM TEMPERATURE (F)   -4       -47      1984


SUNRISE AND SUNSET
JANUARY 18 2017.......SUNRISE   746 AM MST   SUNSET   517 PM MST
JANUARY 19 2017.......SUNRISE   745 AM MST   SUNSET   518 PM MST


-  INDICATES NEGATIVE NUMBERS.
R  INDICATES RECORD WAS SET OR TIED.
MM INDICATES DATA IS MISSING.
T  INDICATES TRACE AMOUNT.




$$
