000
CDUS45 KRIW 010737
CLIBPI


CLIMATE REPORT
NATIONAL WEATHER SERVICE RIVERTON WY
1234 AM MST SUN FEB 1 2015


...................................

...THE BIG PINEY WY CLIMATE SUMMARY FOR JANUARY 31 2015...

CLIMATE NORMAL PERIOD 1981 TO 2010
CLIMATE RECORD PERIOD 1976 TO 2015


WEATHER ITEM   OBSERVED TIME   RECORD YEAR NORMAL DEPARTURE LAST
                VALUE   (LST)  VALUE       VALUE  FROM      YEAR
                                                  NORMAL
..................................................................
TEMPERATURE (F)
 YESTERDAY
  MAXIMUM         41   1244 PM  48    2003  26     15       27
  MINIMUM         16    728 AM -44    1979  -2     18       -8
  AVERAGE         29                        11     18       10

PRECIPITATION (IN)
  YESTERDAY        0.00          0.01 2006   0.01  -0.01     0.00
  MONTH TO DATE    0.01                      0.31  -0.30     0.02
  SINCE DEC 1      0.13                      0.61  -0.48     0.21
  SINCE JAN 1      0.01                      0.31  -0.30     0.02

DEGREE DAYS
 HEATING
  YESTERDAY       36                        54    -18       55
  MONTH TO DATE 1427                      1674   -247     1484
  SINCE DEC 1   2811                      3298   -487     3138
  SINCE JUL 1   5039                      6113  -1074     5603

 COOLING
  YESTERDAY        0                         0      0        0
  MONTH TO DATE    0                         0      0        0
  SINCE DEC 1      0                         0      0        0
  SINCE JAN 1      0                         0      0        0
..................................................................


WIND (MPH)
  HIGHEST WIND SPEED    28   HIGHEST WIND DIRECTION     N (350)
  HIGHEST GUST SPEED    35   HIGHEST GUST DIRECTION     N (340)
  AVERAGE WIND SPEED    10.0


SKY COVER
  POSSIBLE SUNSHINE  MM
  AVERAGE SKY COVER 0.2


WEATHER CONDITIONS
 THE FOLLOWING WEATHER WAS RECORDED YESTERDAY.
  FOG


RELATIVE HUMIDITY (PERCENT)
 HIGHEST    92           400 AM
 LOWEST     33           200 PM
 AVERAGE    63

..........................................................


THE BIG PINEY WY CLIMATE NORMALS FOR TODAY
                         NORMAL    RECORD    YEAR
 MAXIMUM TEMPERATURE (F)   26        50      2003
 MINIMUM TEMPERATURE (F)   -2       -44      1985


SUNRISE AND SUNSET
FEBRUARY  1 2015......SUNRISE   735 AM MST   SUNSET   534 PM MST
FEBRUARY  2 2015......SUNRISE   734 AM MST   SUNSET   535 PM MST


-  INDICATES NEGATIVE NUMBERS.
R  INDICATES RECORD WAS SET OR TIED.
MM INDICATES DATA IS MISSING.
T  INDICATES TRACE AMOUNT.




$$
