507
CDUS45 KRIW 100822
CLIBPI


CLIMATE REPORT
NATIONAL WEATHER SERVICE RIVERTON WY
122 AM MST SAT DEC 10 2016


...................................

...THE BIG PINEY WY CLIMATE SUMMARY FOR DECEMBER 9 2016...

CLIMATE NORMAL PERIOD 1981 TO 2010
CLIMATE RECORD PERIOD 1976 TO 2016


WEATHER ITEM   OBSERVED TIME   RECORD YEAR NORMAL DEPARTURE LAST
                VALUE   (LST)  VALUE       VALUE  FROM      YEAR
                                                  NORMAL
..................................................................
TEMPERATURE (F)
 YESTERDAY
  MAXIMUM         19    241 PM  46    2014  27     -8       45
  MINIMUM          5    840 AM -27    2009   0      5       16
  AVERAGE         12                        13     -1       31

PRECIPITATION (IN)
  YESTERDAY        0.07          0.08 1992   0.01   0.06      T
  MONTH TO DATE    0.12                      0.08   0.04      T
  SINCE DEC 1      0.12                      0.08   0.04      T
  SINCE JAN 1     12.16                      6.26   5.90     6.76

DEGREE DAYS
 HEATING
  YESTERDAY       53                        52      1       34
  MONTH TO DATE  507                       453     54      445
  SINCE DEC 1    507                       453     54      445
  SINCE JUL 1   2956                      3268   -312     2926

 COOLING
  YESTERDAY        0                         0      0        0
  MONTH TO DATE    0                         0      0        0
  SINCE DEC 1      0                         0      0        0
  SINCE JAN 1     23                        35    -12       53
..................................................................


WIND (MPH)
  HIGHEST WIND SPEED     8   HIGHEST WIND DIRECTION     N (340)
  HIGHEST GUST SPEED     9   HIGHEST GUST DIRECTION    NE (60)
  AVERAGE WIND SPEED     2.4


SKY COVER
  POSSIBLE SUNSHINE  MM
  AVERAGE SKY COVER 0.9


WEATHER CONDITIONS
 THE FOLLOWING WEATHER WAS RECORDED YESTERDAY.
  SNOW
  LIGHT SNOW
  FOG
  HAZE


RELATIVE HUMIDITY (PERCENT)
 HIGHEST    96          1000 PM
 LOWEST     83           400 AM
 AVERAGE    90

..........................................................


THE BIG PINEY WY CLIMATE NORMALS FOR TODAY
                         NORMAL    RECORD    YEAR
 MAXIMUM TEMPERATURE (F)   27        49      2014
 MINIMUM TEMPERATURE (F)    0       -28      2009


SUNRISE AND SUNSET
DECEMBER 10 2016......SUNRISE   740 AM MST   SUNSET   447 PM MST
DECEMBER 11 2016......SUNRISE   741 AM MST   SUNSET   447 PM MST


-  INDICATES NEGATIVE NUMBERS.
R  INDICATES RECORD WAS SET OR TIED.
MM INDICATES DATA IS MISSING.
T  INDICATES TRACE AMOUNT.




$$
