000
CDUS45 KRIW 160735
CLIBPI


CLIMATE REPORT
NATIONAL WEATHER SERVICE RIVERTON WY
133 AM MDT WED APR 16 2014


...................................

...THE BIG PINEY WY CLIMATE SUMMARY FOR APRIL 15 2014...

CLIMATE NORMAL PERIOD 1981 TO 2010
CLIMATE RECORD PERIOD 1976 TO 2014


WEATHER ITEM   OBSERVED TIME   RECORD YEAR NORMAL DEPARTURE LAST
                VALUE   (LST)  VALUE       VALUE  FROM      YEAR
                                                  NORMAL
..................................................................
TEMPERATURE (F)
 YESTERDAY
  MAXIMUM         57   1232 PM  66    1988  52      5       37
  MINIMUM         20    613 AM   8    1980  22     -2       17
  AVERAGE         39                        37      2       27

PRECIPITATION (IN)
  YESTERDAY        T             0.35 1998   0.02  -0.02     0.01
  MONTH TO DATE    0.02                      0.24  -0.22     0.16
  SINCE MAR 1      0.14                      0.68  -0.54     0.19
  SINCE JAN 1      0.18                      1.34  -1.16     0.35

DEGREE DAYS
 HEATING
  YESTERDAY       26                        28     -2       38
  MONTH TO DATE  456                       448      8      458
  SINCE MAR 1   1515                      1620   -105     1576
  SINCE JUL 1   8459                      9143   -684     8440

 COOLING
  YESTERDAY        0                         0      0        0
  MONTH TO DATE    0                         0      0        0
  SINCE MAR 1      0                         0      0        0
  SINCE JAN 1      0                         0      0        0
..................................................................


WIND (MPH)
  HIGHEST WIND SPEED    38   HIGHEST WIND DIRECTION    NW (320)
  HIGHEST GUST SPEED    47   HIGHEST GUST DIRECTION     W (290)
  AVERAGE WIND SPEED    13.6


SKY COVER
  POSSIBLE SUNSHINE  MM
  AVERAGE SKY COVER 0.1


WEATHER CONDITIONS
 THE FOLLOWING WEATHER WAS RECORDED YESTERDAY.
  LIGHT SNOW
  FOG
  HAZE


RELATIVE HUMIDITY (PERCENT)
 HIGHEST    92          1100 PM
 LOWEST     16          1200 PM
 AVERAGE    54

..........................................................


THE BIG PINEY WY CLIMATE NORMALS FOR TODAY
                         NORMAL    RECORD    YEAR
 MAXIMUM TEMPERATURE (F)   53        72      1994
 MINIMUM TEMPERATURE (F)   22        10      2008


SUNRISE AND SUNSET
APRIL 16 2014.........SUNRISE   637 AM MDT   SUNSET   804 PM MDT
APRIL 17 2014.........SUNRISE   636 AM MDT   SUNSET   805 PM MDT


-  INDICATES NEGATIVE NUMBERS.
R  INDICATES RECORD WAS SET OR TIED.
MM INDICATES DATA IS MISSING.
T  INDICATES TRACE AMOUNT.




$$
