000
CDUS45 KRIW 220034
CLIBPI


CLIMATE REPORT
NATIONAL WEATHER SERVICE RIVERTON WY
532 PM MST TUE NOV 21 2017


...................................

...THE BIG PINEY WY CLIMATE SUMMARY FOR NOVEMBER 21 2017...
VALID TODAY AS OF 0500 PM LOCAL TIME.

CLIMATE NORMAL PERIOD 1981 TO 2010
CLIMATE RECORD PERIOD 1976 TO 2017


WEATHER ITEM   OBSERVED TIME   RECORD YEAR NORMAL DEPARTURE LAST
                VALUE   (LST)  VALUE       VALUE  FROM      YEAR
                                                  NORMAL
..................................................................
TEMPERATURE (F)
 TODAY
  MAXIMUM         48        MM  53    1989  34     14       38
  MINIMUM         23        MM -10    2015   8     15       29
  AVERAGE         36

PRECIPITATION (IN)
  TODAY            T             0.25 2013   0.00   0.00     0.22
  MONTH TO DATE    0.23                      0.15   0.08     0.50
  SINCE SEP 1      1.96                      1.46   0.50     4.53
  SINCE JAN 1      9.06                      6.12   2.94    12.01

DEGREE DAYS
 HEATING
  TODAY           29                        44    -15       31
  MONTH TO DATE  767                       815    -48      641
  SINCE SEP 1   2074                      2102    -28     1778
  SINCE JUL 1   2261                      2395   -134     2061

 COOLING
  TODAY            0                         0      0        0
  MONTH TO DATE    0                         0      0        0
  SINCE SEP 1      0                         0      0        0
  SINCE JAN 1     27                        35     -8       23
..................................................................


WIND (MPH)
  HIGHEST WIND SPEED    10   HIGHEST WIND DIRECTION     N (340)
  HIGHEST GUST SPEED    MM   HIGHEST GUST DIRECTION    MM
  AVERAGE WIND SPEED     4.9


SKY COVER
  POSSIBLE SUNSHINE  MM
  AVERAGE SKY COVER 0.6


WEATHER CONDITIONS
 THE FOLLOWING WEATHER WAS RECORDED TODAY.
  LIGHT SNOW
  FOG
  FOG W/VISIBILITY <= 1/4 MILE


RELATIVE HUMIDITY (PERCENT)
 HIGHEST   100          1200 AM
 LOWEST     60           200 PM
 AVERAGE    80

..........................................................


THE BIG PINEY WY CLIMATE NORMALS FOR TOMORROW
                         NORMAL    RECORD    YEAR
 MAXIMUM TEMPERATURE (F)   34        56      2014
 MINIMUM TEMPERATURE (F)    7       -17      2013


SUNRISE AND SUNSET
NOVEMBER 21 2017......SUNRISE   719 AM MST   SUNSET   453 PM MST
NOVEMBER 22 2017......SUNRISE   721 AM MST   SUNSET   452 PM MST


-  INDICATES NEGATIVE NUMBERS.
R  INDICATES RECORD WAS SET OR TIED.
MM INDICATES DATA IS MISSING.
T  INDICATES TRACE AMOUNT.




$$
