000
CDUS45 KRIW 300043
CLIBPI


CLIMATE REPORT
NATIONAL WEATHER SERVICE RIVERTON WY
640 PM MDT TUE JUL 29 2014


...................................

...THE BIG PINEY WY CLIMATE SUMMARY FOR JULY 29 2014...
VALID TODAY AS OF 0500 PM LOCAL TIME.

CLIMATE NORMAL PERIOD 1981 TO 2010
CLIMATE RECORD PERIOD 1976 TO 2014


WEATHER ITEM   OBSERVED TIME   RECORD YEAR NORMAL DEPARTURE LAST
                VALUE   (LST)  VALUE       VALUE  FROM      YEAR
                                                  NORMAL
..................................................................
TEMPERATURE (F)
 TODAY
  MAXIMUM         70   1200 AM  90    2006  82    -12       77
  MINIMUM         57        MM  31    1986  44     13       39
  AVERAGE         64

PRECIPITATION (IN)
  TODAY            0.06          0.33 2013   0.02   0.04     0.33
  MONTH TO DATE    0.34                      0.65  -0.31     0.87
  SINCE JUN 1      0.52                      1.44  -0.92     0.87
  SINCE JAN 1      1.67                      3.91  -2.24     2.57

DEGREE DAYS
 HEATING
  TODAY            1                         3     -2        7
  MONTH TO DATE   35                       109    -74       21
  SINCE JUN 1    382                       414    -32      238
  SINCE JUL 1     35                       109    -74       21

 COOLING
  TODAY            0                         1     -1        0
  MONTH TO DATE   26                        21      5       57
  SINCE JUN 1     26                        23      3       77
  SINCE JAN 1     26                        23      3       77
..................................................................


WIND (MPH)
  HIGHEST WIND SPEED    15   HIGHEST WIND DIRECTION    NE (30)
  HIGHEST GUST SPEED    MM   HIGHEST GUST DIRECTION    MM
  AVERAGE WIND SPEED     5.7


SKY COVER
  POSSIBLE SUNSHINE  MM
  AVERAGE SKY COVER 0.9


WEATHER CONDITIONS
 THE FOLLOWING WEATHER WAS RECORDED TODAY.
  RAIN
  LIGHT RAIN
  FOG


RELATIVE HUMIDITY (PERCENT)
 HIGHEST    93           300 PM
 LOWEST     33          1200 AM
 AVERAGE    63

..........................................................


THE BIG PINEY WY CLIMATE NORMALS FOR TOMORROW
                         NORMAL    RECORD    YEAR
 MAXIMUM TEMPERATURE (F)   82        93      1982
 MINIMUM TEMPERATURE (F)   44        32      1977


SUNRISE AND SUNSET
JULY 29 2014..........SUNRISE   609 AM MDT   SUNSET   844 PM MDT
JULY 30 2014..........SUNRISE   610 AM MDT   SUNSET   843 PM MDT


-  INDICATES NEGATIVE NUMBERS.
R  INDICATES RECORD WAS SET OR TIED.
MM INDICATES DATA IS MISSING.
T  INDICATES TRACE AMOUNT.




$$
