000
CDUS45 KRIW 280738
CLIBPI


CLIMATE REPORT
NATIONAL WEATHER SERVICE RIVERTON WY
129 AM MDT WED SEP 28 2016


...................................

...THE BIG PINEY WY CLIMATE SUMMARY FOR SEPTEMBER 27 2016...

CLIMATE NORMAL PERIOD 1981 TO 2010
CLIMATE RECORD PERIOD 1976 TO 2016


WEATHER ITEM   OBSERVED TIME   RECORD YEAR NORMAL DEPARTURE LAST
                VALUE   (LST)  VALUE       VALUE  FROM      YEAR
                                                  NORMAL
..................................................................
TEMPERATURE (F)
 YESTERDAY
  MAXIMUM         74    327 PM  83    2010  63     11       80
  MINIMUM         32    632 AM   9    1996  28      4       39
  AVERAGE         53                        45      8       60

PRECIPITATION (IN)
  YESTERDAY        0.00          0.70 2014   0.03  -0.03     0.00
  MONTH TO DATE    1.56                      0.71   0.85     0.24
  SINCE SEP 1      1.56                      0.71   0.85     0.24
  SINCE JAN 1      9.04                      5.37   3.67     5.57

DEGREE DAYS
 HEATING
  YESTERDAY       12                        20     -8        5
  MONTH TO DATE  335                       397    -62      285
  SINCE SEP 1    335                       397    -62      285
  SINCE JUL 1    618                       690    -72      562

 COOLING
  YESTERDAY        0                         0      0        0
  MONTH TO DATE    0                         0      0        0
  SINCE SEP 1      0                         0      0        0
  SINCE JAN 1     23                        35    -12       53
..................................................................


WIND (MPH)
  HIGHEST WIND SPEED    12   HIGHEST WIND DIRECTION     N (350)
  HIGHEST GUST SPEED    12   HIGHEST GUST DIRECTION    NW (330)
  AVERAGE WIND SPEED     3.0


SKY COVER
  POSSIBLE SUNSHINE  MM
  AVERAGE SKY COVER 0.0


WEATHER CONDITIONS
 THE FOLLOWING WEATHER WAS RECORDED YESTERDAY.
  NO SIGNIFICANT WEATHER WAS OBSERVED.


RELATIVE HUMIDITY (PERCENT)
 HIGHEST    96           700 AM
 LOWEST     25           100 PM
 AVERAGE    61

..........................................................


THE BIG PINEY WY CLIMATE NORMALS FOR TODAY
                         NORMAL    RECORD    YEAR
 MAXIMUM TEMPERATURE (F)   63        84      2010
 MINIMUM TEMPERATURE (F)   27        14      1999


SUNRISE AND SUNSET
SEPTEMBER 28 2016.....SUNRISE   715 AM MDT   SUNSET   706 PM MDT
SEPTEMBER 29 2016.....SUNRISE   716 AM MDT   SUNSET   704 PM MDT


-  INDICATES NEGATIVE NUMBERS.
R  INDICATES RECORD WAS SET OR TIED.
MM INDICATES DATA IS MISSING.
T  INDICATES TRACE AMOUNT.




$$
