000
CDUS44 KLCH 241245
CLIBPT


CLIMATE REPORT
NATIONAL WEATHER SERVICE LAKE CHARLES, LA
645 AM CST FRI FEB 24 2017


...................................

...THE BEAUMONT PORT ARTHUR CLIMATE SUMMARY FOR FEBRUARY 23 2017...

CLIMATE NORMAL PERIOD 1981 TO 2010
CLIMATE RECORD PERIOD 1901 TO 2017


WEATHER ITEM   OBSERVED TIME   RECORD YEAR NORMAL DEPARTURE LAST
                VALUE   (LST)  VALUE       VALUE  FROM      YEAR
                                                  NORMAL
..................................................................
TEMPERATURE (F)
 YESTERDAY
  MAXIMUM         79    122 PM  82    1977  67     12       76
                                      1927
  MINIMUM         56    717 AM  29    1968  48      8       48
                                      1964
  AVERAGE         68                        58     10       62

PRECIPITATION (IN)
  YESTERDAY        0.00          2.97 1985   0.12  -0.12     0.92
  MONTH TO DATE    1.11                      2.99  -1.88     1.97
  SINCE DEC 1     15.07                     13.54   1.53    10.10
  SINCE JAN 1      2.05                      8.25  -6.20     5.96

SNOWFALL (IN)
  YESTERDAY        0.0           T    1968   0.0    0.0     MM
  MONTH TO DATE    0.0                       0.0    0.0      0.0
  SINCE DEC 1      0.0                       T      0.0      0.0
  SINCE JUL 1      0.0                       T      0.0      0.0
  SNOW DEPTH       0

DEGREE DAYS
 HEATING
  YESTERDAY        0                         8     -8        3
  MONTH TO DATE   57                       232   -175      156
  SINCE DEC 1    477                       980   -503      712
  SINCE JUL 1    547                      1175   -628      776

 COOLING
  YESTERDAY        3                         1      2        0
  MONTH TO DATE   91                        11     80       23
  SINCE DEC 1    237                        44    193       97
  SINCE JAN 1    167                        22    145       29
..................................................................


WIND (MPH)
  HIGHEST WIND SPEED    18   HIGHEST WIND DIRECTION    SE (150)
  HIGHEST GUST SPEED    23   HIGHEST GUST DIRECTION     S (180)
  AVERAGE WIND SPEED     9.9


SKY COVER
  POSSIBLE SUNSHINE  MM
  AVERAGE SKY COVER 0.0


WEATHER CONDITIONS
 THE FOLLOWING WEATHER WAS RECORDED YESTERDAY.
  FOG
  FOG W/VISIBILITY <= 1/4 MILE


RELATIVE HUMIDITY (PERCENT)
 HIGHEST    93          1200 AM
 LOWEST     45          1200 PM
 AVERAGE    69

..........................................................


THE BEAUMONT PORT ARTHUR CLIMATE NORMALS FOR TODAY
                         NORMAL    RECORD    YEAR
 MAXIMUM TEMPERATURE (F)   67        90      1906
 MINIMUM TEMPERATURE (F)   48        25      1968


SUNRISE AND SUNSET
FEBRUARY 24 2017......SUNRISE   647 AM CST   SUNSET   612 PM CST
FEBRUARY 25 2017......SUNRISE   646 AM CST   SUNSET   613 PM CST


-  INDICATES NEGATIVE NUMBERS.
R  INDICATES RECORD WAS SET OR TIED.
MM INDICATES DATA IS MISSING.
T  INDICATES TRACE AMOUNT.




$$
