000
CDUS44 KLCH 232228
CLIBPT


CLIMATE REPORT
NATIONAL WEATHER SERVICE LAKE CHARLES, LA
528 PM CDT SUN APR 23 2017


...................................

...THE BEAUMONT PORT ARTHUR CLIMATE SUMMARY FOR APRIL 23 2017...
VALID TODAY AS OF 0500 PM LOCAL TIME.

CLIMATE NORMAL PERIOD 1981 TO 2010
CLIMATE RECORD PERIOD 1901 TO 2017


WEATHER ITEM   OBSERVED TIME   RECORD YEAR NORMAL DEPARTURE LAST
                VALUE   (LST)  VALUE       VALUE  FROM      YEAR
                                                  NORMAL
..................................................................
TEMPERATURE (F)
 TODAY
  MAXIMUM         75    219 PM  91    1919  80     -5       84
  MINIMUM         53    455 AM  45    1927  61     -8       55
  AVERAGE         64                        70     -6       70

PRECIPITATION (IN)
  TODAY            0.00          2.35 1952   0.11  -0.11     0.00
  MONTH TO DATE    1.50                      2.34  -0.84     7.31
  SINCE MAR 1     10.36                      5.87   4.49    12.16
  SINCE JAN 1     12.41                     14.71  -2.30    18.12

SNOWFALL (IN)
  TODAY            0.0           0.0    MM   0.0    0.0      0.0
  MONTH TO DATE    0.0                       0.0    0.0      0.0
  SINCE MAR 1      0.0                       0.0    0.0      0.0
  SINCE JUL 1      0.0                       T      0.0      0.0
  SNOW DEPTH       0

DEGREE DAYS
 HEATING
  TODAY            1                         1      0        0
  MONTH TO DATE    5                        38    -33       11
  SINCE MAR 1     59                       186   -127       65
  SINCE JUL 1    614                      1399   -785      889

 COOLING
  TODAY            0                         6     -6        5
  MONTH TO DATE  178                        99     79      114
  SINCE MAR 1    331                       154    177      246
  SINCE JAN 1    525                       180    345      277
..................................................................


WIND (MPH)
  HIGHEST WIND SPEED    18   HIGHEST WIND DIRECTION     N (350)
  HIGHEST GUST SPEED    26   HIGHEST GUST DIRECTION     N (340)
  AVERAGE WIND SPEED    13.7


SKY COVER
  POSSIBLE SUNSHINE  MM
  AVERAGE SKY COVER 0.6


WEATHER CONDITIONS
 THE FOLLOWING WEATHER WAS RECORDED TODAY.
  NO SIGNIFICANT WEATHER WAS OBSERVED.


RELATIVE HUMIDITY (PERCENT)
 HIGHEST    71           400 AM
 LOWEST     41           200 PM
 AVERAGE    56

..........................................................


THE BEAUMONT PORT ARTHUR CLIMATE NORMALS FOR TOMORROW
                         NORMAL    RECORD    YEAR
 MAXIMUM TEMPERATURE (F)   80        90      1905
                                             1902
 MINIMUM TEMPERATURE (F)   61        47      1995


SUNRISE AND SUNSET
APRIL 23 2017.........SUNRISE   641 AM CDT   SUNSET   748 PM CDT
APRIL 24 2017.........SUNRISE   640 AM CDT   SUNSET   749 PM CDT


-  INDICATES NEGATIVE NUMBERS.
R  INDICATES RECORD WAS SET OR TIED.
MM INDICATES DATA IS MISSING.
T  INDICATES TRACE AMOUNT.




$$
