000
CDUS44 KLCH 200848
CLIBPT


CLIMATE REPORT
NATIONAL WEATHER SERVICE LAKE CHARLES, LA
248 AM CST TUE FEB 20 2018


...................................

...THE BEAUMONT PORT ARTHUR CLIMATE SUMMARY FOR FEBRUARY 19 2018...

CLIMATE NORMAL PERIOD 1981 TO 2010
CLIMATE RECORD PERIOD 1901 TO 2018


WEATHER ITEM   OBSERVED TIME   RECORD YEAR NORMAL DEPARTURE LAST
                VALUE   (LST)  VALUE       VALUE  FROM      YEAR
                                                  NORMAL
..................................................................
TEMPERATURE (F)
 YESTERDAY
  MAXIMUM         79    229 PM  85    1917  66     13       82
  MINIMUM         66    721 AM  26    1978  47     19       67
  AVERAGE         73                        57     16       75

PRECIPITATION (IN)
  YESTERDAY        0.00          2.18 1903   0.12  -0.12     0.00
  MONTH TO DATE    3.21                      2.51   0.70     1.11
  SINCE DEC 1     19.15                     13.06   6.09    15.07
  SINCE JAN 1     13.54                      7.77   5.77     2.05

SNOWFALL (IN)
  YESTERDAY        0.0           T    1969   0.0    0.0      0.0
  MONTH TO DATE    0.0                       0.0    0.0      0.0
  SINCE DEC 1      3.1                       T      3.1      0.0
  SINCE JUL 1      3.1                       T      3.1      0.0
  SNOW DEPTH       0

DEGREE DAYS
 HEATING
  YESTERDAY        0                         9     -9        0
  MONTH TO DATE  103                       198    -95       57
  SINCE DEC 1    985                       946     39      477
  SINCE JUL 1   1115                      1141    -26      547

 COOLING
  YESTERDAY        8                         1      7       10
  MONTH TO DATE   39                         7     32       81
  SINCE DEC 1     58                        40     18      227
  SINCE JAN 1     40                        18     22      157
..................................................................


WIND (MPH)
  HIGHEST WIND SPEED    25   HIGHEST WIND DIRECTION     S (170)
  HIGHEST GUST SPEED    33   HIGHEST GUST DIRECTION     S (180)
  AVERAGE WIND SPEED    16.5


SKY COVER
  POSSIBLE SUNSHINE  MM
  AVERAGE SKY COVER 0.7


WEATHER CONDITIONS
 THE FOLLOWING WEATHER WAS RECORDED YESTERDAY.
  FOG


RELATIVE HUMIDITY (PERCENT)
 HIGHEST    93          1200 AM
 LOWEST     58          1200 PM
 AVERAGE    76

..........................................................


THE BEAUMONT PORT ARTHUR CLIMATE NORMALS FOR TODAY
                         NORMAL    RECORD    YEAR
 MAXIMUM TEMPERATURE (F)   66        82      1919
                                             1910
 MINIMUM TEMPERATURE (F)   48        32      1908


SUNRISE AND SUNSET
FEBRUARY 20 2018......SUNRISE   651 AM CST   SUNSET   609 PM CST
FEBRUARY 21 2018......SUNRISE   650 AM CST   SUNSET   610 PM CST


-  INDICATES NEGATIVE NUMBERS.
R  INDICATES RECORD WAS SET OR TIED.
MM INDICATES DATA IS MISSING.
T  INDICATES TRACE AMOUNT.




$$
