000
CDUS44 KLCH 200824
CLIBPT


CLIMATE REPORT
NATIONAL WEATHER SERVICE LAKE CHARLES, LA
223 AM CST SAT DEC 20 2014


...................................

...THE BEAUMONT PORT ARTHUR CLIMATE SUMMARY FOR DECEMBER 19 2014...

CLIMATE NORMAL PERIOD 1981 TO 2010
CLIMATE RECORD PERIOD 1901 TO 2014


WEATHER ITEM   OBSERVED TIME   RECORD YEAR NORMAL DEPARTURE LAST
                VALUE   (LST)  VALUE       VALUE  FROM      YEAR
                                                  NORMAL
..................................................................
TEMPERATURE (F)
 YESTERDAY
  MAXIMUM         60    908 AM  81    1978  63     -3       74
  MINIMUM         50   1159 PM  21    1909  44      6       56
  AVERAGE         55                        54      1       65

PRECIPITATION (IN)
  YESTERDAY        2.16          2.99 1931   0.17   1.99      T
  MONTH TO DATE    2.25                      3.15  -0.90     0.59
  SINCE DEC 1      2.25                      3.15  -0.90     0.59
  SINCE JAN 1     50.96                     58.33  -7.37    55.42

SNOWFALL (IN)
  YESTERDAY        0.0           T    1927   0.0    0.0      0.0
  MONTH TO DATE    0.0                       0.0    0.0      0.0
  SINCE DEC 1      0.0                       0.0    0.0      0.0
  SINCE JUL 1      0.0                       0.0    0.0      0.0
  SNOW DEPTH       0

DEGREE DAYS
 HEATING
  YESTERDAY       10                        12     -2        0
  MONTH TO DATE  103                       203   -100      242
  SINCE DEC 1    103                       203   -100      242
  SINCE JUL 1    340                       398    -58      484

 COOLING
  YESTERDAY        0                         1     -1        0
  MONTH TO DATE   20                        19      1       17
  SINCE DEC 1     20                        19      1       17
  SINCE JAN 1   2931                      2874     57     3012
..................................................................


WIND (MPH)
  HIGHEST WIND SPEED    25   HIGHEST WIND DIRECTION    NE (50)
  HIGHEST GUST SPEED    29   HIGHEST GUST DIRECTION    NE (30)
  AVERAGE WIND SPEED    13.4


SKY COVER
  POSSIBLE SUNSHINE  MM
  AVERAGE SKY COVER 1.0


WEATHER CONDITIONS
 THE FOLLOWING WEATHER WAS RECORDED YESTERDAY.
  THUNDERSTORM
  HEAVY RAIN
  RAIN
  LIGHT RAIN
  FOG


RELATIVE HUMIDITY (PERCENT)
 HIGHEST   100           100 PM
 LOWEST     89          1100 PM
 AVERAGE    95

..........................................................


THE BEAUMONT PORT ARTHUR CLIMATE NORMALS FOR TODAY
                         NORMAL    RECORD    YEAR
 MAXIMUM TEMPERATURE (F)   63        82      1916
 MINIMUM TEMPERATURE (F)   44        22      1909


SUNRISE AND SUNSET
DECEMBER 20 2014......SUNRISE   707 AM CST   SUNSET   520 PM CST
DECEMBER 21 2014......SUNRISE   708 AM CST   SUNSET   521 PM CST


-  INDICATES NEGATIVE NUMBERS.
R  INDICATES RECORD WAS SET OR TIED.
MM INDICATES DATA IS MISSING.
T  INDICATES TRACE AMOUNT.




$$
