000
CDUS44 KLCH 222206
CLIBPT


CLIMATE REPORT
NATIONAL WEATHER SERVICE LAKE CHARLES, LA
406 PM CST WED NOV 22 2017


...................................

...THE BEAUMONT PORT ARTHUR CLIMATE SUMMARY FOR NOVEMBER 22 2017...
VALID TODAY AS OF 0400 PM LOCAL TIME.

CLIMATE NORMAL PERIOD 1981 TO 2010
CLIMATE RECORD PERIOD 1901 TO 2017


WEATHER ITEM   OBSERVED TIME   RECORD YEAR NORMAL DEPARTURE LAST
                VALUE   (LST)  VALUE       VALUE  FROM      YEAR
                                                  NORMAL
..................................................................
TEMPERATURE (F)
 TODAY
  MAXIMUM         68    215 PM  84    1942  70     -2       80
                                      1905
  MINIMUM         54    733 AM  33    1975  50      4       56
  AVERAGE         61                        60      1       68

PRECIPITATION (IN)
  TODAY            0.00          3.03 1902   0.15  -0.15     0.00
  MONTH TO DATE    2.80                      3.23  -0.43     2.58
  SINCE SEP 1      9.09                     14.78  -5.69     6.99
  SINCE JAN 1     98.69                     54.01  44.68    64.51

SNOWFALL (IN)
  TODAY            0.0           0.0    MM   0.0    0.0      0.0
  MONTH TO DATE    0.0                       0.0    0.0      0.0
  SINCE SEP 1      0.0                       0.0    0.0      0.0
  SINCE JUL 1      0.0                       0.0    0.0      0.0
  SNOW DEPTH       0

DEGREE DAYS
 HEATING
  TODAY            4                         7     -3        0
  MONTH TO DATE   47                        98    -51       46
  SINCE SEP 1     86                       132    -46       50
  SINCE JUL 1     86                       132    -46       50

 COOLING
  TODAY            0                         1     -1        3
  MONTH TO DATE  110                        55     55       97
  SINCE SEP 1    809                       679    130      931
  SINCE JAN 1   3102                      2846    256     3384
..................................................................


WIND (MPH)
  HIGHEST WIND SPEED    21   HIGHEST WIND DIRECTION     N (350)
  HIGHEST GUST SPEED    26   HIGHEST GUST DIRECTION     N (20)
  AVERAGE WIND SPEED    13.2


SKY COVER
  POSSIBLE SUNSHINE  MM
  AVERAGE SKY COVER 0.4


WEATHER CONDITIONS
 THE FOLLOWING WEATHER WAS RECORDED TODAY.
  NO SIGNIFICANT WEATHER WAS OBSERVED.


RELATIVE HUMIDITY (PERCENT)
 HIGHEST    93           700 AM
 LOWEST     45           300 PM
 AVERAGE    69

..........................................................


THE BEAUMONT PORT ARTHUR CLIMATE NORMALS FOR TOMORROW
                         NORMAL    RECORD    YEAR
 MAXIMUM TEMPERATURE (F)   69        87      1905
 MINIMUM TEMPERATURE (F)   50        28      1975


SUNRISE AND SUNSET
NOVEMBER 22 2017......SUNRISE   647 AM CST   SUNSET   517 PM CST
NOVEMBER 23 2017......SUNRISE   648 AM CST   SUNSET   517 PM CST


-  INDICATES NEGATIVE NUMBERS.
R  INDICATES RECORD WAS SET OR TIED.
MM INDICATES DATA IS MISSING.
T  INDICATES TRACE AMOUNT.




$$
