000
CDUS44 KLCH 260809
CLIBPT


CLIMATE REPORT
NATIONAL WEATHER SERVICE LAKE CHARLES, LA
309 AM CDT TUE MAY 26 2015


...................................

...THE BEAUMONT PORT ARTHUR CLIMATE SUMMARY FOR MAY 25 2015...

CLIMATE NORMAL PERIOD 1981 TO 2010
CLIMATE RECORD PERIOD 1901 TO 2015


WEATHER ITEM   OBSERVED TIME   RECORD YEAR NORMAL DEPARTURE LAST
                VALUE   (LST)  VALUE       VALUE  FROM      YEAR
                                                  NORMAL
..................................................................
TEMPERATURE (F)
 YESTERDAY
  MAXIMUM         88    110 PM  99    1905  87      1       87
  MINIMUM         66   1159 PM  56    1979  69     -3       70
  AVERAGE         77                        78     -1       79

PRECIPITATION (IN)
  YESTERDAY        2.32          7.18 1954   0.17   2.15     0.00
  MONTH TO DATE    4.68                      4.18   0.50     0.37
  SINCE MAR 1     23.91                     10.92  12.99     4.68
  SINCE JAN 1     30.89                     19.76  11.13    11.40

SNOWFALL (IN)
  YESTERDAY        0.0           0.0    MM   0.0    0.0      0.0
  MONTH TO DATE    0.0                       0.0    0.0      0.0
  SINCE MAR 1      T                         0.0    0.0      0.0
  SINCE JUL 1      T                         T      0.0      0.3
  SNOW DEPTH       0

DEGREE DAYS
 HEATING
  YESTERDAY        0                         0      0        0
  MONTH TO DATE    0                         0      0        7
  SINCE MAR 1    105                       187    -82      248
  SINCE JUL 1   1362                      1400    -38     1717

 COOLING
  YESTERDAY       12                        13     -1       14
  MONTH TO DATE  313                       258     55      218
  SINCE MAR 1    624                       459    165      395
  SINCE JAN 1    632                       485    147      419
..................................................................


WIND (MPH)
  HIGHEST WIND SPEED    24   HIGHEST WIND DIRECTION     N (350)
  HIGHEST GUST SPEED    33   HIGHEST GUST DIRECTION    SE (140)
  AVERAGE WIND SPEED    12.5


SKY COVER
  POSSIBLE SUNSHINE  MM
  AVERAGE SKY COVER 0.5


WEATHER CONDITIONS
 THE FOLLOWING WEATHER WAS RECORDED YESTERDAY.
  THUNDERSTORM
  HEAVY RAIN
  RAIN
  LIGHT RAIN
  FOG


RELATIVE HUMIDITY (PERCENT)
 HIGHEST   100           300 AM
 LOWEST     68          1100 AM
 AVERAGE    84

..........................................................


THE BEAUMONT PORT ARTHUR CLIMATE NORMALS FOR TODAY
                         NORMAL    RECORD    YEAR
 MAXIMUM TEMPERATURE (F)   87        98      2011
 MINIMUM TEMPERATURE (F)   69        57      1979
                                             1925


SUNRISE AND SUNSET
MAY 26 2015...........SUNRISE   617 AM CDT   SUNSET   809 PM CDT
MAY 27 2015...........SUNRISE   617 AM CDT   SUNSET   810 PM CDT


-  INDICATES NEGATIVE NUMBERS.
R  INDICATES RECORD WAS SET OR TIED.
MM INDICATES DATA IS MISSING.
T  INDICATES TRACE AMOUNT.




$$
