000
CDUS43 KDVN 170913
CLIBRL


CLIMATE REPORT
NATIONAL WEATHER SERVICE QUAD CITIES IA IL
411 AM CDT WED SEP 17 2014


...................................

...THE BURLINGTON IA CLIMATE SUMMARY FOR SEPTEMBER 16 2014...

CLIMATE NORMAL PERIOD 1981 TO 2010
CLIMATE RECORD PERIOD 1897 TO 2014


WEATHER ITEM   OBSERVED TIME   RECORD YEAR NORMAL DEPARTURE LAST
                VALUE   (LST)  VALUE       VALUE  FROM      YEAR
                                                  NORMAL
..................................................................
TEMPERATURE (F)
 YESTERDAY
  MAXIMUM         67    455 PM  95    1906  79    -12       70
  MINIMUM         41    608 AM  39    1984  56    -15       54
  AVERAGE         54                        67    -13       62

PRECIPITATION (IN)
  YESTERDAY        0.00         MM      MM   0.11  -0.11     0.00
  MONTH TO DATE    5.14                      1.97   3.17     0.43
  SINCE SEP 1      5.14                      1.97   3.17     0.43
  SINCE JAN 1     34.21                     29.22   4.99    27.49

DEGREE DAYS
 HEATING
  YESTERDAY       11                         2      9        3
  MONTH TO DATE   72                        15     57       12
  SINCE SEP 1     72                        15     57       12
  SINCE JUL 1     79                        19     60       23

 COOLING
  YESTERDAY        0                         4     -4        0
  MONTH TO DATE   52                       100    -48      137
  SINCE SEP 1     52                       100    -48      137
  SINCE JAN 1    906                      1143   -237     1038
..................................................................


WIND (MPH)
  HIGHEST WIND SPEED     8   HIGHEST WIND DIRECTION    SW (210)
  HIGHEST GUST SPEED    11   HIGHEST GUST DIRECTION     S (180)
  AVERAGE WIND SPEED     2.5


SKY COVER
  POSSIBLE SUNSHINE  MM
  AVERAGE SKY COVER 0.0


WEATHER CONDITIONS
 THE FOLLOWING WEATHER WAS RECORDED YESTERDAY.
  FOG


RELATIVE HUMIDITY (PERCENT)
 HIGHEST   100           200 AM
 LOWEST     45           300 PM
 AVERAGE    73

..........................................................


THE BURLINGTON IA CLIMATE NORMALS FOR TODAY
                         NORMAL    RECORD    YEAR
 MAXIMUM TEMPERATURE (F)   78        96      1927
 MINIMUM TEMPERATURE (F)   56        40      1943


SUNRISE AND SUNSET
SEPTEMBER 17 2014.....SUNRISE   647 AM CDT   SUNSET   710 PM CDT
SEPTEMBER 18 2014.....SUNRISE   648 AM CDT   SUNSET   708 PM CDT


-  INDICATES NEGATIVE NUMBERS.
R  INDICATES RECORD WAS SET OR TIED.
MM INDICATES DATA IS MISSING.
T  INDICATES TRACE AMOUNT.




$$
