000
CDUS43 KDVN 281020
CLIBRL


CLIMATE REPORT
NATIONAL WEATHER SERVICE QUAD CITIES IA IL
419 AM CST FRI NOV 28 2014


...................................

...THE BURLINGTON IA CLIMATE SUMMARY FOR NOVEMBER 27 2014...

CLIMATE NORMAL PERIOD 1981 TO 2010
CLIMATE RECORD PERIOD 1897 TO 2014


WEATHER ITEM   OBSERVED TIME   RECORD YEAR NORMAL DEPARTURE LAST
                VALUE   (LST)  VALUE       VALUE  FROM      YEAR
                                                  NORMAL
..................................................................
TEMPERATURE (F)
 YESTERDAY
  MAXIMUM         27    329 AM  72    1909  45    -18       28
  MINIMUM          4    708 PM   2    1898  28    -24       12
  AVERAGE         16                        36    -20       20

PRECIPITATION (IN)
  YESTERDAY        0.00         MM      MM   0.09  -0.09     0.00
  MONTH TO DATE    1.39                      2.25  -0.86     1.14
  SINCE SEP 1     10.66                      8.89   1.77     5.33
  SINCE JAN 1     39.73                     36.14   3.59    32.39

DEGREE DAYS
 HEATING
  YESTERDAY       49                        29     20       45
  MONTH TO DATE  841                       591    250      713
  SINCE SEP 1   1283                       981    302     1126
  SINCE JUL 1   1290                       985    305     1137

 COOLING
  YESTERDAY        0                         0      0        0
  MONTH TO DATE    0                         0      0        0
  SINCE SEP 1     86                       163    -77      214
  SINCE JAN 1    940                      1206   -266     1115
..................................................................


WIND (MPH)
  HIGHEST WIND SPEED    17   HIGHEST WIND DIRECTION    NW (310)
  HIGHEST GUST SPEED    24   HIGHEST GUST DIRECTION    NW (300)
  AVERAGE WIND SPEED     7.9


SKY COVER
  POSSIBLE SUNSHINE  MM
  AVERAGE SKY COVER 0.4


WEATHER CONDITIONS
 THE FOLLOWING WEATHER WAS RECORDED YESTERDAY.
  FOG
  HAZE


RELATIVE HUMIDITY (PERCENT)
 HIGHEST    92           100 AM
 LOWEST     51           400 PM
 AVERAGE    72

..........................................................


THE BURLINGTON IA CLIMATE NORMALS FOR TODAY
                         NORMAL    RECORD    YEAR
 MAXIMUM TEMPERATURE (F)   44        68      2006
                                             1905
 MINIMUM TEMPERATURE (F)   27         0      1976


SUNRISE AND SUNSET
NOVEMBER 28 2014......SUNRISE   706 AM CST   SUNSET   438 PM CST
NOVEMBER 29 2014......SUNRISE   707 AM CST   SUNSET   438 PM CST


-  INDICATES NEGATIVE NUMBERS.
R  INDICATES RECORD WAS SET OR TIED.
MM INDICATES DATA IS MISSING.
T  INDICATES TRACE AMOUNT.




$$
