000
CDUS43 KDVN 260937
CLIBRL


CLIMATE REPORT
NATIONAL WEATHER SERVICE QUAD CITIES IA IL
436 AM CDT THU MAY 26 2016


...................................

...THE BURLINGTON IA CLIMATE SUMMARY FOR MAY 25 2016...

CLIMATE NORMAL PERIOD 1981 TO 2010
CLIMATE RECORD PERIOD 1897 TO 2016


WEATHER ITEM   OBSERVED TIME   RECORD YEAR NORMAL DEPARTURE LAST
                VALUE   (LST)  VALUE       VALUE  FROM      YEAR
                                                  NORMAL
..................................................................
TEMPERATURE (F)
 YESTERDAY
  MAXIMUM         84    529 PM  95    1911  77      7       79
  MINIMUM         61    233 AM  35    1925  56      5       64
  AVERAGE         73                        66      7       72

PRECIPITATION (IN)
  YESTERDAY        0.04         MM      MM   0.15  -0.11     0.35
  MONTH TO DATE    1.53                      3.96  -2.43     3.13
  SINCE MAR 1      8.00                     10.51  -2.51     5.03
  SINCE JAN 1      9.38                     13.37  -3.99     7.45

DEGREE DAYS
 HEATING
  YESTERDAY        0                         2     -2        0
  MONTH TO DATE  158                       114     44       90
  SINCE MAR 1   1114                      1198    -84     1154
  SINCE JUL 1   4996                      5576   -580     6085

 COOLING
  YESTERDAY        8                         4      4        7
  MONTH TO DATE   33                        56    -23       65
  SINCE MAR 1     51                        76    -25       68
  SINCE JAN 1     51                        76    -25       68
..................................................................


WIND (MPH)
  HIGHEST WIND SPEED    16   HIGHEST WIND DIRECTION     S (180)
  HIGHEST GUST SPEED    21   HIGHEST GUST DIRECTION     S (180)
  AVERAGE WIND SPEED     9.3


SKY COVER
  POSSIBLE SUNSHINE  MM
  AVERAGE SKY COVER 0.2


WEATHER CONDITIONS
 THE FOLLOWING WEATHER WAS RECORDED YESTERDAY.
  LIGHT RAIN
  FOG


RELATIVE HUMIDITY (PERCENT)
 HIGHEST   100           200 AM
 LOWEST     47           300 PM
 AVERAGE    74

..........................................................


THE BURLINGTON IA CLIMATE NORMALS FOR TODAY
                         NORMAL    RECORD    YEAR
 MAXIMUM TEMPERATURE (F)   78        96      1926
 MINIMUM TEMPERATURE (F)   56        37      1901


SUNRISE AND SUNSET
MAY 26 2016...........SUNRISE   538 AM CDT   SUNSET   825 PM CDT
MAY 27 2016...........SUNRISE   538 AM CDT   SUNSET   826 PM CDT


-  INDICATES NEGATIVE NUMBERS.
R  INDICATES RECORD WAS SET OR TIED.
MM INDICATES DATA IS MISSING.
T  INDICATES TRACE AMOUNT.




$$
