608
CDUS43 KDVN 202140
CLIBRL


CLIMATE REPORT
NATIONAL WEATHER SERVICE QUAD CITIES IA IL
439 PM CDT FRI OCT 20 2017


...................................

...THE BURLINGTON IA CLIMATE SUMMARY FOR OCTOBER 20 2017...
VALID TODAY AS OF 0400 PM LOCAL TIME.

CLIMATE NORMAL PERIOD 1981 TO 2010
CLIMATE RECORD PERIOD 1897 TO 2017


WEATHER ITEM   OBSERVED TIME   RECORD YEAR NORMAL DEPARTURE LAST
                VALUE   (LST)  VALUE       VALUE  FROM      YEAR
                                                  NORMAL
..................................................................
TEMPERATURE (F)
 TODAY
  MAXIMUM         76    158 PM  85    1979  65     11       57
  MINIMUM         52    651 AM  21    1960  43      9       43
  AVERAGE         64                        54     10       50

PRECIPITATION (IN)
  TODAY            0.00         MM      MM   0.09  -0.09     0.00
  MONTH TO DATE    4.50                      2.07   2.43     2.11
  SINCE SEP 1      4.63                      5.59  -0.96     5.34
  SINCE JAN 1     29.96                     32.84  -2.88    29.59

DEGREE DAYS
 HEATING
  TODAY            1                        12    -11       15
  MONTH TO DATE   70                       174   -104       99
  SINCE SEP 1    110                       241   -131      123
  SINCE JUL 1    110                       245   -135      129

 COOLING
  TODAY            0                         0      0        0
  MONTH TO DATE   35                        19     16       39
  SINCE SEP 1    188                       158     30      235
  SINCE JAN 1   1062                      1201   -139     1268
..................................................................


WIND (MPH)
  HIGHEST WIND SPEED    18   HIGHEST WIND DIRECTION     S (170)
  HIGHEST GUST SPEED    23   HIGHEST GUST DIRECTION     S (170)
  AVERAGE WIND SPEED     8.6


SKY COVER
  POSSIBLE SUNSHINE  MM
  AVERAGE SKY COVER 0.0


WEATHER CONDITIONS
 THE FOLLOWING WEATHER WAS RECORDED TODAY.
  NO SIGNIFICANT WEATHER WAS OBSERVED.


RELATIVE HUMIDITY (PERCENT)
 HIGHEST    89           400 AM
 LOWEST     41           300 PM
 AVERAGE    65

..........................................................


THE BURLINGTON IA CLIMATE NORMALS FOR TOMORROW
                         NORMAL    RECORD    YEAR
 MAXIMUM TEMPERATURE (F)   64        87      1899
 MINIMUM TEMPERATURE (F)   43        23      1916


SUNRISE AND SUNSET
OCTOBER 20 2017.......SUNRISE   722 AM CDT   SUNSET   616 PM CDT
OCTOBER 21 2017.......SUNRISE   723 AM CDT   SUNSET   615 PM CDT


-  INDICATES NEGATIVE NUMBERS.
R  INDICATES RECORD WAS SET OR TIED.
MM INDICATES DATA IS MISSING.
T  INDICATES TRACE AMOUNT.




$$
