000
CDUS44 KBRO 300645
CLIBRO


CLIMATE REPORT
NATIONAL WEATHER SERVICE BROWNSVILLE TX
145 AM CDT MON MAR 30 2015


...................................

...THE BROWNSVILLE CLIMATE SUMMARY FOR MARCH 29 2015...

CLIMATE NORMAL PERIOD 1981 TO 2010
CLIMATE RECORD PERIOD 1878 TO 2015


WEATHER ITEM   OBSERVED TIME   RECORD YEAR NORMAL DEPARTURE LAST
                VALUE   (LST)  VALUE       VALUE  FROM      YEAR
                                                  NORMAL
..................................................................
TEMPERATURE (F)
 YESTERDAY
  MAXIMUM         80    230 PM  98    1928  81     -1       77
  MINIMUM         63    149 AM  39    1894  62      1       63
  AVERAGE         72                        72      0       70

PRECIPITATION (IN)
  YESTERDAY        0.00          1.05 1988   0.04  -0.04     0.00
  MONTH TO DATE    4.72                      1.15   3.57     1.46
  SINCE MAR 1      4.72                      1.15   3.57     1.46
  SINCE JAN 1      9.04                      3.50   5.54     2.22

SNOWFALL (IN)
  YESTERDAY        0.0          90.0  2001   0.0
  MONTH TO DATE    0.0                       0.0
  SINCE MAR 1      0.0                       0.0
  SINCE JUL 1      0.0                       0.0

DEGREE DAYS
 HEATING
  YESTERDAY        0                         1     -1        0
  MONTH TO DATE   67                        42     25       90
  SINCE MAR 1     67                        42     25       90
  SINCE JUL 1    690                       545    145      814

 COOLING
  YESTERDAY        7                         7      0        5
  MONTH TO DATE  104                       159    -55      108
  SINCE MAR 1    104                       159    -55      108
  SINCE JAN 1    161                       300   -139      228
..................................................................


WIND (MPH)
  HIGHEST WIND SPEED    31   HIGHEST WIND DIRECTION    SE (140)
  HIGHEST GUST SPEED    40   HIGHEST GUST DIRECTION    SE (150)
  AVERAGE WIND SPEED    17.5


SKY COVER
  POSSIBLE SUNSHINE  MM
  AVERAGE SKY COVER 0.1


WEATHER CONDITIONS
 THE FOLLOWING WEATHER WAS RECORDED YESTERDAY.
  NO SIGNIFICANT WEATHER WAS OBSERVED.


RELATIVE HUMIDITY (PERCENT)
 HIGHEST    93           500 AM
 LOWEST     58          1000 AM
 AVERAGE    76

..........................................................


THE BROWNSVILLE CLIMATE NORMALS FOR TODAY
                         NORMAL    RECORD    YEAR
 MAXIMUM TEMPERATURE (F)   81       100      1989
 MINIMUM TEMPERATURE (F)   62        38      1930


SUNRISE AND SUNSET
MARCH 30 2015.........SUNRISE   723 AM CDT   SUNSET   746 PM CDT
MARCH 31 2015.........SUNRISE   722 AM CDT   SUNSET   746 PM CDT


-  INDICATES NEGATIVE NUMBERS.
R  INDICATES RECORD WAS SET OR TIED.
MM INDICATES DATA IS MISSING.
T  INDICATES TRACE AMOUNT.




$$
