000
CDUS44 KBRO 310636
CLIBRO


CLIMATE REPORT
NATIONAL WEATHER SERVICE BROWNSVILLE TX
136 AM CDT WED AUG 31 2016


...................................

...THE BROWNSVILLE CLIMATE SUMMARY FOR AUGUST 30 2016...

CLIMATE NORMAL PERIOD 1981 TO 2010
CLIMATE RECORD PERIOD 1878 TO 2016


WEATHER ITEM   OBSERVED TIME   RECORD YEAR NORMAL DEPARTURE LAST
                VALUE   (LST)  VALUE       VALUE  FROM      YEAR
                                                  NORMAL
..................................................................
TEMPERATURE (F)
 YESTERDAY
  MAXIMUM         94    122 PM 105    2012  93      1       91
  MINIMUM         77    610 AM  65    1896  76      1       73
                                      1895
  AVERAGE         86                        84      2       82

PRECIPITATION (IN)
  YESTERDAY        T             3.12 1910   0.12  -0.12     0.04
  MONTH TO DATE    0.30                      2.31  -2.01     1.42
  SINCE JUN 1      3.46                      6.92  -3.46     4.54
  SINCE JAN 1     13.45                     14.68  -1.23    25.03

SNOWFALL (IN)
  YESTERDAY        0.0           0.0  2002   0.0
                                      2001
  MONTH TO DATE    0.0                       0.0
  SINCE JUN 1      0.0                       0.0
  SINCE JUL 1      0.0                       0.0

DEGREE DAYS
 HEATING
  YESTERDAY        0                         0      0        0
  MONTH TO DATE    0                         0      0        0
  SINCE JUN 1      0                         0      0        0
  SINCE JUL 1      0                         0      0        0

 COOLING
  YESTERDAY       21                        19      2       17
  MONTH TO DATE  662                       615     47      607
  SINCE JUN 1   1924                      1800    124     1385
  SINCE JAN 1   3084                      2893    191     2447
..................................................................


WIND (MPH)
  HIGHEST WIND SPEED    17   HIGHEST WIND DIRECTION    NE (60)
  HIGHEST GUST SPEED    23   HIGHEST GUST DIRECTION    NE (50)
  AVERAGE WIND SPEED     9.1


SKY COVER
  POSSIBLE SUNSHINE  MM
  AVERAGE SKY COVER 0.2


WEATHER CONDITIONS
 THE FOLLOWING WEATHER WAS RECORDED YESTERDAY.
  NO SIGNIFICANT WEATHER WAS OBSERVED.


RELATIVE HUMIDITY (PERCENT)
 HIGHEST    94           300 AM
 LOWEST     52           100 PM
 AVERAGE    73

..........................................................


THE BROWNSVILLE CLIMATE NORMALS FOR TODAY
                         NORMAL    RECORD    YEAR
 MAXIMUM TEMPERATURE (F)   93       102      1919
 MINIMUM TEMPERATURE (F)   76        63      1895


SUNRISE AND SUNSET
AUGUST 31 2016........SUNRISE   710 AM CDT   SUNSET   749 PM CDT
SEPTEMBER  1 2016.....SUNRISE   710 AM CDT   SUNSET   748 PM CDT


-  INDICATES NEGATIVE NUMBERS.
R  INDICATES RECORD WAS SET OR TIED.
MM INDICATES DATA IS MISSING.
T  INDICATES TRACE AMOUNT.




$$
