000
CDUS44 KBRO 220734
CLIBRO


CLIMATE REPORT
NATIONAL WEATHER SERVICE BROWNSVILLE TX
133 AM CST SAT NOV 22 2014


...................................

...THE BROWNSVILLE CLIMATE SUMMARY FOR NOVEMBER 21 2014...

CLIMATE NORMAL PERIOD 1981 TO 2010
CLIMATE RECORD PERIOD 1878 TO 2014


WEATHER ITEM   OBSERVED TIME   RECORD YEAR NORMAL DEPARTURE LAST
                VALUE   (LST)  VALUE       VALUE  FROM      YEAR
                                                  NORMAL
..................................................................
TEMPERATURE (F)
 YESTERDAY
  MAXIMUM         81    132 PM  89    1977  78      3       88
                                      1900
  MINIMUM         68    413 AM  38    1906  58     10       74
  AVERAGE         75                        68      7       81

PRECIPITATION (IN)
  YESTERDAY        0.09          3.52 1957   0.05   0.04     0.00
  MONTH TO DATE    3.40                      1.39   2.01     0.33
  SINCE SEP 1     17.58                     11.05   6.53    13.84
  SINCE JAN 1     27.10                     25.86   1.24    23.89

SNOWFALL (IN)
  YESTERDAY        0.0           0.0  2001   0.0
  MONTH TO DATE    0.0                       0.0
  SINCE SEP 1      0.0                       0.0
  SINCE JUL 1      0.0                       0.0

DEGREE DAYS
 HEATING
  YESTERDAY        0                         2     -2        0
  MONTH TO DATE   93                        26     67       11
  SINCE SEP 1     93                        30     63       11
  SINCE JUL 1     93                        30     63       11

 COOLING
  YESTERDAY       10                         5      5       16
  MONTH TO DATE   85                       141    -56      170
  SINCE SEP 1   1054                       999     55     1084
  SINCE JAN 1   3874                      3906    -32     4117
..................................................................


WIND (MPH)
  HIGHEST WIND SPEED    29   HIGHEST WIND DIRECTION    SE (150)
  HIGHEST GUST SPEED    37   HIGHEST GUST DIRECTION    SE (130)
  AVERAGE WIND SPEED    12.0


SKY COVER
  POSSIBLE SUNSHINE  MM
  AVERAGE SKY COVER 0.6


WEATHER CONDITIONS
 THE FOLLOWING WEATHER WAS RECORDED YESTERDAY.
  LIGHT RAIN
  FOG


RELATIVE HUMIDITY (PERCENT)
 HIGHEST    97           200 AM
 LOWEST     67           200 PM
 AVERAGE    82

..........................................................


THE BROWNSVILLE CLIMATE NORMALS FOR TODAY
                         NORMAL    RECORD    YEAR
 MAXIMUM TEMPERATURE (F)   77        91      1900
 MINIMUM TEMPERATURE (F)   58        38      1937


SUNRISE AND SUNSET
NOVEMBER 22 2014......SUNRISE   653 AM CST   SUNSET   539 PM CST
NOVEMBER 23 2014......SUNRISE   654 AM CST   SUNSET   538 PM CST


-  INDICATES NEGATIVE NUMBERS.
R  INDICATES RECORD WAS SET OR TIED.
MM INDICATES DATA IS MISSING.
T  INDICATES TRACE AMOUNT.




$$
