000
CDUS44 KBRO 270639
CLIBRO


CLIMATE REPORT
NATIONAL WEATHER SERVICE BROWNSVILLE TX
138 AM CDT WED JUL 27 2016


...................................

...THE BROWNSVILLE CLIMATE SUMMARY FOR JULY 26 2016...

CLIMATE NORMAL PERIOD 1981 TO 2010
CLIMATE RECORD PERIOD 1878 TO 2016


WEATHER ITEM   OBSERVED TIME   RECORD YEAR NORMAL DEPARTURE LAST
                VALUE   (LST)  VALUE       VALUE  FROM      YEAR
                                                  NORMAL
..................................................................
TEMPERATURE (F)
 YESTERDAY
  MAXIMUM         96    240 PM 101    1954  94      2       MM
  MINIMUM         81    634 AM  65    1887  76      5       MM
  AVERAGE         89                        85      4       MM

PRECIPITATION (IN)
  YESTERDAY        0.00          2.74 1890   0.06  -0.06     0.00
  MONTH TO DATE    0.18                      1.76  -1.58     2.36
  SINCE JUN 1      3.16                      4.33  -1.17     3.12
  SINCE JAN 1     13.15                     12.09   1.06    23.61

SNOWFALL (IN)
  YESTERDAY        0.0           0.0  2002   0.0
                                      2001
  MONTH TO DATE    0.0                       0.0
  SINCE JUN 1      0.0                       0.0
  SINCE JUL 1      0.0                       0.0

DEGREE DAYS
 HEATING
  YESTERDAY        0                         0      0       MM
  MONTH TO DATE    0                         0      0        0
  SINCE JUN 1      0                         0      0        0
  SINCE JUL 1      0                         0      0        0

 COOLING
  YESTERDAY       24                        20      4       MM
  MONTH TO DATE  583                       520     63      187
  SINCE JUN 1   1148                      1087     61      760
  SINCE JAN 1   2308                      2180    128     1822
..................................................................


WIND (MPH)
  HIGHEST WIND SPEED    30   HIGHEST WIND DIRECTION    SE (150)
  HIGHEST GUST SPEED    34   HIGHEST GUST DIRECTION    SE (150)
  AVERAGE WIND SPEED    15.3


SKY COVER
  POSSIBLE SUNSHINE  MM
  AVERAGE SKY COVER 0.2


WEATHER CONDITIONS
 THE FOLLOWING WEATHER WAS RECORDED YESTERDAY.
  NO SIGNIFICANT WEATHER WAS OBSERVED.


RELATIVE HUMIDITY (PERCENT)
 HIGHEST    91           500 AM
 LOWEST     46          1100 AM
 AVERAGE    69

..........................................................


THE BROWNSVILLE CLIMATE NORMALS FOR TODAY
                         NORMAL    RECORD    YEAR
 MAXIMUM TEMPERATURE (F)   94       100      1954
 MINIMUM TEMPERATURE (F)   76        72      1987
                                             1984
                                             1961


SUNRISE AND SUNSET
JULY 27 2016..........SUNRISE   654 AM CDT   SUNSET   819 PM CDT
JULY 28 2016..........SUNRISE   654 AM CDT   SUNSET   818 PM CDT


-  INDICATES NEGATIVE NUMBERS.
R  INDICATES RECORD WAS SET OR TIED.
MM INDICATES DATA IS MISSING.
T  INDICATES TRACE AMOUNT.




$$
