000
CDUS44 KBRO 242129
CLIBRO


CLIMATE REPORT
NATIONAL WEATHER SERVICE BROWNSVILLE TX
428 PM CDT SUN SEP 24 2017


...................................

...THE BROWNSVILLE CLIMATE SUMMARY FOR SEPTEMBER 24 2017...
VALID TODAY AS OF 0400 PM LOCAL TIME.

CLIMATE NORMAL PERIOD 1981 TO 2010
CLIMATE RECORD PERIOD 1878 TO 2017


WEATHER ITEM   OBSERVED TIME   RECORD YEAR NORMAL DEPARTURE LAST
                VALUE   (LST)  VALUE       VALUE  FROM      YEAR
                                                  NORMAL
..................................................................
TEMPERATURE (F)
 TODAY
  MAXIMUM         92    204 PM 104    2005  89      3       96
  MINIMUM         76    626 AM  56    1975  72      4       78
  AVERAGE         84                        80      4       87

PRECIPITATION (IN)
  TODAY            T             4.21 1949   0.19  -0.19     0.00
  MONTH TO DATE    4.48                      4.72  -0.24     1.07
  SINCE SEP 1      4.48                      4.72  -0.24     1.07
  SINCE JAN 1     17.52                     19.53  -2.01    14.73

SNOWFALL (IN)
  TODAY            0.0           0.0  2002   0.0
                                      2001
  MONTH TO DATE    0.0                       0.0
  SINCE SEP 1      0.0                       0.0
  SINCE JUL 1      0.0                       0.0

DEGREE DAYS
 HEATING
  TODAY            0                         0      0        0
  MONTH TO DATE    0                         0      0        0
  SINCE SEP 1      0                         0      0        0
  SINCE JUL 1      0                         0      0        0

 COOLING
  TODAY           19                        15      4       22
  MONTH TO DATE  415                       415      0      513
  SINCE SEP 1    415                       415      0      513
  SINCE JAN 1   3942                      3322    620     3618
..................................................................


WIND (MPH)
  HIGHEST WIND SPEED    20   HIGHEST WIND DIRECTION    SE (140)
  HIGHEST GUST SPEED    26   HIGHEST GUST DIRECTION     S (170)
  AVERAGE WIND SPEED     7.5


SKY COVER
  POSSIBLE SUNSHINE  MM
  AVERAGE SKY COVER 0.1


WEATHER CONDITIONS
 THE FOLLOWING WEATHER WAS RECORDED TODAY.
  LIGHT RAIN
  FOG


RELATIVE HUMIDITY (PERCENT)
 HIGHEST   100           600 AM
 LOWEST     52           100 PM
 AVERAGE    76

..........................................................


THE BROWNSVILLE CLIMATE NORMALS FOR TOMORROW
                         NORMAL    RECORD    YEAR
 MAXIMUM TEMPERATURE (F)   89        98      2005
                                             1918
 MINIMUM TEMPERATURE (F)   71        58      1914


SUNRISE AND SUNSET
SEPTEMBER 24 2017.....SUNRISE   719 AM CDT   SUNSET   724 PM CDT
SEPTEMBER 25 2017.....SUNRISE   720 AM CDT   SUNSET   722 PM CDT


-  INDICATES NEGATIVE NUMBERS.
R  INDICATES RECORD WAS SET OR TIED.
MM INDICATES DATA IS MISSING.
T  INDICATES TRACE AMOUNT.




$$
