000
CDUS44 KBRO 172125
CLIBRO


CLIMATE REPORT
NATIONAL WEATHER SERVICE BROWNSVILLE TX
425 PM CDT WED SEP 17 2014


...................................

...THE BROWNSVILLE CLIMATE SUMMARY FOR SEPTEMBER 17 2014...
VALID TODAY AS OF 0400 PM LOCAL TIME.

CLIMATE NORMAL PERIOD 1981 TO 2010
CLIMATE RECORD PERIOD 1878 TO 2014


WEATHER ITEM   OBSERVED TIME   RECORD YEAR NORMAL DEPARTURE LAST
                VALUE   (LST)  VALUE       VALUE  FROM      YEAR
                                                  NORMAL
..................................................................
TEMPERATURE (F)
 TODAY
  MAXIMUM         91    251 PM  98    1980  90      1       88
  MINIMUM         76    645 AM  64    1951  73      3       77
  AVERAGE         84                        82      2       83

PRECIPITATION (IN)
  TODAY            T             3.72 1984   0.22  -0.22     0.29
  MONTH TO DATE    8.51                      3.32   5.19    11.29
  SINCE SEP 1      8.51                      3.32   5.19    11.29
  SINCE JAN 1     18.03                     18.13  -0.10    21.34

SNOWFALL (IN)
  TODAY            0.0           0.0  2002   0.0
                                      2001
  MONTH TO DATE    0.0                       0.0
  SINCE SEP 1      0.0                       0.0
  SINCE JUL 1      0.0                       0.0

DEGREE DAYS
 HEATING
  TODAY            0                         0      0        0
  MONTH TO DATE    0                         0      0        0
  SINCE SEP 1      0                         0      0        0
  SINCE JUL 1      0                         0      0        0

 COOLING
  TODAY           19                        17      2       18
  MONTH TO DATE  310                       305      5      308
  SINCE SEP 1    310                       305      5      308
  SINCE JAN 1   3130                      3212    -82     3341
..................................................................


WIND (MPH)
  HIGHEST WIND SPEED    16   HIGHEST WIND DIRECTION    SE (150)
  HIGHEST GUST SPEED    21   HIGHEST GUST DIRECTION    SE (140)
  AVERAGE WIND SPEED     6.7


SKY COVER
  POSSIBLE SUNSHINE  MM
  AVERAGE SKY COVER 0.1


WEATHER CONDITIONS
 THE FOLLOWING WEATHER WAS RECORDED TODAY.
  LIGHT RAIN


RELATIVE HUMIDITY (PERCENT)
 HIGHEST   100           600 AM
 LOWEST     68           200 PM
 AVERAGE    84

..........................................................


THE BROWNSVILLE CLIMATE NORMALS FOR TOMORROW
                         NORMAL    RECORD    YEAR
 MAXIMUM TEMPERATURE (F)   90        97      1980
 MINIMUM TEMPERATURE (F)   73        59      1901


SUNRISE AND SUNSET
SEPTEMBER 17 2014.....SUNRISE   716 AM CDT   SUNSET   732 PM CDT
SEPTEMBER 18 2014.....SUNRISE   717 AM CDT   SUNSET   730 PM CDT


-  INDICATES NEGATIVE NUMBERS.
R  INDICATES RECORD WAS SET OR TIED.
MM INDICATES DATA IS MISSING.
T  INDICATES TRACE AMOUNT.




$$
