000
CDAK49 PABR 150031
CLIBRW

CLIMATE REPORT
NATIONAL WEATHER SERVICE BARROW, AK
431 PM AKDT SUN SEP 14 2014

...................................
...THE BARROW WSO AP CLIMATE SUMMARY FOR SEPTEMBER 14 2014...
VALID TODAY AS OF 2:00 PM LOCAL TIME

CLIMATE NORMAL PERIOD  1981 TO  2010
CLIMATE RECORD PERIOD  1915 TO  2014

WEATHER ITEM   OBSERVED TIME    RECORD YEAR NORMAL DEPARTURE LAST
               VALUE    (LST)   VALUE       VALUE  FROM      YEAR
                                                   NORMAL
...................................................................
TEMPERATURE
TODAY
 MAXIMUM            36  0331 PM    53  2006     37      -1     38
 MINIMUM            35  1135 AM    13  1992     30       5     31
 AVERAGE            36                          33       3     35

PRECIPITATION
(INCHES)
 TODAY            0.03           0.22  1972   0.03    0.00   0.04
 MONTH TO DATE    0.48                        0.39    0.09   0.81
 SINCE SEP 1      0.48                        0.39    0.09   0.81
 SINCE JAN 1      5.03                        3.44    1.59   5.83

SNOWFALL
(INCHES)
 TODAY             0.0            2.3  1972    0.1    -0.1    0.3
 MONTH TO DATE     4.6                         1.4     3.2    0.5
 SINCE SEP 1       4.6                         1.4     3.2    0.5
 SINCE JUL 1       6.0                         2.5     3.5    1.6
 SNOW DEPTH (IN)     0                                          0

DEGREE DAYS
 HEATING
  TODAY             29                          32      -3     30
  MONTH TO DATE    420                         421      -1    398
  SINCE SEP 1      420                         421      -1    398
  SINCE JUL 1     2086                        1975     111   1807

 COOLING
  TODAY              0                           0       0      0
  MONTH TO DATE      0                           0       0      0
  SINCE SEP 1        0                           0       0      0
  SINCE JAN 1        0                           0       0      0
...................................................................

WIND (MPH)
 HIGHEST WIND SPEED    30     HIGHEST WIND DIRECTION     90
 HIGHEST GUST SPEED    37     HIGHEST GUST DIRECTION     90

WEATHER CONDITIONS
 THE FOLLOWING WEATHER WAS RECORDED TODAY.
  FOG
  RAIN

RELATIVE HUMIDITY
 HIGHEST RH    100 PERCENT       453 PM
 LOWEST  RH     85 PERCENT       453 AM
 AVERAGE RH     92 PERCENT
...................................................................

THE BARROW CLIMATE NORMALS FOR TOMORROW
                        NORMAL    RECORD   YEAR
 MAXIMUM TEMPERATURE      36        55     1973
 MINIMUM TEMPERATURE      29        15     1987

SUNRISE AND SUNSET
 SEP 14 2014..........SUNRISE  7:34 AM      SUNSET  9:10 PM
 SEP 15 2014..........SUNRISE  7:38 AM      SUNSET  9:05 PM

-  INDICATES NEGATIVE NUMBERS.
R  INDICATES RECORD HAS BEEN SET OR TIED.
MM INDICATES DATA IS MISSING.
T  INDICATES TRACE OF PRECIPITATION.

&&
-------------------------------------------------------------------

AMOUNT OF DAYLIGHT TODAY  (HOUR:MIN)........13 HOURS 36 MINUTES
GAIN/LOSS SINCE YESTERDAY (HOUR:MIN:SEC)....-0:09:19

$$
GMS SEP 14
