000
CDAK49 PABR 300905
CLIBRW

CLIMATE REPORT
NATIONAL WEATHER SERVICE BARROW, AK
105 AM AKDT SAT AUG 30 2014

...................................
...THE BARROW WSO AP CLIMATE SUMMARY FOR AUGUST 29 2014...

CLIMATE NORMAL PERIOD  1981 TO  2010
CLIMATE RECORD PERIOD  1915 TO  2014

WEATHER ITEM   OBSERVED TIME    RECORD YEAR NORMAL DEPARTURE LAST
               VALUE    (LST)   VALUE       VALUE  FROM      YEAR
                                                   NORMAL
...................................................................
TEMPERATURE
YESTERDAY
 MAXIMUM            38  1209 PM    62  1992     41      -3     40
 MINIMUM            27   451 AM    21  1956     33      -6     30
 AVERAGE            33                          37      -4     35

PRECIPITATION
(INCHES)
 YESTERDAY        0.04           0.30  1938   0.03    0.01      T
 MONTH TO DATE    0.16                        0.99   -0.83   1.29
 SINCE JUN 1      2.64                        2.29    0.35   3.74
 SINCE JAN 1      4.26                        2.99    1.27   4.96

SNOWFALL
(INCHES)
 YESTERDAY         0.3            1.1  1955    0.1     0.2      T
 MONTH TO DATE     0.3                         0.8    -0.5    0.5
 SINCE JUN 1       2.1                         1.7     0.4    0.8
 SINCE JUL 1       1.2                         1.0     0.2    0.5
 SNOW DEPTH (IN)     T                                          0

DEGREE DAYS
 HEATING
  YESTERDAY         32                          28       4     30
  MONTH TO DATE    779                         751      28    720
  SINCE JUN 1     2540                        2378     162   2127
  SINCE JUL 1     1607                        1498     109   1349

 COOLING
  YESTERDAY          0                           0       0      0
  MONTH TO DATE      0                           0       0      0
  SINCE JUN 1        0                           0       0      0
  SINCE JAN 1        0                           0       0      0
...................................................................

WIND (MPH)
 HIGHEST WIND SPEED    24     HIGHEST WIND DIRECTION    290
 HIGHEST GUST SPEED    27     HIGHEST GUST DIRECTION    290
 AVERAGE WIND SPEED  11.0

SKY COVER
  POSSIBLE SUNSHINE    MM          AVERAGE SKY COVER     MM

WEATHER CONDITIONS
 THE FOLLOWING WEATHER WAS RECORDED YESTERDAY.
 FOG
 SLEET
 RAIN
 SNOW


RELATIVE HUMIDITY
 HIGHEST RH    100 PERCENT      1135 PM
 LOWEST  RH     69 PERCENT       553 PM
 AVERAGE RH     90 PERCENT
...................................................................

THE BARROW CLIMATE NORMALS FOR TODAY
                           NORMAL    RECORD   YEAR
 MAXIMUM TEMPERATURE (F)     41        59     2000
 MINIMUM TEMPERATURE (F)     33        22     1988

SUNRISE AND SUNSET
 AUG 30 2014..........SUNRISE  6:26 AM      SUNSET 10:27 PM
 AUG 31 2014..........SUNRISE  6:31 AM      SUNSET 10:21 PM

-  INDICATES NEGATIVE NUMBERS.
R  INDICATES RECORD HAS BEEN SET OR TIED.
MM INDICATES DATA IS MISSING.
T  INDICATES TRACE OF PRECIPITATION.

&&
-------------------------------------------------------------------

AMOUNT OF DAYLIGHT TODAY  (HOUR:MIN)........16 HOURS 1 MINUTES
GAIN/LOSS SINCE YESTERDAY (HOUR:MIN:SEC)....-0:10:06

$$
JML AUG 14
