000
CDAK49 PABR 310021
CLIBRW

CLIMATE REPORT
NATIONAL WEATHER SERVICE BARROW, AK
421 PM AKDT MON MAY 30 2016

...................................
...THE BARROW WSO AP CLIMATE SUMMARY FOR MAY 30 2016...
VALID TODAY AS OF 2:00 PM LOCAL TIME

CLIMATE NORMAL PERIOD  1981 TO  2010
CLIMATE RECORD PERIOD  1915 TO  2016

WEATHER ITEM   OBSERVED TIME    RECORD YEAR NORMAL DEPARTURE LAST
               VALUE    (LST)   VALUE       VALUE  FROM      YEAR
                                                   NORMAL
...................................................................
TEMPERATURE
TODAY
 MAXIMUM..TIES REC.*44* 0316 PM    44  2016     33      11     37
 MINIMUM            29  0523 AM     7  1926     25       4     28
 AVERAGE            37                          29       8     33

PRECIPITATION
(INCHES)
 TODAY            0.00           0.18  2009   0.01   -0.01      T
 MONTH TO DATE    0.07                        0.17   -0.10   0.65
 SINCE MAR 1      0.18                        0.42   -0.24   1.39
 SINCE JAN 1      1.33                        0.69    0.64   1.96

SNOWFALL
(INCHES)
 TODAY             0.0            3.6  2009    0.0     0.0      T
 MONTH TO DATE     0.9                         2.6    -1.7    1.1
 SINCE MAR 1       3.1                         7.9    -4.8   11.7
 SINCE JUL 1      33.0                        36.9    -3.9   54.8
 SNOW DEPTH (IN)     0                                          T

DEGREE DAYS
 HEATING
  TODAY             28                          36      -8     32
  MONTH TO DATE   1082                        1324    -242   1106
  SINCE MAR 1     4950                        5623    -673   5195
  SINCE JUL 1    17111                       18471   -1360  17406

 COOLING
  TODAY              0                           0       0      0
  MONTH TO DATE      0                           0       0      0
  SINCE MAR 1        0                           0       0      0
  SINCE JAN 1        0                           0       0      0
...................................................................

WIND (MPH)
 HIGHEST WIND SPEED    23     HIGHEST WIND DIRECTION    120
 HIGHEST GUST SPEED    26     HIGHEST GUST DIRECTION    130
 AVERAGE WIND SPEED    MM

WEATHER CONDITIONS
 THE FOLLOWING WEATHER WAS RECORDED TODAY.
 FOG AND FREEZING FOG WITH VISIBILITY AS LOW AS ONE EIGTH OF A MILE.

RELATIVE HUMIDITY
 HIGHEST RH     MM PERCENT       MM
 LOWEST  RH     MM PERCENT       MM
 AVERAGE RH     MM PERCENT       MM
...................................................................

THE BARROW CLIMATE NORMALS FOR TOMORROW
                        NORMAL    RECORD   YEAR
 MAXIMUM TEMPERATURE      33        46     1992
 MINIMUM TEMPERATURE      25         8     1948

SUNRISE AND SUNSET
 THE SUN IS CONTINUOUSLY ABOVE THE HORIZON ALL DAY.

-  INDICATES NEGATIVE NUMBERS.
R  INDICATES RECORD HAS BEEN SET OR TIED.
MM INDICATES DATA IS MISSING.
T  INDICATES TRACE OF PRECIPITATION.

&&
-------------------------------------------------------------------

AMOUNT OF DAYLIGHT TODAY  (HOUR:MIN)........24 HOURS 00 MINUTES
GAIN/LOSS SINCE YESTERDAY (HOUR:MIN:SEC)....+0:00:00

$$
RFL MAY 16
