000
CDAK49 PAFG 140042
CLIBRW

CLIMATE REPORT
NATIONAL WEATHER SERVICE FAIRBANKS AK
342 PM AKST WED DEC 13 2017


...................................

...THE BARROW AK CLIMATE SUMMARY FOR DECEMBER 13 2017...
VALID TODAY AS OF 0300 PM LOCAL TIME.

CLIMATE NORMAL PERIOD 1981 TO 2010
CLIMATE RECORD PERIOD 1920 TO 2017


WEATHER ITEM   OBSERVED TIME   RECORD YEAR NORMAL DEPARTURE LAST
                VALUE   (LST)  VALUE       VALUE  FROM      YEAR
                                                  NORMAL
..................................................................
TEMPERATURE (F)
 TODAY
  MAXIMUM          6    204 PM  29    2008  -1      7       22
  MINIMUM          4    956 AM -45    1924 -13     17      -16
  AVERAGE          5                        -7     12        3

PRECIPITATION (IN)
  TODAY            0.01          0.26 1930   0.00   0.01     0.03
  MONTH TO DATE    0.20                      0.06   0.14     0.04
  SINCE DEC 1      0.20                      0.06   0.14     0.04
  SINCE JAN 1      8.21                      4.45   3.76     7.18

SNOWFALL (IN)
  TODAY           MM             4.8  1930   0.1   MM        0.5
  MONTH TO DATE    4.3                       1.6    2.7      0.6
  SINCE DEC 1      4.3                       1.6    2.7      0.6
  SINCE JUL 1     21.0                      21.9   -0.9     13.7
  SNOW DEPTH       7

DEGREE DAYS
 HEATING
  TODAY           60                        72    -12       62
  MONTH TO DATE  790                       921   -131      910
  SINCE DEC 1    790                       921   -131      910
  SINCE JUL 1   5718                      6873  -1155     5865

 COOLING
  TODAY            0                         0      0        0
  MONTH TO DATE    0                         0      0        0
  SINCE DEC 1      0                         0      0        0
  SINCE JAN 1      0                         0      0        0
..................................................................


WIND (MPH)
  HIGHEST GUST SPEED    43   HIGHEST GUST DIRECTION    NE (60)


SKY COVER
  AVERAGE SKY COVER 1.0


WEATHER CONDITIONS
 THE FOLLOWING WEATHER WAS RECORDED TODAY.
  FOG
  BLOWING SNOW


RELATIVE HUMIDITY (PERCENT)
 HIGHEST    91
 LOWEST     80
 AVERAGE    86

..........................................................


THE BARROW AK CLIMATE NORMALS FOR TOMORROW
                         NORMAL    RECORD    YEAR
 MAXIMUM TEMPERATURE (F)   -1        30      2008
 MINIMUM TEMPERATURE (F)  -13       -42      1924


SUNRISE AND SUNSET
DECEMBER 13 2017......SUN BELOW VISIBLE HORIZON.
DECEMBER 14 2017......SUN BELOW VISIBLE HORIZON.

-  INDICATES NEGATIVE NUMBERS.
R  INDICATES RECORD WAS SET OR TIED.
MM INDICATES DATA IS MISSING.
T  INDICATES TRACE AMOUNT.

&&

SNOW DEPTH IS MEASURED AT 3AM AKST/4AM AKDT.

----------------------------
AVAILABLE DAYLIGHT

AMOUNT OF DAYLIGHT TODAY  (HOUR:MIN)........0:00
GAIN/LOSS SINCE YESTERDAY (HOUR:MIN:SEC)....+0:00:00

$$
AY DEC 17
