833
CDAK49 PAFG 280045
CLIBRW

CLIMATE REPORT
NATIONAL WEATHER SERVICE FAIRBANKS AK
345 PM AKST MON FEB 27 2017


...................................

...THE BARROW AK CLIMATE SUMMARY FOR FEBRUARY 27 2017...
VALID TODAY AS OF 0300 PM LOCAL TIME.

CLIMATE NORMAL PERIOD 1981 TO 2010
CLIMATE RECORD PERIOD 1920 TO 2017


WEATHER ITEM   OBSERVED TIME   RECORD YEAR NORMAL DEPARTURE LAST
                VALUE   (LST)  VALUE       VALUE  FROM      YEAR
                                                  NORMAL
..................................................................
TEMPERATURE (F)
 TODAY
  MAXIMUM         -8    115 AM  30    2015  -8      0       10
                                      1962
  MINIMUM        -15    841 AM -50    1957 -21      6        2
  AVERAGE        -11                       -14      3        6

PRECIPITATION (IN)
  TODAY            T             0.13 1962   0.01  -0.01     0.00
  MONTH TO DATE    0.40                      0.14   0.26     2.09
  SINCE DEC 1      1.17                      0.41   0.76     3.07
  SINCE JAN 1      0.87                      0.27   0.60     3.06

SNOWFALL (IN)
  TODAY            T             1.4  1939   0.1   -0.1      0.0
  MONTH TO DATE    4.9                       2.5    2.4      3.0
  SINCE DEC 1     13.8                       8.6    5.2      5.3
  SINCE JUL 1     26.9                      28.9   -2.0      8.8
  SNOW DEPTH       8

DEGREE DAYS
 HEATING
  TODAY           76                        79     -3       59
  MONTH TO DATE 1913                      2133   -220     1861
  SINCE DEC 1   5933                      6820   -887     6210
  SINCE JUL 1  10888                     12772  -1884    11271

 COOLING
  TODAY            0                         0      0        0
  MONTH TO DATE    0                         0      0        0
  SINCE DEC 1      0                         0      0        0
  SINCE JAN 1      0                         0      0        0
..................................................................


WIND (MPH)
  HIGHEST GUST SPEED    25   HIGHEST GUST DIRECTION    NE (50)


SKY COVER
  AVERAGE SKY COVER 0.4


WEATHER CONDITIONS
 THE FOLLOWING WEATHER WAS RECORDED TODAY.
  LIGHT SNOW
  FOG
  HAZE
  BLOWING SNOW


RELATIVE HUMIDITY (PERCENT)
 HIGHEST    81
 LOWEST     70
 AVERAGE    76

..........................................................


THE BARROW AK CLIMATE NORMALS FOR TOMORROW
                         NORMAL    RECORD    YEAR
 MAXIMUM TEMPERATURE (F)   -8        32      1960
 MINIMUM TEMPERATURE (F)  -21       -50      1957


SUNRISE AND SUNSET
FEBRUARY 27 2017......SUNRISE   908 AM AKST  SUNSET   615 PM AKST
FEBRUARY 28 2017......SUNRISE   903 AM AKST  SUNSET   619 PM AKST

-  INDICATES NEGATIVE NUMBERS.
R  INDICATES RECORD WAS SET OR TIED.
MM INDICATES DATA IS MISSING.
T  INDICATES TRACE AMOUNT.

&&

SNOW DEPTH IS MEASURED AT 3AM AKST/4AM AKDT.

----------------------------
AVAILABLE DAYLIGHT

AMOUNT OF DAYLIGHT TODAY  (HOUR:MIN)........9:07
GAIN/LOSS SINCE YESTERDAY (HOUR:MIN:SEC)....+0:09:47

$$
FEB 17
