400
CDAK49 PAFG 230954
CLIBRW

CLIMATE REPORT
NATIONAL WEATHER SERVICE FAIRBANKS AK
154 AM AKDT FRI JUN 23 2017


...................................

...THE BARROW AK CLIMATE SUMMARY FOR JUNE 22 2017...

CLIMATE NORMAL PERIOD 1981 TO 2010
CLIMATE RECORD PERIOD 1920 TO 2017


WEATHER ITEM   OBSERVED TIME   RECORD YEAR NORMAL DEPARTURE LAST
                VALUE   (LST)  VALUE       VALUE  FROM      YEAR
                                                  NORMAL
..................................................................
TEMPERATURE (F)
 YESTERDAY
  MAXIMUM         43   1159 PM  62    1941  44     -1       49
                                      1932
  MINIMUM         36    428 AM  23    1949  33      3       30
  AVERAGE         40                        38      2       40

PRECIPITATION (IN)
  YESTERDAY        0.01          0.36 1929   0.02  -0.01     0.00
  MONTH TO DATE    0.23                      0.20   0.03     0.60
  SINCE JUN 1      0.23                      0.20   0.03     0.60
  SINCE JAN 1      2.34                      0.90   1.44     3.95

SNOWFALL (IN)
  YESTERDAY        0.0           1.2  1973   0.0    0.0      0.0
  MONTH TO DATE    0.5                       0.6   -0.1      1.9
  SINCE JUN 1      0.5                       0.6   -0.1      1.9
  SINCE JUL 1     40.7                      37.6    3.1     12.2
  SNOW DEPTH       0

DEGREE DAYS
 HEATING
  YESTERDAY       25                        27     -2       25
  MONTH TO DATE  731                       674     57      631
  SINCE JUN 1    731                       674     57      631
  SINCE JUL 1  16917                     19193  -2276    16733

 COOLING
  YESTERDAY        0                         0      0        0
  MONTH TO DATE    0                         0      0        0
  SINCE JUN 1      0                         0      0        0
  SINCE JAN 1      0                         0      0        0
..................................................................


WIND (MPH)
  HIGHEST GUST SPEED    28   HIGHEST GUST DIRECTION    SW (230)


SKY COVER
  AVERAGE SKY COVER 0.7


WEATHER CONDITIONS
 THE FOLLOWING WEATHER WAS RECORDED YESTERDAY.
  LIGHT RAIN
  FOG
  FOG W/VISIBILITY <= 1/4 MILE


RELATIVE HUMIDITY (PERCENT)
 HIGHEST   100
 LOWEST     82
 AVERAGE    91

..........................................................


THE BARROW AK CLIMATE NORMALS FOR TODAY
                         NORMAL    RECORD    YEAR
 MAXIMUM TEMPERATURE (F)   44        62      1938
 MINIMUM TEMPERATURE (F)   33        25      1994


SUNRISE AND SUNSET
JUNE 23 2017..........SUN ABOVE VISIBLE HORIZON.
JUNE 24 2017..........SUN ABOVE VISIBLE HORIZON.

-  INDICATES NEGATIVE NUMBERS.
R  INDICATES RECORD WAS SET OR TIED.
MM INDICATES DATA IS MISSING.
T  INDICATES TRACE AMOUNT.

&&

SNOW DEPTH IS MEASURED AT 3AM AKST/4AM AKDT.

----------------------------
AVAILABLE DAYLIGHT

AMOUNT OF DAYLIGHT TODAY  (HOUR:MIN)........24:00
GAIN/LOSS SINCE YESTERDAY (HOUR:MIN:SEC)....+0:00:00

$$
CCC JUN 17
