270
CDAK49 PAFG 280041
CLIBRW

CLIMATE REPORT
NATIONAL WEATHER SERVICE FAIRBANKS AK
441 PM AKDT TUE SEP 27 2016


...................................

...THE BARROW AK CLIMATE SUMMARY FOR SEPTEMBER 27 2016...
VALID TODAY AS OF 0400 PM LOCAL TIME.

CLIMATE NORMAL PERIOD 1981 TO 2010
CLIMATE RECORD PERIOD 1920 TO 2016


WEATHER ITEM   OBSERVED TIME   RECORD YEAR NORMAL DEPARTURE LAST
                VALUE   (LST)  VALUE       VALUE  FROM      YEAR
                                                  NORMAL
..................................................................
TEMPERATURE (F)
 TODAY
  MAXIMUM         34    259 PM  45    1929  32      2       30
  MINIMUM         26    312 AM   6    1975  24      2       25
                                      1957
                                      1924
  AVERAGE         30                        28      2       28

PRECIPITATION (IN)
  TODAY            0.00          0.34 2004   0.02  -0.02      T
  MONTH TO DATE    0.47                      0.67  -0.20     0.30
  SINCE SEP 1      0.47                      0.67  -0.20     0.30
  SINCE JAN 1      6.12                      3.72   2.40     4.73

SNOWFALL (IN)
  TODAY            0.0           2.8  2004   0.3   -0.3     MM
  MONTH TO DATE    1.9                       3.8   -1.9      0.8
  SINCE SEP 1      1.9                       3.8   -1.9      0.8
  SINCE JUL 1      3.7                       4.9   -1.2      0.8
  SNOW DEPTH       0

DEGREE DAYS
 HEATING
  TODAY           35                        37     -2       37
  MONTH TO DATE  829                       871    -42      724
  SINCE SEP 1    829                       871    -42      724
  SINCE JUL 1   2258                      2426   -168     1927

 COOLING
  TODAY            0                         0      0        0
  MONTH TO DATE    0                         0      0        0
  SINCE SEP 1      0                         0      0        0
  SINCE JAN 1      0                         0      0        0
..................................................................


WIND (MPH)
  HIGHEST GUST SPEED    15   HIGHEST GUST DIRECTION     S (170)


SKY COVER
  AVERAGE SKY COVER 1.0


WEATHER CONDITIONS
 THE FOLLOWING WEATHER WAS RECORDED TODAY.
  NO SIGNIFICANT WEATHER WAS OBSERVED.


RELATIVE HUMIDITY (PERCENT)
 HIGHEST    85
 LOWEST     64
 AVERAGE    75

..........................................................


THE BARROW AK CLIMATE NORMALS FOR TOMORROW
                         NORMAL    RECORD    YEAR
 MAXIMUM TEMPERATURE (F)   31        46      1929
 MINIMUM TEMPERATURE (F)   24         1      1975
                                             1957


SUNRISE AND SUNSET
SEPTEMBER 27 2016.....SUNRISE   831 AM AKDT  SUNSET   803 PM AKDT
SEPTEMBER 28 2016.....SUNRISE   836 AM AKDT  SUNSET   758 PM AKDT

-  INDICATES NEGATIVE NUMBERS.
R  INDICATES RECORD WAS SET OR TIED.
MM INDICATES DATA IS MISSING.
T  INDICATES TRACE AMOUNT.

&&

SNOW DEPTH IS MEASURED AT 3AM AKST/4AM AKDT.

----------------------------
AVAILABLE DAYLIGHT

AMOUNT OF DAYLIGHT TODAY  (HOUR:MIN)........11:31
GAIN/LOSS SINCE YESTERDAY (HOUR:MIN:SEC)....-0:09:11

$$
CLE SEP 16
