562
CDAK49 PABR 302338
CLIBRW

CLIMATE REPORT
NATIONAL WEATHER SERVICE BARROW, AK
338 PM AKDT SAT JUL 30 2016

...................................
...THE BARROW WSO AP CLIMATE SUMMARY FOR JULY 30 2016...
VALID TODAY AS OF 2:00 PM LOCAL TIME

CLIMATE NORMAL PERIOD  1981 TO  2010
CLIMATE RECORD PERIOD  1915 TO  2016

WEATHER ITEM   OBSERVED TIME    RECORD YEAR NORMAL DEPARTURE LAST
               VALUE    (LST)   VALUE       VALUE  FROM      YEAR
                                                   NORMAL
...................................................................
TEMPERATURE
TODAY
 MAXIMUM            40  0229 AM    72  2009     46      -6     53
 MINIMUM            35  1000 AM    28  1959     35       0     31
 AVERAGE            38                          41      -3     42

PRECIPITATION
(INCHES)
 TODAY            0.11           0.56  1942   0.03    0.08   0.00
 MONTH TO DATE    0.68                        0.94   -0.26   0.10
 SINCE JUN 1      1.38                        1.26    0.12   0.94
 SINCE JAN 1      2.71                        1.96    0.75   2.90

SNOWFALL
(INCHES)
 TODAY               T            2.0  1945    0.0       T    0.0
 MONTH TO DATE       T                         0.2    -0.2      T
 SINCE JUN 1       2.7                         0.9     1.8    1.0
 SINCE JUL 1         T                         0.2    -0.2      T
 SNOW DEPTH (IN)     0                                          0

DEGREE DAYS
 HEATING
  TODAY             27                          24       3     23
  MONTH TO DATE    628                         723     -95    731
  SINCE JUN 1     1438                        1603    -165   1473
  SINCE JUL 1      628                         723     -95    731

 COOLING
  TODAY              0                           0       0      0
  MONTH TO DATE      0                           0       0      0
  SINCE JUN 1        0                           0       0      0
  SINCE JAN 1        0                           0       0      0
...................................................................

WIND (MPH)
 HIGHEST WIND SPEED    20     HIGHEST WIND DIRECTION    270
 HIGHEST GUST SPEED    25     HIGHEST GUST DIRECTION    270
 AVERAGE WIND SPEED    MM

WEATHER CONDITIONS
 THE FOLLOWING WEATHER WAS RECORDED TODAY.
 FOG
 RAIN
 SNOW

RELATIVE HUMIDITY
 HIGHEST RH     MM PERCENT       MM
 LOWEST  RH     MM PERCENT       MM
 AVERAGE RH     MM PERCENT       MM
...................................................................

THE BARROW CLIMATE NORMALS FOR TOMORROW
                        NORMAL    RECORD   YEAR
 MAXIMUM TEMPERATURE      46        64     1978
 MINIMUM TEMPERATURE      35        27     1929

SUNRISE AND SUNSET
 THE SUN IS CONTINUOUSLY ABOVE THE HORIZON ALL DAY.

-  INDICATES NEGATIVE NUMBERS.
R  INDICATES RECORD HAS BEEN SET OR TIED.
MM INDICATES DATA IS MISSING.
T  INDICATES TRACE OF PRECIPITATION.

&&
-------------------------------------------------------------------

AMOUNT OF DAYLIGHT TODAY  (HOUR:MIN)........24 HOURS 00 MINUTES
GAIN/LOSS SINCE YESTERDAY (HOUR:MIN:SEC)....+0:00:00

$$
RFL JUL 16
