000
CDAK49 PABR 262339
CLIBRW

CLIMATE REPORT
NATIONAL WEATHER SERVICE BARROW, AK
339 PM AKDT THU MAR 26 2015

...................................
...THE BARROW WSO AP CLIMATE SUMMARY FOR MARCH 26 2015...
VALID TODAY AS OF 300 PM LOCAL TIME

CLIMATE NORMAL PERIOD  1981 TO  2010
CLIMATE RECORD PERIOD  1915 TO  2015

WEATHER ITEM   OBSERVED TIME    RECORD YEAR NORMAL DEPARTURE LAST
               VALUE    (LST)   VALUE       VALUE  FROM      YEAR
                                                   NORMAL
...................................................................
TEMPERATURE
TODAY
 MAXIMUM             1   159 PM    30  1996     -4       5      8
 MINIMUM           -13   411 AM   -45  1962    -17       4     -6
 AVERAGE            -6                         -11       5      1

PRECIPITATION
(INCHES)
 TODAY               T           0.27  2013   0.00       T   0.00
 MONTH TO DATE    0.25                        0.07    0.18   0.05
 SINCE MAR 1      0.25                        0.07    0.18   0.05
 SINCE JAN 1      0.82                        0.34    0.48   0.42

SNOWFALL
(INCHES)
 TODAY               T            3.1  2013    0.0       T    0.0
 MONTH TO DATE     2.9                         1.7     1.2    1.7
 SINCE MAR 1       2.9                         1.7     1.2    1.7
 SINCE JUL 1      46.0                        30.7    15.3   44.3
 SNOW DEPTH (IN)     6                                          8

DEGREE DAYS
 HEATING
  TODAY             71                          75      -4     64
  MONTH TO DATE   2019                        2033     -14   1830
  SINCE MAR 1     2005                        2033     -28   1821
  SINCE JUL 1    14148                       14881    -733  13540

 COOLING
  TODAY              0                           0       0      0
  MONTH TO DATE      0                           0       0      0
  SINCE MAR 1        0                           0       0      0
  SINCE JAN 1        0                           0       0      0
...................................................................

WIND (MPH)
 HIGHEST WIND SPEED    16     HIGHEST WIND DIRECTION     90
 HIGHEST GUST SPEED    18     HIGHEST GUST DIRECTION     90
 AVERAGE WIND SPEED    MM

SKY COVER
  POSSIBLE SUNSHINE  MM            AVERAGE SKY COVER MM

WEATHER CONDITIONS
 THE FOLLOWING WEATHER WAS RECORDED TODAY.
  HAZE
  FOG
  SNOW


RELATIVE HUMIDITY
 HIGHEST RH     MM PERCENT       MM
 LOWEST  RH     MM PERCENT       MM
 AVERAGE RH     MM PERCENT       MM
...................................................................

THE BARROW CLIMATE NORMALS FOR TOMORROW
                        NORMAL    RECORD   YEAR
 MAXIMUM TEMPERATURE      -3        20     1954
 MINIMUM TEMPERATURE     -17       -44     1925

SUNRISE AND SUNSET
 MAR 26 2015..........SUNRISE  756 AM      SUNSET  913 PM
 MAR 27 2015..........SUNRISE  751 AM      SUNSET  917 PM

-  INDICATES NEGATIVE NUMBERS.
R  INDICATES RECORD HAS BEEN SET OR TIED.
MM INDICATES DATA IS MISSING.
T  INDICATES TRACE OF PRECIPITATION.

&&
-------------------------------------------------------------------

AMOUNT OF DAYLIGHT TODAY  (HOUR:MIN)........13 HOURS 17 MINUTES
GAIN/LOSS SINCE YESTERDAY (HOUR:MIN:SEC)....+0:09:24

$$
DPA MAR 15
