000
CDUS43 KGRR 020517
CLIBTL


CLIMATE REPORT
NATIONAL WEATHER SERVICE GRAND RAPIDS, MI
117 AM EDT WED SEP 2 2015


...................................

...THE BATTLE CREEK MI CLIMATE SUMMARY FOR SEPTEMBER 1 2015...

CLIMATE NORMAL PERIOD 1981 TO 2010
CLIMATE RECORD PERIOD 1998 TO 2015


WEATHER ITEM   OBSERVED TIME   NORMAL DEPARTURE LAST
                VALUE   (LST)  VALUE  FROM      YEAR
                                      NORMAL
......................................................
TEMPERATURE (F)
 YESTERDAY
  MAXIMUM         89    235 PM  79     10       81
  MINIMUM         65    530 AM  55     10       68
  AVERAGE         77            67     10       75

PRECIPITATION (IN)
  YESTERDAY        0.00          0.12  -0.12     0.90
  MONTH TO DATE    0.00          0.12  -0.12     0.90
  SINCE SEP 1      0.00          0.12  -0.12     0.90
  SINCE JAN 1     23.22         21.66   1.56    20.84

DEGREE DAYS
 HEATING
  YESTERDAY        0             2     -2        0
  MONTH TO DATE    0             2     -2        0
  SINCE SEP 1      0             2     -2        0
  SINCE JUL 1     22            43    -21       29

 COOLING
  YESTERDAY       12             4      8       10
  MONTH TO DATE   12             4      8       10
  SINCE SEP 1     12             4      8       10
  SINCE JAN 1    590           522     68      547
......................................................


WIND (MPH)
  RESULTANT WIND SPEED   5   RESULTANT WIND DIRECTION  SW (220)
  HIGHEST WIND SPEED    16   HIGHEST WIND DIRECTION     S (190)
  HIGHEST GUST SPEED    19   HIGHEST GUST DIRECTION     S (180)
  AVERAGE WIND SPEED     5.2


SKY COVER
  AVERAGE SKY COVER 0.1


WEATHER CONDITIONS
 THE FOLLOWING WEATHER WAS RECORDED YESTERDAY.
  FOG
  HAZE


RELATIVE HUMIDITY (PERCENT)
 HIGHEST    93          1200 AM
 LOWEST     53           400 PM
 AVERAGE    73

..........................................................


THE BATTLE CREEK MI CLIMATE NORMALS FOR TODAY
                         NORMAL
 MAXIMUM TEMPERATURE (F)   78
 MINIMUM TEMPERATURE (F)   55


SUNRISE AND SUNSET
SEPTEMBER  2 2015.....SUNRISE   707 AM EDT   SUNSET   814 PM EDT
SEPTEMBER  3 2015.....SUNRISE   708 AM EDT   SUNSET   812 PM EDT


-  INDICATES NEGATIVE NUMBERS.
R  INDICATES RECORD WAS SET OR TIED.
MM INDICATES DATA IS MISSING.
T  INDICATES TRACE AMOUNT.




$$
