000
CDUS43 KGRR 030542
CLIBTL


CLIMATE REPORT
NATIONAL WEATHER SERVICE GRAND RAPIDS, MI
141 AM EDT WED JUN 3 2015


...................................

...THE BATTLE CREEK MI CLIMATE SUMMARY FOR JUNE 2 2015...

CLIMATE NORMAL PERIOD 1981 TO 2010
CLIMATE RECORD PERIOD 1998 TO 2015


WEATHER ITEM   OBSERVED TIME   NORMAL DEPARTURE LAST
                VALUE   (LST)  VALUE  FROM      YEAR
                                      NORMAL
......................................................
TEMPERATURE (F)
 YESTERDAY
  MAXIMUM         72    526 PM  76     -4       81
  MINIMUM         42    540 AM  51     -9       67
  AVERAGE         57            63     -6       74

PRECIPITATION (IN)
  YESTERDAY        0.00          0.11  -0.11     0.70
  MONTH TO DATE    0.00          0.23  -0.23     0.70
  SINCE JUN 1      0.00          0.23  -0.23     0.70
  SINCE JAN 1      8.25         11.71  -3.46     8.66

DEGREE DAYS
 HEATING
  YESTERDAY        8             4      4        0
  MONTH TO DATE   17             8      9        0
  SINCE JUN 1     17             8      9        0
  SINCE JUL 1   6805          6642    163     7353

 COOLING
  YESTERDAY        0             2     -2        9
  MONTH TO DATE    0             4     -4       16
  SINCE JUN 1      0             4     -4       16
  SINCE JAN 1     73            42     31       68
......................................................


WIND (MPH)
  RESULTANT WIND SPEED   4   RESULTANT WIND DIRECTION  SE (120)
  HIGHEST WIND SPEED    14   HIGHEST WIND DIRECTION    SE (150)
  HIGHEST GUST SPEED    19   HIGHEST GUST DIRECTION    SE (120)
  AVERAGE WIND SPEED     4.8


SKY COVER
  AVERAGE SKY COVER 0.0


WEATHER CONDITIONS
 THE FOLLOWING WEATHER WAS RECORDED YESTERDAY.
  NO SIGNIFICANT WEATHER WAS OBSERVED.


RELATIVE HUMIDITY (PERCENT)
 HIGHEST    96           600 AM
 LOWEST     44           400 PM
 AVERAGE    70

..........................................................


THE BATTLE CREEK MI CLIMATE NORMALS FOR TODAY
                         NORMAL
 MAXIMUM TEMPERATURE (F)   76
 MINIMUM TEMPERATURE (F)   52


SUNRISE AND SUNSET
JUNE  3 2015..........SUNRISE   606 AM EDT   SUNSET   912 PM EDT
JUNE  4 2015..........SUNRISE   606 AM EDT   SUNSET   913 PM EDT


-  INDICATES NEGATIVE NUMBERS.
R  INDICATES RECORD WAS SET OR TIED.
MM INDICATES DATA IS MISSING.
T  INDICATES TRACE AMOUNT.




$$

63
