426
CDUS43 KGRR 060520
CLIBTL


CLIMATE REPORT
NATIONAL WEATHER SERVICE GRAND RAPIDS, MI
1220 AM EST SAT FEB 6 2016


...................................

...THE BATTLE CREEK MI CLIMATE SUMMARY FOR FEBRUARY 5 2016...

CLIMATE NORMAL PERIOD 1981 TO 2010
CLIMATE RECORD PERIOD 1998 TO 2016


WEATHER ITEM   OBSERVED TIME   NORMAL DEPARTURE LAST
                VALUE   (LST)  VALUE  FROM      YEAR
                                      NORMAL
......................................................
TEMPERATURE (F)
 YESTERDAY
  MAXIMUM         34    255 PM  33      1       19
  MINIMUM         15   1254 AM  16     -1       -5
  AVERAGE         25            24      1        7

PRECIPITATION (IN)
  YESTERDAY        0.01          0.03  -0.02     0.00
  MONTH TO DATE    0.28          0.19   0.09     0.21
  SINCE DEC 1      4.34          3.84   0.50     1.86
  SINCE JAN 1      1.22          1.85  -0.63     1.01

DEGREE DAYS
 HEATING
  YESTERDAY       40            41     -1       58
  MONTH TO DATE  175           205    -30      247
  SINCE DEC 1   1986          2650   -664     2523
  SINCE JUL 1   3036          4088  -1052     4026

 COOLING
  YESTERDAY        0             0      0        0
  MONTH TO DATE    0             0      0        0
  SINCE DEC 1      0             0      0        0
  SINCE JAN 1      0             0      0        0
......................................................


WIND (MPH)
  RESULTANT WIND SPEED   5   RESULTANT WIND DIRECTION  SW (230)
  HIGHEST WIND SPEED    12   HIGHEST WIND DIRECTION     W (290)
  HIGHEST GUST SPEED    15   HIGHEST GUST DIRECTION     W (280)
  AVERAGE WIND SPEED     6.6


SKY COVER
  AVERAGE SKY COVER 0.7


WEATHER CONDITIONS
 THE FOLLOWING WEATHER WAS RECORDED YESTERDAY.
  LIGHT SNOW
  FOG
  HAZE


RELATIVE HUMIDITY (PERCENT)
 HIGHEST    92           800 AM
 LOWEST     69          1200 PM
 AVERAGE    81

..........................................................


THE BATTLE CREEK MI CLIMATE NORMALS FOR TODAY
                         NORMAL
 MAXIMUM TEMPERATURE (F)   33
 MINIMUM TEMPERATURE (F)   16


SUNRISE AND SUNSET
FEBRUARY  6 2016......SUNRISE   749 AM EST   SUNSET   601 PM EST
FEBRUARY  7 2016......SUNRISE   748 AM EST   SUNSET   602 PM EST


-  INDICATES NEGATIVE NUMBERS.
R  INDICATES RECORD WAS SET OR TIED.
MM INDICATES DATA IS MISSING.
T  INDICATES TRACE AMOUNT.




$$
