000
CDUS43 KGRR 181433
CLIBTL


CLIMATE REPORT
NATIONAL WEATHER SERVICE GRAND RAPIDS, MI
933 AM EST THU DEC 18 2014


...................................

...THE BATTLE CREEK MI CLIMATE SUMMARY FOR DECEMBER 18 2014...
VALID AS OF 0900 AM LOCAL TIME.

CLIMATE NORMAL PERIOD 1981 TO 2010
CLIMATE RECORD PERIOD 1998 TO 2014


WEATHER ITEM   OBSERVED TIME   RECORD YEAR NORMAL DEPARTURE LAST
                VALUE   (LST)  VALUE       VALUE  FROM      YEAR
                                                  NORMAL
..................................................................
TEMPERATURE (F)
 TODAY
  MAXIMUM         30    859 AM  MM      MM  34     -4       29
  MINIMUM         29    300 AM  MM      MM  19     10       22
  AVERAGE         30                        26      4       26

PRECIPITATION (IN)
  TODAY            0.00         MM      MM   0.06  -0.06      T
  MONTH TO DATE    0.15                      1.18  -1.03     0.17
  SINCE DEC 1      0.15                      1.18  -1.03     0.17
  SINCE JAN 1     28.47                     32.34  -3.87    33.97

DEGREE DAYS
 HEATING
  TODAY           35                        38     -3       39
  MONTH TO DATE  553                       643    -90      719
  SINCE DEC 1    553                       643    -90      719

 COOLING
  TODAY            0                         0      0        0
  MONTH TO DATE    0                         0      0        0
  SINCE DEC 1      0                         0      0        0
..................................................................


WIND (MPH)
  HIGHEST WIND SPEED    12   HIGHEST WIND DIRECTION     W (290)
  HIGHEST GUST SPEED    14   HIGHEST GUST DIRECTION    NW (300)



WEATHER CONDITIONS
 THE FOLLOWING WEATHER WAS RECORDED TODAY.
  NO SIGNIFICANT WEATHER WAS OBSERVED.


..........................................................




SUNRISE AND SUNSET
DECEMBER 18 2014......SUNRISE   805 AM EST   SUNSET   510 PM EST
DECEMBER 19 2014......SUNRISE   805 AM EST   SUNSET   511 PM EST


-  INDICATES NEGATIVE NUMBERS.
R  INDICATES RECORD WAS SET OR TIED.
MM INDICATES DATA IS MISSING.
T  INDICATES TRACE AMOUNT.




$$
