000
CDUS43 KGRR 211424
CLIBTL


CLIMATE REPORT
NATIONAL WEATHER SERVICE GRAND RAPIDS, MI
923 AM EST SUN JAN 21 2018


...................................

...THE BATTLE CREEK MI CLIMATE SUMMARY FOR JANUARY 21 2018...
VALID AS OF 0900 AM LOCAL TIME.

CLIMATE NORMAL PERIOD 1981 TO 2010
CLIMATE RECORD PERIOD 1998 TO 2018


WEATHER ITEM   OBSERVED TIME   NORMAL DEPARTURE LAST
                VALUE   (LST)  VALUE  FROM      YEAR
                                      NORMAL
......................................................
TEMPERATURE (F)
 TODAY
  MAXIMUM         36    859 AM  31      5       60
  MINIMUM         35    808 AM  15     20       43
  AVERAGE         36            23     13       52

PRECIPITATION (IN)
  TODAY            0.00          0.05  -0.05     0.00
  MONTH TO DATE    0.61          1.24  -0.63     2.68
  SINCE DEC 1      1.16          3.23  -2.07     3.72
  SINCE JAN 1      0.61          1.24  -0.63     2.68

DEGREE DAYS
 HEATING
  TODAY           29            42    -13       13
  MONTH TO DATE  945           872     73      761
  SINCE DEC 1   2168          2034    134     1929
  SINCE JUL 1   3363          3472   -109     2772

 COOLING
  TODAY            0             0      0        0
  MONTH TO DATE    0             0      0        0
  SINCE DEC 1      0             0      0        0
  SINCE JAN 1      0             0      0        0
......................................................


WIND (MPH)
  RESULTANT WIND SPEED   4   RESULTANT WIND DIRECTION   S (190)
  HIGHEST WIND SPEED     8   HIGHEST WIND DIRECTION    SW (210)
  HIGHEST GUST SPEED    10   HIGHEST GUST DIRECTION    SW (210)
  AVERAGE WIND SPEED     4.8


SKY COVER
  AVERAGE SKY COVER 1.0


WEATHER CONDITIONS
 THE FOLLOWING WEATHER WAS RECORDED TODAY.
  FOG


RELATIVE HUMIDITY (PERCENT)
 HIGHEST   100           200 AM
 LOWEST     92          1200 AM
 AVERAGE    96

..........................................................


THE BATTLE CREEK MI CLIMATE NORMALS FOR TOMORROW
                         NORMAL
 MAXIMUM TEMPERATURE (F)   32
 MINIMUM TEMPERATURE (F)   15


SUNRISE AND SUNSET
JANUARY 21 2018.......SUNRISE   804 AM EST   SUNSET   541 PM EST
JANUARY 22 2018.......SUNRISE   803 AM EST   SUNSET   542 PM EST


-  INDICATES NEGATIVE NUMBERS.
R  INDICATES RECORD WAS SET OR TIED.
MM INDICATES DATA IS MISSING.
T  INDICATES TRACE AMOUNT.




$$
