000
CDUS43 KGRR 300518
CLIBTL


CLIMATE REPORT
NATIONAL WEATHER SERVICE GRAND RAPIDS, MI
118 AM EDT SAT JUL 30 2016


...................................

...THE BATTLE CREEK MI CLIMATE SUMMARY FOR JULY 29 2016...

CLIMATE NORMAL PERIOD 1981 TO 2010
CLIMATE RECORD PERIOD 1998 TO 2016


WEATHER ITEM   OBSERVED TIME   NORMAL DEPARTURE LAST
                VALUE   (LST)  VALUE  FROM      YEAR
                                      NORMAL
......................................................
TEMPERATURE (F)
 YESTERDAY
  MAXIMUM         78    220 PM  82     -4       87
  MINIMUM         65    844 AM  59      6       69
  AVERAGE         72            70      2       78

PRECIPITATION (IN)
  YESTERDAY        0.17          0.11   0.06     0.00
  MONTH TO DATE    3.74          3.14   0.60     4.21
  SINCE JUN 1      5.14          6.37  -1.23    12.78
  SINCE JAN 1     14.98         17.85  -2.87    21.03

DEGREE DAYS
 HEATING
  YESTERDAY        0             0      0        0
  MONTH TO DATE    5             6     -1        7
  SINCE JUN 1     39            63    -24       30
  SINCE JUL 1      5             6     -1        7

 COOLING
  YESTERDAY        7             6      1       13
  MONTH TO DATE  210           186     24      184
  SINCE JUN 1    346           312     34      324
  SINCE JAN 1    401           350     51      397
......................................................


WIND (MPH)
  RESULTANT WIND SPEED   8   RESULTANT WIND DIRECTION  NE (50)
  HIGHEST WIND SPEED    15   HIGHEST WIND DIRECTION    NE (50)
  HIGHEST GUST SPEED    19   HIGHEST GUST DIRECTION    NE (50)
  AVERAGE WIND SPEED     7.5


SKY COVER
  AVERAGE SKY COVER 0.7


WEATHER CONDITIONS
 THE FOLLOWING WEATHER WAS RECORDED YESTERDAY.
  LIGHT RAIN
  FOG


RELATIVE HUMIDITY (PERCENT)
 HIGHEST   100           700 AM
 LOWEST     70          1100 PM
 AVERAGE    85

..........................................................


THE BATTLE CREEK MI CLIMATE NORMALS FOR TODAY
                         NORMAL
 MAXIMUM TEMPERATURE (F)   82
 MINIMUM TEMPERATURE (F)   59


SUNRISE AND SUNSET
JULY 30 2016..........SUNRISE   632 AM EDT   SUNSET   902 PM EDT
JULY 31 2016..........SUNRISE   633 AM EDT   SUNSET   901 PM EDT


-  INDICATES NEGATIVE NUMBERS.
R  INDICATES RECORD WAS SET OR TIED.
MM INDICATES DATA IS MISSING.
T  INDICATES TRACE AMOUNT.




$$
