000
CDUS43 KGRR 302127
CLIBTL


CLIMATE REPORT
NATIONAL WEATHER SERVICE GRAND RAPIDS, MI
526 PM EDT SUN APR 30 2017


...................................

...THE BATTLE CREEK MI CLIMATE SUMMARY FOR APRIL 30 2017...
VALID TODAY AS OF 0500 PM LOCAL TIME.

CLIMATE NORMAL PERIOD 1981 TO 2010
CLIMATE RECORD PERIOD 1998 TO 2017


WEATHER ITEM   OBSERVED TIME   NORMAL DEPARTURE LAST
                VALUE   (LST)  VALUE  FROM      YEAR
                                      NORMAL
......................................................
TEMPERATURE (F)
 TODAY
  MAXIMUM         64    359 PM  66     -2       53
  MINIMUM         41    225 AM  41      0       45
  AVERAGE         53            53      0       49

PRECIPITATION (IN)
  TODAY            0.39          0.10   0.29     0.43
  MONTH TO DATE    3.25          2.80   0.45     2.50
  SINCE MAR 1      6.98          4.71   2.27     5.44
  SINCE JAN 1     12.45          7.71   4.74     7.04

DEGREE DAYS
 HEATING
  TODAY           12            12      0       16
  MONTH TO DATE  362           513   -151      532
  SINCE MAR 1   1267          1424   -157     1259
  SINCE JUL 1   5170          6389  -1219     5174

 COOLING
  TODAY            0             0      0        0
  MONTH TO DATE    9             7      2        2
  SINCE MAR 1      9             7      2        2
  SINCE JAN 1      9             7      2        2
......................................................


WIND (MPH)
  RESULTANT WIND SPEED   9   RESULTANT WIND DIRECTION   E (90)
  HIGHEST WIND SPEED    20   HIGHEST WIND DIRECTION     E (80)
  HIGHEST GUST SPEED    25   HIGHEST GUST DIRECTION     E (90)
  AVERAGE WIND SPEED     9.7


SKY COVER
  AVERAGE SKY COVER 0.8


WEATHER CONDITIONS
 THE FOLLOWING WEATHER WAS RECORDED TODAY.
  HEAVY RAIN
  RAIN
  LIGHT RAIN
  FOG


RELATIVE HUMIDITY (PERCENT)
 HIGHEST   100           100 PM
 LOWEST     89           400 AM
 AVERAGE    95

..........................................................


THE BATTLE CREEK MI CLIMATE NORMALS FOR TOMORROW
                         NORMAL
 MAXIMUM TEMPERATURE (F)   66
 MINIMUM TEMPERATURE (F)   41


SUNRISE AND SUNSET
APRIL 30 2017.........SUNRISE   637 AM EDT   SUNSET   840 PM EDT
MAY  1 2017...........SUNRISE   636 AM EDT   SUNSET   841 PM EDT


-  INDICATES NEGATIVE NUMBERS.
R  INDICATES RECORD WAS SET OR TIED.
MM INDICATES DATA IS MISSING.
T  INDICATES TRACE AMOUNT.




$$
