000
CDUS45 KMSO 010739
CLIBTM


CLIMATE REPORT
NATIONAL WEATHER SERVICE MISSOULA, MT
138 AM MDT TUE SEP 1 2015


...................................

...THE BUTTE MT CLIMATE SUMMARY FOR AUGUST 31 2015...

CLIMATE NORMAL PERIOD 1981 TO 2010
CLIMATE RECORD PERIOD 1895 TO 2015


WEATHER ITEM   OBSERVED TIME   RECORD YEAR NORMAL DEPARTURE LAST
                VALUE   (LST)  VALUE       VALUE  FROM      YEAR
                                                  NORMAL
..................................................................
TEMPERATURE (F)
 YESTERDAY
  MAXIMUM         74    450 PM  91    1955  75     -1       64
  MINIMUM         39    621 AM  27    2006  41     -2       43
  AVERAGE         57                        58     -1       54

PRECIPITATION (IN)
  YESTERDAY        0.00          0.38 1984   0.04  -0.04     0.02
  MONTH TO DATE    0.67                      1.36  -0.69     3.07
  SINCE OCT 1      9.20                     11.77  -2.57    12.51
  SINCE JAN 1      6.81                      9.88  -3.07    11.47

SNOWFALL (IN)
  YESTERDAY       MM
  MONTH TO DATE   MM
  SINCE JAN 1     MM
  SINCE JUL 1     MM
  SNOW DEPTH      MM

DEGREE DAYS
 HEATING
  YESTERDAY        8                         7      1       11
  MONTH TO DATE  126                       127     -1      128
  SINCE JUN 1    378                       515   -137      516
  SINCE JUL 1    230                       228      2      163

 COOLING
  YESTERDAY        0                         0      0        0
  MONTH TO DATE   34                        28      6       16
  SINCE JUN 1    101                        79     22       77
  SINCE JAN 1    101                        79     22       77
..................................................................


WIND (MPH)
  HIGHEST WIND SPEED    18   HIGHEST WIND DIRECTION     W (260)
  HIGHEST GUST SPEED    30   HIGHEST GUST DIRECTION     W (270)
  AVERAGE WIND SPEED     5.8


SKY COVER
  POSSIBLE SUNSHINE  MM
  AVERAGE SKY COVER 0.0


WEATHER CONDITIONS
 THE FOLLOWING WEATHER WAS RECORDED YESTERDAY.
  NO SIGNIFICANT WEATHER WAS OBSERVED.


RELATIVE HUMIDITY (PERCENT)
 HIGHEST    82           200 AM
 LOWEST     20           500 PM
 AVERAGE    51

..........................................................


THE BUTTE MT CLIMATE NORMALS FOR TODAY
                         NORMAL    RECORD    YEAR
 MAXIMUM TEMPERATURE (F)   75        92      1998
 MINIMUM TEMPERATURE (F)   40        26      2006


SUNRISE AND SUNSET
SEPTEMBER  1 2015.....SUNRISE   651 AM MDT   SUNSET   809 PM MDT
SEPTEMBER  2 2015.....SUNRISE   652 AM MDT   SUNSET   807 PM MDT


-  INDICATES NEGATIVE NUMBERS.
R  INDICATES RECORD WAS SET OR TIED.
MM INDICATES DATA IS MISSING.
T  INDICATES TRACE AMOUNT.




$$
