000
CDUS45 KMSO 260739
CLIBTM


CLIMATE REPORT
NATIONAL WEATHER SERVICE MISSOULA, MT
1238 AM MST MON JAN 26 2015


...................................

...THE BUTTE MT CLIMATE SUMMARY FOR JANUARY 25 2015...

CLIMATE NORMAL PERIOD 1981 TO 2010
CLIMATE RECORD PERIOD 1895 TO 2015


WEATHER ITEM   OBSERVED TIME   RECORD YEAR NORMAL DEPARTURE LAST
                VALUE   (LST)  VALUE       VALUE  FROM      YEAR
                                                  NORMAL
..................................................................
TEMPERATURE (F)
 YESTERDAY
  MAXIMUM         54R   235 PM  47    2014  33     21       47
                                      2006
                                      1984
  MINIMUM         28   1137 PM -38    1949   8     20       11
  AVERAGE         41                        20     21       29

PRECIPITATION (IN)
  YESTERDAY        0.00          0.57 1975   0.01  -0.01     0.00
  MONTH TO DATE    0.17                      0.38  -0.21     0.10
  SINCE OCT 1      2.56                      2.27   0.29     1.14
  SINCE JAN 1      0.17                      0.38  -0.21     0.10

SNOWFALL (IN)
  YESTERDAY       MM
  MONTH TO DATE   MM
  SINCE JAN 1     MM
  SINCE JUL 1     MM
  SNOW DEPTH      MM

DEGREE DAYS
 HEATING
  YESTERDAY       24                        45    -21       36
  MONTH TO DATE 1049                      1139    -90      967
  SINCE DEC 1   2364                      2613   -249     2425
  SINCE JUL 1   4694                      5103   -409     4685

 COOLING
  YESTERDAY        0                         0      0        0
  MONTH TO DATE    0                         0      0        0
  SINCE DEC 1      0                         0      0        0
  SINCE JAN 1      0                         0      0        0
..................................................................


WIND (MPH)
  HIGHEST WIND SPEED    10   HIGHEST WIND DIRECTION     W (260)
  HIGHEST GUST SPEED    15   HIGHEST GUST DIRECTION    SW (240)
  AVERAGE WIND SPEED     3.7


SKY COVER
  POSSIBLE SUNSHINE  MM
  AVERAGE SKY COVER 0.1


WEATHER CONDITIONS
 THE FOLLOWING WEATHER WAS RECORDED YESTERDAY.
  NO SIGNIFICANT WEATHER WAS OBSERVED.


RELATIVE HUMIDITY (PERCENT)
 HIGHEST    92           200 AM
 LOWEST     35           200 PM
 AVERAGE    64

..........................................................


THE BUTTE MT CLIMATE NORMALS FOR TODAY
                         NORMAL    RECORD    YEAR
 MAXIMUM TEMPERATURE (F)   33        49      1998
 MINIMUM TEMPERATURE (F)    8       -41      1957


SUNRISE AND SUNSET
JANUARY 26 2015.......SUNRISE   759 AM MST   SUNSET   527 PM MST
JANUARY 27 2015.......SUNRISE   758 AM MST   SUNSET   528 PM MST


-  INDICATES NEGATIVE NUMBERS.
R  INDICATES RECORD WAS SET OR TIED.
MM INDICATES DATA IS MISSING.
T  INDICATES TRACE AMOUNT.




$$
