000
CDUS45 KMSO 240740
CLIBTM


CLIMATE REPORT
NATIONAL WEATHER SERVICE MISSOULA, MT
138 AM MDT FRI OCT 24 2014


...................................

...THE BUTTE MT CLIMATE SUMMARY FOR OCTOBER 23 2014...

CLIMATE NORMAL PERIOD 1981 TO 2010
CLIMATE RECORD PERIOD 1895 TO 2014


WEATHER ITEM   OBSERVED TIME   RECORD YEAR NORMAL DEPARTURE LAST
                VALUE   (LST)  VALUE       VALUE  FROM      YEAR
                                                  NORMAL
..................................................................
TEMPERATURE (F)
 YESTERDAY
  MAXIMUM         59    107 PM  71    1937  52      7       61
  MINIMUM         42    734 AM   8    1935  25     17       21
  AVERAGE         51                        38     13       41

PRECIPITATION (IN)
  YESTERDAY        0.04          0.21 2001   0.02   0.02     0.00
  MONTH TO DATE    0.76                      0.61   0.15     0.17
  SINCE OCT 1      0.76                      0.61   0.15     0.17
  SINCE JAN 1     13.20                     11.49   1.71    10.45

SNOWFALL (IN)
  YESTERDAY       MM
  MONTH TO DATE   MM
  SINCE JAN 1     MM
  SINCE JUL 1     MM
  SNOW DEPTH      MM

DEGREE DAYS
 HEATING
  YESTERDAY       14                        26    -12       24
  MONTH TO DATE  402                       523   -121      615
  SINCE SEP 1    770                       916   -146      923
  SINCE JUL 1    933                      1144   -211      990

 COOLING
  YESTERDAY        0                         0      0        0
  MONTH TO DATE    0                         0      0        0
  SINCE SEP 1      1                         2     -1        8
  SINCE JAN 1     78                        81     -3      104
..................................................................


WIND (MPH)
  HIGHEST WIND SPEED    17   HIGHEST WIND DIRECTION     W (270)
  HIGHEST GUST SPEED    26   HIGHEST GUST DIRECTION    SW (240)
  AVERAGE WIND SPEED     5.0


SKY COVER
  POSSIBLE SUNSHINE  MM
  AVERAGE SKY COVER 0.7


WEATHER CONDITIONS
 THE FOLLOWING WEATHER WAS RECORDED YESTERDAY.
  LIGHT RAIN


RELATIVE HUMIDITY (PERCENT)
 HIGHEST    76           800 PM
 LOWEST     38           300 PM
 AVERAGE    57

..........................................................


THE BUTTE MT CLIMATE NORMALS FOR TODAY
                         NORMAL    RECORD    YEAR
 MAXIMUM TEMPERATURE (F)   52        72      2007
 MINIMUM TEMPERATURE (F)   25         0      1919


SUNRISE AND SUNSET
OCTOBER 24 2014.......SUNRISE   759 AM MDT   SUNSET   628 PM MDT
OCTOBER 25 2014.......SUNRISE   801 AM MDT   SUNSET   627 PM MDT


-  INDICATES NEGATIVE NUMBERS.
R  INDICATES RECORD WAS SET OR TIED.
MM INDICATES DATA IS MISSING.
T  INDICATES TRACE AMOUNT.




$$
