000
CDUS41 KBTV 230532
CLIBTV

CLIMATE REPORT
NATIONAL WEATHER SERVICE BURLINGTON VT
131 AM EDT SAT SEP 23 2017

...................................

...THE BURLINGTON VT CLIMATE SUMMARY FOR SEPTEMBER 22 2017...

CLIMATE NORMAL PERIOD 1981 TO 2010
CLIMATE RECORD PERIOD 1884 TO 2017


WEATHER ITEM   OBSERVED TIME   RECORD YEAR NORMAL DEPARTURE LAST
                VALUE   (LST)  VALUE       VALUE  FROM      YEAR
                                                  NORMAL
..................................................................
TEMPERATURE (F)
 YESTERDAY
  MAXIMUM         79    315 PM  88    1965  68     11       84
                                      1914
  MINIMUM         52    608 AM  31    1962  48      4       57
  AVERAGE         66                        58      8       71

PRECIPITATION (IN)
  YESTERDAY        0.00          2.36 1992   0.14  -0.14     0.00
  MONTH TO DATE    2.78                      2.60   0.18     0.74
  SINCE SEP 1      2.78                      2.60   0.18     0.74
  SINCE JAN 1     32.48                     26.67   5.81    19.94

SNOWFALL (IN)
  YESTERDAY        0.0           0.0  2002   0.0    0.0      0.0
                                      2001
  MONTH TO DATE    0.0                       0.0    0.0      0.0
  SINCE SEP 1      0.0                       0.0    0.0      0.0
  SINCE JUL 1      0.0                       0.0    0.0      0.0
  SNOW DEPTH       0

DEGREE DAYS
 HEATING
  YESTERDAY        0                         8     -8        0
  MONTH TO DATE   59                        99    -40       22
  SINCE SEP 1     59                        99    -40       22
  SINCE JUL 1     82                       141    -59       27

 COOLING
  YESTERDAY        1                         1      0        6
  MONTH TO DATE   58                        40     18      108
  SINCE SEP 1     58                        40     18      108
  SINCE JAN 1    575                       488     87      852
..................................................................


WIND (MPH)
  HIGHEST WIND SPEED    13   HIGHEST WIND DIRECTION    NW (320)
  HIGHEST GUST SPEED    16   HIGHEST GUST DIRECTION    NW (310)
  AVERAGE WIND SPEED     4.2


SKY COVER
  POSSIBLE SUNSHINE  MM
  AVERAGE SKY COVER 0.2


WEATHER CONDITIONS
 THE FOLLOWING WEATHER WAS RECORDED YESTERDAY.
  NO SIGNIFICANT WEATHER WAS OBSERVED.


RELATIVE HUMIDITY (PERCENT)
 HIGHEST    96           600 AM
 LOWEST     37           400 PM
 AVERAGE    67

..........................................................


THE BURLINGTON VT CLIMATE NORMALS FOR TODAY
                         NORMAL    RECORD    YEAR
 MAXIMUM TEMPERATURE (F)   67        87      1895
 MINIMUM TEMPERATURE (F)   48        29      1963


SUNRISE AND SUNSET
SEPTEMBER 23 2017.....SUNRISE   641 AM EDT   SUNSET   648 PM EDT
SEPTEMBER 24 2017.....SUNRISE   642 AM EDT   SUNSET   646 PM EDT


-  INDICATES NEGATIVE NUMBERS.
R  INDICATES RECORD WAS SET OR TIED.
MM INDICATES DATA IS MISSING.
T  INDICATES TRACE AMOUNT.

&&

LAKE CHAMPLAIN DATA:
LEVEL...............95.18 FEET
TEMPERATURE.........69 DEGREES

MOUNT MANSFIELD DATA:
HIGH................69 DEGREES
LOW.................50 DEGREES
PRECIPITATION.......NONE

$$
