000
CDUS46 KLOX 220906
CLIBUR


CLIMATE REPORT
NATIONAL WEATHER SERVICE LOS ANGELES/OXNARD CA
206 AM PDT MON MAY 22 2017


...................................

...THE BOB HOPE AIRPORT (BURBANK) CA CLIMATE SUMMARY FOR MAY 21 2017...

CLIMATE NORMAL PERIOD 1981 TO 2010
CLIMATE RECORD PERIOD 1939 TO 2017


WEATHER ITEM   OBSERVED TIME   RECORD YEAR NORMAL DEPARTURE LAST
                VALUE   (LST)  VALUE       VALUE  FROM      YEAR
                                                  NORMAL
..................................................................
TEMPERATURE (F)
 YESTERDAY
  MAXIMUM         92    124 PM  95    1988  77     15       67
  MINIMUM         65   1159 PM  39    1975  55     10       53
  AVERAGE         79                        66     13       60

PRECIPITATION (IN)
  YESTERDAY        0.00          0.15 2006   0.01  -0.01     0.00
  MONTH TO DATE    0.13                      0.28  -0.15     0.02
  SINCE OCT 1     13.83                     16.81  -2.98     7.66
  SINCE JAN 1      9.57                     12.37  -2.80     6.56

SNOWFALL (IN)
  YESTERDAY        0.0
  MONTH TO DATE    0.0
  SINCE MAR 1      0.0
  SINCE JUL 1      0.0

DEGREE DAYS
 HEATING
  YESTERDAY        0                         2     -2        5
  MONTH TO DATE   55                        47      8       34
  SINCE MAR 1    181                       403   -222      206
  SINCE JUL 1   1174                      1544   -370     1113

 COOLING
  YESTERDAY       14                         2     12        0
  MONTH TO DATE   65                        42     23       29
  SINCE MAR 1    212                        87    125      118
  SINCE JAN 1    213                        93    120      173
..................................................................


WIND (MPH)
  HIGHEST WIND SPEED    14   HIGHEST WIND DIRECTION    SE (150)
  HIGHEST GUST SPEED    17   HIGHEST GUST DIRECTION     E (110)
  AVERAGE WIND SPEED     5.7


SKY COVER
  POSSIBLE SUNSHINE  MM
  AVERAGE SKY COVER 0.0


WEATHER CONDITIONS
 THE FOLLOWING WEATHER WAS RECORDED YESTERDAY.
  NO SIGNIFICANT WEATHER WAS OBSERVED.


RELATIVE HUMIDITY (PERCENT)
 HIGHEST    68          1100 PM
 LOWEST     19           400 PM
 AVERAGE    44

..........................................................


THE BOB HOPE AIRPORT (BURBANK) CA CLIMATE NORMALS FOR TODAY
                         NORMAL    RECORD    YEAR
 MAXIMUM TEMPERATURE (F)   77        94      1967
 MINIMUM TEMPERATURE (F)   55        45      1945


SUNRISE AND SUNSET
MAY 22 2017...........SUNRISE   547 AM PDT   SUNSET   754 PM PDT
MAY 23 2017...........SUNRISE   546 AM PDT   SUNSET   755 PM PDT


-  INDICATES NEGATIVE NUMBERS.
R  INDICATES RECORD WAS SET OR TIED.
MM INDICATES DATA IS MISSING.
T  INDICATES TRACE AMOUNT.




$$
