000
CDUS46 KLOX 200902
CLIBUR


CLIMATE REPORT
NATIONAL WEATHER SERVICE LOS ANGELES/OXNARD CA
202 AM PDT FRI OCT 20 2017


...................................

...THE BOB HOPE AIRPORT (BURBANK) CA CLIMATE SUMMARY FOR OCTOBER 19 2017...

CLIMATE NORMAL PERIOD 1981 TO 2010
CLIMATE RECORD PERIOD 1939 TO 2017


WEATHER ITEM   OBSERVED TIME   RECORD YEAR NORMAL DEPARTURE LAST
                VALUE   (LST)  VALUE       VALUE  FROM      YEAR
                                                  NORMAL
..................................................................
TEMPERATURE (F)
 YESTERDAY
  MAXIMUM         79    111 PM 101    1940  79      0       92
  MINIMUM         60    600 AM  41    1971  53      7       55
                                      1943
  AVERAGE         70                        66      4       74

PRECIPITATION (IN)
  YESTERDAY        0.00          1.45 2004   0.04  -0.04     0.00
  MONTH TO DATE    0.00                      0.54  -0.54     0.08
  SINCE OCT 1      0.00                      0.54  -0.54     0.08
  SINCE JAN 1      9.62                     13.41  -3.79     6.64

SNOWFALL (IN)
  YESTERDAY        0.0
  MONTH TO DATE    0.0
  SINCE SEP 1      0.0
  SINCE JUL 1      0.0

DEGREE DAYS
 HEATING
  YESTERDAY        0                         1     -1        0
  MONTH TO DATE    0                        19    -19        1
  SINCE SEP 1      3                        25    -22        2
  SINCE JUL 1      3                        25    -22        2

 COOLING
  YESTERDAY        5                         3      2        9
  MONTH TO DATE  138                        76     62       85
  SINCE SEP 1    437                       325    112      366
  SINCE JAN 1   1765                      1207    558     1579
..................................................................


WIND (MPH)
  HIGHEST WIND SPEED    14   HIGHEST WIND DIRECTION    SE (150)
  HIGHEST GUST SPEED    18   HIGHEST GUST DIRECTION     W (250)
  AVERAGE WIND SPEED     4.5


SKY COVER
  POSSIBLE SUNSHINE  MM
  AVERAGE SKY COVER 0.1


WEATHER CONDITIONS
 THE FOLLOWING WEATHER WAS RECORDED YESTERDAY.
  HAZE


RELATIVE HUMIDITY (PERCENT)
 HIGHEST    78           600 AM
 LOWEST     42           100 PM
 AVERAGE    60

..........................................................


THE BOB HOPE AIRPORT (BURBANK) CA CLIMATE NORMALS FOR TODAY
                         NORMAL    RECORD    YEAR
 MAXIMUM TEMPERATURE (F)   79        98      2003
 MINIMUM TEMPERATURE (F)   53        39      1949


SUNRISE AND SUNSET
OCTOBER 20 2017.......SUNRISE   703 AM PDT   SUNSET   613 PM PDT
OCTOBER 21 2017.......SUNRISE   704 AM PDT   SUNSET   612 PM PDT


-  INDICATES NEGATIVE NUMBERS.
R  INDICATES RECORD WAS SET OR TIED.
MM INDICATES DATA IS MISSING.
T  INDICATES TRACE AMOUNT.




$$
