564
CDUS46 KLOX 260121
CLIBUR


CLIMATE REPORT
NATIONAL WEATHER SERVICE LOS ANGELES/OXNARD CA
621 PM PDT SUN JUN 25 2017


...................................

...THE BOB HOPE AIRPORT (BURBANK) CA CLIMATE SUMMARY FOR JUNE 25 2017...
VALID TODAY AS OF 0600 PM LOCAL TIME.

CLIMATE NORMAL PERIOD 1981 TO 2010
CLIMATE RECORD PERIOD 1939 TO 2017


WEATHER ITEM   OBSERVED TIME   RECORD YEAR NORMAL DEPARTURE LAST
                VALUE   (LST)  VALUE       VALUE  FROM      YEAR
                                                  NORMAL
..................................................................
TEMPERATURE (F)
 TODAY
  MAXIMUM        111R   222 PM 104    1990  83     28       88
                                      1970
  MINIMUM         65    424 AM  49    1975  60      5       63
                                      1950
  AVERAGE         88                        72     16       76

PRECIPITATION (IN)
  TODAY            0.00          0.05 1965   0.00   0.00     0.00
  MONTH TO DATE    T                         0.10  -0.10      T
  SINCE OCT 1     13.83                     16.98  -3.15     7.66
  SINCE JAN 1      9.57                     12.54  -2.97     6.56

SNOWFALL (IN)
  TODAY            0.0
  MONTH TO DATE    0.0
  SINCE JUN 1      0.0
  SINCE JUL 1      0.0

DEGREE DAYS
 HEATING
  TODAY            0                         0      0        0
  MONTH TO DATE    4                        11     -7        2
  SINCE JUN 1      4                        11     -7        2
  SINCE JUL 1   1183                      1567   -384     1131

 COOLING
  TODAY           23                         7     16       11
  MONTH TO DATE  189                       112     77      204
  SINCE JUN 1    189                       112     77      204
  SINCE JAN 1    434                       236    198      381
..................................................................


WIND (MPH)
  HIGHEST WIND SPEED    22   HIGHEST WIND DIRECTION     E (110)
  HIGHEST GUST SPEED    27   HIGHEST GUST DIRECTION     E (110)
  AVERAGE WIND SPEED     5.6


SKY COVER
  POSSIBLE SUNSHINE  MM
  AVERAGE SKY COVER 0.0


WEATHER CONDITIONS
 THE FOLLOWING WEATHER WAS RECORDED TODAY.
  NO SIGNIFICANT WEATHER WAS OBSERVED.


RELATIVE HUMIDITY (PERCENT)
 HIGHEST    78           200 AM
 LOWEST      5           200 PM
 AVERAGE    42

..........................................................


THE BOB HOPE AIRPORT (BURBANK) CA CLIMATE NORMALS FOR TOMORROW
                         NORMAL    RECORD    YEAR
 MAXIMUM TEMPERATURE (F)   83       110      1990
 MINIMUM TEMPERATURE (F)   60        48      1967


SUNRISE AND SUNSET
JUNE 25 2017..........SUNRISE   543 AM PDT   SUNSET   809 PM PDT
JUNE 26 2017..........SUNRISE   544 AM PDT   SUNSET   809 PM PDT


-  INDICATES NEGATIVE NUMBERS.
R  INDICATES RECORD WAS SET OR TIED.
MM INDICATES DATA IS MISSING.
T  INDICATES TRACE AMOUNT.




$$
