000
CDUS46 KLOX 250903
CLIBUR


CLIMATE REPORT
NATIONAL WEATHER SERVICE LOS ANGELES/OXNARD CA
203 AM PDT SAT OCT 25 2014


...................................

...THE BOB HOPE AIRPORT (BURBANK) CA CLIMATE SUMMARY FOR OCTOBER 24 2014...

CLIMATE NORMAL PERIOD 1981 TO 2010
CLIMATE RECORD PERIOD 1939 TO 2014


WEATHER ITEM   OBSERVED TIME   RECORD YEAR NORMAL DEPARTURE LAST
                VALUE   (LST)  VALUE       VALUE  FROM      YEAR
                                                  NORMAL
..................................................................
TEMPERATURE (F)
 YESTERDAY
  MAXIMUM         89    202 PM  99    1968  78     11       74
  MINIMUM         57    628 AM  41    1975  52      5       58
  AVERAGE         73                        65      8       66

PRECIPITATION (IN)
  YESTERDAY        0.00          0.46 1971   0.03  -0.03     0.00
  MONTH TO DATE    0.00                      0.70  -0.70     0.10
  SINCE JUL 1      0.04                      1.02  -0.98     0.11
  SINCE JAN 1      4.95                     13.57  -8.62     2.71

SNOWFALL (IN)
  YESTERDAY        0.0
  MONTH TO DATE    0.0
  SINCE SEP 1      0.0
  SINCE JUL 1      0.0

DEGREE DAYS
 HEATING
  YESTERDAY        0                         2     -2        0
  MONTH TO DATE    0                        29    -29       13
  SINCE SEP 1      0                        35    -35       13
  SINCE JUL 1      0                        35    -35       13

 COOLING
  YESTERDAY        8                         2      6        1
  MONTH TO DATE  187                        88     99      120
  SINCE SEP 1    583                       337    246      521
  SINCE JAN 1   1883                      1219    664     1950
..................................................................


WIND (MPH)
  HIGHEST WIND SPEED    14   HIGHEST WIND DIRECTION     S (180)
  HIGHEST GUST SPEED    17   HIGHEST GUST DIRECTION     S (200)
  AVERAGE WIND SPEED     3.5


SKY COVER
  POSSIBLE SUNSHINE  MM
  AVERAGE SKY COVER 0.0


WEATHER CONDITIONS
 THE FOLLOWING WEATHER WAS RECORDED YESTERDAY.
  NO SIGNIFICANT WEATHER WAS OBSERVED.


RELATIVE HUMIDITY (PERCENT)
 HIGHEST    66          1100 PM
 LOWEST     11           300 PM
 AVERAGE    39

..........................................................


THE BOB HOPE AIRPORT (BURBANK) CA CLIMATE NORMALS FOR TODAY
                         NORMAL    RECORD    YEAR
 MAXIMUM TEMPERATURE (F)   78        97      1965
 MINIMUM TEMPERATURE (F)   52        37      1975


SUNRISE AND SUNSET
OCTOBER 25 2014.......SUNRISE   707 AM PDT   SUNSET   607 PM PDT
OCTOBER 26 2014.......SUNRISE   708 AM PDT   SUNSET   606 PM PDT


-  INDICATES NEGATIVE NUMBERS.
R  INDICATES RECORD WAS SET OR TIED.
MM INDICATES DATA IS MISSING.
T  INDICATES TRACE AMOUNT.




$$
