000
CDUS41 KLWX 250520
CLIBWI


CLIMATE REPORT
NATIONAL WEATHER SERVICE BALTIMORE MD/WASHINGTON DC
120 AM EDT SAT OCT 25 2014


...................................

...THE BALTIMORE MD CLIMATE SUMMARY FOR OCTOBER 24 2014...

CLIMATE NORMAL PERIOD 1981 TO 2010
CLIMATE RECORD PERIOD 1870 TO 2014


WEATHER ITEM   OBSERVED TIME   RECORD YEAR NORMAL DEPARTURE LAST
                VALUE   (LST)  VALUE       VALUE  FROM      YEAR
                                                  NORMAL
..................................................................
TEMPERATURE (F)
 YESTERDAY
  MAXIMUM         68    323 PM  82    2001  64      4       53
  MINIMUM         48   1134 PM  25    1969  43      5       37
  AVERAGE         58                        53      5       45

PRECIPITATION (IN)
  YESTERDAY        0.00          1.43 1926   0.10  -0.10     0.00
  MONTH TO DATE    4.11                      2.58   1.53     7.50
  SINCE SEP 1      7.32                      6.61   0.71     9.15
  SINCE JAN 1     45.59                     34.46  11.13    34.72

SNOWFALL (IN)
  YESTERDAY        0.0          MM      MM   0.0    0.0
  MONTH TO DATE    0.0                       0.0    0.0
  SINCE JUL 1      0.0                       0.0    0.0
  SNOW DEPTH       0

DEGREE DAYS
 HEATING
  YESTERDAY        7                        12     -5       20
  MONTH TO DATE  152                       204    -52      134
  SINCE SEP 1    189                       256    -67      186
  SINCE JUL 1    189                       257    -68      186

 COOLING
  YESTERDAY        0                         0      0        0
  MONTH TO DATE   12                        15     -3       51
  SINCE SEP 1    167                       150     17      194
  SINCE JAN 1   1084                      1160    -76     1339
..................................................................


WIND (MPH)
  HIGHEST WIND SPEED    22   HIGHEST WIND DIRECTION     W (290)
  HIGHEST GUST SPEED    28   HIGHEST GUST DIRECTION     W (290)
  AVERAGE WIND SPEED     9.6


SKY COVER
  POSSIBLE SUNSHINE  MM
  AVERAGE SKY COVER 0.4


WEATHER CONDITIONS
 THE FOLLOWING WEATHER WAS RECORDED YESTERDAY.
  NO SIGNIFICANT WEATHER WAS OBSERVED.


RELATIVE HUMIDITY (PERCENT)
 HIGHEST    71           700 AM
 LOWEST     30           300 PM
 AVERAGE    51

..........................................................


THE BALTIMORE MD CLIMATE NORMALS FOR TODAY
                         NORMAL    RECORD    YEAR
 MAXIMUM TEMPERATURE (F)   64        77      1931
                                             1875
 MINIMUM TEMPERATURE (F)   42        28      1962


SUNRISE AND SUNSET
OCTOBER 25 2014.......SUNRISE   727 AM EDT   SUNSET   614 PM EDT
OCTOBER 26 2014.......SUNRISE   728 AM EDT   SUNSET   613 PM EDT


-  INDICATES NEGATIVE NUMBERS.
R  INDICATES RECORD WAS SET OR TIED.
MM INDICATES DATA IS MISSING.
T  INDICATES TRACE AMOUNT.




$$
