000
CDUS41 KLWX 250523
CLIBWI


CLIMATE REPORT
NATIONAL WEATHER SERVICE BALTIMORE MD/WASHINGTON DC
122 AM EDT SUN SEP 25 2016


...................................

...THE BALTIMORE MD CLIMATE SUMMARY FOR SEPTEMBER 24 2016...

CLIMATE NORMAL PERIOD 1981 TO 2010
CLIMATE RECORD PERIOD 1870 TO 2016


WEATHER ITEM   OBSERVED TIME   RECORD YEAR NORMAL DEPARTURE LAST
                VALUE   (LST)  VALUE       VALUE  FROM      YEAR
                                                  NORMAL
..................................................................
TEMPERATURE (F)
 YESTERDAY
  MAXIMUM         73   1151 AM  95    2010  75     -2       80
                                      1970
  MINIMUM         56   1108 PM  39    1983  54      2       52
                                      1974
                                      1963
  AVERAGE         65                        64      1       66

PRECIPITATION (IN)
  YESTERDAY        T             5.97 1912   0.15  -0.15     0.00
  MONTH TO DATE    0.73                      3.17  -2.44     0.54
  SINCE SEP 1      0.73                      3.17  -2.44     0.54
  SINCE JAN 1     31.83                     31.02   0.81    36.78

SNOWFALL (IN)
  YESTERDAY        0.0          MM      MM   0.0    0.0
  MONTH TO DATE    0.0                       0.0    0.0
  SINCE JUL 1      0.0                       0.0    0.0
  SNOW DEPTH       0

DEGREE DAYS
 HEATING
  YESTERDAY        0                         3     -3        0
  MONTH TO DATE    0                        27    -27        1
  SINCE SEP 1      0                        27    -27        1
  SINCE JUL 1      0                        28    -28        1

 COOLING
  YESTERDAY        0                         2     -2        1
  MONTH TO DATE  241                       122    119      185
  SINCE SEP 1    241                       122    119      185
  SINCE JAN 1   1508                      1132    376     1374
..................................................................


WIND (MPH)
  HIGHEST WIND SPEED    17   HIGHEST WIND DIRECTION    NE (40)
  HIGHEST GUST SPEED    22   HIGHEST GUST DIRECTION    NE (50)
  AVERAGE WIND SPEED     5.7


SKY COVER
  POSSIBLE SUNSHINE  MM
  AVERAGE SKY COVER 0.5


WEATHER CONDITIONS
 THE FOLLOWING WEATHER WAS RECORDED YESTERDAY.
  LIGHT RAIN
  HAZE


RELATIVE HUMIDITY (PERCENT)
 HIGHEST   100          1000 PM
 LOWEST     61           400 PM
 AVERAGE    81

..........................................................


THE BALTIMORE MD CLIMATE NORMALS FOR TODAY
                         NORMAL    RECORD    YEAR
 MAXIMUM TEMPERATURE (F)   74        97      1970
 MINIMUM TEMPERATURE (F)   54        35      1963


SUNRISE AND SUNSET
SEPTEMBER 25 2016.....SUNRISE   658 AM EDT   SUNSET   658 PM EDT
SEPTEMBER 26 2016.....SUNRISE   658 AM EDT   SUNSET   656 PM EDT


-  INDICATES NEGATIVE NUMBERS.
R  INDICATES RECORD WAS SET OR TIED.
MM INDICATES DATA IS MISSING.
T  INDICATES TRACE AMOUNT.




$$
