000
CDUS41 KLWX 160519
CLIBWI


CLIMATE REPORT
NATIONAL WEATHER SERVICE BALTIMORE MD/WASHINGTON DC
118 AM EDT TUE SEP 16 2014


...................................

...THE BALTIMORE MD CLIMATE SUMMARY FOR SEPTEMBER 15 2014...

CLIMATE NORMAL PERIOD 1981 TO 2010
CLIMATE RECORD PERIOD 1870 TO 2014


WEATHER ITEM   OBSERVED TIME   RECORD YEAR NORMAL DEPARTURE LAST
                VALUE   (LST)  VALUE       VALUE  FROM      YEAR
                                                  NORMAL
..................................................................
TEMPERATURE (F)
 YESTERDAY
  MAXIMUM         72    323 PM  97    1927  78     -6       76
  MINIMUM         51    150 AM  40    1873  58     -7       47
  AVERAGE         62                        68     -6       62

PRECIPITATION (IN)
  YESTERDAY        0.00          3.20 1904   0.14  -0.14     0.00
  MONTH TO DATE    0.94                      1.89  -0.95     0.67
  SINCE SEP 1      0.94                      1.89  -0.95     0.67
  SINCE JAN 1     39.21                     29.74   9.47    26.24

SNOWFALL (IN)
  YESTERDAY        0.0          MM      MM   0.0    0.0
  MONTH TO DATE    0.0                       0.0    0.0
  SINCE JUL 1      0.0                       0.0    0.0
  SNOW DEPTH       0

DEGREE DAYS
 HEATING
  YESTERDAY        3                         1      2        3
  MONTH TO DATE   11                         7      4        7
  SINCE SEP 1     11                         7      4        7
  SINCE JUL 1     11                         8      3        7

 COOLING
  YESTERDAY        0                         4     -4        0
  MONTH TO DATE  134                        92     42      137
  SINCE SEP 1    134                        92     42      137
  SINCE JAN 1   1051                      1102    -51     1282
..................................................................


WIND (MPH)
  HIGHEST WIND SPEED    10   HIGHEST WIND DIRECTION     E (90)
  HIGHEST GUST SPEED    15   HIGHEST GUST DIRECTION     N (10)
  AVERAGE WIND SPEED     2.4


SKY COVER
  POSSIBLE SUNSHINE  MM
  AVERAGE SKY COVER 0.7


WEATHER CONDITIONS
 THE FOLLOWING WEATHER WAS RECORDED YESTERDAY.
  NO SIGNIFICANT WEATHER WAS OBSERVED.


RELATIVE HUMIDITY (PERCENT)
 HIGHEST    96           100 AM
 LOWEST     49           300 PM
 AVERAGE    73

..........................................................


THE BALTIMORE MD CLIMATE NORMALS FOR TODAY
                         NORMAL    RECORD    YEAR
 MAXIMUM TEMPERATURE (F)   78        98      1991
 MINIMUM TEMPERATURE (F)   58        41      1873


SUNRISE AND SUNSET
SEPTEMBER 16 2014.....SUNRISE   649 AM EDT   SUNSET   713 PM EDT
SEPTEMBER 17 2014.....SUNRISE   650 AM EDT   SUNSET   712 PM EDT


-  INDICATES NEGATIVE NUMBERS.
R  INDICATES RECORD WAS SET OR TIED.
MM INDICATES DATA IS MISSING.
T  INDICATES TRACE AMOUNT.




$$
