000
CDUS41 KLWX 240522
CLIBWI


CLIMATE REPORT
NATIONAL WEATHER SERVICE BALTIMORE MD/WASHINGTON DC
122 AM EDT SUN MAY 24 2015


...................................

...THE BALTIMORE MD CLIMATE SUMMARY FOR MAY 23 2015...

CLIMATE NORMAL PERIOD 1981 TO 2010
CLIMATE RECORD PERIOD 1870 TO 2015


WEATHER ITEM   OBSERVED TIME   RECORD YEAR NORMAL DEPARTURE LAST
                VALUE   (LST)  VALUE       VALUE  FROM      YEAR
                                                  NORMAL
..................................................................
TEMPERATURE (F)
 YESTERDAY
  MAXIMUM         72    455 PM  98    1925  76     -4       77
  MINIMUM         46    506 AM  39    1961  54     -8       54
  AVERAGE         59                        65     -6       66

PRECIPITATION (IN)
  YESTERDAY        0.00          2.40 1989   0.14  -0.14     0.00
  MONTH TO DATE    2.08                      2.91  -0.83     2.68
  SINCE MAR 1     11.05                     10.00   1.05    15.66
  SINCE JAN 1     17.18                     15.95   1.23    22.95

SNOWFALL (IN)
  YESTERDAY        0.0          MM      MM   0.0    0.0
  MONTH TO DATE    0.0                       0.0    0.0
  SINCE JUL 1     28.7                      20.1    8.6
  SNOW DEPTH       0

DEGREE DAYS
 HEATING
  YESTERDAY        6                         3      3        0
  MONTH TO DATE   48                       115    -67       63
  SINCE MAR 1   1135                      1135      0     1236
  SINCE JUL 1   4950                      4730    220     4993

 COOLING
  YESTERDAY        0                         3     -3        1
  MONTH TO DATE  100                        40     60       48
  SINCE MAR 1    105                        54     51       55
  SINCE JAN 1    105                        54     51       55
..................................................................


WIND (MPH)
  HIGHEST WIND SPEED    10   HIGHEST WIND DIRECTION     W (270)
  HIGHEST GUST SPEED    18   HIGHEST GUST DIRECTION     N (360)
  AVERAGE WIND SPEED     4.1


SKY COVER
  POSSIBLE SUNSHINE  MM
  AVERAGE SKY COVER 0.3


WEATHER CONDITIONS
 THE FOLLOWING WEATHER WAS RECORDED YESTERDAY.
  NO SIGNIFICANT WEATHER WAS OBSERVED.


RELATIVE HUMIDITY (PERCENT)
 HIGHEST    77          1100 PM
 LOWEST     22           200 PM
 AVERAGE    50

..........................................................


THE BALTIMORE MD CLIMATE NORMALS FOR TODAY
                         NORMAL    RECORD    YEAR
 MAXIMUM TEMPERATURE (F)   76        93      1933
 MINIMUM TEMPERATURE (F)   55        41      1963


SUNRISE AND SUNSET
MAY 24 2015...........SUNRISE   547 AM EDT   SUNSET   821 PM EDT
MAY 25 2015...........SUNRISE   546 AM EDT   SUNSET   822 PM EDT


-  INDICATES NEGATIVE NUMBERS.
R  INDICATES RECORD WAS SET OR TIED.
MM INDICATES DATA IS MISSING.
T  INDICATES TRACE AMOUNT.




$$
