551
CDUS41 KLWX 240527
CLIBWI


CLIMATE REPORT
NATIONAL WEATHER SERVICE BALTIMORE MD/WASHINGTON DC
1226 AM EST TUE JAN 24 2017


...................................

...THE BALTIMORE MD CLIMATE SUMMARY FOR JANUARY 23 2017...

CLIMATE NORMAL PERIOD 1981 TO 2010
CLIMATE RECORD PERIOD 1870 TO 2017


WEATHER ITEM   OBSERVED TIME   RECORD YEAR NORMAL DEPARTURE LAST
                VALUE   (LST)  VALUE       VALUE  FROM      YEAR
                                                  NORMAL
..................................................................
TEMPERATURE (F)
 YESTERDAY
  MAXIMUM         48   1235 AM  73    1967  41      7       28
  MINIMUM         38   1159 PM   0    1936  24     14       22
  AVERAGE         43                        33     10       25

PRECIPITATION (IN)
  YESTERDAY        0.60          1.82 1998   0.09   0.51     1.80
  MONTH TO DATE    2.68                      2.26   0.42     3.49
  SINCE DEC 1      5.45                      5.63  -0.18     9.34
  SINCE JAN 1      2.68                      2.26   0.42     3.49

SNOWFALL (IN)
  YESTERDAY        0.0          25.5  2016   0.2   -0.2
  MONTH TO DATE    0.7                       4.6   -3.9
  SINCE JUL 1      0.7                       8.0   -7.3
  SNOW DEPTH       0

DEGREE DAYS
 HEATING
  YESTERDAY       22                        32    -10       40
  MONTH TO DATE  599                       736   -137      751
  SINCE DEC 1   1417                      1613   -196     1240
  SINCE JUL 1   2116                      2517   -401     1960

 COOLING
  YESTERDAY        0                         0      0        0
  MONTH TO DATE    0                         0      0        0
  SINCE DEC 1      0                         0      0        1
  SINCE JAN 1      0                         0      0        0
..................................................................


WIND (MPH)
  HIGHEST WIND SPEED    35   HIGHEST WIND DIRECTION    NE (60)
  HIGHEST GUST SPEED    44   HIGHEST GUST DIRECTION     E (70)
  AVERAGE WIND SPEED    21.3


SKY COVER
  POSSIBLE SUNSHINE  MM
  AVERAGE SKY COVER 1.0


WEATHER CONDITIONS
 THE FOLLOWING WEATHER WAS RECORDED YESTERDAY.
  HEAVY RAIN
  RAIN
  LIGHT RAIN
  FOG


RELATIVE HUMIDITY (PERCENT)
 HIGHEST   100           100 AM
 LOWEST     85           600 PM
 AVERAGE    93

..........................................................


THE BALTIMORE MD CLIMATE NORMALS FOR TODAY
                         NORMAL    RECORD    YEAR
 MAXIMUM TEMPERATURE (F)   41        74      1967
 MINIMUM TEMPERATURE (F)   24         1      1963


SUNRISE AND SUNSET
JANUARY 24 2017.......SUNRISE   720 AM EST   SUNSET   518 PM EST
JANUARY 25 2017.......SUNRISE   719 AM EST   SUNSET   520 PM EST


-  INDICATES NEGATIVE NUMBERS.
R  INDICATES RECORD WAS SET OR TIED.
MM INDICATES DATA IS MISSING.
T  INDICATES TRACE AMOUNT.




$$
