290
CDUS41 KLWX 230523
CLIBWI


CLIMATE REPORT
NATIONAL WEATHER SERVICE BALTIMORE MD/WASHINGTON DC
123 AM EDT MON OCT 23 2017


...................................

...THE BALTIMORE MD CLIMATE SUMMARY FOR OCTOBER 22 2017...

CLIMATE NORMAL PERIOD 1981 TO 2010
CLIMATE RECORD PERIOD 1871 TO 2017


WEATHER ITEM   OBSERVED TIME   RECORD YEAR NORMAL DEPARTURE LAST
                VALUE   (LST)  VALUE       VALUE  FROM      YEAR
                                                  NORMAL
..................................................................
TEMPERATURE (F)
 YESTERDAY
  MAXIMUM         74    259 PM  85    1979  65      9       59
                                      1920
  MINIMUM         44    530 AM  31    1952  43      1       46
  AVERAGE         59                        54      5       53

PRECIPITATION (IN)
  YESTERDAY        0.00          2.04 1956   0.11  -0.11      T
  MONTH TO DATE    1.42                      2.38  -0.96     0.71
  SINCE SEP 1      3.37                      6.41  -3.04     5.07
  SINCE JAN 1     33.61                     34.26  -0.65    36.17

SNOWFALL (IN)
  YESTERDAY        0.0           T    2003   0.0    0.0
  MONTH TO DATE    0.0                       0.0    0.0
  SINCE JUL 1      0.0                       0.0    0.0
  SNOW DEPTH       0

DEGREE DAYS
 HEATING
  YESTERDAY        6                        11     -5       12
  MONTH TO DATE   78                       181   -103       95
  SINCE SEP 1    106                       233   -127      110
  SINCE JUL 1    106                       234   -128      110

 COOLING
  YESTERDAY        0                         0      0        0
  MONTH TO DATE   65                        15     50       35
  SINCE SEP 1    224                       150     74      278
  SINCE JAN 1   1316                      1160    156     1545
..................................................................


WIND (MPH)
  HIGHEST WIND SPEED    15   HIGHEST WIND DIRECTION     E (110)
  HIGHEST GUST SPEED    18   HIGHEST GUST DIRECTION     E (110)
  AVERAGE WIND SPEED     2.7


SKY COVER
  POSSIBLE SUNSHINE  MM
  AVERAGE SKY COVER 0.6


WEATHER CONDITIONS
 THE FOLLOWING WEATHER WAS RECORDED YESTERDAY.
  NO SIGNIFICANT WEATHER WAS OBSERVED.


RELATIVE HUMIDITY (PERCENT)
 HIGHEST   100           100 AM
 LOWEST     33           300 PM
 AVERAGE    67

..........................................................


THE BALTIMORE MD CLIMATE NORMALS FOR TODAY
                         NORMAL    RECORD    YEAR
 MAXIMUM TEMPERATURE (F)   65        91      1947
 MINIMUM TEMPERATURE (F)   43        28      1997


SUNRISE AND SUNSET
OCTOBER 23 2017.......SUNRISE   725 AM EDT   SUNSET   616 PM EDT
OCTOBER 24 2017.......SUNRISE   726 AM EDT   SUNSET   615 PM EDT


-  INDICATES NEGATIVE NUMBERS.
R  INDICATES RECORD WAS SET OR TIED.
MM INDICATES DATA IS MISSING.
T  INDICATES TRACE AMOUNT.




$$
