000
CDUS45 KRIW 010049
CLIBYG


CLIMATE REPORT
NATIONAL WEATHER SERVICE RIVERTON WY
647 PM MDT MON AUG 31 2015


...................................

...THE BUFFALO WY CLIMATE SUMMARY FOR AUGUST 31 2015...
VALID TODAY AS OF 0500 PM LOCAL TIME.

CLIMATE NORMAL PERIOD 1981 TO 2010
CLIMATE RECORD PERIOD 1998 TO 2015


WEATHER ITEM   OBSERVED TIME   RECORD YEAR NORMAL DEPARTURE LAST
                VALUE   (LST)  VALUE       VALUE  FROM      YEAR
                                                  NORMAL
..................................................................
TEMPERATURE (F)
 TODAY
  MAXIMUM         86        MM  94    2011  80      6       67
                                      2007
  MINIMUM         50        MM  39    2005  51     -1       50
  AVERAGE         68

PRECIPITATION (IN)
  TODAY            0.00          T    2012   0.02  -0.02     0.10
                                      2008
                                      2000
  MONTH TO DATE    1.15                      0.81   0.34     2.60
  SINCE JUN 1      5.15                      4.75   0.40     6.45
  SINCE JAN 1     12.41                     10.27   2.14    10.21

DEGREE DAYS
 HEATING
  TODAY            0                         3     -3        6
  MONTH TO DATE   49                        42      7       48
  SINCE JUN 1    133                       228    -95      265
  SINCE JUL 1     79                        65     14       59

 COOLING
  TODAY            3                         4     -1        0
  MONTH TO DATE  225                       185     40      129
  SINCE JUN 1    443                       439      4      323
  SINCE JAN 1    443                       446     -3      334
..................................................................


WIND (MPH)
  HIGHEST WIND SPEED    30   HIGHEST WIND DIRECTION    NW (320)
  HIGHEST GUST SPEED    45   HIGHEST GUST DIRECTION     N (340)
  AVERAGE WIND SPEED    13.9


SKY COVER
  POSSIBLE SUNSHINE  MM
  AVERAGE SKY COVER 0.0


WEATHER CONDITIONS
 THE FOLLOWING WEATHER WAS RECORDED TODAY.
  HAZE


RELATIVE HUMIDITY (PERCENT)
 HIGHEST    68           600 AM
 LOWEST     22           300 PM
 AVERAGE    45

..........................................................


THE BUFFALO WY CLIMATE NORMALS FOR TOMORROW
                         NORMAL    RECORD    YEAR
 MAXIMUM TEMPERATURE (F)   79        93      2004
 MINIMUM TEMPERATURE (F)   51        39      2008


SUNRISE AND SUNSET
AUGUST 31 2015........SUNRISE   628 AM MDT   SUNSET   745 PM MDT
SEPTEMBER  1 2015.....SUNRISE   629 AM MDT   SUNSET   743 PM MDT


-  INDICATES NEGATIVE NUMBERS.
R  INDICATES RECORD WAS SET OR TIED.
MM INDICATES DATA IS MISSING.
T  INDICATES TRACE AMOUNT.




$$
