000
CDUS45 KRIW 230734
CLIBYG


CLIMATE REPORT
NATIONAL WEATHER SERVICE RIVERTON WY
128 AM MDT WED JUL 23 2014


...................................

...THE BUFFALO WY CLIMATE SUMMARY FOR JULY 22 2014...

CLIMATE NORMAL PERIOD 1981 TO 2010
CLIMATE RECORD PERIOD 1998 TO 2014


WEATHER ITEM   OBSERVED TIME   RECORD YEAR NORMAL DEPARTURE LAST
                VALUE   (LST)  VALUE       VALUE  FROM      YEAR
                                                  NORMAL
..................................................................
TEMPERATURE (F)
 YESTERDAY
  MAXIMUM         95    132 PM  99    2013  86      9       99
  MINIMUM         60   1210 AM  51    2010  58      2       59
  AVERAGE         78                        72      6       79

PRECIPITATION (IN)
  YESTERDAY        0.00          0.12 2004   0.05  -0.05    MM
  MONTH TO DATE    0.94                      1.19  -0.25     0.00
  SINCE JUN 1      3.85                      3.47   0.38     0.95
  SINCE JAN 1      7.61                      8.99  -1.38     4.08

DEGREE DAYS
 HEATING
  YESTERDAY        0                         1     -1        0
  MONTH TO DATE   11                        25    -14        0
  SINCE JUN 1    217                       188     29      100
  SINCE JUL 1     11                        25    -14        0

 COOLING
  YESTERDAY       13                         8      5       14
  MONTH TO DATE  124                       134    -10      214
  SINCE JUN 1    129                       185    -56      291
  SINCE JAN 1    140                       192    -52      301
..................................................................


WIND (MPH)
  HIGHEST WIND SPEED    29   HIGHEST WIND DIRECTION    NW (330)
  HIGHEST GUST SPEED    39   HIGHEST GUST DIRECTION     N (340)
  AVERAGE WIND SPEED    10.9


SKY COVER
  POSSIBLE SUNSHINE  MM
  AVERAGE SKY COVER 0.0


WEATHER CONDITIONS
 THE FOLLOWING WEATHER WAS RECORDED YESTERDAY.
  NO SIGNIFICANT WEATHER WAS OBSERVED.


RELATIVE HUMIDITY (PERCENT)
 HIGHEST    63          1100 PM
 LOWEST     15           200 PM
 AVERAGE    39

..........................................................


THE BUFFALO WY CLIMATE NORMALS FOR TODAY
                         NORMAL    RECORD    YEAR
 MAXIMUM TEMPERATURE (F)   86       100      2007
 MINIMUM TEMPERATURE (F)   58        48      2004


SUNRISE AND SUNSET
JULY 23 2014..........SUNRISE   544 AM MDT   SUNSET   842 PM MDT
JULY 24 2014..........SUNRISE   545 AM MDT   SUNSET   841 PM MDT


-  INDICATES NEGATIVE NUMBERS.
R  INDICATES RECORD WAS SET OR TIED.
MM INDICATES DATA IS MISSING.
T  INDICATES TRACE AMOUNT.




$$
