000
CDUS45 KRIW 310033
CLIBYG


CLIMATE REPORT
NATIONAL WEATHER SERVICE RIVERTON WY
633 PM MDT SAT JUL 30 2016


...................................

...THE BUFFALO WY CLIMATE SUMMARY FOR JULY 30 2016...
VALID TODAY AS OF 0500 PM LOCAL TIME.

CLIMATE NORMAL PERIOD 1981 TO 2010
CLIMATE RECORD PERIOD 1998 TO 2016


WEATHER ITEM   OBSERVED TIME   RECORD YEAR NORMAL DEPARTURE LAST
                VALUE   (LST)  VALUE       VALUE  FROM      YEAR
                                                  NORMAL
..................................................................
TEMPERATURE (F)
 TODAY
  MAXIMUM         99R       MM  98    2000  86     13       87
  MINIMUM         58        MM  44    2009  58      0       56
  AVERAGE         79

PRECIPITATION (IN)
  TODAY            0.00          T    2010   0.05  -0.05     0.00
                                      2005
                                      1999
  MONTH TO DATE    0.49                      1.60  -1.11     0.77
  SINCE JUN 1      0.88                      3.88  -3.00     4.00
  SINCE JAN 1      5.80                      9.40  -3.60    11.26

DEGREE DAYS
 HEATING
  TODAY            0                         1     -1        0
  MONTH TO DATE    1                        33    -32       30
  SINCE JUN 1     16                       196   -180       84
  SINCE JUL 1      1                        33    -32       30

 COOLING
  TODAY           14                         8      6        7
  MONTH TO DATE  247                       198     49      138
  SINCE JUN 1    382                       249    133      208
  SINCE JAN 1    387                       256    131      208
..................................................................


WIND (MPH)
  HIGHEST WIND SPEED    15   HIGHEST WIND DIRECTION     N (350)
  HIGHEST GUST SPEED    38   HIGHEST GUST DIRECTION     W (290)
  AVERAGE WIND SPEED     7.4


SKY COVER
  POSSIBLE SUNSHINE  MM
  AVERAGE SKY COVER 0.1


WEATHER CONDITIONS
 THE FOLLOWING WEATHER WAS RECORDED TODAY.
  NO SIGNIFICANT WEATHER WAS OBSERVED.


RELATIVE HUMIDITY (PERCENT)
 HIGHEST    60          1200 AM
 LOWEST     11           200 PM
 AVERAGE    36

..........................................................


THE BUFFALO WY CLIMATE NORMALS FOR TOMORROW
                         NORMAL    RECORD    YEAR
 MAXIMUM TEMPERATURE (F)   86        94      2007
 MINIMUM TEMPERATURE (F)   58        51      2013
                                             2009


SUNRISE AND SUNSET
JULY 30 2016..........SUNRISE   552 AM MDT   SUNSET   833 PM MDT
JULY 31 2016..........SUNRISE   554 AM MDT   SUNSET   832 PM MDT


-  INDICATES NEGATIVE NUMBERS.
R  INDICATES RECORD WAS SET OR TIED.
MM INDICATES DATA IS MISSING.
T  INDICATES TRACE AMOUNT.




$$
