000
CDUS45 KRIW 020738
CLIBYG


CLIMATE REPORT
NATIONAL WEATHER SERVICE RIVERTON WY
1237 AM MST FRI DEC 2 2016


...................................

...THE BUFFALO WY CLIMATE SUMMARY FOR DECEMBER 1 2016...

CLIMATE NORMAL PERIOD 1981 TO 2010
CLIMATE RECORD PERIOD 1998 TO 2016


WEATHER ITEM   OBSERVED TIME   RECORD YEAR NORMAL DEPARTURE LAST
                VALUE   (LST)  VALUE       VALUE  FROM      YEAR
                                                  NORMAL
..................................................................
TEMPERATURE (F)
 YESTERDAY
  MAXIMUM         41    108 PM  60    1998  38      3       39
  MINIMUM         25    108 AM   2    2007  17      8       19
  AVERAGE         33                        27      6       29

PRECIPITATION (IN)
  YESTERDAY        T             0.04 2007   0.02  -0.02     0.00
  MONTH TO DATE    T                         0.02  -0.02     0.00
  SINCE DEC 1      T                         0.02  -0.02     0.00
  SINCE JAN 1     12.04                     13.07  -1.03    13.67

DEGREE DAYS
 HEATING
  YESTERDAY       32                        38     -6       36
  MONTH TO DATE   32                        38     -6       36
  SINCE DEC 1     32                        38     -6       36
  SINCE JUL 1   1214                      1872   -658     1465

 COOLING
  YESTERDAY        0                         0      0        0
  MONTH TO DATE    0                         0      0        0
  SINCE DEC 1      0                         0      0        0
  SINCE JAN 1    632                       492    140      560
..................................................................


WIND (MPH)
  HIGHEST WIND SPEED    12   HIGHEST WIND DIRECTION    NW (330)
  HIGHEST GUST SPEED    14   HIGHEST GUST DIRECTION     N (350)
  AVERAGE WIND SPEED     5.6


SKY COVER
  POSSIBLE SUNSHINE  MM
  AVERAGE SKY COVER 0.9


WEATHER CONDITIONS
 THE FOLLOWING WEATHER WAS RECORDED YESTERDAY.
  LIGHT SNOW


RELATIVE HUMIDITY (PERCENT)
 HIGHEST    63          1100 PM
 LOWEST     37          1200 PM
 AVERAGE    50

..........................................................


THE BUFFALO WY CLIMATE NORMALS FOR TODAY
                         NORMAL    RECORD    YEAR
 MAXIMUM TEMPERATURE (F)   37        62      2012
 MINIMUM TEMPERATURE (F)   17        -4      2007


SUNRISE AND SUNSET
DECEMBER  2 2016......SUNRISE   724 AM MST   SUNSET   428 PM MST
DECEMBER  3 2016......SUNRISE   726 AM MST   SUNSET   428 PM MST


-  INDICATES NEGATIVE NUMBERS.
R  INDICATES RECORD WAS SET OR TIED.
MM INDICATES DATA IS MISSING.
T  INDICATES TRACE AMOUNT.




$$
