000
CDUS45 KRIW 010737
CLIBYG


CLIMATE REPORT
NATIONAL WEATHER SERVICE RIVERTON WY
1234 AM MST SUN FEB 1 2015


...................................

...THE BUFFALO WY CLIMATE SUMMARY FOR JANUARY 31 2015...

CLIMATE NORMAL PERIOD 1981 TO 2010
CLIMATE RECORD PERIOD 1998 TO 2015


WEATHER ITEM   OBSERVED TIME   RECORD YEAR NORMAL DEPARTURE LAST
                VALUE   (LST)  VALUE       VALUE  FROM      YEAR
                                                  NORMAL
..................................................................
TEMPERATURE (F)
 YESTERDAY
  MAXIMUM         40   1147 AM  59    2009  37      3       34
  MINIMUM         11   1159 PM -15    2011  17     -6        1
  AVERAGE         26                        27     -1       18

PRECIPITATION (IN)
  YESTERDAY        T             0.12 2013   0.02  -0.02      T
  MONTH TO DATE    0.16                      0.42  -0.26     0.21
  SINCE DEC 1      0.24                      0.82  -0.58     0.45
  SINCE JAN 1      0.16                      0.42  -0.26     0.21

DEGREE DAYS
 HEATING
  YESTERDAY       39                        38      1       47
  MONTH TO DATE 1071                      1158    -87     1149
  SINCE DEC 1   1985                      2373   -388     2239
  SINCE JUL 1   3741                      4207   -466     3947

 COOLING
  YESTERDAY        0                         0      0        0
  MONTH TO DATE    0                         0      0        0
  SINCE DEC 1      0                         0      0        0
  SINCE JAN 1      0                         0      0        0
..................................................................


WIND (MPH)
  HIGHEST WIND SPEED    40   HIGHEST WIND DIRECTION     N (350)
  HIGHEST GUST SPEED    50   HIGHEST GUST DIRECTION     N (340)
  AVERAGE WIND SPEED    22.0


SKY COVER
  POSSIBLE SUNSHINE  MM
  AVERAGE SKY COVER 0.4


WEATHER CONDITIONS
 THE FOLLOWING WEATHER WAS RECORDED YESTERDAY.
  LIGHT SNOW
  FOG
  HAZE


RELATIVE HUMIDITY (PERCENT)
 HIGHEST    92           600 PM
 LOWEST     35           200 AM
 AVERAGE    64

..........................................................


THE BUFFALO WY CLIMATE NORMALS FOR TODAY
                         NORMAL    RECORD    YEAR
 MAXIMUM TEMPERATURE (F)   37        56      2003
 MINIMUM TEMPERATURE (F)   17       -16      2011


SUNRISE AND SUNSET
FEBRUARY  1 2015......SUNRISE   725 AM MST   SUNSET   516 PM MST
FEBRUARY  2 2015......SUNRISE   724 AM MST   SUNSET   518 PM MST


-  INDICATES NEGATIVE NUMBERS.
R  INDICATES RECORD WAS SET OR TIED.
MM INDICATES DATA IS MISSING.
T  INDICATES TRACE AMOUNT.




$$
