293
CDUS45 KRIW 130031
CLIBYG


CLIMATE REPORT
NATIONAL WEATHER SERVICE RIVERTON WY
531 PM MST FRI FEB 12 2016


...................................

...THE BUFFALO WY CLIMATE SUMMARY FOR FEBRUARY 12 2016...
VALID TODAY AS OF 0500 PM LOCAL TIME.

CLIMATE NORMAL PERIOD 1981 TO 2010
CLIMATE RECORD PERIOD 1998 TO 2016


WEATHER ITEM   OBSERVED TIME   RECORD YEAR NORMAL DEPARTURE LAST
                VALUE   (LST)  VALUE       VALUE  FROM      YEAR
                                                  NORMAL
..................................................................
TEMPERATURE (F)
 TODAY
  MAXIMUM         48        MM  58    2015  37     11       58
  MINIMUM         32        MM  -4    2004  18     14       29
  AVERAGE         40

PRECIPITATION (IN)
  TODAY            0.00          0.03 2008   0.01  -0.01     0.00
                                      2000
  MONTH TO DATE    0.22                      0.15   0.07     0.04
  SINCE DEC 1      0.45                      0.97  -0.52     0.28
  SINCE JAN 1      0.35                      0.57  -0.22     0.20

DEGREE DAYS
 HEATING
  TODAY           25                        37    -12       21
  MONTH TO DATE  386                       455    -69      308
  SINCE DEC 1   2543                      2828   -285     2293
  SINCE JUL 1   3972                      4662   -690     4049

 COOLING
  TODAY            0                         0      0        0
  MONTH TO DATE    0                         0      0        0
  SINCE DEC 1      0                         0      0        0
  SINCE JAN 1      0                         0      0        0
..................................................................


WIND (MPH)
  HIGHEST WIND SPEED    16   HIGHEST WIND DIRECTION    SE (150)
  HIGHEST GUST SPEED    MM   HIGHEST GUST DIRECTION    MM
  AVERAGE WIND SPEED     8.9


SKY COVER
  POSSIBLE SUNSHINE  MM
  AVERAGE SKY COVER 0.5


WEATHER CONDITIONS
 THE FOLLOWING WEATHER WAS RECORDED TODAY.
  NO SIGNIFICANT WEATHER WAS OBSERVED.


RELATIVE HUMIDITY (PERCENT)
 HIGHEST    82           900 AM
 LOWEST     53           200 PM
 AVERAGE    68

..........................................................


THE BUFFALO WY CLIMATE NORMALS FOR TOMORROW
                         NORMAL    RECORD    YEAR
 MAXIMUM TEMPERATURE (F)   38        58      2015
 MINIMUM TEMPERATURE (F)   18        -1      2007


SUNRISE AND SUNSET
FEBRUARY 12 2016......SUNRISE   712 AM MST   SUNSET   531 PM MST
FEBRUARY 13 2016......SUNRISE   710 AM MST   SUNSET   533 PM MST


-  INDICATES NEGATIVE NUMBERS.
R  INDICATES RECORD WAS SET OR TIED.
MM INDICATES DATA IS MISSING.
T  INDICATES TRACE AMOUNT.




$$
