000
CDUS45 KRIW 290743
CLIBYG


CLIMATE REPORT
NATIONAL WEATHER SERVICE RIVERTON WY
143 AM MDT WED JUL 29 2015


...................................

...THE BUFFALO WY CLIMATE SUMMARY FOR JULY 28 2015...

CLIMATE NORMAL PERIOD 1981 TO 2010
CLIMATE RECORD PERIOD 1998 TO 2015


WEATHER ITEM   OBSERVED TIME   RECORD YEAR NORMAL DEPARTURE LAST
                VALUE   (LST)  VALUE       VALUE  FROM      YEAR
                                                  NORMAL
..................................................................
TEMPERATURE (F)
 YESTERDAY
  MAXIMUM         71    423 PM 100    2006  86    -15       88
  MINIMUM         45R   507 AM  49    2004  58    -13       54
  AVERAGE         58                        72    -14       71

PRECIPITATION (IN)
  YESTERDAY        0.00          0.28 2004   0.05  -0.05      T
  MONTH TO DATE    0.77                      1.49  -0.72     0.94
  SINCE JUN 1      4.00                      3.77   0.23     3.85
  SINCE JAN 1     11.26                      9.29   1.97     7.61

DEGREE DAYS
 HEATING
  YESTERDAY        7                         1      6        0
  MONTH TO DATE   30                        31     -1       11
  SINCE JUN 1     84                       194   -110      217
  SINCE JUL 1     30                        31     -1       11

 COOLING
  YESTERDAY        0                         8     -8        6
  MONTH TO DATE  131                       182    -51      176
  SINCE JUN 1    201                       233    -32      181
  SINCE JAN 1    201                       240    -39      192
..................................................................


WIND (MPH)
  HIGHEST WIND SPEED    25   HIGHEST WIND DIRECTION     N (360)
  HIGHEST GUST SPEED    37   HIGHEST GUST DIRECTION     N (360)
  AVERAGE WIND SPEED    10.8


SKY COVER
  POSSIBLE SUNSHINE  MM
  AVERAGE SKY COVER 0.1


WEATHER CONDITIONS
 THE FOLLOWING WEATHER WAS RECORDED YESTERDAY.
  NO SIGNIFICANT WEATHER WAS OBSERVED.


RELATIVE HUMIDITY (PERCENT)
 HIGHEST    93           100 AM
 LOWEST     28           200 PM
 AVERAGE    61

..........................................................


THE BUFFALO WY CLIMATE NORMALS FOR TODAY
                         NORMAL    RECORD    YEAR
 MAXIMUM TEMPERATURE (F)   86       101      2006
 MINIMUM TEMPERATURE (F)   58        46      2009


SUNRISE AND SUNSET
JULY 29 2015..........SUNRISE   551 AM MDT   SUNSET   836 PM MDT
JULY 30 2015..........SUNRISE   552 AM MDT   SUNSET   834 PM MDT


-  INDICATES NEGATIVE NUMBERS.
R  INDICATES RECORD WAS SET OR TIED.
MM INDICATES DATA IS MISSING.
T  INDICATES TRACE AMOUNT.




$$
