000
CDUS45 KRIW 170027
CLIBYG


CLIMATE REPORT
NATIONAL WEATHER SERVICE RIVERTON WY
527 PM MST TUE JAN 16 2018


...................................

...THE BUFFALO WY CLIMATE SUMMARY FOR JANUARY 16 2018...
VALID TODAY AS OF 0500 PM LOCAL TIME.

CLIMATE NORMAL PERIOD 1981 TO 2010
CLIMATE RECORD PERIOD 1998 TO 2018


WEATHER ITEM   OBSERVED TIME   RECORD YEAR NORMAL DEPARTURE LAST
                VALUE   (LST)  VALUE       VALUE  FROM      YEAR
                                                  NORMAL
..................................................................
TEMPERATURE (F)
 TODAY
  MAXIMUM         35        MM  60    2010  39     -4       35
  MINIMUM          5        MM  -6    2012  17    -12       18
  AVERAGE         20

PRECIPITATION (IN)
  TODAY            0.00          0.02 2012   0.01  -0.01     0.00
                                      2012
                                      2016
  MONTH TO DATE    0.04                      0.18  -0.14      T
  SINCE DEC 1      0.36                      0.58  -0.22     0.25
  SINCE JAN 1      0.04                      0.18  -0.14      T

DEGREE DAYS
 HEATING
  TODAY           45                        37      8       38
  MONTH TO DATE  602                       598      4      794
  SINCE DEC 1   1776                      1811    -35     2215
  SINCE JUL 1   3438                      3645   -207     3397

 COOLING
  TODAY            0                         0      0        0
  MONTH TO DATE    0                         0      0        0
  SINCE DEC 1      0                         0      0        0
  SINCE JAN 1      0                         0      0        0
..................................................................


WIND (MPH)
  HIGHEST WIND SPEED    10   HIGHEST WIND DIRECTION    SE (130)
  HIGHEST GUST SPEED    MM   HIGHEST GUST DIRECTION    MM
  AVERAGE WIND SPEED     7.4


SKY COVER
  POSSIBLE SUNSHINE  MM
  AVERAGE SKY COVER 0.0


WEATHER CONDITIONS
 THE FOLLOWING WEATHER WAS RECORDED TODAY.
  NO SIGNIFICANT WEATHER WAS OBSERVED.


RELATIVE HUMIDITY (PERCENT)
 HIGHEST    63          1200 AM
 LOWEST     38           800 AM
 AVERAGE    51

..........................................................


THE BUFFALO WY CLIMATE NORMALS FOR TOMORROW
                         NORMAL    RECORD    YEAR
 MAXIMUM TEMPERATURE (F)   39        51      2010
 MINIMUM TEMPERATURE (F)   17        -7      2012


SUNRISE AND SUNSET
JANUARY 16 2018.......SUNRISE   739 AM MST   SUNSET   455 PM MST
JANUARY 17 2018.......SUNRISE   738 AM MST   SUNSET   456 PM MST


-  INDICATES NEGATIVE NUMBERS.
R  INDICATES RECORD WAS SET OR TIED.
MM INDICATES DATA IS MISSING.
T  INDICATES TRACE AMOUNT.




$$
