000
CDUS45 KRIW 040738
CLIBYG


CLIMATE REPORT
NATIONAL WEATHER SERVICE RIVERTON WY
129 AM MDT WED MAY 4 2016


...................................

...THE BUFFALO WY CLIMATE SUMMARY FOR MAY 3 2016...

CLIMATE NORMAL PERIOD 1981 TO 2010
CLIMATE RECORD PERIOD 1998 TO 2016


WEATHER ITEM   OBSERVED TIME   RECORD YEAR NORMAL DEPARTURE LAST
                VALUE   (LST)  VALUE       VALUE  FROM      YEAR
                                                  NORMAL
..................................................................
TEMPERATURE (F)
 YESTERDAY
  MAXIMUM         71    407 PM  76    2000  60     11       65
  MINIMUM         44    512 AM  25    2005  38      6       47
  AVERAGE         58                        49      9       56

PRECIPITATION (IN)
  YESTERDAY        0.00          0.49 2007   0.06  -0.06     0.01
  MONTH TO DATE    0.00                      0.18  -0.18     0.01
  SINCE MAR 1      2.82                      2.40   0.42     0.87
  SINCE JAN 1      3.41                      3.17   0.24     1.51

DEGREE DAYS
 HEATING
  YESTERDAY        7                        16     -9        9
  MONTH TO DATE    7                        50    -43       23
  SINCE MAR 1   1161                      1654   -493     1278
  SINCE JUL 1   5552                      6894  -1342     5974

 COOLING
  YESTERDAY        0                         0      0        0
  MONTH TO DATE    0                         0      0        0
  SINCE MAR 1      1                         0      1        0
  SINCE JAN 1      1                         0      1        0
..................................................................


WIND (MPH)
  HIGHEST WIND SPEED    12   HIGHEST WIND DIRECTION     N (360)
  HIGHEST GUST SPEED    15   HIGHEST GUST DIRECTION    NE (30)
  AVERAGE WIND SPEED     5.4


SKY COVER
  POSSIBLE SUNSHINE  MM
  AVERAGE SKY COVER 0.0


WEATHER CONDITIONS
 THE FOLLOWING WEATHER WAS RECORDED YESTERDAY.
  NO SIGNIFICANT WEATHER WAS OBSERVED.


RELATIVE HUMIDITY (PERCENT)
 HIGHEST    56           600 AM
 LOWEST     25           300 PM
 AVERAGE    41

..........................................................


THE BUFFALO WY CLIMATE NORMALS FOR TODAY
                         NORMAL    RECORD    YEAR
 MAXIMUM TEMPERATURE (F)   60        80      2004
 MINIMUM TEMPERATURE (F)   38        23      2002


SUNRISE AND SUNSET
MAY  4 2016...........SUNRISE   553 AM MDT   SUNSET   815 PM MDT
MAY  5 2016...........SUNRISE   551 AM MDT   SUNSET   817 PM MDT


-  INDICATES NEGATIVE NUMBERS.
R  INDICATES RECORD WAS SET OR TIED.
MM INDICATES DATA IS MISSING.
T  INDICATES TRACE AMOUNT.




$$
