000
CDUS45 KRIW 300738
CLIBYG


CLIMATE REPORT
NATIONAL WEATHER SERVICE RIVERTON WY
128 AM MDT MON MAY 30 2016


...................................

...THE BUFFALO WY CLIMATE SUMMARY FOR MAY 29 2016...

CLIMATE NORMAL PERIOD 1981 TO 2010
CLIMATE RECORD PERIOD 1998 TO 2016


WEATHER ITEM   OBSERVED TIME   RECORD YEAR NORMAL DEPARTURE LAST
                VALUE   (LST)  VALUE       VALUE  FROM      YEAR
                                                  NORMAL
..................................................................
TEMPERATURE (F)
 YESTERDAY
  MAXIMUM         74    558 PM  83    2003  67      7       54
  MINIMUM         45    421 AM  33    2012  43      2       42
                                      2011
  AVERAGE         60                        55      5       48

PRECIPITATION (IN)
  YESTERDAY        T             2.02 2011   0.08  -0.08     0.26
  MONTH TO DATE    1.44                      2.36  -0.92     5.75
  SINCE MAR 1      4.26                      4.58  -0.32     6.61
  SINCE JAN 1      4.85                      5.35  -0.50     7.25

DEGREE DAYS
 HEATING
  YESTERDAY        5                        10     -5       17
  MONTH TO DATE  327                       390    -63      467
  SINCE MAR 1   1481                      1994   -513     1722
  SINCE JUL 1   5872                      7234  -1362     6418

 COOLING
  YESTERDAY        0                         0      0        0
  MONTH TO DATE    4                         0      4        0
  SINCE MAR 1      5                         0      5        0
  SINCE JAN 1      5                         0      5        0
..................................................................


WIND (MPH)
  HIGHEST WIND SPEED    16   HIGHEST WIND DIRECTION     S (160)
  HIGHEST GUST SPEED    22   HIGHEST GUST DIRECTION    SE (150)
  AVERAGE WIND SPEED     7.1


SKY COVER
  POSSIBLE SUNSHINE  MM
  AVERAGE SKY COVER 0.3


WEATHER CONDITIONS
 THE FOLLOWING WEATHER WAS RECORDED YESTERDAY.
  LIGHT RAIN


RELATIVE HUMIDITY (PERCENT)
 HIGHEST    71          1200 AM
 LOWEST     31           400 PM
 AVERAGE    51

..........................................................


THE BUFFALO WY CLIMATE NORMALS FOR TODAY
                         NORMAL    RECORD    YEAR
 MAXIMUM TEMPERATURE (F)   67        83      2002
 MINIMUM TEMPERATURE (F)   44        36      2010


SUNRISE AND SUNSET
MAY 30 2016...........SUNRISE   526 AM MDT   SUNSET   843 PM MDT
MAY 31 2016...........SUNRISE   526 AM MDT   SUNSET   844 PM MDT


-  INDICATES NEGATIVE NUMBERS.
R  INDICATES RECORD WAS SET OR TIED.
MM INDICATES DATA IS MISSING.
T  INDICATES TRACE AMOUNT.




$$
