000
CDUS45 KRIW 200745
CLIBYG


CLIMATE REPORT
NATIONAL WEATHER SERVICE RIVERTON WY
1244 AM MST MON NOV 20 2017


...................................

...THE BUFFALO WY CLIMATE SUMMARY FOR NOVEMBER 19 2017...

CLIMATE NORMAL PERIOD 1981 TO 2010
CLIMATE RECORD PERIOD 1998 TO 2017


WEATHER ITEM   OBSERVED TIME   RECORD YEAR NORMAL DEPARTURE LAST
                VALUE   (LST)  VALUE       VALUE  FROM      YEAR
                                                  NORMAL
..................................................................
TEMPERATURE (F)
 YESTERDAY
  MAXIMUM         50    815 PM  65    2003  43      7       46
  MINIMUM         22   1212 AM  -5    2011  22      0       16
  AVERAGE         36                        32      4       31

PRECIPITATION (IN)
  YESTERDAY        0.00          0.02 2011   0.02  -0.02     0.00
                                      2008
  MONTH TO DATE    0.61                      0.33   0.28     0.49
  SINCE SEP 1      2.67                      2.57   0.10     5.72
  SINCE JAN 1     14.57                     12.84   1.73    12.04

DEGREE DAYS
 HEATING
  YESTERDAY       29                        33     -4       34
  MONTH TO DATE  607                       539     68      274
  SINCE SEP 1   1409                      1380     29      848
  SINCE JUL 1   1431                      1445    -14      887

 COOLING
  YESTERDAY        0                         0      0        0
  MONTH TO DATE    0                         0      0        0
  SINCE SEP 1     90                        46     44       38
  SINCE JAN 1    622                       492    130      632
..................................................................


WIND (MPH)
  HIGHEST WIND SPEED    13   HIGHEST WIND DIRECTION    NW (300)
  HIGHEST GUST SPEED    16   HIGHEST GUST DIRECTION    NW (330)
  AVERAGE WIND SPEED     5.3


SKY COVER
  POSSIBLE SUNSHINE  MM
  AVERAGE SKY COVER 0.0


WEATHER CONDITIONS
 THE FOLLOWING WEATHER WAS RECORDED YESTERDAY.
  NO SIGNIFICANT WEATHER WAS OBSERVED.


RELATIVE HUMIDITY (PERCENT)
 HIGHEST    56          1000 AM
 LOWEST     23           800 PM
 AVERAGE    40

..........................................................


THE BUFFALO WY CLIMATE NORMALS FOR TODAY
                         NORMAL    RECORD    YEAR
 MAXIMUM TEMPERATURE (F)   42        70      2006
 MINIMUM TEMPERATURE (F)   21         5      2015


SUNRISE AND SUNSET
NOVEMBER 20 2017......SUNRISE   710 AM MST   SUNSET   435 PM MST
NOVEMBER 21 2017......SUNRISE   711 AM MST   SUNSET   434 PM MST


-  INDICATES NEGATIVE NUMBERS.
R  INDICATES RECORD WAS SET OR TIED.
MM INDICATES DATA IS MISSING.
T  INDICATES TRACE AMOUNT.




$$
