007
CDUS45 KPIH 190731
CLIBYI


CLIMATE REPORT
NATIONAL WEATHER SERVICE POCATELLO ID
1229 AM MST THU JAN 19 2017


...................................

...THE BURLEY ID CLIMATE SUMMARY FOR JANUARY 18 2017...

CLIMATE NORMAL PERIOD 1981 TO 2010
CLIMATE RECORD PERIOD 1948 TO 2017


WEATHER ITEM   OBSERVED TIME   RECORD YEAR NORMAL DEPARTURE LAST
                VALUE   (LST)  VALUE       VALUE  FROM      YEAR
                                                  NORMAL
..................................................................
TEMPERATURE (F)
 YESTERDAY
  MAXIMUM         37   1158 PM  60    1994  35      2       41
  MINIMUM         14    548 AM -23    1984  19     -5       31
  AVERAGE         26                        27     -1       36

PRECIPITATION (IN)
  YESTERDAY        0.28          0.69 1953   0.03   0.25     0.05
  MONTH TO DATE    1.57                      0.57   1.00     0.36
  SINCE OCT 1      6.36                      3.40   2.96     3.16
  SINCE JAN 1      1.57                      0.57   1.00     0.36

SNOWFALL (IN)
  YESTERDAY       MM
  MONTH TO DATE   MM
  SINCE DEC 1     MM
  SINCE JUL 1     MM
  SNOW DEPTH      MM

DEGREE DAYS
 HEATING
  YESTERDAY       39                        38      1       29
  MONTH TO DATE  822                       696    126      675
  SINCE DEC 1   2069                      1888    181     1838
  SINCE JUL 1   3467                      3576   -109     3259

 COOLING
  YESTERDAY        0                         0      0        0
  MONTH TO DATE    0                         0      0        0
  SINCE DEC 1      0                         0      0        0
  SINCE JAN 1      0                         0      0        0
..................................................................


WIND (MPH)
  HIGHEST WIND SPEED    25   HIGHEST WIND DIRECTION     S (200)
  HIGHEST GUST SPEED    33   HIGHEST GUST DIRECTION     S (190)
  AVERAGE WIND SPEED     8.7


SKY COVER
  POSSIBLE SUNSHINE  MM
  AVERAGE SKY COVER 0.5


WEATHER CONDITIONS
 THE FOLLOWING WEATHER WAS RECORDED YESTERDAY.
  RAIN
  LIGHT RAIN
  FREEZING RAIN
  LT FREEZING RAIN
  FOG
  HAZE


RELATIVE HUMIDITY (PERCENT)
 HIGHEST    85          1000 PM
 LOWEST     51           100 PM
 AVERAGE    68

..........................................................


THE BURLEY ID CLIMATE NORMALS FOR TODAY
                         NORMAL    RECORD    YEAR
 MAXIMUM TEMPERATURE (F)   35        57      1971
 MINIMUM TEMPERATURE (F)   19       -14      1963


SUNRISE AND SUNSET
JANUARY 19 2017.......SUNRISE   800 AM MST   SUNSET   533 PM MST
JANUARY 20 2017.......SUNRISE   759 AM MST   SUNSET   534 PM MST


-  INDICATES NEGATIVE NUMBERS.
R  INDICATES RECORD WAS SET OR TIED.
MM INDICATES DATA IS MISSING.
T  INDICATES TRACE AMOUNT.




$$
