000
CDUS45 KPIH 110733
CLIBYI


CLIMATE REPORT
NATIONAL WEATHER SERVICE POCATELLO ID
1231 AM MST MON DEC 11 2017


...................................

...THE BURLEY ID CLIMATE SUMMARY FOR DECEMBER 10 2017...

CLIMATE NORMAL PERIOD 1981 TO 2010
CLIMATE RECORD PERIOD 1948 TO 2017


WEATHER ITEM   OBSERVED TIME   RECORD YEAR NORMAL DEPARTURE LAST
                VALUE   (LST)  VALUE       VALUE  FROM      YEAR
                                                  NORMAL
..................................................................
TEMPERATURE (F)
 YESTERDAY
  MAXIMUM         32    426 PM  61    1990  35     -3       39
  MINIMUM         15   1143 PM -19    1972  19     -4       33
  AVERAGE         24                        27     -3       36

PRECIPITATION (IN)
  YESTERDAY        0.00          0.51 2016   0.04  -0.04     0.51
  MONTH TO DATE    0.05                      0.38  -0.33     1.01
  SINCE OCT 1      1.30                      2.08  -0.78     4.27
  SINCE JAN 1     11.49                      9.39   2.10    12.97

SNOWFALL (IN)
  YESTERDAY       MM
  MONTH TO DATE   MM
  SINCE DEC 1     MM
  SINCE JUL 1     MM
  SNOW DEPTH      MM

DEGREE DAYS
 HEATING
  YESTERDAY       41                        38      3       29
  MONTH TO DATE  274                       370    -96      389
  SINCE DEC 1    274                       370    -96      389
  SINCE JUL 1   1828                      2058   -230     1787

 COOLING
  YESTERDAY        0                         0      0        0
  MONTH TO DATE    0                         0      0        0
  SINCE DEC 1      0                         0      0        0
  SINCE JAN 1    601                       365    236      353
..................................................................


WIND (MPH)
  HIGHEST WIND SPEED     8   HIGHEST WIND DIRECTION     E (80)
  HIGHEST GUST SPEED    10   HIGHEST GUST DIRECTION    NE (50)
  AVERAGE WIND SPEED     2.4


SKY COVER
  POSSIBLE SUNSHINE  MM
  AVERAGE SKY COVER 0.5


WEATHER CONDITIONS
 THE FOLLOWING WEATHER WAS RECORDED YESTERDAY.
  FOG
  FOG W/VISIBILITY <= 1/4 MILE
  HAZE


RELATIVE HUMIDITY (PERCENT)
 HIGHEST    92           500 AM
 LOWEST     69           200 PM
 AVERAGE    81

..........................................................


THE BURLEY ID CLIMATE NORMALS FOR TODAY
                         NORMAL    RECORD    YEAR
 MAXIMUM TEMPERATURE (F)   35        61      2014
 MINIMUM TEMPERATURE (F)   19       -23      1972


SUNRISE AND SUNSET
DECEMBER 11 2017......SUNRISE   755 AM MST   SUNSET   502 PM MST
DECEMBER 12 2017......SUNRISE   756 AM MST   SUNSET   502 PM MST


-  INDICATES NEGATIVE NUMBERS.
R  INDICATES RECORD WAS SET OR TIED.
MM INDICATES DATA IS MISSING.
T  INDICATES TRACE AMOUNT.




$$
