000
CDUS45 KPIH 270737
CLIBYI


CLIMATE REPORT
NATIONAL WEATHER SERVICE POCATELLO ID
135 AM MDT FRI MAR 27 2015


...................................

...THE BURLEY ID CLIMATE SUMMARY FOR MARCH 26 2015...

CLIMATE NORMAL PERIOD 1981 TO 2010
CLIMATE RECORD PERIOD 1948 TO 2015


WEATHER ITEM   OBSERVED TIME   RECORD YEAR NORMAL DEPARTURE LAST
                VALUE   (LST)  VALUE       VALUE  FROM      YEAR
                                                  NORMAL
..................................................................
TEMPERATURE (F)
 YESTERDAY
  MAXIMUM         62    456 PM  76    1997  53      9       51
  MINIMUM         29    652 AM  18    1975  30     -1       33
  AVERAGE         46                        42      4       42

PRECIPITATION (IN)
  YESTERDAY        0.00          0.34 1981   0.04  -0.04      T
  MONTH TO DATE    0.25                      0.87  -0.62     0.90
  SINCE OCT 1      3.35                      5.38  -2.03     3.35
  SINCE JAN 1      1.30                      2.55  -1.25     2.74

SNOWFALL (IN)
  YESTERDAY       MM
  MONTH TO DATE   MM
  SINCE MAR 1     MM
  SINCE JUL 1     MM
  SNOW DEPTH      MM

DEGREE DAYS
 HEATING
  YESTERDAY       19                        23     -4       23
  MONTH TO DATE  529                       683   -154      579
  SINCE MAR 1    529                       683   -154      579
  SINCE JUL 1   4506                      5705  -1199     5274

 COOLING
  YESTERDAY        0                         0      0        0
  MONTH TO DATE    0                         0      0        0
  SINCE MAR 1      0                         0      0        0
  SINCE JAN 1      0                         0      0        0
..................................................................


WIND (MPH)
  HIGHEST WIND SPEED    15   HIGHEST WIND DIRECTION    SW (230)
  HIGHEST GUST SPEED    20   HIGHEST GUST DIRECTION     W (270)
  AVERAGE WIND SPEED     6.1


SKY COVER
  POSSIBLE SUNSHINE  MM
  AVERAGE SKY COVER 0.0


WEATHER CONDITIONS
 THE FOLLOWING WEATHER WAS RECORDED YESTERDAY.
  NO SIGNIFICANT WEATHER WAS OBSERVED.


RELATIVE HUMIDITY (PERCENT)
 HIGHEST    85           600 AM
 LOWEST     36           300 PM
 AVERAGE    61

..........................................................


THE BURLEY ID CLIMATE NORMALS FOR TODAY
                         NORMAL    RECORD    YEAR
 MAXIMUM TEMPERATURE (F)   54        76      1986
 MINIMUM TEMPERATURE (F)   31        10      1975


SUNRISE AND SUNSET
MARCH 27 2015.........SUNRISE   726 AM MDT   SUNSET   755 PM MDT
MARCH 28 2015.........SUNRISE   725 AM MDT   SUNSET   756 PM MDT


-  INDICATES NEGATIVE NUMBERS.
R  INDICATES RECORD WAS SET OR TIED.
MM INDICATES DATA IS MISSING.
T  INDICATES TRACE AMOUNT.




$$
