000
CDUS45 KPIH 230732
CLIBYI


CLIMATE REPORT
NATIONAL WEATHER SERVICE POCATELLO ID
130 AM MDT FRI JUN 23 2017


...................................

...THE BURLEY ID CLIMATE SUMMARY FOR JUNE 22 2017...

CLIMATE NORMAL PERIOD 1981 TO 2010
CLIMATE RECORD PERIOD 1948 TO 2017


WEATHER ITEM   OBSERVED TIME   RECORD YEAR NORMAL DEPARTURE LAST
                VALUE   (LST)  VALUE       VALUE  FROM      YEAR
                                                  NORMAL
..................................................................
TEMPERATURE (F)
 YESTERDAY
  MAXIMUM         77    407 PM 101    1954  79     -2       87
  MINIMUM         55    540 AM  36    1956  49      6       45
  AVERAGE         66                        64      2       66

PRECIPITATION (IN)
  YESTERDAY        0.00          0.28 2005   0.02  -0.02     0.00
  MONTH TO DATE    0.72                      0.74  -0.02     0.03
  SINCE OCT 1     13.13                      8.76   4.37     7.93
  SINCE JAN 1      8.34                      5.93   2.41     5.13

SNOWFALL (IN)
  YESTERDAY       MM
  MONTH TO DATE   MM
  SINCE JUN 1     MM
  SINCE JUL 1     MM
  SNOW DEPTH      MM

DEGREE DAYS
 HEATING
  YESTERDAY        0                         3     -3        0
  MONTH TO DATE   68                       116    -48       40
  SINCE JUN 1     68                       116    -48       40
  SINCE JUL 1   6310                      6847   -537     5948

 COOLING
  YESTERDAY        1                         2     -1        1
  MONTH TO DATE   49                        28     21       64
  SINCE JUN 1     49                        28     21       64
  SINCE JAN 1     54                        34     20       68
..................................................................


WIND (MPH)
  HIGHEST WIND SPEED    25   HIGHEST WIND DIRECTION     W (260)
  HIGHEST GUST SPEED    35   HIGHEST GUST DIRECTION     W (260)
  AVERAGE WIND SPEED    14.8


SKY COVER
  POSSIBLE SUNSHINE  MM
  AVERAGE SKY COVER 0.0


WEATHER CONDITIONS
 THE FOLLOWING WEATHER WAS RECORDED YESTERDAY.
  NO SIGNIFICANT WEATHER WAS OBSERVED.


RELATIVE HUMIDITY (PERCENT)
 HIGHEST    41           600 AM
 LOWEST     19           200 PM
 AVERAGE    30

..........................................................


THE BURLEY ID CLIMATE NORMALS FOR TODAY
                         NORMAL    RECORD    YEAR
 MAXIMUM TEMPERATURE (F)   79        99      1988
 MINIMUM TEMPERATURE (F)   50        36      1951


SUNRISE AND SUNSET
JUNE 23 2017..........SUNRISE   558 AM MDT   SUNSET   916 PM MDT
JUNE 24 2017..........SUNRISE   559 AM MDT   SUNSET   917 PM MDT


-  INDICATES NEGATIVE NUMBERS.
R  INDICATES RECORD WAS SET OR TIED.
MM INDICATES DATA IS MISSING.
T  INDICATES TRACE AMOUNT.




$$
