000
CDUS45 KPIH 092331
CLIBYI


CLIMATE REPORT
NATIONAL WEATHER SERVICE POCATELLO ID
430 PM MST TUE FEB 9 2016


...................................

...THE BURLEY ID CLIMATE SUMMARY FOR FEBRUARY 9 2016...
VALID TODAY AS OF 0400 PM LOCAL TIME.

CLIMATE NORMAL PERIOD 1981 TO 2010
CLIMATE RECORD PERIOD 1948 TO 2016


WEATHER ITEM   OBSERVED TIME   RECORD YEAR NORMAL DEPARTURE LAST
                VALUE   (LST)  VALUE       VALUE  FROM      YEAR
                                                  NORMAL
..................................................................
TEMPERATURE (F)
 TODAY
  MAXIMUM         38    300 PM  60    1951  38      0       58
  MINIMUM         26   1033 AM  -4    1956  21      5       41
  AVERAGE         32                        29      3       50

PRECIPITATION (IN)
  TODAY            0.00          0.36 1999   0.03  -0.03     0.07
  MONTH TO DATE    0.03                      0.23  -0.20     0.35
  SINCE OCT 1      3.91                      3.97  -0.06     3.02
  SINCE JAN 1      1.11                      1.14  -0.03     0.97

SNOWFALL (IN)
  TODAY           MM
  MONTH TO DATE   MM
  SINCE DEC 1     MM
  SINCE JUL 1     MM
  SNOW DEPTH      MM

DEGREE DAYS
 HEATING
  TODAY           33                        36     -3       15
  MONTH TO DATE  329                       328      1      169
  SINCE DEC 1   2590                      2706   -116     2086
  SINCE JUL 1   4011                      4394   -383     3467

 COOLING
  TODAY            0                         0      0        0
  MONTH TO DATE    0                         0      0        0
  SINCE DEC 1      0                         0      0        0
  SINCE JAN 1      0                         0      0        0
..................................................................


WIND (MPH)
  HIGHEST WIND SPEED    16   HIGHEST WIND DIRECTION    NE (60)
  HIGHEST GUST SPEED    20   HIGHEST GUST DIRECTION    NE (50)
  AVERAGE WIND SPEED    10.9


SKY COVER
  POSSIBLE SUNSHINE  MM
  AVERAGE SKY COVER 0.8


WEATHER CONDITIONS
 THE FOLLOWING WEATHER WAS RECORDED TODAY.
  FOG
  FOG W/VISIBILITY <= 1/4 MILE


RELATIVE HUMIDITY (PERCENT)
 HIGHEST   100          1200 AM
 LOWEST     75           200 PM
 AVERAGE    88

..........................................................


THE BURLEY ID CLIMATE NORMALS FOR TOMORROW
                         NORMAL    RECORD    YEAR
 MAXIMUM TEMPERATURE (F)   38        63      1971
 MINIMUM TEMPERATURE (F)   21       -13      1982


SUNRISE AND SUNSET
FEBRUARY  9 2016......SUNRISE   740 AM MST   SUNSET   559 PM MST
FEBRUARY 10 2016......SUNRISE   739 AM MST   SUNSET   600 PM MST


-  INDICATES NEGATIVE NUMBERS.
R  INDICATES RECORD WAS SET OR TIED.
MM INDICATES DATA IS MISSING.
T  INDICATES TRACE AMOUNT.




$$
