000
CDUS45 KPIH 262322
CLIBYI


CLIMATE REPORT
NATIONAL WEATHER SERVICE POCATELLO ID
521 PM MDT MON SEP 26 2016


...................................

...THE BURLEY ID CLIMATE SUMMARY FOR SEPTEMBER 26 2016...
VALID TODAY AS OF 0500 PM LOCAL TIME.

CLIMATE NORMAL PERIOD 1981 TO 2010
CLIMATE RECORD PERIOD 1948 TO 2016


WEATHER ITEM   OBSERVED TIME   RECORD YEAR NORMAL DEPARTURE LAST
                VALUE   (LST)  VALUE       VALUE  FROM      YEAR
                                                  NORMAL
..................................................................
TEMPERATURE (F)
 TODAY
  MAXIMUM         77    352 PM  91    1952  70      7       84
  MINIMUM         37    633 AM  27    1970  40     -3       54
  AVERAGE         57                        55      2       69

PRECIPITATION (IN)
  TODAY            0.00          0.69 1982   0.02  -0.02     0.00
  MONTH TO DATE    3.31                      0.46   2.85     0.43
  SINCE OCT 1     11.50                     10.05   1.45     8.92
  SINCE JAN 1      8.70                      7.22   1.48     6.87

SNOWFALL (IN)
  TODAY           MM
  MONTH TO DATE   MM
  SINCE SEP 1     MM
  SINCE JUL 1     MM
  SNOW DEPTH      MM

DEGREE DAYS
 HEATING
  TODAY            8                        10     -2        0
  MONTH TO DATE  207                       166     41      115
  SINCE SEP 1    207                       166     41      115
  SINCE JUL 1    263                       223     40      144

 COOLING
  TODAY            0                         0      0        4
  MONTH TO DATE    9                        19    -10       17
  SINCE SEP 1      9                        19    -10       17
  SINCE JAN 1    352                       363    -11      463
..................................................................


WIND (MPH)
  HIGHEST WIND SPEED    12   HIGHEST WIND DIRECTION    NE (50)
  HIGHEST GUST SPEED    15   HIGHEST GUST DIRECTION    NE (40)
  AVERAGE WIND SPEED     3.6


SKY COVER
  POSSIBLE SUNSHINE  MM
  AVERAGE SKY COVER 0.0


WEATHER CONDITIONS
 THE FOLLOWING WEATHER WAS RECORDED TODAY.
  FOG
  HAZE


RELATIVE HUMIDITY (PERCENT)
 HIGHEST   100           700 AM
 LOWEST     29           400 PM
 AVERAGE    65

..........................................................


THE BURLEY ID CLIMATE NORMALS FOR TOMORROW
                         NORMAL    RECORD    YEAR
 MAXIMUM TEMPERATURE (F)   69        89      1969
 MINIMUM TEMPERATURE (F)   39        26      1964


SUNRISE AND SUNSET
SEPTEMBER 26 2016.....SUNRISE   727 AM MDT   SUNSET   724 PM MDT
SEPTEMBER 27 2016.....SUNRISE   728 AM MDT   SUNSET   722 PM MDT


-  INDICATES NEGATIVE NUMBERS.
R  INDICATES RECORD WAS SET OR TIED.
MM INDICATES DATA IS MISSING.
T  INDICATES TRACE AMOUNT.




$$
