000
CDUS45 KPIH 212334
CLIBYI


CLIMATE REPORT
NATIONAL WEATHER SERVICE POCATELLO ID
428 PM MST SUN DEC 21 2014


...................................

...THE BURLEY ID CLIMATE SUMMARY FOR DECEMBER 21 2014...
VALID TODAY AS OF 0400 PM LOCAL TIME.

CLIMATE NORMAL PERIOD 1981 TO 2010
CLIMATE RECORD PERIOD 1948 TO 2014


WEATHER ITEM   OBSERVED TIME   RECORD YEAR NORMAL DEPARTURE LAST
                VALUE   (LST)  VALUE       VALUE  FROM      YEAR
                                                  NORMAL
..................................................................
TEMPERATURE (F)
 TODAY
  MAXIMUM         50    106 PM  56    1969  34     16       32
  MINIMUM         39    415 AM -21    1990  18     21       23
  AVERAGE         45                        26     19       28

PRECIPITATION (IN)
  TODAY            0.25R         0.21 2002   0.04   0.21     0.01
  MONTH TO DATE    0.68                      0.79  -0.11     0.15
  SINCE OCT 1      2.02                      2.49  -0.47     0.59
  SINCE JAN 1     11.94                      9.80   2.14     4.67

SNOWFALL (IN)
  TODAY           MM
  MONTH TO DATE   MM
  SINCE DEC 1     MM
  SINCE JUL 1     MM
  SNOW DEPTH      MM

DEGREE DAYS
 HEATING
  TODAY           20                        39    -19       37
  MONTH TO DATE  521                       797   -276      926
  SINCE DEC 1    521                       797   -276      926
  SINCE JUL 1   1902                      2485   -583     2494

 COOLING
  TODAY            0                         0      0        0
  MONTH TO DATE    0                         0      0        0
  SINCE DEC 1      0                         0      0        0
  SINCE JAN 1    428                       365     63      642
..................................................................


WIND (MPH)
  HIGHEST WIND SPEED    33   HIGHEST WIND DIRECTION     W (260)
  HIGHEST GUST SPEED    49   HIGHEST GUST DIRECTION     W (260)
  AVERAGE WIND SPEED    21.0


SKY COVER
  POSSIBLE SUNSHINE  MM
  AVERAGE SKY COVER 1.0


WEATHER CONDITIONS
 THE FOLLOWING WEATHER WAS RECORDED TODAY.
  LIGHT RAIN


RELATIVE HUMIDITY (PERCENT)
 HIGHEST    89           800 AM
 LOWEST     74           100 PM
 AVERAGE    82

..........................................................


THE BURLEY ID CLIMATE NORMALS FOR TOMORROW
                         NORMAL    RECORD    YEAR
 MAXIMUM TEMPERATURE (F)   34        58      1964
 MINIMUM TEMPERATURE (F)   18       -21      1990


SUNRISE AND SUNSET
DECEMBER 21 2014......SUNRISE   802 AM MST   SUNSET   505 PM MST
DECEMBER 22 2014......SUNRISE   802 AM MST   SUNSET   505 PM MST


-  INDICATES NEGATIVE NUMBERS.
R  INDICATES RECORD WAS SET OR TIED.
MM INDICATES DATA IS MISSING.
T  INDICATES TRACE AMOUNT.




$$
