000
CDUS45 KPIH 282323
CLIBYI


CLIMATE REPORT
NATIONAL WEATHER SERVICE POCATELLO ID
522 PM MDT TUE MAR 28 2017


...................................

...THE BURLEY ID CLIMATE SUMMARY FOR MARCH 28 2017...
VALID TODAY AS OF 0500 PM LOCAL TIME.

CLIMATE NORMAL PERIOD 1981 TO 2010
CLIMATE RECORD PERIOD 1948 TO 2017


WEATHER ITEM   OBSERVED TIME   RECORD YEAR NORMAL DEPARTURE LAST
                VALUE   (LST)  VALUE       VALUE  FROM      YEAR
                                                  NORMAL
..................................................................
TEMPERATURE (F)
 TODAY
  MAXIMUM         52    339 PM  77    1986  54     -2       43
  MINIMUM         35    736 AM  10    1975  31      4       32
  AVERAGE         44                        42      2       38

PRECIPITATION (IN)
  TODAY            T             0.47 1963   0.04  -0.04     0.05
  MONTH TO DATE    0.40                      0.94  -0.54     1.40
  SINCE OCT 1      9.08                      5.45   3.63     5.53
  SINCE JAN 1      4.29                      2.62   1.67     2.73

SNOWFALL (IN)
  TODAY           MM
  MONTH TO DATE   MM
  SINCE MAR 1     MM
  SINCE JUL 1     MM
  SNOW DEPTH      MM

DEGREE DAYS
 HEATING
  TODAY           21                        23     -2       27
  MONTH TO DATE  522                       729   -207      610
  SINCE MAR 1    522                       729   -207      610
  SINCE JUL 1   5328                      5751   -423     5117

 COOLING
  TODAY            0                         0      0        0
  MONTH TO DATE    0                         0      0        0
  SINCE MAR 1      0                         0      0        0
  SINCE JAN 1      0                         0      0        0
..................................................................


WIND (MPH)
  HIGHEST WIND SPEED    22   HIGHEST WIND DIRECTION     W (250)
  HIGHEST GUST SPEED    29   HIGHEST GUST DIRECTION     W (260)
  AVERAGE WIND SPEED    14.1


SKY COVER
  POSSIBLE SUNSHINE  MM
  AVERAGE SKY COVER 0.5


WEATHER CONDITIONS
 THE FOLLOWING WEATHER WAS RECORDED TODAY.
  NO SIGNIFICANT WEATHER WAS OBSERVED.


RELATIVE HUMIDITY (PERCENT)
 HIGHEST    75           400 AM
 LOWEST     32           400 PM
 AVERAGE    54

..........................................................


THE BURLEY ID CLIMATE NORMALS FOR TOMORROW
                         NORMAL    RECORD    YEAR
 MAXIMUM TEMPERATURE (F)   54        78      1978
 MINIMUM TEMPERATURE (F)   31        16      1987


SUNRISE AND SUNSET
MARCH 28 2017.........SUNRISE   724 AM MDT   SUNSET   757 PM MDT
MARCH 29 2017.........SUNRISE   722 AM MDT   SUNSET   758 PM MDT


-  INDICATES NEGATIVE NUMBERS.
R  INDICATES RECORD WAS SET OR TIED.
MM INDICATES DATA IS MISSING.
T  INDICATES TRACE AMOUNT.




$$
