431
CDUS45 KPIH 180731
CLIBYI


CLIMATE REPORT
NATIONAL WEATHER SERVICE POCATELLO ID
129 AM MDT WED OCT 18 2017


...................................

...THE BURLEY ID CLIMATE SUMMARY FOR OCTOBER 17 2017...

CLIMATE NORMAL PERIOD 1981 TO 2010
CLIMATE RECORD PERIOD 1948 TO 2017


WEATHER ITEM   OBSERVED TIME   RECORD YEAR NORMAL DEPARTURE LAST
                VALUE   (LST)  VALUE       VALUE  FROM      YEAR
                                                  NORMAL
..................................................................
TEMPERATURE (F)
 YESTERDAY
  MAXIMUM         70    433 PM  84    1958  61      9       54
  MINIMUM         28    650 AM  20    1948  34     -6       34
  AVERAGE         49                        47      2       44

PRECIPITATION (IN)
  YESTERDAY        0.00          0.34 1969   0.03  -0.03     0.09
  MONTH TO DATE    0.05                      0.40  -0.35     1.09
  SINCE OCT 1      0.05                      0.40  -0.35     1.09
  SINCE JAN 1     10.24                      7.71   2.53     9.79

SNOWFALL (IN)
  YESTERDAY       MM
  MONTH TO DATE   MM
  SINCE SEP 1     MM
  SINCE JUL 1     MM
  SNOW DEPTH      MM

DEGREE DAYS
 HEATING
  YESTERDAY       16                        18     -2       21
  MONTH TO DATE  355                       255    100      234
  SINCE SEP 1    594                       468    126      449
  SINCE JUL 1    600                       525     75      505

 COOLING
  YESTERDAY        0                         0      0        0
  MONTH TO DATE    0                         0      0        0
  SINCE SEP 1     68                        21     47       10
  SINCE JAN 1    601                       365    236      353
..................................................................


WIND (MPH)
  HIGHEST WIND SPEED    10   HIGHEST WIND DIRECTION    SW (240)
  HIGHEST GUST SPEED    17   HIGHEST GUST DIRECTION    SW (220)
  AVERAGE WIND SPEED     3.3


SKY COVER
  POSSIBLE SUNSHINE  MM
  AVERAGE SKY COVER 0.0


WEATHER CONDITIONS
 THE FOLLOWING WEATHER WAS RECORDED YESTERDAY.
  FOG
  HAZE


RELATIVE HUMIDITY (PERCENT)
 HIGHEST    85           400 AM
 LOWEST     15           400 PM
 AVERAGE    50

..........................................................


THE BURLEY ID CLIMATE NORMALS FOR TODAY
                         NORMAL    RECORD    YEAR
 MAXIMUM TEMPERATURE (F)   60        83      2003
 MINIMUM TEMPERATURE (F)   34        19      1964


SUNRISE AND SUNSET
OCTOBER 18 2017.......SUNRISE   752 AM MDT   SUNSET   648 PM MDT
OCTOBER 19 2017.......SUNRISE   753 AM MDT   SUNSET   646 PM MDT


-  INDICATES NEGATIVE NUMBERS.
R  INDICATES RECORD WAS SET OR TIED.
MM INDICATES DATA IS MISSING.
T  INDICATES TRACE AMOUNT.




$$
