000
CDUS45 KPIH 300731
CLIBYI


CLIMATE REPORT
NATIONAL WEATHER SERVICE POCATELLO ID
131 AM MDT SAT AUG 30 2014


...................................

...THE BURLEY ID CLIMATE SUMMARY FOR AUGUST 29 2014...

CLIMATE NORMAL PERIOD 1981 TO 2010
CLIMATE RECORD PERIOD 1948 TO 2014


WEATHER ITEM   OBSERVED TIME   RECORD YEAR NORMAL DEPARTURE LAST
                VALUE   (LST)  VALUE       VALUE  FROM      YEAR
                                                  NORMAL
..................................................................
TEMPERATURE (F)
 YESTERDAY
  MAXIMUM         86    248 PM  99    1998  81      5       91
  MINIMUM         53    529 AM  33    1965  48      5       60
  AVERAGE         70                        65      5       76

PRECIPITATION (IN)
  YESTERDAY        T             0.56 1982   0.02  -0.02      T
  MONTH TO DATE    2.71                      0.37   2.34     0.37
  SINCE OCT 1     10.09                      9.56   0.53     6.30
  SINCE JAN 1      9.48                      6.73   2.75     2.70

SNOWFALL (IN)
  YESTERDAY       MM
  MONTH TO DATE   MM
  SINCE JUN 1     MM
  SINCE JUL 1     MM
  SNOW DEPTH      MM

DEGREE DAYS
 HEATING
  YESTERDAY        0                         2     -2        0
  MONTH TO DATE   22                        28     -6        0
  SINCE JUN 1    129                       184    -55      101
  SINCE JUL 1     25                        50    -25        0

 COOLING
  YESTERDAY        5                         2      3       11
  MONTH TO DATE  129                       127      2      204
  SINCE JUN 1    400                       334     66      568
  SINCE JAN 1    401                       340     61      578
..................................................................


WIND (MPH)
  HIGHEST WIND SPEED    21   HIGHEST WIND DIRECTION     S (190)
  HIGHEST GUST SPEED    28   HIGHEST GUST DIRECTION    NW (320)
  AVERAGE WIND SPEED     4.6


SKY COVER
  POSSIBLE SUNSHINE  MM
  AVERAGE SKY COVER 0.1


WEATHER CONDITIONS
 THE FOLLOWING WEATHER WAS RECORDED YESTERDAY.
  NO SIGNIFICANT WEATHER WAS OBSERVED.


RELATIVE HUMIDITY (PERCENT)
 HIGHEST    72           700 AM
 LOWEST     27           200 PM
 AVERAGE    50

..........................................................


THE BURLEY ID CLIMATE NORMALS FOR TODAY
                         NORMAL    RECORD    YEAR
 MAXIMUM TEMPERATURE (F)   81        99      1954
 MINIMUM TEMPERATURE (F)   48        32      1965


SUNRISE AND SUNSET
AUGUST 30 2014........SUNRISE   658 AM MDT   SUNSET   812 PM MDT
AUGUST 31 2014........SUNRISE   659 AM MDT   SUNSET   811 PM MDT


-  INDICATES NEGATIVE NUMBERS.
R  INDICATES RECORD WAS SET OR TIED.
MM INDICATES DATA IS MISSING.
T  INDICATES TRACE AMOUNT.




$$
