000
CDUS45 KPIH 232330
CLIBYI


CLIMATE REPORT
NATIONAL WEATHER SERVICE POCATELLO ID
430 PM MST THU FEB 23 2017


...................................

...THE BURLEY ID CLIMATE SUMMARY FOR FEBRUARY 23 2017...
VALID TODAY AS OF 0400 PM LOCAL TIME.

CLIMATE NORMAL PERIOD 1981 TO 2010
CLIMATE RECORD PERIOD 1948 TO 2017


WEATHER ITEM   OBSERVED TIME   RECORD YEAR NORMAL DEPARTURE LAST
                VALUE   (LST)  VALUE       VALUE  FROM      YEAR
                                                  NORMAL
..................................................................
TEMPERATURE (F)
 TODAY
  MAXIMUM         31    455 AM  66    1995  43    -12       43
  MINIMUM         27    950 AM   5    1955  23      4       21
  AVERAGE         29                        33     -4       32

PRECIPITATION (IN)
  TODAY            0.03          0.37 1972   0.03   0.00     0.00
  MONTH TO DATE    1.83                      0.62   1.21     0.25
  SINCE OCT 1      8.67                      4.36   4.31     4.13
  SINCE JAN 1      3.88                      1.53   2.35     1.33

SNOWFALL (IN)
  TODAY           MM
  MONTH TO DATE   MM
  SINCE DEC 1     MM
  SINCE JUL 1     MM
  SNOW DEPTH      MM

DEGREE DAYS
 HEATING
  TODAY           36                        32      4       33
  MONTH TO DATE  625                       801   -176      681
  SINCE DEC 1   3224                      3179     45     2942
  SINCE JUL 1   4622                      4867   -245     4363

 COOLING
  TODAY            0                         0      0        0
  MONTH TO DATE    0                         0      0        0
  SINCE DEC 1      0                         0      0        0
  SINCE JAN 1      0                         0      0        0
..................................................................


WIND (MPH)
  HIGHEST WIND SPEED    29   HIGHEST WIND DIRECTION     W (270)
  HIGHEST GUST SPEED    40   HIGHEST GUST DIRECTION     W (270)
  AVERAGE WIND SPEED    16.3


SKY COVER
  POSSIBLE SUNSHINE  MM
  AVERAGE SKY COVER 1.0


WEATHER CONDITIONS
 THE FOLLOWING WEATHER WAS RECORDED TODAY.
  LT FREEZING RAIN
  HEAVY SNOW
  SNOW
  LIGHT SNOW
  FOG
  FOG W/VISIBILITY <= 1/4 MILE


RELATIVE HUMIDITY (PERCENT)
 HIGHEST    85           200 AM
 LOWEST     75          1100 AM
 AVERAGE    80

..........................................................


THE BURLEY ID CLIMATE NORMALS FOR TOMORROW
                         NORMAL    RECORD    YEAR
 MAXIMUM TEMPERATURE (F)   43        72      1995
 MINIMUM TEMPERATURE (F)   24         5      1952


SUNRISE AND SUNSET
FEBRUARY 23 2017......SUNRISE   720 AM MST   SUNSET   618 PM MST
FEBRUARY 24 2017......SUNRISE   718 AM MST   SUNSET   619 PM MST


-  INDICATES NEGATIVE NUMBERS.
R  INDICATES RECORD WAS SET OR TIED.
MM INDICATES DATA IS MISSING.
T  INDICATES TRACE AMOUNT.




$$
