548
CDUS42 KCAE 230621
CLICAE


CLIMATE REPORT
NATIONAL WEATHER SERVICE COLUMBIA SC
221 AM EDT SUN APR 23 2017


...................................

...THE COLUMBIA METRO AIRPORT SC CLIMATE SUMMARY FOR APRIL 22 2017...

CLIMATE NORMAL PERIOD 1981 TO 2010
CLIMATE RECORD PERIOD 1887 TO 2017


WEATHER ITEM   OBSERVED TIME   RECORD YEAR NORMAL DEPARTURE LAST
                VALUE   (LST)  VALUE       VALUE  FROM      YEAR
                                                  NORMAL
..................................................................
TEMPERATURE (F)
 YESTERDAY
  MAXIMUM         88    401 PM  93    1970  78     10       80
  MINIMUM         66    631 AM  31    1978  52     14       65
  AVERAGE         77                        65     12       73

PRECIPITATION (IN)
  YESTERDAY        0.00          1.76 2012   0.09  -0.09     0.68
  MONTH TO DATE    3.61                      1.93   1.68     2.80
  SINCE MAR 1      5.99                      5.66   0.33     4.68
  SINCE JAN 1     14.63                     12.85   1.78    11.31

SNOWFALL (IN)
  YESTERDAY        0.0          MM      MM   0.0             0.0
  MONTH TO DATE    0.0                       0.0             0.0
  SINCE MAR 1      T                         0.1             0.0
  SINCE JUL 1      0.1                       1.5              T

DEGREE DAYS
 HEATING
  YESTERDAY        0                         3     -3        0
  MONTH TO DATE   34                       103    -69       75
  SINCE MAR 1    308                       413   -105      222
  SINCE JUL 1   1649                      2512   -863     1785

 COOLING
  YESTERDAY       12                         3      9        8
  MONTH TO DATE  110                        45     65       36
  SINCE MAR 1    159                        63     96      109
  SINCE JAN 1    177                        67    110      113
..................................................................


WIND (MPH)
  HIGHEST WIND SPEED    21   HIGHEST WIND DIRECTION    SW (220)
  HIGHEST GUST SPEED    28   HIGHEST GUST DIRECTION    SW (220)
  AVERAGE WIND SPEED     8.5


SKY COVER
  AVERAGE SKY COVER 0.4


WEATHER CONDITIONS
 THE FOLLOWING WEATHER WAS RECORDED YESTERDAY.
  NO SIGNIFICANT WEATHER WAS OBSERVED.


RELATIVE HUMIDITY (PERCENT)
 HIGHEST    81           600 AM
 LOWEST     28           100 PM
 AVERAGE    55

..........................................................


THE COLUMBIA METRO AIRPORT SC CLIMATE NORMALS FOR TODAY
                         NORMAL    RECORD    YEAR
 MAXIMUM TEMPERATURE (F)   78        94      1970
 MINIMUM TEMPERATURE (F)   52        32      1993


SUNRISE AND SUNSET
APRIL 23 2017.........SUNRISE   644 AM EDT   SUNSET   802 PM EDT
APRIL 24 2017.........SUNRISE   643 AM EDT   SUNSET   803 PM EDT


-  INDICATES NEGATIVE NUMBERS.
R  INDICATES RECORD WAS SET OR TIED.
MM INDICATES DATA IS MISSING.
T  INDICATES TRACE AMOUNT.




$$
