000
CDUS42 KCAE 162140
CLICAE


CLIMATE REPORT
NATIONAL WEATHER SERVICE COLUMBIA SC
540 PM EDT MON OCT 16 2017


...................................

...THE COLUMBIA METRO AIRPORT SC CLIMATE SUMMARY FOR OCTOBER 16 2017...
VALID TODAY AS OF 0500 PM LOCAL TIME.

CLIMATE NORMAL PERIOD 1981 TO 2010
CLIMATE RECORD PERIOD 1887 TO 2017


WEATHER ITEM   OBSERVED TIME   RECORD YEAR NORMAL DEPARTURE LAST
                VALUE   (LST)  VALUE       VALUE  FROM      YEAR
                                                  NORMAL
..................................................................
TEMPERATURE (F)
 TODAY
  MAXIMUM         76   1036 AM  89    1989  76      0       82
  MINIMUM         66    231 AM  32    1987  52     14       61
  AVERAGE         71                        64      7       72

PRECIPITATION (IN)
  TODAY            0.35          2.65 1932   0.11   0.24     0.00
  MONTH TO DATE    1.01                      1.73  -0.72     4.45
  SINCE SEP 1      5.56                      5.27   0.29    11.26
  SINCE JAN 1     42.31                     37.19   5.12    34.19

SNOWFALL (IN)
  TODAY            0.0          MM      MM   0.0             0.0
  MONTH TO DATE    0.0                       0.0             0.0
  SINCE SEP 1      0.0                       0.0             0.0
  SINCE JUL 1      0.0                       0.0             0.0

DEGREE DAYS
 HEATING
  TODAY            0                         3     -3        0
  MONTH TO DATE    0                        35    -35        8
  SINCE SEP 1      0                        43    -43        8
  SINCE JUL 1      0                        43    -43        8

 COOLING
  TODAY            6                         2      4        7
  MONTH TO DATE  175                        62    113       78
  SINCE SEP 1    545                       361    184      518
  SINCE JAN 1   2653                      2129    524     2805
..................................................................


WIND (MPH)
  HIGHEST WIND SPEED    17   HIGHEST WIND DIRECTION     N (20)
  HIGHEST GUST SPEED    25   HIGHEST GUST DIRECTION    NE (30)
  AVERAGE WIND SPEED     5.4


SKY COVER
  AVERAGE SKY COVER 0.6


WEATHER CONDITIONS
 THE FOLLOWING WEATHER WAS RECORDED TODAY.
  HEAVY RAIN
  RAIN
  LIGHT RAIN
  FOG


RELATIVE HUMIDITY (PERCENT)
 HIGHEST    90           700 AM
 LOWEST     66           300 PM
 AVERAGE    78

..........................................................


THE COLUMBIA METRO AIRPORT SC CLIMATE NORMALS FOR TOMORROW
                         NORMAL    RECORD    YEAR
 MAXIMUM TEMPERATURE (F)   76        90      1972
                                             1919
 MINIMUM TEMPERATURE (F)   52        34      1987
                                             1977


SUNRISE AND SUNSET
OCTOBER 16 2017.......SUNRISE   730 AM EDT   SUNSET   649 PM EDT
OCTOBER 17 2017.......SUNRISE   731 AM EDT   SUNSET   648 PM EDT


-  INDICATES NEGATIVE NUMBERS.
R  INDICATES RECORD WAS SET OR TIED.
MM INDICATES DATA IS MISSING.
T  INDICATES TRACE AMOUNT.




$$
