000
CDUS42 KCAE 042215
CLICAE


CLIMATE REPORT
NATIONAL WEATHER SERVICE COLUMBIA SC
514 PM EST SUN DEC 4 2016


...................................

...THE COLUMBIA METRO AIRPORT SC CLIMATE SUMMARY FOR DECEMBER 4 2016...
VALID TODAY AS OF 0500 PM LOCAL TIME.

CLIMATE NORMAL PERIOD 1981 TO 2010
CLIMATE RECORD PERIOD 1887 TO 2016


WEATHER ITEM   OBSERVED TIME   RECORD YEAR NORMAL DEPARTURE LAST
                VALUE   (LST)  VALUE       VALUE  FROM      YEAR
                                                  NORMAL
..................................................................
TEMPERATURE (F)
 TODAY
  MAXIMUM         50   1055 AM  83    1978  61    -11       59
  MINIMUM         48    359 PM  16    1979  37     11       36
  AVERAGE         49                        49      0       48

PRECIPITATION (IN)
  TODAY            0.06          2.26 1953   0.10  -0.04     0.00
  MONTH TO DATE    0.06                      0.40  -0.34     0.33
  SINCE DEC 1      0.06                      0.40  -0.34     0.33
  SINCE JAN 1     36.26                     41.77  -5.51    57.46

SNOWFALL (IN)
  TODAY            0.0          MM      MM   0.0             0.0
  MONTH TO DATE    0.0                       0.0             0.0
  SINCE DEC 1      0.0                       0.0             0.0
  SINCE JUL 1      0.0                       0.0             0.0

DEGREE DAYS
 HEATING
  TODAY           16                        16      0       17
  MONTH TO DATE   60                        62     -2       39
  SINCE DEC 1     60                        62     -2       39
  SINCE JUL 1    362                       503   -141      309

 COOLING
  TODAY            0                         0      0        0
  MONTH TO DATE    0                         0      0        0
  SINCE DEC 1      0                         0      0        0
  SINCE JAN 1   2886                      2167    719     2602
..................................................................


WIND (MPH)
  HIGHEST WIND SPEED    13   HIGHEST WIND DIRECTION     E (70)
  HIGHEST GUST SPEED    15   HIGHEST GUST DIRECTION    NE (40)
  AVERAGE WIND SPEED     6.1


SKY COVER
  AVERAGE SKY COVER 0.9


WEATHER CONDITIONS
 THE FOLLOWING WEATHER WAS RECORDED TODAY.
  LIGHT RAIN
  HAZE


RELATIVE HUMIDITY (PERCENT)
 HIGHEST    86           200 AM
 LOWEST     66          1000 AM
 AVERAGE    76

..........................................................


THE COLUMBIA METRO AIRPORT SC CLIMATE NORMALS FOR TOMORROW
                         NORMAL    RECORD    YEAR
 MAXIMUM TEMPERATURE (F)   61        81      1998
 MINIMUM TEMPERATURE (F)   37        17      1969


SUNRISE AND SUNSET
DECEMBER  4 2016......SUNRISE   715 AM EST   SUNSET   515 PM EST
DECEMBER  5 2016......SUNRISE   715 AM EST   SUNSET   515 PM EST


-  INDICATES NEGATIVE NUMBERS.
R  INDICATES RECORD WAS SET OR TIED.
MM INDICATES DATA IS MISSING.
T  INDICATES TRACE AMOUNT.




$$
