000
CDUS42 KCAE 242234
CLICAE


CLIMATE REPORT
NATIONAL WEATHER SERVICE COLUMBIA SC
534 PM EST FRI FEB 24 2017


...................................

...THE COLUMBIA METRO AIRPORT SC CLIMATE SUMMARY FOR FEBRUARY 24 2017...
VALID TODAY AS OF 0500 PM LOCAL TIME.

CLIMATE NORMAL PERIOD 1981 TO 2010
CLIMATE RECORD PERIOD 1887 TO 2017


WEATHER ITEM   OBSERVED TIME   RECORD YEAR NORMAL DEPARTURE LAST
                VALUE   (LST)  VALUE       VALUE  FROM      YEAR
                                                  NORMAL
..................................................................
TEMPERATURE (F)
 TODAY
  MAXIMUM         82R   442 PM  81    1985  63     19       80
                                      1982
  MINIMUM         49    715 AM  19    1901  38     11       49
  AVERAGE         66                        50     16       65

PRECIPITATION (IN)
  TODAY            0.00          3.81 1910   0.14  -0.14     0.37
  MONTH TO DATE    1.60                      3.09  -1.49     4.69
  SINCE DEC 1     11.99                      9.89   2.10    13.08
  SINCE JAN 1      8.64                      6.67   1.97     6.63

SNOWFALL (IN)
  TODAY            0.0           0.6  1989   0.0             0.0
  MONTH TO DATE    0.0                       0.4              T
  SINCE DEC 1      0.1                       1.3              T
  SINCE JUL 1      0.1                       1.3              T

DEGREE DAYS
 HEATING
  TODAY            0                        15    -15        0
  MONTH TO DATE  198                       408   -210      385
  SINCE DEC 1   1012                      1603   -591     1217
  SINCE JUL 1   1314                      2044   -730     1487

 COOLING
  TODAY            1                         0      1        0
  MONTH TO DATE    9                         0      9        4
  SINCE DEC 1     16                         4     12       63
  SINCE JAN 1     13                         1     12        4
..................................................................


WIND (MPH)
  HIGHEST WIND SPEED    10   HIGHEST WIND DIRECTION    SE (140)
  HIGHEST GUST SPEED    13   HIGHEST GUST DIRECTION    SE (130)
  AVERAGE WIND SPEED     1.9


SKY COVER
  AVERAGE SKY COVER 0.2


WEATHER CONDITIONS
 THE FOLLOWING WEATHER WAS RECORDED TODAY.
  FOG


RELATIVE HUMIDITY (PERCENT)
 HIGHEST    89           200 AM
 LOWEST     36           500 PM
 AVERAGE    63

..........................................................


THE COLUMBIA METRO AIRPORT SC CLIMATE NORMALS FOR TOMORROW
                         NORMAL    RECORD    YEAR
 MAXIMUM TEMPERATURE (F)   63        83      1930
 MINIMUM TEMPERATURE (F)   39        13      1967


SUNRISE AND SUNSET
FEBRUARY 24 2017......SUNRISE   659 AM EST   SUNSET   617 PM EST
FEBRUARY 25 2017......SUNRISE   658 AM EST   SUNSET   618 PM EST


-  INDICATES NEGATIVE NUMBERS.
R  INDICATES RECORD WAS SET OR TIED.
MM INDICATES DATA IS MISSING.
T  INDICATES TRACE AMOUNT.




$$
