000
CDUS42 KCAE 242134
CLICAE


CLIMATE REPORT
NATIONAL WEATHER SERVICE COLUMBIA SC
534 PM EDT THU APR 24 2014


...................................

...THE COLUMBIA METRO AIRPORT SC CLIMATE SUMMARY FOR APRIL 24 2014...
VALID TODAY AS OF 0500 PM LOCAL TIME.

CLIMATE NORMAL PERIOD 1981 TO 2010
CLIMATE RECORD PERIOD 1887 TO 2014


WEATHER ITEM   OBSERVED TIME   RECORD YEAR NORMAL DEPARTURE LAST
                VALUE   (LST)  VALUE       VALUE  FROM      YEAR
                                                  NORMAL
..................................................................
TEMPERATURE (F)
 TODAY
  MAXIMUM         80    359 PM  94    1925  78      2       81
  MINIMUM         49    145 AM  30    1986  53     -4       56
  AVERAGE         65                        66     -1       69

PRECIPITATION (IN)
  TODAY            0.00          1.19 1937   0.08  -0.08     0.00
  MONTH TO DATE    2.99                      2.10   0.89     2.53
  SINCE MAR 1      6.92                      5.83   1.09     6.18
  SINCE JAN 1     13.24                     13.02   0.22    12.90

SNOWFALL (IN)
  TODAY            0.0          MM      MM   0.0             0.0
  MONTH TO DATE    0.0                       0.0             0.0
  SINCE MAR 1      0.0                       0.1             0.0
  SINCE JUL 1      4.2                       1.5              T

DEGREE DAYS
 HEATING
  TODAY            0                         3     -3        0
  MONTH TO DATE   74                       109    -35       78
  SINCE MAR 1    466                       419     47      517
  SINCE JUL 1   2550                      2518     32     2237

 COOLING
  TODAY            0                         3     -3        4
  MONTH TO DATE   45                        51     -6       78
  SINCE MAR 1     46                        69    -23       91
  SINCE JAN 1     53                        73    -20      116
..................................................................


WIND (MPH)
  HIGHEST WIND SPEED    15   HIGHEST WIND DIRECTION     E (80)
  HIGHEST GUST SPEED    19   HIGHEST GUST DIRECTION     E (70)
  AVERAGE WIND SPEED     7.8


SKY COVER
  AVERAGE SKY COVER 0.0


WEATHER CONDITIONS
 THE FOLLOWING WEATHER WAS RECORDED TODAY.
  NO SIGNIFICANT WEATHER WAS OBSERVED.


RELATIVE HUMIDITY (PERCENT)
 HIGHEST    83          1200 AM
 LOWEST     29          1200 PM
 AVERAGE    56

..........................................................


THE COLUMBIA METRO AIRPORT SC CLIMATE NORMALS FOR TOMORROW
                         NORMAL    RECORD    YEAR
 MAXIMUM TEMPERATURE (F)   79        93      1960
 MINIMUM TEMPERATURE (F)   53        35      1974


SUNRISE AND SUNSET
APRIL 24 2014.........SUNRISE   643 AM EDT   SUNSET   803 PM EDT
APRIL 25 2014.........SUNRISE   642 AM EDT   SUNSET   803 PM EDT


-  INDICATES NEGATIVE NUMBERS.
R  INDICATES RECORD WAS SET OR TIED.
MM INDICATES DATA IS MISSING.
T  INDICATES TRACE AMOUNT.




$$
