000
CDUS42 KCAE 250641
CLICAE


CLIMATE REPORT
NATIONAL WEATHER SERVICE COLUMBIA SC
140 AM EST THU DEC 25 2014


...................................

...THE COLUMBIA METRO AIRPORT SC CLIMATE SUMMARY FOR DECEMBER 24 2014...

CLIMATE NORMAL PERIOD 1981 TO 2010
CLIMATE RECORD PERIOD 1887 TO 2014


WEATHER ITEM   OBSERVED TIME   RECORD YEAR NORMAL DEPARTURE LAST
                VALUE   (LST)  VALUE       VALUE  FROM      YEAR
                                                  NORMAL
..................................................................
TEMPERATURE (F)
 YESTERDAY
  MAXIMUM         67   1043 PM  76    1964  56     11       57
  MINIMUM         50   1235 AM  12    1983  34     16       38
  AVERAGE         59                        45     14       48

PRECIPITATION (IN)
  YESTERDAY        2.51          2.69 1924   0.11   2.40     0.00
  MONTH TO DATE    3.51                      2.47   1.04     4.15
  SINCE DEC 1      3.51                      2.47   1.04     4.15
  SINCE JAN 1     41.82                     43.84  -2.02    53.74

SNOWFALL (IN)
  YESTERDAY        0.0          MM      MM   0.0             0.0
  MONTH TO DATE    0.0                       0.0             0.0
  SINCE DEC 1      0.0                       0.0             0.0
  SINCE JUL 1      T                         0.0              T

DEGREE DAYS
 HEATING
  YESTERDAY        6                        20    -14       17
  MONTH TO DATE  352                       427    -75      291
  SINCE DEC 1    352                       427    -75      291
  SINCE JUL 1    857                       868    -11      738

 COOLING
  YESTERDAY        0                         0      0        0
  MONTH TO DATE    0                         0      0       14
  SINCE DEC 1      0                         0      0       14
  SINCE JAN 1   2535                      2167    368     2186
..................................................................


WIND (MPH)
  HIGHEST WIND SPEED    32   HIGHEST WIND DIRECTION     W (270)
  HIGHEST GUST SPEED    39   HIGHEST GUST DIRECTION     W (260)
  AVERAGE WIND SPEED     8.1


SKY COVER
  AVERAGE SKY COVER 0.9


WEATHER CONDITIONS
 THE FOLLOWING WEATHER WAS RECORDED YESTERDAY.
  HEAVY RAIN
  RAIN
  LIGHT RAIN
  FOG


RELATIVE HUMIDITY (PERCENT)
 HIGHEST   100           100 AM
 LOWEST     87           900 PM
 AVERAGE    94

..........................................................


THE COLUMBIA METRO AIRPORT SC CLIMATE NORMALS FOR TODAY
                         NORMAL    RECORD    YEAR
 MAXIMUM TEMPERATURE (F)   56        79      1955
 MINIMUM TEMPERATURE (F)   34         7      1983


SUNRISE AND SUNSET
DECEMBER 25 2014......SUNRISE   728 AM EST   SUNSET   522 PM EST
DECEMBER 26 2014......SUNRISE   728 AM EST   SUNSET   522 PM EST


-  INDICATES NEGATIVE NUMBERS.
R  INDICATES RECORD WAS SET OR TIED.
MM INDICATES DATA IS MISSING.
T  INDICATES TRACE AMOUNT.




$$
