308
CDUS42 KCAE 240602
CLICAE


CLIMATE REPORT
NATIONAL WEATHER SERVICE COLUMBIA SC
201 AM EDT SUN JUL 24 2016


...................................

...THE COLUMBIA METRO AIRPORT SC CLIMATE SUMMARY FOR JULY 23 2016...

CLIMATE NORMAL PERIOD 1981 TO 2010
CLIMATE RECORD PERIOD 1887 TO 2016


WEATHER ITEM   OBSERVED TIME   RECORD YEAR NORMAL DEPARTURE LAST
                VALUE   (LST)  VALUE       VALUE  FROM      YEAR
                                                  NORMAL
..................................................................
TEMPERATURE (F)
 YESTERDAY
  MAXIMUM        100    238 PM 107    1952  93      7      100
  MINIMUM         76    548 AM  58    2007  72      4       77
  AVERAGE         88                        82      6       89

PRECIPITATION (IN)
  YESTERDAY        T             3.43 1997   0.19  -0.19     0.00
  MONTH TO DATE    1.53                      3.90  -2.37     1.44
  SINCE JUN 1      3.92                      8.59  -4.67    10.23
  SINCE JAN 1     17.84                     25.10  -7.26    26.11

SNOWFALL (IN)
  YESTERDAY        0.0          MM      MM   0.0             0.0
  MONTH TO DATE    0.0                       0.0             0.0
  SINCE JUN 1      0.0                       0.0             0.0
  SINCE JUL 1      0.0                       0.0             0.0

DEGREE DAYS
 HEATING
  YESTERDAY        0                         0      0        0
  MONTH TO DATE    0                         0      0        0
  SINCE JUN 1      0                         1     -1        0
  SINCE JUL 1      0                         0      0        0

 COOLING
  YESTERDAY       23                        17      6       24
  MONTH TO DATE  506                       391    115      475
  SINCE JUN 1   1052                       815    237     1012
  SINCE JAN 1   1491                      1136    355     1433
..................................................................


WIND (MPH)
  HIGHEST WIND SPEED    16   HIGHEST WIND DIRECTION     S (180)
  HIGHEST GUST SPEED    20   HIGHEST GUST DIRECTION     S (170)
  AVERAGE WIND SPEED     4.7


SKY COVER
  AVERAGE SKY COVER 0.3


WEATHER CONDITIONS
 THE FOLLOWING WEATHER WAS RECORDED YESTERDAY.
  THUNDERSTORM
  LIGHT RAIN


RELATIVE HUMIDITY (PERCENT)
 HIGHEST    85           300 AM
 LOWEST     39           200 PM
 AVERAGE    62

..........................................................


THE COLUMBIA METRO AIRPORT SC CLIMATE NORMALS FOR TODAY
                         NORMAL    RECORD    YEAR
 MAXIMUM TEMPERATURE (F)   93       107      1952
 MINIMUM TEMPERATURE (F)   72        59      1977


SUNRISE AND SUNSET
JULY 24 2016..........SUNRISE   631 AM EDT   SUNSET   831 PM EDT
JULY 25 2016..........SUNRISE   631 AM EDT   SUNSET   830 PM EDT


-  INDICATES NEGATIVE NUMBERS.
R  INDICATES RECORD WAS SET OR TIED.
MM INDICATES DATA IS MISSING.
T  INDICATES TRACE AMOUNT.




$$
