000
CDUS45 KGJT 210800
CLICAG


CLIMATE REPORT
NATIONAL WEATHER SERVICE GRAND JUNCTION CO
158 AM MDT THU AUG 21 2014


...................................

...THE CRAIG CO CLIMATE SUMMARY FOR AUGUST 20 2014...

CLIMATE NORMAL PERIOD 1981 TO 2010
CLIMATE RECORD PERIOD 9999 TO 9999


WEATHER ITEM   OBSERVED TIME   RECORD YEAR NORMAL DEPARTURE LAST
                VALUE   (LST)  VALUE       VALUE  FROM      YEAR
                                                  NORMAL
..................................................................
TEMPERATURE (F)
 YESTERDAY
  MAXIMUM         75    446 PM  MM      MM  83     -8       91
  MINIMUM         54   1115 PM  MM      MM  45      9       47
  AVERAGE         65                        64      1       69

PRECIPITATION (IN)
  YESTERDAY        0.47         MM      MM   0.04   0.43      T
  MONTH TO DATE    1.49                      0.83   0.66     0.26
  SINCE JUN 1      3.36                      3.31   0.05     0.73
  SINCE JAN 1      7.68                      9.50  -1.82     5.98

SNOWFALL (IN)
  YESTERDAY       MM            MM      MM  MM     MM       MM
  MONTH TO DATE   MM                        MM     MM       MM
  SINCE JUN 1     MM                        MM     MM       MM
  SINCE JUL 1     MM                        MM     MM       MM
  SNOW DEPTH      MM

DEGREE DAYS
 HEATING
  YESTERDAY        0                         2     -2        0
  MONTH TO DATE   16                        21     -5        5
  SINCE JUN 1    246                       221     25       93
  SINCE JUL 1     60                        46     14        5

 COOLING
  YESTERDAY        0                         1     -1        4
  MONTH TO DATE   28                        46    -18       49
  SINCE JUN 1     69                       135    -66      281
  SINCE JAN 1     69                       135    -66      281
..................................................................


WIND (MPH)
  HIGHEST WIND SPEED    22   HIGHEST WIND DIRECTION    NW (320)
  HIGHEST GUST SPEED    29   HIGHEST GUST DIRECTION    NW (310)
  AVERAGE WIND SPEED     5.1


SKY COVER
  POSSIBLE SUNSHINE  MM
  AVERAGE SKY COVER 0.5


WEATHER CONDITIONS
 THE FOLLOWING WEATHER WAS RECORDED YESTERDAY.
  THUNDERSTORM
  HEAVY RAIN
  RAIN
  LIGHT RAIN
  FOG
  HAZE


RELATIVE HUMIDITY (PERCENT)
 HIGHEST    93           400 AM
 LOWEST     38           400 PM
 AVERAGE    66

..........................................................


THE CRAIG CO CLIMATE NORMALS FOR TODAY
                         NORMAL    RECORD    YEAR
 MAXIMUM TEMPERATURE (F)   83        MM        MM
 MINIMUM TEMPERATURE (F)   45        MM        MM


SUNRISE AND SUNSET
AUGUST 21 2014........SUNRISE   627 AM MDT   SUNSET   759 PM MDT
AUGUST 22 2014........SUNRISE   628 AM MDT   SUNSET   757 PM MDT


-  INDICATES NEGATIVE NUMBERS.
R  INDICATES RECORD WAS SET OR TIED.
MM INDICATES DATA IS MISSING.
T  INDICATES TRACE AMOUNT.




$$
