000
CDUS45 KABQ 160827
CLICAO


CLIMATE REPORT
NATIONAL WEATHER SERVICE ALBUQUERQUE NM
226 AM MDT MON OCT 16 2017


...................................

...THE CLAYTON  NM CLIMATE SUMMARY FOR OCTOBER 15 2017...

CLIMATE NORMAL PERIOD 1981 TO 2010
CLIMATE RECORD PERIOD 1896 TO 2017


WEATHER ITEM   OBSERVED TIME   RECORD YEAR NORMAL DEPARTURE
                VALUE   (LST)  VALUE       VALUE  FROM
                                                  NORMAL
...............................................................
TEMPERATURE (F)
 YESTERDAY
  MAXIMUM         60    310 PM  90    2016  69     -9
  MINIMUM         27    540 AM  24    1952  41    -14
  AVERAGE         44                        55    -11

PRECIPITATION (IN)
  YESTERDAY        0.00          0.86 1944   0.03  -0.03
  MONTH TO DATE    1.02                      0.58   0.44
  SINCE SEP 1      5.41                      2.25   3.16
  SINCE JAN 1     20.33                     14.45   5.88

SNOWFALL (IN)
  YESTERDAY        0.0
  MONTH TO DATE    T
  SINCE SEP 1      T
  SINCE JUL 1      T

DEGREE DAYS
 HEATING
  YESTERDAY       21                        10     11
  MONTH TO DATE  107                       124    -17
  SINCE SEP 1    184                       202    -18
  SINCE JUL 1    188                       208    -20

 COOLING
  YESTERDAY        0                         0      0
  MONTH TO DATE    5                         6     -1
  SINCE SEP 1    117                       108      9
  SINCE JAN 1    827                       905    -78
...............................................................


WIND (MPH)
  HIGHEST WIND SPEED    16   HIGHEST WIND DIRECTION     S (170)
  HIGHEST GUST SPEED    25   HIGHEST GUST DIRECTION     S (190)
  AVERAGE WIND SPEED     8.5


SKY COVER
  AVERAGE SKY COVER 0.0


WEATHER CONDITIONS
 THE FOLLOWING WEATHER WAS RECORDED YESTERDAY.
  NO SIGNIFICANT WEATHER WAS OBSERVED.


RELATIVE HUMIDITY (PERCENT)
 HIGHEST    75           600 AM
 LOWEST     24          1200 PM
 AVERAGE    50

..........................................................


THE CLAYTON  NM CLIMATE NORMALS FOR TODAY
                         NORMAL    RECORD    YEAR
 MAXIMUM TEMPERATURE (F)   68        91      2016
 MINIMUM TEMPERATURE (F)   41        18      1899


SUNRISE AND SUNSET
OCTOBER 16 2017.......SUNRISE   701 AM MDT   SUNSET   615 PM MDT
OCTOBER 17 2017.......SUNRISE   702 AM MDT   SUNSET   613 PM MDT


-  INDICATES NEGATIVE NUMBERS.
R  INDICATES RECORD WAS SET OR TIED.
MM INDICATES DATA IS MISSING.
T  INDICATES TRACE AMOUNT.




$$
