000
CDUS45 KABQ 220844
CLICAO


CLIMATE REPORT
NATIONAL WEATHER SERVICE ALBUQUERQUE NM
141 AM MST MON DEC 22 2014


...................................

...THE CLAYTON  NM CLIMATE SUMMARY FOR DECEMBER 21 2014...

CLIMATE NORMAL PERIOD 1981 TO 2010
CLIMATE RECORD PERIOD 1896 TO 2014


WEATHER ITEM   OBSERVED TIME   RECORD YEAR NORMAL DEPARTURE
                VALUE   (LST)  VALUE       VALUE  FROM
                                                  NORMAL
...............................................................
TEMPERATURE (F)
 YESTERDAY
  MAXIMUM         57   1230 PM  73    1915  47     10
  MINIMUM         31   1232 AM -14    1990  21     10
                                      1983
  AVERAGE         44                        34     10

PRECIPITATION (IN)
  YESTERDAY        0.02          0.19 1949   0.01   0.01
  MONTH TO DATE    0.26                      0.24   0.02
  SINCE DEC 1      0.26                      0.24   0.02
  SINCE JAN 1     13.15                     15.67  -2.52

SNOWFALL (IN)
  YESTERDAY        0.0
  MONTH TO DATE    T
  SINCE DEC 1      T
  SINCE JUL 1      2.6

DEGREE DAYS
 HEATING
  YESTERDAY       21                        31    -10
  MONTH TO DATE  497                       631   -134
  SINCE DEC 1    497                       631   -134
  SINCE JUL 1   1449                      1683   -234

 COOLING
  YESTERDAY        0                         0      0
  MONTH TO DATE    0                         0      0
  SINCE DEC 1      0                         0      0
  SINCE JAN 1   1130                       909    221
...............................................................


WIND (MPH)
  HIGHEST WIND SPEED    20   HIGHEST WIND DIRECTION     W (260)
  HIGHEST GUST SPEED    24   HIGHEST GUST DIRECTION     W (260)
  AVERAGE WIND SPEED    10.4


SKY COVER
  AVERAGE SKY COVER 0.1


WEATHER CONDITIONS
 THE FOLLOWING WEATHER WAS RECORDED YESTERDAY.
  NO SIGNIFICANT WEATHER WAS OBSERVED.


RELATIVE HUMIDITY (PERCENT)
 HIGHEST    56          1200 AM
 LOWEST     24          1100 AM
 AVERAGE    40

..........................................................


THE CLAYTON  NM CLIMATE NORMALS FOR TODAY
                         NORMAL    RECORD    YEAR
 MAXIMUM TEMPERATURE (F)   47        76      1955
                                             1896
 MINIMUM TEMPERATURE (F)   21       -12      1990
                                             1983


SUNRISE AND SUNSET
DECEMBER 22 2014......SUNRISE   701 AM MST   SUNSET   441 PM MST
DECEMBER 23 2014......SUNRISE   702 AM MST   SUNSET   442 PM MST


-  INDICATES NEGATIVE NUMBERS.
R  INDICATES RECORD WAS SET OR TIED.
MM INDICATES DATA IS MISSING.
T  INDICATES TRACE AMOUNT.




$$
