000
CDUS45 KABQ 260827
CLICAO


CLIMATE REPORT
NATIONAL WEATHER SERVICE ALBUQUERQUE NM
227 AM MDT FRI AUG 26 2016


...................................

...THE CLAYTON  NM CLIMATE SUMMARY FOR AUGUST 25 2016...

CLIMATE NORMAL PERIOD 1981 TO 2010
CLIMATE RECORD PERIOD 1896 TO 2016


WEATHER ITEM   OBSERVED TIME   RECORD YEAR NORMAL DEPARTURE
                VALUE   (LST)  VALUE       VALUE  FROM
                                                  NORMAL
...............................................................
TEMPERATURE (F)
 YESTERDAY
  MAXIMUM         77    304 PM  96    1936  85     -8
  MINIMUM         55    547 AM  46    1928  59     -4
  AVERAGE         66                        72     -6

PRECIPITATION (IN)
  YESTERDAY        T             1.01 1961   0.08  -0.08
  MONTH TO DATE    5.56                      2.49   3.07
  SINCE JUN 1     11.18                      7.28   3.90
  SINCE JAN 1     14.82                     11.75   3.07

SNOWFALL (IN)
  YESTERDAY        0.0
  MONTH TO DATE    0.0
  SINCE JUN 1      0.0
  SINCE JUL 1      0.0

DEGREE DAYS
 HEATING
  YESTERDAY        0                         0      0
  MONTH TO DATE    1                         0      1
  SINCE JUN 1      8                        25    -17
  SINCE JUL 1      1                         2     -1

 COOLING
  YESTERDAY        1                         8     -7
  MONTH TO DATE  197                       217    -20
  SINCE JUN 1    902                       703    199
  SINCE JAN 1    921                       754    167
...............................................................


WIND (MPH)
  HIGHEST WIND SPEED    18   HIGHEST WIND DIRECTION     E (100)
  HIGHEST GUST SPEED    22   HIGHEST GUST DIRECTION     E (100)
  AVERAGE WIND SPEED     7.6


SKY COVER
  AVERAGE SKY COVER 0.3


WEATHER CONDITIONS
 THE FOLLOWING WEATHER WAS RECORDED YESTERDAY.
  LIGHT RAIN
  FOG


RELATIVE HUMIDITY (PERCENT)
 HIGHEST   100          1200 AM
 LOWEST     46           300 PM
 AVERAGE    73

..........................................................


THE CLAYTON  NM CLIMATE NORMALS FOR TODAY
                         NORMAL    RECORD    YEAR
 MAXIMUM TEMPERATURE (F)   85        99      2002
 MINIMUM TEMPERATURE (F)   59        48      1914


SUNRISE AND SUNSET
AUGUST 26 2016........SUNRISE   620 AM MDT   SUNSET   728 PM MDT
AUGUST 27 2016........SUNRISE   620 AM MDT   SUNSET   727 PM MDT


-  INDICATES NEGATIVE NUMBERS.
R  INDICATES RECORD WAS SET OR TIED.
MM INDICATES DATA IS MISSING.
T  INDICATES TRACE AMOUNT.




$$
