000
CDUS45 KABQ 290827
CLICAO


CLIMATE REPORT
NATIONAL WEATHER SERVICE ALBUQUERQUE NM
226 AM MDT FRI AUG 29 2014


...................................

...THE CLAYTON  NM CLIMATE SUMMARY FOR AUGUST 28 2014...

CLIMATE NORMAL PERIOD 1981 TO 2010
CLIMATE RECORD PERIOD 1896 TO 2014


WEATHER ITEM   OBSERVED TIME   RECORD YEAR NORMAL DEPARTURE
                VALUE   (LST)  VALUE       VALUE  FROM
                                                  NORMAL
...............................................................
TEMPERATURE (F)
 YESTERDAY
  MAXIMUM         81    116 PM 101    1922  85     -4
  MINIMUM         59    303 PM  44    1917  59      0
  AVERAGE         70                        72     -2

PRECIPITATION (IN)
  YESTERDAY        0.25          0.81 1911   0.08   0.17
  MONTH TO DATE    2.02                      2.72  -0.70
  SINCE JUN 1      6.76                      7.51  -0.75
  SINCE JAN 1      8.53                     11.98  -3.45

SNOWFALL (IN)
  YESTERDAY        0.0
  MONTH TO DATE    0.0
  SINCE JUN 1      0.0
  SINCE JUL 1      0.0

DEGREE DAYS
 HEATING
  YESTERDAY        0                         0      0
  MONTH TO DATE    0                         0      0
  SINCE JUN 1     14                        25    -11
  SINCE JUL 1      0                         2     -2

 COOLING
  YESTERDAY        5                         7     -2
  MONTH TO DATE  300                       238     62
  SINCE JUN 1    881                       724    157
  SINCE JAN 1    976                       775    201
...............................................................


WIND (MPH)
  HIGHEST WIND SPEED    35   HIGHEST WIND DIRECTION    NW (320)
  HIGHEST GUST SPEED    44   HIGHEST GUST DIRECTION    NW (320)
  AVERAGE WIND SPEED    10.9


SKY COVER
  AVERAGE SKY COVER 0.2


WEATHER CONDITIONS
 THE FOLLOWING WEATHER WAS RECORDED YESTERDAY.
  THUNDERSTORM
  HEAVY RAIN
  RAIN
  LIGHT RAIN


RELATIVE HUMIDITY (PERCENT)
 HIGHEST    72           500 AM
 LOWEST     32           100 PM
 AVERAGE    52

..........................................................


THE CLAYTON  NM CLIMATE NORMALS FOR TODAY
                         NORMAL    RECORD    YEAR
 MAXIMUM TEMPERATURE (F)   85        98      1922
 MINIMUM TEMPERATURE (F)   59        43      1928


SUNRISE AND SUNSET
AUGUST 29 2014........SUNRISE   622 AM MDT   SUNSET   725 PM MDT
AUGUST 30 2014........SUNRISE   622 AM MDT   SUNSET   723 PM MDT


-  INDICATES NEGATIVE NUMBERS.
R  INDICATES RECORD WAS SET OR TIED.
MM INDICATES DATA IS MISSING.
T  INDICATES TRACE AMOUNT.




$$
