000
CDUS45 KABQ 210841
CLICAO


CLIMATE REPORT
NATIONAL WEATHER SERVICE ALBUQUERQUE NM
237 AM MDT MON AUG 21 2017


...................................

...THE CLAYTON  NM CLIMATE SUMMARY FOR AUGUST 20 2017...

CLIMATE NORMAL PERIOD 1981 TO 2010
CLIMATE RECORD PERIOD 1896 TO 2017


WEATHER ITEM   OBSERVED TIME   RECORD YEAR NORMAL DEPARTURE
                VALUE   (LST)  VALUE       VALUE  FROM
                                                  NORMAL
...............................................................
TEMPERATURE (F)
 YESTERDAY
  MAXIMUM         86    249 PM 102    2007  86      0
  MINIMUM         57    227 AM  48    1950  60     -3
  AVERAGE         72                        73     -1

PRECIPITATION (IN)
  YESTERDAY        0.00          2.84 1986   0.08  -0.08
  MONTH TO DATE    2.56                      2.08   0.48
  SINCE JUN 1      7.13                      6.87   0.26
  SINCE JAN 1     14.88                     11.34   3.54

SNOWFALL (IN)
  YESTERDAY        0.0
  MONTH TO DATE    0.0
  SINCE JUN 1      0.0
  SINCE JUL 1      0.0

DEGREE DAYS
 HEATING
  YESTERDAY        0                         0      0
  MONTH TO DATE    2                         0      2
  SINCE JUN 1      4                        25    -21
  SINCE JUL 1      2                         2      0

 COOLING
  YESTERDAY        7                         8     -1
  MONTH TO DATE   99                       177    -78
  SINCE JUN 1    643                       663    -20
  SINCE JAN 1    675                       714    -39
...............................................................


WIND (MPH)
  HIGHEST WIND SPEED    28   HIGHEST WIND DIRECTION     S (200)
  HIGHEST GUST SPEED    34   HIGHEST GUST DIRECTION     S (200)
  AVERAGE WIND SPEED    13.8


SKY COVER
  AVERAGE SKY COVER 0.0


WEATHER CONDITIONS
 THE FOLLOWING WEATHER WAS RECORDED YESTERDAY.
  NO SIGNIFICANT WEATHER WAS OBSERVED.


RELATIVE HUMIDITY (PERCENT)
 HIGHEST    87           200 AM
 LOWEST     37           300 PM
 AVERAGE    62

..........................................................


THE CLAYTON  NM CLIMATE NORMALS FOR TODAY
                         NORMAL    RECORD    YEAR
 MAXIMUM TEMPERATURE (F)   86        99      2007
 MINIMUM TEMPERATURE (F)   60        48      1920


SUNRISE AND SUNSET
AUGUST 21 2017........SUNRISE   615 AM MDT   SUNSET   735 PM MDT
AUGUST 22 2017........SUNRISE   616 AM MDT   SUNSET   734 PM MDT


-  INDICATES NEGATIVE NUMBERS.
R  INDICATES RECORD WAS SET OR TIED.
MM INDICATES DATA IS MISSING.
T  INDICATES TRACE AMOUNT.




$$
