000
CDUS45 KABQ 290827
CLICAO


CLIMATE REPORT
NATIONAL WEATHER SERVICE ALBUQUERQUE NM
227 AM MDT WED JUL 29 2015


...................................

...THE CLAYTON  NM CLIMATE SUMMARY FOR JULY 28 2015...

CLIMATE NORMAL PERIOD 1981 TO 2010
CLIMATE RECORD PERIOD 1896 TO 2015


WEATHER ITEM   OBSERVED TIME   RECORD YEAR NORMAL DEPARTURE
                VALUE   (LST)  VALUE       VALUE  FROM
                                                  NORMAL
...............................................................
TEMPERATURE (F)
 YESTERDAY
  MAXIMUM         85    234 PM 100    1898  88     -3
  MINIMUM         66   1159 PM  54    1959  61      5
  AVERAGE         76                        74      2

PRECIPITATION (IN)
  YESTERDAY        0.01          1.20 1925   0.09  -0.08
  MONTH TO DATE    5.97                      2.36   3.61
  SINCE JUN 1      7.53                      4.49   3.04
  SINCE JAN 1     19.06                      8.96  10.10

SNOWFALL (IN)
  YESTERDAY        0.0
  MONTH TO DATE    0.0
  SINCE JUN 1      0.0
  SINCE JUL 1      0.0

DEGREE DAYS
 HEATING
  YESTERDAY        0                         0      0
  MONTH TO DATE    0                         0      0
  SINCE JUN 1      2                        23    -21
  SINCE JUL 1      0                         0      0

 COOLING
  YESTERDAY       11                        10      1
  MONTH TO DATE  320                       276     44
  SINCE JUN 1    565                       459    106
  SINCE JAN 1    570                       510     60
...............................................................


WIND (MPH)
  HIGHEST WIND SPEED    22   HIGHEST WIND DIRECTION    NW (310)
  HIGHEST GUST SPEED    29   HIGHEST GUST DIRECTION    NW (300)
  AVERAGE WIND SPEED    10.7


SKY COVER
  AVERAGE SKY COVER 0.2


WEATHER CONDITIONS
 THE FOLLOWING WEATHER WAS RECORDED YESTERDAY.
  LIGHT RAIN


RELATIVE HUMIDITY (PERCENT)
 HIGHEST    81           900 PM
 LOWEST     26           300 PM
 AVERAGE    54

..........................................................


THE CLAYTON  NM CLIMATE NORMALS FOR TODAY
                         NORMAL    RECORD    YEAR
 MAXIMUM TEMPERATURE (F)   88       100      1934
 MINIMUM TEMPERATURE (F)   61        53      1971
                                             1943
                                             1929


SUNRISE AND SUNSET
JULY 29 2015..........SUNRISE   556 AM MDT   SUNSET   801 PM MDT
JULY 30 2015..........SUNRISE   557 AM MDT   SUNSET   800 PM MDT


-  INDICATES NEGATIVE NUMBERS.
R  INDICATES RECORD WAS SET OR TIED.
MM INDICATES DATA IS MISSING.
T  INDICATES TRACE AMOUNT.




$$
