000
CDUS41 KCAR 160528
CLICAR


CLIMATE REPORT
NATIONAL WEATHER SERVICE CARIBOU, ME
1228 AM EST SAT DEC 16 2017


...................................

...THE CARIBOU ME CLIMATE SUMMARY FOR DECEMBER 15 2017...

CLIMATE NORMAL PERIOD 1981 TO 2010
CLIMATE RECORD PERIOD 1939 TO 2017


WEATHER ITEM   OBSERVED TIME   RECORD YEAR NORMAL DEPARTURE LAST
                VALUE   (LST)  VALUE       VALUE  FROM      YEAR
                                                  NORMAL
..................................................................
TEMPERATURE (F)
 YESTERDAY
  MAXIMUM         14    234 PM  47    2008  26    -12       19
  MINIMUM          1    802 AM -21    1943  11    -10       -4
  AVERAGE          8                        18    -10        8

PRECIPITATION (IN)
  YESTERDAY        T             2.77 2003   0.11  -0.11     0.02
  MONTH TO DATE    2.59                      1.72   0.87     1.69
  SINCE DEC 1      2.59                      1.72   0.87     1.69
  SINCE JAN 1     41.48                     36.94   4.54    41.45

SNOWFALL (IN)
  YESTERDAY        T            27.1  2003   0.7   -0.7      0.2
  MONTH TO DATE   17.2                      10.3    6.9     19.0
  SINCE DEC 1     17.2                      10.3    6.9     19.0
  SINCE JUL 1     21.1                      22.5   -1.4     39.2
  SNOW DEPTH       9

DEGREE DAYS
 HEATING
  YESTERDAY       57                        47     10       57
  MONTH TO DATE  627                       652    -25      721
  SINCE DEC 1    627                       652    -25      721
  SINCE JUL 1   2331                      2797   -466     2408

 COOLING
  YESTERDAY        0                         0      0        0
  MONTH TO DATE    0                         0      0        0
  SINCE DEC 1      0                         0      0        0
  SINCE JAN 1    222                       180     42      275
..................................................................


WIND (MPH)
  HIGHEST WIND SPEED    24   HIGHEST WIND DIRECTION     W (250)
  HIGHEST GUST SPEED    32   HIGHEST GUST DIRECTION    SW (240)
  AVERAGE WIND SPEED    10.2


SKY COVER
  POSSIBLE SUNSHINE  MM
  AVERAGE SKY COVER 0.2


WEATHER CONDITIONS
 THE FOLLOWING WEATHER WAS RECORDED YESTERDAY.
  NO SIGNIFICANT WEATHER WAS OBSERVED.


RELATIVE HUMIDITY (PERCENT)
 HIGHEST    80          1000 PM
 LOWEST     53           100 PM
 AVERAGE    67

..........................................................


THE CARIBOU ME CLIMATE NORMALS FOR TODAY
                         NORMAL    RECORD    YEAR
 MAXIMUM TEMPERATURE (F)   26        49      1982
 MINIMUM TEMPERATURE (F)   10       -21      1943


SUNRISE AND SUNSET
DECEMBER 16 2017......SUNRISE   711 AM EST   SUNSET   344 PM EST
DECEMBER 17 2017......SUNRISE   712 AM EST   SUNSET   344 PM EST


-  INDICATES NEGATIVE NUMBERS.
R  INDICATES RECORD WAS SET OR TIED.
MM INDICATES DATA IS MISSING.
T  INDICATES TRACE AMOUNT.




$$
