000
CDUS41 KCAR 230528
CLICAR


CLIMATE REPORT
NATIONAL WEATHER SERVICE CARIBOU, ME
127 AM EDT WED AUG 23 2017


...................................

...THE CARIBOU ME CLIMATE SUMMARY FOR AUGUST 22 2017...

CLIMATE NORMAL PERIOD 1981 TO 2010
CLIMATE RECORD PERIOD 1939 TO 2017


WEATHER ITEM   OBSERVED TIME   RECORD YEAR NORMAL DEPARTURE LAST
                VALUE   (LST)  VALUE       VALUE  FROM      YEAR
                                                  NORMAL
..................................................................
TEMPERATURE (F)
 YESTERDAY
  MAXIMUM         82    310 PM  91    1976  74      8       66
  MINIMUM         62    528 AM  38    1965  52     10       54
  AVERAGE         72                        63      9       60

PRECIPITATION (IN)
  YESTERDAY        0.01          1.36 2011   0.12  -0.11     0.86
  MONTH TO DATE    2.02                      2.73  -0.71     5.08
  SINCE JUN 1      9.03                     10.29  -1.26    14.37
  SINCE JAN 1     25.60                     23.71   1.89    30.30

SNOWFALL (IN)
  YESTERDAY        0.0           0.0  2002   0.0    0.0      0.0
                                      2001
  MONTH TO DATE    0.0                       0.0    0.0      0.0
  SINCE JUN 1      0.0                       0.0    0.0      0.0
  SINCE JUL 1      0.0                       0.0    0.0      0.0
  SNOW DEPTH       0

DEGREE DAYS
 HEATING
  YESTERDAY        0                         4     -4        5
  MONTH TO DATE   38                        54    -16       26
  SINCE JUN 1    209                       277    -68      218
  SINCE JUL 1     77                       112    -35       74

 COOLING
  YESTERDAY        7                         1      6        0
  MONTH TO DATE   56                        42     14       61
  SINCE JUN 1    179                       153     26      215
  SINCE JAN 1    185                       158     27      223
..................................................................


WIND (MPH)
  HIGHEST WIND SPEED    18   HIGHEST WIND DIRECTION     S (170)
  HIGHEST GUST SPEED    24   HIGHEST GUST DIRECTION     S (170)
  AVERAGE WIND SPEED     7.4


SKY COVER
  POSSIBLE SUNSHINE  MM
  AVERAGE SKY COVER 0.3


WEATHER CONDITIONS
 THE FOLLOWING WEATHER WAS RECORDED YESTERDAY.
  LIGHT RAIN
  FOG


RELATIVE HUMIDITY (PERCENT)
 HIGHEST    90          1100 PM
 LOWEST     51           500 PM
 AVERAGE    71

..........................................................


THE CARIBOU ME CLIMATE NORMALS FOR TODAY
                         NORMAL    RECORD    YEAR
 MAXIMUM TEMPERATURE (F)   73        89      1947
 MINIMUM TEMPERATURE (F)   52        38      1988
                                             1957


SUNRISE AND SUNSET
AUGUST 23 2017........SUNRISE   540 AM EDT   SUNSET   728 PM EDT
AUGUST 24 2017........SUNRISE   542 AM EDT   SUNSET   726 PM EDT


-  INDICATES NEGATIVE NUMBERS.
R  INDICATES RECORD WAS SET OR TIED.
MM INDICATES DATA IS MISSING.
T  INDICATES TRACE AMOUNT.




$$
