000
CDUS41 KCAR 250532
CLICAR


CLIMATE REPORT
NATIONAL WEATHER SERVICE CARIBOU, ME
131 AM EDT SAT MAR 25 2017


...................................

...THE CARIBOU ME CLIMATE SUMMARY FOR MARCH 24 2017...

CLIMATE NORMAL PERIOD 1981 TO 2010
CLIMATE RECORD PERIOD 1939 TO 2017


WEATHER ITEM   OBSERVED TIME   RECORD YEAR NORMAL DEPARTURE LAST
                VALUE   (LST)  VALUE       VALUE  FROM      YEAR
                                                  NORMAL
..................................................................
TEMPERATURE (F)
 YESTERDAY
  MAXIMUM         31    126 PM  62    1987  37     -6       27
  MINIMUM          4    338 AM -14    2008  19    -15        7
  AVERAGE         18                        28    -10       17

PRECIPITATION (IN)
  YESTERDAY        T             0.41 1991   0.08  -0.08     0.03
  MONTH TO DATE    2.05                      1.94   0.11     2.28
  SINCE MAR 1      2.05                      1.94   0.11     2.28
  SINCE JAN 1      7.67                      6.86   0.81     7.75

SNOWFALL (IN)
  YESTERDAY        0.1           4.0  1991   0.5   -0.4      0.4
  MONTH TO DATE   17.2                      15.2    2.0     17.2
  SINCE MAR 1     17.2                      15.2    2.0     17.2
  SINCE JUL 1    113.8                      97.7   16.1     77.2
  SNOW DEPTH      23

DEGREE DAYS
 HEATING
  YESTERDAY       47                        37     10       48
  MONTH TO DATE 1116                      1006    110     1025
  SINCE MAR 1   1116                      1006    110     1025
  SINCE JUL 1   7097                      7727   -630     6767

 COOLING
  YESTERDAY        0                         0      0        0
  MONTH TO DATE    0                         0      0        0
  SINCE MAR 1      0                         0      0        0
  SINCE JAN 1      0                         0      0        0
..................................................................


WIND (MPH)
  HIGHEST WIND SPEED    21   HIGHEST WIND DIRECTION     S (180)
  HIGHEST GUST SPEED    29   HIGHEST GUST DIRECTION     S (180)
  AVERAGE WIND SPEED     8.2


SKY COVER
  POSSIBLE SUNSHINE  MM
  AVERAGE SKY COVER 0.7


WEATHER CONDITIONS
 THE FOLLOWING WEATHER WAS RECORDED YESTERDAY.
  LIGHT SNOW


RELATIVE HUMIDITY (PERCENT)
 HIGHEST    75           600 PM
 LOWEST     39           100 PM
 AVERAGE    57

..........................................................


THE CARIBOU ME CLIMATE NORMALS FOR TODAY
                         NORMAL    RECORD    YEAR
 MAXIMUM TEMPERATURE (F)   37        64      1987
 MINIMUM TEMPERATURE (F)   19       -14      2008


SUNRISE AND SUNSET
MARCH 25 2017.........SUNRISE   625 AM EDT   SUNSET   652 PM EDT
MARCH 26 2017.........SUNRISE   623 AM EDT   SUNSET   653 PM EDT


-  INDICATES NEGATIVE NUMBERS.
R  INDICATES RECORD WAS SET OR TIED.
MM INDICATES DATA IS MISSING.
T  INDICATES TRACE AMOUNT.




$$
