000
CDUS41 KCAR 262034
CLICAR

CLIMATE REPORT
NATIONAL WEATHER SERVICE CARIBOU, ME
430 PM EDT TUE MAY 26 2015


...................................

...THE CARIBOU ME CLIMATE SUMMARY FOR MAY 26 2015...
VALID TODAY AS OF 0400 PM LOCAL TIME.

CLIMATE NORMAL PERIOD 1981 TO 2010
CLIMATE RECORD PERIOD 1939 TO 2015


WEATHER ITEM   OBSERVED TIME   RECORD YEAR NORMAL DEPARTURE LAST
                VALUE   (LST)  VALUE       VALUE  FROM      YEAR
                                                  NORMAL
..................................................................
TEMPERATURE (F)
 TODAY
  MAXIMUM         76    231 PM  88    1950  66     10       72
  MINIMUM         59    641 AM  32    1972  44     15       43
                                      1969
                                      1956
  AVERAGE         68                        55     13       58

PRECIPITATION (IN)
  TODAY            0.29          1.17 1947   0.11   0.18     0.32
  MONTH TO DATE    1.67                      2.76  -1.09     2.89
  SINCE MAR 1      5.67                      7.93  -2.26    10.70
  SINCE JAN 1      9.77                     12.85  -3.08    16.92

SNOWFALL (IN)
  TODAY            0.0           0.0  2002   0.0    0.0      0.0
                                      2001
  MONTH TO DATE    0.3                       0.5   -0.2      0.0
  SINCE MAR 1     33.8                      26.2    7.6     51.3
  SINCE JUL 1    142.1                     108.7   33.4    150.7
  SNOW DEPTH       0

DEGREE DAYS
 HEATING
  TODAY            0                        10    -10        7
  MONTH TO DATE  292                       375    -83      340
  SINCE MAR 1   2539                      2420    119     2708
  SINCE JUL 1   9280                      9141    139     9362

 COOLING
  TODAY            3                         0      3        0
  MONTH TO DATE    3                         0      3        3
  SINCE MAR 1      3                         0      3        3
  SINCE JAN 1      3                         0      3        3
..................................................................


WIND (MPH)
  HIGHEST WIND SPEED    20   HIGHEST WIND DIRECTION    SW (240)
  HIGHEST GUST SPEED    27   HIGHEST GUST DIRECTION    SW (240)
  AVERAGE WIND SPEED     9.3


SKY COVER
  POSSIBLE SUNSHINE  MM
  AVERAGE SKY COVER 0.9


WEATHER CONDITIONS
 THE FOLLOWING WEATHER WAS RECORDED TODAY.
  RAIN
  LIGHT RAIN
  FOG


RELATIVE HUMIDITY (PERCENT)
 HIGHEST    93           300 AM
 LOWEST     60           300 PM
 AVERAGE    77

..........................................................


THE CARIBOU ME CLIMATE NORMALS FOR TOMORROW
                         NORMAL    RECORD    YEAR
 MAXIMUM TEMPERATURE (F)   66        92      1978
 MINIMUM TEMPERATURE (F)   44        30      1969


SUNRISE AND SUNSET
MAY 26 2015...........SUNRISE   446 AM EDT   SUNSET   813 PM EDT
MAY 27 2015...........SUNRISE   445 AM EDT   SUNSET   814 PM EDT


-  INDICATES NEGATIVE NUMBERS.
R  INDICATES RECORD WAS SET OR TIED.
MM INDICATES DATA IS MISSING.
T  INDICATES TRACE AMOUNT.

.......................................................
THE CARIBOU ME 4 INCH SOIL TEMPERATURES FOR MAY 26 2015

MAXIMUM SOIL TEMPERATURE (F): 61
MINIMUM SOIL TEMPERATURE (F): 57

$$
