000
CDUS41 KCAR 200527
CLICAR


CLIMATE REPORT
NATIONAL WEATHER SERVICE CARIBOU, ME
126 AM EDT MON OCT 20 2014


...................................

...THE CARIBOU ME CLIMATE SUMMARY FOR OCTOBER 19 2014...

CLIMATE NORMAL PERIOD 1981 TO 2010
CLIMATE RECORD PERIOD 1939 TO 2014


WEATHER ITEM   OBSERVED TIME   RECORD YEAR NORMAL DEPARTURE LAST
                VALUE   (LST)  VALUE       VALUE  FROM      YEAR
                                                  NORMAL
..................................................................
TEMPERATURE (F)
 YESTERDAY
  MAXIMUM         48   1200 AM  75    1963  51     -3       59
  MINIMUM         39        MM  14    1972  34      5       41
  AVERAGE         44                        42      2       50

PRECIPITATION (IN)
  YESTERDAY        T             1.08 1957   0.11  -0.11      T
  MONTH TO DATE    4.11                      2.15   1.96     1.36
  SINCE SEP 1      6.70                      5.47   1.23     8.37
  SINCE JAN 1     35.36                     30.21   5.15    41.39

SNOWFALL (IN)
  YESTERDAY       MM             3.0  1952   0.1   MM        0.0
  MONTH TO DATE    0.0                       0.5   -0.5      0.0
  SINCE SEP 1      0.0                       0.6   -0.6      0.0
  SINCE JUL 1      0.0                       0.6   -0.6      0.0
  SNOW DEPTH       0

DEGREE DAYS
 HEATING
  YESTERDAY       21                        23     -2       15
  MONTH TO DATE  271                       370    -99      263
  SINCE SEP 1    565                       683   -118      520
  SINCE JUL 1    623                       837   -214      634

 COOLING
  YESTERDAY        0                         0      0        0
  MONTH TO DATE    1                         0      1        0
  SINCE SEP 1     25                        11     14       13
  SINCE JAN 1    266                       180     86      192
..................................................................


WIND (MPH)
  HIGHEST WIND SPEED    15   HIGHEST WIND DIRECTION    NW (300)
  HIGHEST GUST SPEED    25   HIGHEST GUST DIRECTION    NW (310)
  AVERAGE WIND SPEED     9.3


SKY COVER
  POSSIBLE SUNSHINE  MM
  AVERAGE SKY COVER 0.8


WEATHER CONDITIONS
 THE FOLLOWING WEATHER WAS RECORDED YESTERDAY.
  LIGHT RAIN


RELATIVE HUMIDITY (PERCENT)
 HIGHEST    89           200 AM
 LOWEST     53           100 PM
 AVERAGE    71

..........................................................


THE CARIBOU ME CLIMATE NORMALS FOR TODAY
                         NORMAL    RECORD    YEAR
 MAXIMUM TEMPERATURE (F)   50        74      1963
 MINIMUM TEMPERATURE (F)   33        18      1972


SUNRISE AND SUNSET
OCTOBER 20 2014.......SUNRISE   657 AM EDT   SUNSET   536 PM EDT
OCTOBER 21 2014.......SUNRISE   658 AM EDT   SUNSET   534 PM EDT


-  INDICATES NEGATIVE NUMBERS.
R  INDICATES RECORD WAS SET OR TIED.
MM INDICATES DATA IS MISSING.
T  INDICATES TRACE AMOUNT.




$$
