000
CDUS41 KCAR 280546
CLICAR


CLIMATE REPORT
NATIONAL WEATHER SERVICE CARIBOU, ME
145 AM EDT THU AUG 28 2014


...................................

...THE CARIBOU ME CLIMATE SUMMARY FOR AUGUST 27 2014...

CLIMATE NORMAL PERIOD 1981 TO 2010
CLIMATE RECORD PERIOD 1939 TO 2014


WEATHER ITEM   OBSERVED TIME   RECORD YEAR NORMAL DEPARTURE LAST
                VALUE   (LST)  VALUE       VALUE  FROM      YEAR
                                                  NORMAL
..................................................................
TEMPERATURE (F)
 YESTERDAY
  MAXIMUM         81   1129 AM  91    1952  72      9       79
  MINIMUM         61   1159 PM  36    1987  51     10       57
  AVERAGE         71                        62      9       68

PRECIPITATION (IN)
  YESTERDAY        T             1.76 1992   0.12  -0.12     0.00
  MONTH TO DATE    1.68                      3.30  -1.62     5.45
  SINCE JUN 1     11.35                     10.86   0.49    18.78
  SINCE JAN 1     28.55                     24.28   4.27    32.80

SNOWFALL (IN)
  YESTERDAY        0.0           0.0  2002   0.0    0.0      0.0
                                      2001
  MONTH TO DATE    0.0                       0.0    0.0      0.0
  SINCE JUN 1      0.0                       0.0    0.0      0.0
  SINCE JUL 1      0.0                       0.0    0.0      0.0
  SNOW DEPTH       0

DEGREE DAYS
 HEATING
  YESTERDAY        0                         5     -5        0
  MONTH TO DATE   21                        75    -54       71
  SINCE JUN 1    134                       298   -164      277
  SINCE JUL 1     45                       133    -88       99

 COOLING
  YESTERDAY        6                         1      5        3
  MONTH TO DATE   72                        47     25       27
  SINCE JUN 1    238                       158     80      169
  SINCE JAN 1    241                       163     78      177
..................................................................


WIND (MPH)
  HIGHEST WIND SPEED    16   HIGHEST WIND DIRECTION     N (360)
  HIGHEST GUST SPEED    22   HIGHEST GUST DIRECTION     W (250)
  AVERAGE WIND SPEED     7.0


SKY COVER
  POSSIBLE SUNSHINE  MM
  AVERAGE SKY COVER 0.7


WEATHER CONDITIONS
 THE FOLLOWING WEATHER WAS RECORDED YESTERDAY.
  NO SIGNIFICANT WEATHER WAS OBSERVED.


RELATIVE HUMIDITY (PERCENT)
 HIGHEST    87           500 AM
 LOWEST     48           200 PM
 AVERAGE    68

..........................................................


THE CARIBOU ME CLIMATE NORMALS FOR TODAY
                         NORMAL    RECORD    YEAR
 MAXIMUM TEMPERATURE (F)   72        92      1952
 MINIMUM TEMPERATURE (F)   50        35      1987
                                             1940


SUNRISE AND SUNSET
AUGUST 28 2014........SUNRISE   546 AM EDT   SUNSET   719 PM EDT
AUGUST 29 2014........SUNRISE   548 AM EDT   SUNSET   717 PM EDT


-  INDICATES NEGATIVE NUMBERS.
R  INDICATES RECORD WAS SET OR TIED.
MM INDICATES DATA IS MISSING.
T  INDICATES TRACE AMOUNT.
--------------------------------------------------------------------------------------
THE CARIBOU ME 4 INCH SOIL TEMPERATURE FOR AUGUST 27 2014

MAXIMUM SOIL TEMPERATURE (F)...74
MINIMUM SOIL TEMPERATURE (F)...69

$$

CB
