000
CDUS45 KSLC 230026
CLICDC


CLIMATE REPORT
NATIONAL WEATHER SERVICE SALT LAKE CITY UT
526 PM MST MON DEC 22 2014


...................................

...THE CEDAR CITY UT CLIMATE SUMMARY FOR DECEMBER 22 2014...
VALID TODAY AS OF 0500 PM LOCAL TIME.

CLIMATE NORMAL PERIOD 1981 TO 2010
CLIMATE RECORD PERIOD 1928 TO 2014


WEATHER ITEM   OBSERVED TIME   RECORD YEAR NORMAL DEPARTURE LAST
                VALUE   (LST)  VALUE       VALUE  FROM      YEAR
                                                  NORMAL
..................................................................
TEMPERATURE (F)
 TODAY
  MAXIMUM         58    107 PM  63    2005  41     17       39
  MINIMUM         36    633 AM -20    1990  16     20        7
  AVERAGE         47                        28     19       23

PRECIPITATION (IN)
  TODAY            0.00          0.33 1965   0.03  -0.03     0.00
  MONTH TO DATE    0.44                      0.58  -0.14     0.91
  SINCE OCT 1      1.79                      2.85  -1.06     1.94
  SINCE JAN 1      9.47                     11.05  -1.58    14.98

DEGREE DAYS
 HEATING
  TODAY           18                        37    -19       42
  MONTH TO DATE  570                       789   -219     1004
  SINCE DEC 1    570                       789   -219     1004
  SINCE JUL 1   1761                      2231   -470     2532

 COOLING
  TODAY            0                         0      0        0
  MONTH TO DATE    0                         0      0        0
  SINCE DEC 1      0                         0      0        0
  SINCE JAN 1    607                       588     19      667
..................................................................


WIND (MPH)
  RESULTANT WIND SPEED   2   RESULTANT WIND DIRECTION  SE (130)
  HIGHEST WIND SPEED    22   HIGHEST WIND DIRECTION     N (20)
  HIGHEST GUST SPEED    30   HIGHEST GUST DIRECTION    NE (40)
  AVERAGE WIND SPEED     9.7



WEATHER CONDITIONS
 THE FOLLOWING WEATHER WAS RECORDED TODAY.
  NO SIGNIFICANT WEATHER WAS OBSERVED.


RELATIVE HUMIDITY (PERCENT)
 HIGHEST    82           600 AM
 LOWEST     41           100 PM
 AVERAGE    62

..........................................................


THE CEDAR CITY UT CLIMATE NORMALS FOR TOMORROW
                         NORMAL    RECORD    YEAR
 MAXIMUM TEMPERATURE (F)   41        59      1955
 MINIMUM TEMPERATURE (F)   16       -23      1990


SUNRISE AND SUNSET
DECEMBER 22 2014......SUNRISE   744 AM MST   SUNSET   518 PM MST
DECEMBER 23 2014......SUNRISE   745 AM MST   SUNSET   518 PM MST


-  INDICATES NEGATIVE NUMBERS.
R  INDICATES RECORD WAS SET OR TIED.
MM INDICATES DATA IS MISSING.
T  INDICATES TRACE AMOUNT.




$$
