000
CDUS45 KSLC 110035
CLICDC


CLIMATE REPORT
NATIONAL WEATHER SERVICE SALT LAKE CITY UT
634 PM MDT THU JUL 10 2014


...................................

...THE CEDAR CITY UT CLIMATE SUMMARY FOR JULY 10 2014...
VALID TODAY AS OF 0500 PM LOCAL TIME.

CLIMATE NORMAL PERIOD 1981 TO 2010
CLIMATE RECORD PERIOD 1928 TO 2014


WEATHER ITEM   OBSERVED TIME   RECORD YEAR NORMAL DEPARTURE LAST
                VALUE   (LST)  VALUE       VALUE  FROM      YEAR
                                                  NORMAL
..................................................................
TEMPERATURE (F)
 TODAY
  MAXIMUM         84   1256 PM 103    1976  90     -6       99
  MINIMUM         64    210 AM  44    1983  56      8       54
  AVERAGE         74                        73      1       77

PRECIPITATION (IN)
  TODAY            T             0.48 1975   0.02  -0.02     0.00
  MONTH TO DATE    0.19                      0.17   0.02     0.59
  SINCE OCT 1      5.56                      8.85  -3.29     7.37
  SINCE JAN 1      3.62                      5.74  -2.12     4.66

DEGREE DAYS
 HEATING
  TODAY            0                         0      0        0
  MONTH TO DATE    0                         0      0        0
  SINCE JUN 1     27                        76    -49       11
  SINCE JUL 1      0                         0      0        0

 COOLING
  TODAY            9                         8      1       12
  MONTH TO DATE   99                        71     28      118
  SINCE JUN 1    199                       164     35      269
  SINCE JAN 1    224                       172     52      271
..................................................................


WIND (MPH)
  RESULTANT WIND SPEED   6   RESULTANT WIND DIRECTION  SW (210)
  HIGHEST WIND SPEED    25   HIGHEST WIND DIRECTION    SW (210)
  HIGHEST GUST SPEED    32   HIGHEST GUST DIRECTION     S (200)
  AVERAGE WIND SPEED     8.7



WEATHER CONDITIONS
 THE FOLLOWING WEATHER WAS RECORDED TODAY.
  THUNDERSTORM
  LIGHT RAIN


RELATIVE HUMIDITY (PERCENT)
 HIGHEST    63           400 PM
 LOWEST     34          1200 PM
 AVERAGE    49

..........................................................


THE CEDAR CITY UT CLIMATE NORMALS FOR TOMORROW
                         NORMAL    RECORD    YEAR
 MAXIMUM TEMPERATURE (F)   90       102      2003
 MINIMUM TEMPERATURE (F)   56        42      1983


SUNRISE AND SUNSET
JULY 10 2014..........SUNRISE   619 AM MDT   SUNSET   856 PM MDT
JULY 11 2014..........SUNRISE   620 AM MDT   SUNSET   855 PM MDT


-  INDICATES NEGATIVE NUMBERS.
R  INDICATES RECORD WAS SET OR TIED.
MM INDICATES DATA IS MISSING.
T  INDICATES TRACE AMOUNT.




$$
