000
CDUS45 KSLC 280029
CLICDC


CLIMATE REPORT
NATIONAL WEATHER SERVICE SALT LAKE CITY UT
629 PM MDT THU APR 27 2017


...................................

...THE CEDAR CITY UT CLIMATE SUMMARY FOR APRIL 27 2017...
VALID TODAY AS OF 0500 PM LOCAL TIME.

CLIMATE NORMAL PERIOD 1981 TO 2010
CLIMATE RECORD PERIOD 1928 TO 2017


WEATHER ITEM   OBSERVED TIME   RECORD YEAR NORMAL DEPARTURE LAST
                VALUE   (LST)  VALUE       VALUE  FROM      YEAR
                                                  NORMAL
..................................................................
TEMPERATURE (F)
 TODAY
  MAXIMUM         61    348 PM  83    2000  65     -4       52
  MINIMUM         39    553 AM  20    2011  35      4       38
                                      2008
                                      1984
  AVERAGE         50                        50      0       45

PRECIPITATION (IN)
  TODAY            T             0.42 1952   0.03  -0.03     0.18
  MONTH TO DATE    0.86                      0.97  -0.11     1.21
  SINCE OCT 1      7.43                      7.29   0.14     7.19
  SINCE JAN 1      4.60                      4.18   0.42     3.63

DEGREE DAYS
 HEATING
  TODAY           15                        15      0       20
  MONTH TO DATE  469                       509    -40      445
  SINCE MAR 1   1060                      1281   -221     1105
  SINCE JUL 1   5081                      5843   -762     5519

 COOLING
  TODAY            0                         0      0        0
  MONTH TO DATE    0                         0      0        0
  SINCE MAR 1      0                         0      0        0
  SINCE JAN 1      0                         0      0        0
..................................................................


WIND (MPH)
  RESULTANT WIND SPEED   3   RESULTANT WIND DIRECTION  NW (320)
  HIGHEST WIND SPEED    21   HIGHEST WIND DIRECTION    NW (300)
  HIGHEST GUST SPEED    29   HIGHEST GUST DIRECTION    NW (300)
  AVERAGE WIND SPEED     7.2



WEATHER CONDITIONS
 THE FOLLOWING WEATHER WAS RECORDED TODAY.
  LIGHT RAIN


RELATIVE HUMIDITY (PERCENT)
 HIGHEST    86           700 AM
 LOWEST     20           300 PM
 AVERAGE    53

..........................................................


THE CEDAR CITY UT CLIMATE NORMALS FOR TOMORROW
                         NORMAL    RECORD    YEAR
 MAXIMUM TEMPERATURE (F)   65        83      1992
 MINIMUM TEMPERATURE (F)   35        21      1984


SUNRISE AND SUNSET
APRIL 27 2017.........SUNRISE   641 AM MDT   SUNSET   819 PM MDT
APRIL 28 2017.........SUNRISE   640 AM MDT   SUNSET   820 PM MDT


-  INDICATES NEGATIVE NUMBERS.
R  INDICATES RECORD WAS SET OR TIED.
MM INDICATES DATA IS MISSING.
T  INDICATES TRACE AMOUNT.




$$
