000
CDUS45 KSLC 290027
CLICDC


CLIMATE REPORT
NATIONAL WEATHER SERVICE SALT LAKE CITY UT
627 PM MDT SUN AUG 28 2016


...................................

...THE CEDAR CITY UT CLIMATE SUMMARY FOR AUGUST 28 2016...
VALID TODAY AS OF 0500 PM LOCAL TIME.

CLIMATE NORMAL PERIOD 1981 TO 2010
CLIMATE RECORD PERIOD 1928 TO 2016


WEATHER ITEM   OBSERVED TIME   RECORD YEAR NORMAL DEPARTURE LAST
                VALUE   (LST)  VALUE       VALUE  FROM      YEAR
                                                  NORMAL
..................................................................
TEMPERATURE (F)
 TODAY
  MAXIMUM         84    357 PM  95    2009  85     -1       90
  MINIMUM         45    610 AM  37    1973  52     -7       50
  AVERAGE         65                        69     -4       70

PRECIPITATION (IN)
  TODAY            0.00          0.53 2011   0.03  -0.03     0.00
  MONTH TO DATE    1.47                      1.04   0.43     0.98
  SINCE OCT 1     10.80                     10.56   0.24    11.04
  SINCE JAN 1      7.24                      7.45  -0.21     8.91

DEGREE DAYS
 HEATING
  TODAY            0                         1     -1        0
  MONTH TO DATE    4                         1      3        0
  SINCE JUN 1      8                        80    -72       26
  SINCE JUL 1      4                         4      0        1

 COOLING
  TODAY            0                         4     -4        5
  MONTH TO DATE  203                       183     20      201
  SINCE JUN 1    771                       528    243      593
  SINCE JAN 1    774                       536    238      595
..................................................................


WIND (MPH)
  RESULTANT WIND SPEED   1   RESULTANT WIND DIRECTION   E (110)
  HIGHEST WIND SPEED    10   HIGHEST WIND DIRECTION     N (10)
  HIGHEST GUST SPEED    15   HIGHEST GUST DIRECTION     N (340)
  AVERAGE WIND SPEED     1.5



WEATHER CONDITIONS
 THE FOLLOWING WEATHER WAS RECORDED TODAY.
  NO SIGNIFICANT WEATHER WAS OBSERVED.


RELATIVE HUMIDITY (PERCENT)
 HIGHEST    83           700 AM
 LOWEST     20           300 PM
 AVERAGE    52

..........................................................


THE CEDAR CITY UT CLIMATE NORMALS FOR TOMORROW
                         NORMAL    RECORD    YEAR
 MAXIMUM TEMPERATURE (F)   85        96      1948
 MINIMUM TEMPERATURE (F)   52        42      2004
                                             1973


SUNRISE AND SUNSET
AUGUST 28 2016........SUNRISE   700 AM MDT   SUNSET   807 PM MDT
AUGUST 29 2016........SUNRISE   700 AM MDT   SUNSET   805 PM MDT


-  INDICATES NEGATIVE NUMBERS.
R  INDICATES RECORD WAS SET OR TIED.
MM INDICATES DATA IS MISSING.
T  INDICATES TRACE AMOUNT.




$$
