000
CDUS45 KSLC 310035
CLICDC


CLIMATE REPORT
NATIONAL WEATHER SERVICE SALT LAKE CITY UT
634 PM MDT SAT AUG 30 2014


...................................

...THE CEDAR CITY UT CLIMATE SUMMARY FOR AUGUST 30 2014...
VALID TODAY AS OF 0500 PM LOCAL TIME.

CLIMATE NORMAL PERIOD 1981 TO 2010
CLIMATE RECORD PERIOD 1928 TO 2014


WEATHER ITEM   OBSERVED TIME   RECORD YEAR NORMAL DEPARTURE LAST
                VALUE   (LST)  VALUE       VALUE  FROM      YEAR
                                                  NORMAL
..................................................................
TEMPERATURE (F)
 TODAY
  MAXIMUM         87    359 PM  96    1976  85      2       84
  MINIMUM         53    346 AM  42    1968  52      1       59
  AVERAGE         70                        68      2       72

PRECIPITATION (IN)
  TODAY            0.00          0.45 1992   0.03  -0.03      T
  MONTH TO DATE    1.24                      1.10   0.14     1.85
  SINCE OCT 1      7.05                     10.62  -3.57    13.88
  SINCE JAN 1      5.11                      7.51  -2.40    11.17

DEGREE DAYS
 HEATING
  TODAY            0                         1     -1        0
  MONTH TO DATE    6                         3      3        3
  SINCE JUN 1     33                        82    -49       14
  SINCE JUL 1      6                         6      0        3

 COOLING
  TODAY            5                         4      1        7
  MONTH TO DATE  118                       191    -73      173
  SINCE JUN 1    513                       536    -23      625
  SINCE JAN 1    538                       544     -6      627
..................................................................


WIND (MPH)
  RESULTANT WIND SPEED   9   RESULTANT WIND DIRECTION   S (200)
  HIGHEST WIND SPEED    25   HIGHEST WIND DIRECTION     S (190)
  HIGHEST GUST SPEED    35   HIGHEST GUST DIRECTION     S (190)
  AVERAGE WIND SPEED    10.1



WEATHER CONDITIONS
 THE FOLLOWING WEATHER WAS RECORDED TODAY.
  NO SIGNIFICANT WEATHER WAS OBSERVED.


RELATIVE HUMIDITY (PERCENT)
 HIGHEST    54           400 AM
 LOWEST     12           300 PM
 AVERAGE    33

..........................................................


THE CEDAR CITY UT CLIMATE NORMALS FOR TOMORROW
                         NORMAL    RECORD    YEAR
 MAXIMUM TEMPERATURE (F)   84        97      1950
 MINIMUM TEMPERATURE (F)   51        35      2005


SUNRISE AND SUNSET
AUGUST 30 2014........SUNRISE   701 AM MDT   SUNSET   804 PM MDT
AUGUST 31 2014........SUNRISE   702 AM MDT   SUNSET   803 PM MDT


-  INDICATES NEGATIVE NUMBERS.
R  INDICATES RECORD WAS SET OR TIED.
MM INDICATES DATA IS MISSING.
T  INDICATES TRACE AMOUNT.




$$
