000
CDUS45 KSLC 150032
CLICDC


CLIMATE REPORT
NATIONAL WEATHER SERVICE SALT LAKE CITY UT
632 PM MDT SUN SEP 14 2014


...................................

...THE CEDAR CITY UT CLIMATE SUMMARY FOR SEPTEMBER 14 2014...
VALID TODAY AS OF 0500 PM LOCAL TIME.

CLIMATE NORMAL PERIOD 1981 TO 2010
CLIMATE RECORD PERIOD 1928 TO 2014


WEATHER ITEM   OBSERVED TIME   RECORD YEAR NORMAL DEPARTURE LAST
                VALUE   (LST)  VALUE       VALUE  FROM      YEAR
                                                  NORMAL
..................................................................
TEMPERATURE (F)
 TODAY
  MAXIMUM         84    344 PM  92    2000  80      4       75
  MINIMUM         49    634 AM  27    1993  46      3       48
  AVERAGE         67                        63      4       62

PRECIPITATION (IN)
  TODAY            0.00          1.01 1978   0.02  -0.02     0.01
  MONTH TO DATE    1.13                      0.29   0.84     1.75
  SINCE OCT 1      8.18                     10.94  -2.76    15.71
  SINCE JAN 1      6.24                      7.83  -1.59    13.00

DEGREE DAYS
 HEATING
  TODAY            0                         4     -4        3
  MONTH TO DATE   10                        30    -20       25
  SINCE SEP 1     10                        30    -20       25
  SINCE JUL 1     16                        39    -23       28

 COOLING
  TODAY            2                         1      1        0
  MONTH TO DATE   34                        30      4       31
  SINCE SEP 1     34                        30      4       31
  SINCE JAN 1    580                       579      1      663
..................................................................


WIND (MPH)
  RESULTANT WIND SPEED   2   RESULTANT WIND DIRECTION  SE (140)
  HIGHEST WIND SPEED    15   HIGHEST WIND DIRECTION     S (200)
  HIGHEST GUST SPEED    24   HIGHEST GUST DIRECTION     S (170)
  AVERAGE WIND SPEED     4.7



WEATHER CONDITIONS
 THE FOLLOWING WEATHER WAS RECORDED TODAY.
  NO SIGNIFICANT WEATHER WAS OBSERVED.


RELATIVE HUMIDITY (PERCENT)
 HIGHEST    61           500 AM
 LOWEST     16          1200 PM
 AVERAGE    39

..........................................................


THE CEDAR CITY UT CLIMATE NORMALS FOR TOMORROW
                         NORMAL    RECORD    YEAR
 MAXIMUM TEMPERATURE (F)   79        91      2000
 MINIMUM TEMPERATURE (F)   45        34      2005


SUNRISE AND SUNSET
SEPTEMBER 14 2014.....SUNRISE   713 AM MDT   SUNSET   742 PM MDT
SEPTEMBER 15 2014.....SUNRISE   714 AM MDT   SUNSET   740 PM MDT


-  INDICATES NEGATIVE NUMBERS.
R  INDICATES RECORD WAS SET OR TIED.
MM INDICATES DATA IS MISSING.
T  INDICATES TRACE AMOUNT.




$$
