000
CDUS45 KSLC 100030
CLICDC


CLIMATE REPORT
NATIONAL WEATHER SERVICE SALT LAKE CITY UT
530 PM MST FRI DEC 9 2016


...................................

...THE CEDAR CITY UT CLIMATE SUMMARY FOR DECEMBER 9 2016...
VALID TODAY AS OF 0500 PM LOCAL TIME.

CLIMATE NORMAL PERIOD 1981 TO 2010
CLIMATE RECORD PERIOD 1928 TO 2016


WEATHER ITEM   OBSERVED TIME   RECORD YEAR NORMAL DEPARTURE LAST
                VALUE   (LST)  VALUE       VALUE  FROM      YEAR
                                                  NORMAL
..................................................................
TEMPERATURE (F)
 TODAY
  MAXIMUM         50    339 PM  65    1981  42      8       57
  MINIMUM         21    539 AM -16    1951  16      5       29
  AVERAGE         36                        29      7       43

PRECIPITATION (IN)
  TODAY            0.00          0.22 1965   0.03  -0.03     0.00
  MONTH TO DATE    T                         0.23  -0.23     0.00
  SINCE OCT 1      1.71                      2.50  -0.79     2.23
  SINCE JAN 1      9.63                     10.70  -1.07    12.02

DEGREE DAYS
 HEATING
  TODAY           29                        36     -7       22
  MONTH TO DATE  321                       313      8      259
  SINCE DEC 1    321                       313      8      259
  SINCE JUL 1   1418                      1755   -337     1491

 COOLING
  TODAY            0                         0      0        0
  MONTH TO DATE    0                         0      0        0
  SINCE DEC 1      0                         0      0        0
  SINCE JAN 1    826                       588    238      706
..................................................................


WIND (MPH)
  RESULTANT WIND SPEED   6   RESULTANT WIND DIRECTION   S (200)
  HIGHEST WIND SPEED    20   HIGHEST WIND DIRECTION     S (200)
  HIGHEST GUST SPEED    26   HIGHEST GUST DIRECTION    SW (220)
  AVERAGE WIND SPEED     7.4



WEATHER CONDITIONS
 THE FOLLOWING WEATHER WAS RECORDED TODAY.
  NO SIGNIFICANT WEATHER WAS OBSERVED.


RELATIVE HUMIDITY (PERCENT)
 HIGHEST    84           500 AM
 LOWEST     42          1200 PM
 AVERAGE    63

..........................................................


THE CEDAR CITY UT CLIMATE NORMALS FOR TOMORROW
                         NORMAL    RECORD    YEAR
 MAXIMUM TEMPERATURE (F)   42        66      1950
 MINIMUM TEMPERATURE (F)   16       -14      1972


SUNRISE AND SUNSET
DECEMBER  9 2016......SUNRISE   736 AM MST   SUNSET   514 PM MST
DECEMBER 10 2016......SUNRISE   737 AM MST   SUNSET   514 PM MST


-  INDICATES NEGATIVE NUMBERS.
R  INDICATES RECORD WAS SET OR TIED.
MM INDICATES DATA IS MISSING.
T  INDICATES TRACE AMOUNT.




$$
