000
CDUS45 KSLC 291217
CLICDC


CLIMATE REPORT
NATIONAL WEATHER SERVICE SALT LAKE CITY UT
617 AM MDT MON JUN 29 2015


...................................

...THE CEDAR CITY UT CLIMATE SUMMARY FOR JUNE 28 2015...

CLIMATE NORMAL PERIOD 1981 TO 2010
CLIMATE RECORD PERIOD 1928 TO 2015


WEATHER ITEM   OBSERVED TIME   RECORD YEAR NORMAL DEPARTURE LAST
                VALUE   (LST)  VALUE       VALUE  FROM      YEAR
                                                  NORMAL
..................................................................
TEMPERATURE (F)
 YESTERDAY
  MAXIMUM         96    103 PM 101    2013  87      9       91
                                      1976
  MINIMUM         60    305 AM  36    1991  52      8       47
  AVERAGE         78                        70      8       69

PRECIPITATION (IN)
  YESTERDAY        0.00          0.09 1987   0.01  -0.01     0.00
  MONTH TO DATE    0.72                      0.50   0.22      T
  SINCE OCT 1      9.66                      8.65   1.01     5.37
  SINCE JAN 1      7.53                      5.54   1.99     3.43

DEGREE DAYS
 HEATING
  YESTERDAY        0                         1     -1        0
  MONTH TO DATE   25                        76    -51       27
  SINCE JUN 1     25                        76    -51       27
  SINCE JUL 1   5363                      6255   -892     6116

 COOLING
  YESTERDAY       13                         5      8        4
  MONTH TO DATE  157                        81     76       79
  SINCE JUN 1    157                        81     76       79
  SINCE JAN 1    159                        89     70      104
..................................................................


WIND (MPH)
  RESULTANT WIND SPEED   3   RESULTANT WIND DIRECTION  SE (150)
  HIGHEST WIND SPEED    26   HIGHEST WIND DIRECTION    SE (140)
  HIGHEST GUST SPEED    42   HIGHEST GUST DIRECTION     S (160)
  AVERAGE WIND SPEED     6.5



WEATHER CONDITIONS
 THE FOLLOWING WEATHER WAS RECORDED YESTERDAY.
  THUNDERSTORM
  HAZE


RELATIVE HUMIDITY (PERCENT)
 HIGHEST    37           300 AM
 LOWEST     11           200 PM
 AVERAGE    24

..........................................................


THE CEDAR CITY UT CLIMATE NORMALS FOR TODAY
                         NORMAL    RECORD    YEAR
 MAXIMUM TEMPERATURE (F)   88       100      2013
 MINIMUM TEMPERATURE (F)   53        40      1969


SUNRISE AND SUNSET
JUNE 29 2015..........SUNRISE   613 AM MDT   SUNSET   858 PM MDT
JUNE 30 2015..........SUNRISE   614 AM MDT   SUNSET   858 PM MDT


-  INDICATES NEGATIVE NUMBERS.
R  INDICATES RECORD WAS SET OR TIED.
MM INDICATES DATA IS MISSING.
T  INDICATES TRACE AMOUNT.




$$
