000
CDUS45 KSLC 031225
CLICDC


CLIMATE REPORT
NATIONAL WEATHER SERVICE SALT LAKE CITY UT
625 AM MDT MON AUG 3 2015


...................................

...THE CEDAR CITY UT CLIMATE SUMMARY FOR AUGUST 2 2015...

CLIMATE NORMAL PERIOD 1981 TO 2010
CLIMATE RECORD PERIOD 1928 TO 2015


WEATHER ITEM   OBSERVED TIME   RECORD YEAR NORMAL DEPARTURE LAST
                VALUE   (LST)  VALUE       VALUE  FROM      YEAR
                                                  NORMAL
..................................................................
TEMPERATURE (F)
 YESTERDAY
  MAXIMUM         84    343 PM  99    1979  90     -6       91
  MINIMUM         57   1118 PM  50    1965  57      0       63
  AVERAGE         71                        73     -2       77

PRECIPITATION (IN)
  YESTERDAY        T             0.63 1980   0.04  -0.04     0.00
  MONTH TO DATE    T                         0.08  -0.08     0.00
  SINCE OCT 1     10.06                      9.60   0.46     5.81
  SINCE JAN 1      7.93                      6.49   1.44     3.87

DEGREE DAYS
 HEATING
  YESTERDAY        0                         0      0        0
  MONTH TO DATE    0                         0      0        0
  SINCE JUN 1     26                        79    -53       27
  SINCE JUL 1      1                         3     -2        0

 COOLING
  YESTERDAY        6                         8     -2       12
  MONTH TO DATE   14                        16     -2       18
  SINCE JUN 1    406                       361     45      413
  SINCE JAN 1    408                       369     39      438
..................................................................


WIND (MPH)
  RESULTANT WIND SPEED   4   RESULTANT WIND DIRECTION  SW (230)
  HIGHEST WIND SPEED    21   HIGHEST WIND DIRECTION    NE (40)
  HIGHEST GUST SPEED    27   HIGHEST GUST DIRECTION    NE (40)
  AVERAGE WIND SPEED     8.0



WEATHER CONDITIONS
 THE FOLLOWING WEATHER WAS RECORDED YESTERDAY.
  NO SIGNIFICANT WEATHER WAS OBSERVED.


RELATIVE HUMIDITY (PERCENT)
 HIGHEST    58           400 AM
 LOWEST     22           400 PM
 AVERAGE    40

..........................................................


THE CEDAR CITY UT CLIMATE NORMALS FOR TODAY
                         NORMAL    RECORD    YEAR
 MAXIMUM TEMPERATURE (F)   90        99      1979
 MINIMUM TEMPERATURE (F)   57        51      1998


SUNRISE AND SUNSET
AUGUST  3 2015........SUNRISE   638 AM MDT   SUNSET   839 PM MDT
AUGUST  4 2015........SUNRISE   638 AM MDT   SUNSET   838 PM MDT


-  INDICATES NEGATIVE NUMBERS.
R  INDICATES RECORD WAS SET OR TIED.
MM INDICATES DATA IS MISSING.
T  INDICATES TRACE AMOUNT.




$$
