000
CDUS45 KSLC 310033
CLICDC


CLIMATE REPORT
NATIONAL WEATHER SERVICE SALT LAKE CITY UT
633 PM MDT SAT JUL 30 2016


...................................

...THE CEDAR CITY UT CLIMATE SUMMARY FOR JULY 30 2016...
VALID TODAY AS OF 0500 PM LOCAL TIME.

CLIMATE NORMAL PERIOD 1981 TO 2010
CLIMATE RECORD PERIOD 1928 TO 2016


WEATHER ITEM   OBSERVED TIME   RECORD YEAR NORMAL DEPARTURE LAST
                VALUE   (LST)  VALUE       VALUE  FROM      YEAR
                                                  NORMAL
..................................................................
TEMPERATURE (F)
 TODAY
  MAXIMUM         94    207 PM  98    2002  90      4       94
  MINIMUM         62    543 AM  47    1950  57      5       58
  AVERAGE         78                        74      4       76

PRECIPITATION (IN)
  TODAY            0.00          0.74 1983   0.04  -0.04     0.00
  MONTH TO DATE    0.69                      0.80  -0.11     0.40
  SINCE OCT 1      8.92                      9.48  -0.56    10.06
  SINCE JAN 1      5.36                      6.37  -1.01     7.93

DEGREE DAYS
 HEATING
  TODAY            0                         0      0        0
  MONTH TO DATE    0                         0      0        1
  SINCE JUN 1      4                        76    -72       26
  SINCE JUL 1      0                         0      0        1

 COOLING
  TODAY           13                         9      4       11
  MONTH TO DATE  323                       246     77      193
  SINCE JUN 1    559                       339    220      380
  SINCE JAN 1    562                       347    215      382
..................................................................


WIND (MPH)
  RESULTANT WIND SPEED   9   RESULTANT WIND DIRECTION  SW (210)
  HIGHEST WIND SPEED    20   HIGHEST WIND DIRECTION    SW (220)
  HIGHEST GUST SPEED    28   HIGHEST GUST DIRECTION     S (200)
  AVERAGE WIND SPEED    10.4



WEATHER CONDITIONS
 THE FOLLOWING WEATHER WAS RECORDED TODAY.
  THUNDERSTORM


RELATIVE HUMIDITY (PERCENT)
 HIGHEST    43           500 AM
 LOWEST     23           300 PM
 AVERAGE    33

..........................................................


THE CEDAR CITY UT CLIMATE NORMALS FOR TOMORROW
                         NORMAL    RECORD    YEAR
 MAXIMUM TEMPERATURE (F)   90        98      1978
 MINIMUM TEMPERATURE (F)   57        46      1950


SUNRISE AND SUNSET
JULY 30 2016..........SUNRISE   635 AM MDT   SUNSET   842 PM MDT
JULY 31 2016..........SUNRISE   636 AM MDT   SUNSET   841 PM MDT


-  INDICATES NEGATIVE NUMBERS.
R  INDICATES RECORD WAS SET OR TIED.
MM INDICATES DATA IS MISSING.
T  INDICATES TRACE AMOUNT.




$$
