000
CDUS45 KSLC 241237
CLICDC


CLIMATE REPORT
NATIONAL WEATHER SERVICE SALT LAKE CITY UT
637 AM MDT TUE MAY 24 2016


...................................

...THE CEDAR CITY UT CLIMATE SUMMARY FOR MAY 23 2016...

CLIMATE NORMAL PERIOD 1981 TO 2010
CLIMATE RECORD PERIOD 1928 TO 2016


WEATHER ITEM   OBSERVED TIME   RECORD YEAR NORMAL DEPARTURE LAST
                VALUE   (LST)  VALUE       VALUE  FROM      YEAR
                                                  NORMAL
..................................................................
TEMPERATURE (F)
 YESTERDAY
  MAXIMUM         70    430 PM  93    2000  75     -5       52
  MINIMUM         33    510 AM  32    2010  41     -8       42
  AVERAGE         52                        58     -6       47

PRECIPITATION (IN)
  YESTERDAY        0.00          0.65 2009   0.02  -0.02     0.54
  MONTH TO DATE    0.32                      0.56  -0.24     2.62
  SINCE OCT 1      7.93                      7.94  -0.01     8.44
  SINCE JAN 1      4.37                      4.83  -0.46     6.31

DEGREE DAYS
 HEATING
  YESTERDAY       13                         7      6       18
  MONTH TO DATE  239                       241     -2      288
  SINCE MAR 1   1404                      1565   -161     1456
  SINCE JUL 1   5818                      6127   -309     5294

 COOLING
  YESTERDAY        0                         0      0        0
  MONTH TO DATE    3                         0      3        0
  SINCE MAR 1      3                         0      3        0
  SINCE JAN 1      3                         0      3        0
..................................................................


WIND (MPH)
  RESULTANT WIND SPEED   5   RESULTANT WIND DIRECTION  SW (210)
  HIGHEST WIND SPEED    21   HIGHEST WIND DIRECTION    SW (230)
  HIGHEST GUST SPEED    28   HIGHEST GUST DIRECTION    SW (210)
  AVERAGE WIND SPEED     7.5



WEATHER CONDITIONS
 THE FOLLOWING WEATHER WAS RECORDED YESTERDAY.
  NO SIGNIFICANT WEATHER WAS OBSERVED.


RELATIVE HUMIDITY (PERCENT)
 HIGHEST    69           500 AM
 LOWEST     11           200 PM
 AVERAGE    40

..........................................................


THE CEDAR CITY UT CLIMATE NORMALS FOR TODAY
                         NORMAL    RECORD    YEAR
 MAXIMUM TEMPERATURE (F)   75        90      2001
 MINIMUM TEMPERATURE (F)   41        32      2010
                                             1980


SUNRISE AND SUNSET
MAY 24 2016...........SUNRISE   616 AM MDT   SUNSET   843 PM MDT
MAY 25 2016...........SUNRISE   615 AM MDT   SUNSET   844 PM MDT


-  INDICATES NEGATIVE NUMBERS.
R  INDICATES RECORD WAS SET OR TIED.
MM INDICATES DATA IS MISSING.
T  INDICATES TRACE AMOUNT.




$$
