000
CDUS45 KCYS 040745
CLICDR


CLIMATE REPORT
NATIONAL WEATHER SERVICE CHEYENNE WY
145 AM MDT SAT JUL 4 2015


...................................

...THE CHADRON NE AIRPORT CLIMATE SUMMARY FOR JULY 3 2015...

CLIMATE NORMAL PERIOD 1981 TO 2010
CLIMATE RECORD PERIOD 1895 TO 2015


WEATHER ITEM   OBSERVED TIME   RECORD YEAR NORMAL DEPARTURE LAST
                VALUE   (LST)  VALUE       VALUE  FROM      YEAR
                                                  NORMAL
..................................................................
TEMPERATURE (F)
 YESTERDAY
  MAXIMUM         86    340 PM 106    1936  88     -2       89
  MINIMUM         56    406 AM  43    1972  55      1       51
  AVERAGE         71                        71      0       70

PRECIPITATION (IN)
  YESTERDAY        0.00          1.63 1919   0.07  -0.07     0.00
  MONTH TO DATE    0.64                      0.21   0.43     0.00
  SINCE JAN 1     13.59                     10.39   3.20    11.13

DEGREE DAYS
 HEATING
  YESTERDAY        0                         1     -1        0
  MONTH TO DATE    0                         3     -3        7
  SINCE JUN 1      9                        84    -75       90
  SINCE JUL 1      0                         3     -3        7

 COOLING
  YESTERDAY        6                         7     -1        5
  MONTH TO DATE   23                        21      2        5
  SINCE JUN 1    156                       129     27       59
  SINCE JAN 1    156                       149      7       90
..................................................................


WIND (MPH)
  HIGHEST WIND SPEED    16   HIGHEST WIND DIRECTION     S (160)
  HIGHEST GUST SPEED    21   HIGHEST GUST DIRECTION     S (160)
  AVERAGE WIND SPEED     3.3


SKY COVER
  AVERAGE SKY COVER 0.0


WEATHER CONDITIONS
 THE FOLLOWING WEATHER WAS RECORDED YESTERDAY.
  FOG


RELATIVE HUMIDITY (PERCENT)
 HIGHEST    97          1200 AM
 LOWEST     34           300 PM
 AVERAGE    66

..........................................................


THE CHADRON NE AIRPORT CLIMATE NORMALS FOR TODAY
                         NORMAL    RECORD    YEAR
 MAXIMUM TEMPERATURE (F)   88       106      1936
 MINIMUM TEMPERATURE (F)   56        39      1972


SUNRISE AND SUNSET
JULY  4 2015..........SUNRISE   519 AM MDT   SUNSET   834 PM MDT
JULY  5 2015..........SUNRISE   520 AM MDT   SUNSET   834 PM MDT


-  INDICATES NEGATIVE NUMBERS.
R  INDICATES RECORD WAS SET OR TIED.
MM INDICATES DATA IS MISSING.
T  INDICATES TRACE AMOUNT.




$$
