000
CDUS45 KCYS 252138
CLICDR


CLIMATE REPORT
NATIONAL WEATHER SERVICE CHEYENNE WY
337 PM MDT THU AUG 25 2016


...................................

...THE CHADRON NE AIRPORT CLIMATE SUMMARY FOR AUGUST 25 2016...
VALID AS OF 0300 PM LOCAL TIME.

CLIMATE NORMAL PERIOD 1981 TO 2010
CLIMATE RECORD PERIOD 1895 TO 2016


WEATHER ITEM   OBSERVED TIME   RECORD YEAR NORMAL DEPARTURE LAST
                VALUE   (LST)  VALUE       VALUE  FROM      YEAR
                                                  NORMAL
..................................................................
TEMPERATURE (F)
 TODAY
  MAXIMUM         68    157 PM 111    1926  87    -19       96
  MINIMUM         51    342 AM  37    1964  53     -2       45
  AVERAGE         60                        70    -10       71

PRECIPITATION (IN)
  TODAY            0.02          0.80 1938   0.05  -0.03     0.00
  MONTH TO DATE    0.81                      1.26  -0.45     0.79
  SINCE JAN 1     11.40                     13.55  -2.15    16.08

DEGREE DAYS
 HEATING
  TODAY            5                         1      4        0
  MONTH TO DATE   18                         9      9       33
  SINCE JUN 1     31                       100    -69       45
  SINCE JUL 1     18                        19     -1       36

 COOLING
  TODAY            0                         6     -6        6
  MONTH TO DATE  192                       210    -18      184
  SINCE JUN 1    778                       594    184      541
  SINCE JAN 1    786                       614    172      541
..................................................................


WIND (MPH)
  HIGHEST WIND SPEED    12   HIGHEST WIND DIRECTION    NE (30)
  HIGHEST GUST SPEED    15   HIGHEST GUST DIRECTION    NE (30)
  AVERAGE WIND SPEED     3.0


SKY COVER
  AVERAGE SKY COVER 0.8


WEATHER CONDITIONS
 THE FOLLOWING WEATHER WAS RECORDED TODAY.
  LIGHT RAIN


RELATIVE HUMIDITY (PERCENT)
 HIGHEST    93           100 AM
 LOWEST     49           200 PM
 AVERAGE    71

..........................................................


THE CHADRON NE AIRPORT CLIMATE NORMALS FOR TOMORROW
                         NORMAL    RECORD    YEAR
 MAXIMUM TEMPERATURE (F)   87       103      2010
 MINIMUM TEMPERATURE (F)   53        42      1992
                                             1967
                                             1960


SUNRISE AND SUNSET
AUGUST 25 2016........SUNRISE   610 AM MDT   SUNSET   738 PM MDT
AUGUST 26 2016........SUNRISE   611 AM MDT   SUNSET   736 PM MDT


-  INDICATES NEGATIVE NUMBERS.
R  INDICATES RECORD WAS SET OR TIED.
MM INDICATES DATA IS MISSING.
T  INDICATES TRACE AMOUNT.




$$
