000
CDUS45 KCYS 040743
CLICDR


CLIMATE REPORT
NATIONAL WEATHER SERVICE CHEYENNE WY
137 AM MDT TUE AUG 4 2015


...................................

...THE CHADRON NE AIRPORT CLIMATE SUMMARY FOR AUGUST 3 2015...

CLIMATE NORMAL PERIOD 1981 TO 2010
CLIMATE RECORD PERIOD 1895 TO 2015


WEATHER ITEM   OBSERVED TIME   RECORD YEAR NORMAL DEPARTURE LAST
                VALUE   (LST)  VALUE       VALUE  FROM      YEAR
                                                  NORMAL
..................................................................
TEMPERATURE (F)
 YESTERDAY
  MAXIMUM         91    441 PM 104    1947  91      0       94
                                      1941
  MINIMUM         56    505 AM  41    1974  58     -2       54
  AVERAGE         74                        75     -1       74

PRECIPITATION (IN)
  YESTERDAY        0.00          0.96 1923   0.06  -0.06     0.38
  MONTH TO DATE    0.00                      0.18  -0.18     0.38
  SINCE JAN 1     15.29                     12.47   2.82    12.17

DEGREE DAYS
 HEATING
  YESTERDAY        0                         0      0        0
  MONTH TO DATE    0                         0      0        0
  SINCE JUN 1     12                        91    -79       94
  SINCE JUL 1      3                        10     -7       11

 COOLING
  YESTERDAY        9                        10     -1        9
  MONTH TO DATE   31                        30      1       29
  SINCE JUN 1    388                       414    -26      342
  SINCE JAN 1    388                       434    -46      373
..................................................................


WIND (MPH)
  HIGHEST WIND SPEED    16   HIGHEST WIND DIRECTION     E (110)
  HIGHEST GUST SPEED    19   HIGHEST GUST DIRECTION     E (100)
  AVERAGE WIND SPEED     5.6


SKY COVER
  AVERAGE SKY COVER 0.0


WEATHER CONDITIONS
 THE FOLLOWING WEATHER WAS RECORDED YESTERDAY.
  HAZE


RELATIVE HUMIDITY (PERCENT)
 HIGHEST    93           400 AM
 LOWEST     37           300 PM
 AVERAGE    65

..........................................................


THE CHADRON NE AIRPORT CLIMATE NORMALS FOR TODAY
                         NORMAL    RECORD    YEAR
 MAXIMUM TEMPERATURE (F)   91       104      1947
 MINIMUM TEMPERATURE (F)   58        42      1974


SUNRISE AND SUNSET
AUGUST  4 2015........SUNRISE   547 AM MDT   SUNSET   810 PM MDT
AUGUST  5 2015........SUNRISE   548 AM MDT   SUNSET   808 PM MDT


-  INDICATES NEGATIVE NUMBERS.
R  INDICATES RECORD WAS SET OR TIED.
MM INDICATES DATA IS MISSING.
T  INDICATES TRACE AMOUNT.




$$
