000
CDUS45 KCYS 160327
CLICDR


CLIMATE REPORT
NATIONAL WEATHER SERVICE CHEYENNE WY
927 PM MDT TUE APR 15 2014


...................................

...THE CHADRON NE AIRPORT CLIMATE SUMMARY FOR APRIL 15 2014...
VALID TODAY AS OF 0900 PM LOCAL TIME.

CLIMATE NORMAL PERIOD 1981 TO 2010
CLIMATE RECORD PERIOD 1895 TO 2014


WEATHER ITEM   OBSERVED TIME   RECORD YEAR NORMAL DEPARTURE LAST
                VALUE   (LST)  VALUE       VALUE  FROM      YEAR
                                                  NORMAL
..................................................................
TEMPERATURE (F)
 TODAY
  MAXIMUM         66    336 PM  88    2008  60      6       37
  MINIMUM         23    452 AM  11    1961  29     -6       22
                                      1951
  AVERAGE         45                        44      1       30

PRECIPITATION (IN)
  TODAY            0.00          1.47 1927   0.06  -0.06     0.00
  MONTH TO DATE    0.44                      0.82  -0.38     2.19
  SINCE JAN 1      2.02                      3.02  -1.00     3.73

DEGREE DAYS
 HEATING
  TODAY           20                        21     -1       35
  MONTH TO DATE  335                       341     -6      424
  SINCE MAR 1   1233                      1246    -13     1297
  SINCE JUL 1   6707                      6498    209     6193

 COOLING
  TODAY            0                         0      0        0
  MONTH TO DATE    0                         0      0        0
  SINCE MAR 1      0                         0      0        0
  SINCE JAN 1      0                         0      0        0
..................................................................


WIND (MPH)
  HIGHEST WIND SPEED    22   HIGHEST WIND DIRECTION     W (290)
  HIGHEST GUST SPEED    31   HIGHEST GUST DIRECTION    SW (240)
  AVERAGE WIND SPEED     9.6


SKY COVER
  AVERAGE SKY COVER 0.1


WEATHER CONDITIONS
 THE FOLLOWING WEATHER WAS RECORDED TODAY.
  NO SIGNIFICANT WEATHER WAS OBSERVED.


RELATIVE HUMIDITY (PERCENT)
 HIGHEST    81           100 AM
 LOWEST     18           300 PM
 AVERAGE    50

..........................................................


THE CHADRON NE AIRPORT CLIMATE NORMALS FOR TOMORROW
                         NORMAL    RECORD    YEAR
 MAXIMUM TEMPERATURE (F)   60        85      1958
 MINIMUM TEMPERATURE (F)   30         7      1951


SUNRISE AND SUNSET
APRIL 15 2014.........SUNRISE   611 AM MDT   SUNSET   735 PM MDT
APRIL 16 2014.........SUNRISE   609 AM MDT   SUNSET   736 PM MDT


-  INDICATES NEGATIVE NUMBERS.
R  INDICATES RECORD WAS SET OR TIED.
MM INDICATES DATA IS MISSING.
T  INDICATES TRACE AMOUNT.




$$
