000
CDUS44 KLUB 290627
CLICDS


CLIMATE REPORT
NATIONAL WEATHER SERVICE LUBBOCK, TX
126 AM CDT THU SEP 29 2016


...................................

...THE CHILDRESS CLIMATE SUMMARY FOR SEPTEMBER 28 2016...

CLIMATE NORMAL PERIOD 1981 TO 2010
CLIMATE RECORD PERIOD 1893 TO 2016


WEATHER ITEM   OBSERVED TIME   RECORD YEAR NORMAL DEPARTURE LAST
                VALUE   (LST)  VALUE       VALUE  FROM      YEAR
                                                  NORMAL
..................................................................
TEMPERATURE (F)
 YESTERDAY
  MAXIMUM         92    236 PM 103    1953  82     10       89
  MINIMUM         55    317 AM  39    1967  57     -2       61
  AVERAGE         74                        69      5       75

PRECIPITATION (IN)
  YESTERDAY        0.00          1.00 1926   0.07  -0.07     0.00
  MONTH TO DATE    3.41                      2.29   1.12     0.32
  SINCE SEP 1      3.41                      2.29   1.12     0.32
  SINCE JAN 1     26.19                     19.38   6.81    30.83

SNOWFALL (IN)
  YESTERDAY        0.0          MM      MM   0.0    0.0      0.0
  MONTH TO DATE    0.0                       0.0    0.0      0.0
  SINCE SEP 1      0.0                       0.0    0.0      0.0
  SINCE JUL 1      0.0                       0.0    0.0      0.0
  SNOW DEPTH       0

DEGREE DAYS
 HEATING
  YESTERDAY        0                         1     -1        0
  MONTH TO DATE    2                        12    -10        0
  SINCE SEP 1      2                        12    -10        0
  SINCE JUL 1      2                        12    -10        0

 COOLING
  YESTERDAY        9                         6      3       10
  MONTH TO DATE  318                       283     35      409
  SINCE SEP 1    318                       283     35      409
  SINCE JAN 1   2191                      2114     77     2189
..................................................................


WIND (MPH)
  RESULTANT WIND SPEED   1   RESULTANT WIND DIRECTION   N (340)
  HIGHEST WIND SPEED    14   HIGHEST WIND DIRECTION    SE (130)
  HIGHEST GUST SPEED    21   HIGHEST GUST DIRECTION    NE (50)
  AVERAGE WIND SPEED     6.0


SKY COVER
  AVERAGE SKY COVER 0.0


WEATHER CONDITIONS
 THE FOLLOWING WEATHER WAS RECORDED YESTERDAY.
  NO SIGNIFICANT WEATHER WAS OBSERVED.


RELATIVE HUMIDITY (PERCENT)
 HIGHEST    77           200 AM
 LOWEST     16           300 PM
 AVERAGE    47

..........................................................


THE CHILDRESS CLIMATE NORMALS FOR TODAY
                         NORMAL    RECORD    YEAR
 MAXIMUM TEMPERATURE (F)   82        98      1994
 MINIMUM TEMPERATURE (F)   56        41      1985


SUNRISE AND SUNSET
SEPTEMBER 29 2016.....SUNRISE   735 AM CDT   SUNSET   727 PM CDT
SEPTEMBER 30 2016.....SUNRISE   735 AM CDT   SUNSET   726 PM CDT


-  INDICATES NEGATIVE NUMBERS.
R  INDICATES RECORD WAS SET OR TIED.
MM INDICATES DATA IS MISSING.
T  INDICATES TRACE AMOUNT.




$$
