000
CDUS44 KLUB 310126
CLICDS


CLIMATE REPORT
NATIONAL WEATHER SERVICE LUBBOCK, TX
825 PM CDT SAT JUL 30 2016


...................................

...THE CHILDRESS CLIMATE SUMMARY FOR JULY 30 2016...
VALID TODAY AS OF 0800 PM LOCAL TIME.

CLIMATE NORMAL PERIOD 1981 TO 2010
CLIMATE RECORD PERIOD 1893 TO 2016


WEATHER ITEM   OBSERVED TIME   RECORD YEAR NORMAL DEPARTURE LAST
                VALUE   (LST)  VALUE       VALUE  FROM      YEAR
                                                  NORMAL
..................................................................
TEMPERATURE (F)
 TODAY
  MAXIMUM         92    115 PM 112    1937  96     -4       95
  MINIMUM         71    720 AM  58    1971  71      0       75
  AVERAGE         82                        84     -2       85

PRECIPITATION (IN)
  TODAY            0.24          2.97 1982   0.06   0.18     0.00
  MONTH TO DATE    2.98                      1.88   1.10     4.68
  SINCE JUN 1      6.89                      5.83   1.06     8.72
  SINCE JAN 1     18.75                     14.40   4.35    28.58

SNOWFALL (IN)
  TODAY            0.0          MM      MM   0.0    0.0      0.0
  MONTH TO DATE    0.0                       0.0    0.0      0.0
  SINCE JUN 1      0.0                       0.0    0.0      0.0
  SINCE JUL 1      0.0                       0.0    0.0      0.0
  SNOW DEPTH       0

DEGREE DAYS
 HEATING
  TODAY            0                         0      0        0
  MONTH TO DATE    0                         0      0        0
  SINCE JUN 1      0                         2     -2        0
  SINCE JUL 1      0                         0      0        0

 COOLING
  TODAY           17                        19     -2       20
  MONTH TO DATE  618                       555     63      552
  SINCE JUN 1   1087                       976    111     1011
  SINCE JAN 1   1351                      1288     63     1211
..................................................................


WIND (MPH)
  RESULTANT WIND SPEED   6   RESULTANT WIND DIRECTION  SW (210)
  HIGHEST WIND SPEED    16   HIGHEST WIND DIRECTION    SW (230)
  HIGHEST GUST SPEED    21   HIGHEST GUST DIRECTION    SW (230)
  AVERAGE WIND SPEED     8.3


SKY COVER
  AVERAGE SKY COVER 0.3


WEATHER CONDITIONS
 THE FOLLOWING WEATHER WAS RECORDED TODAY.
  THUNDERSTORM
  RAIN
  LIGHT RAIN
  FOG


RELATIVE HUMIDITY (PERCENT)
 HIGHEST    74          1000 AM
 LOWEST     49           100 PM
 AVERAGE    62

..........................................................


THE CHILDRESS CLIMATE NORMALS FOR TOMORROW
                         NORMAL    RECORD    YEAR
 MAXIMUM TEMPERATURE (F)   96       108      2012
                                             1944
                                             1934
 MINIMUM TEMPERATURE (F)   71        60      1971


SUNRISE AND SUNSET
JULY 30 2016..........SUNRISE   651 AM CDT   SUNSET   844 PM CDT
JULY 31 2016..........SUNRISE   651 AM CDT   SUNSET   843 PM CDT


-  INDICATES NEGATIVE NUMBERS.
R  INDICATES RECORD WAS SET OR TIED.
MM INDICATES DATA IS MISSING.
T  INDICATES TRACE AMOUNT.




$$
