000
CDUS44 KLUB 220640
CLICDS


CLIMATE REPORT
NATIONAL WEATHER SERVICE LUBBOCK, TX
140 AM CDT FRI AUG 22 2014


...................................

...THE CHILDRESS CLIMATE SUMMARY FOR AUGUST 21 2014...

CLIMATE NORMAL PERIOD 1981 TO 2010
CLIMATE RECORD PERIOD 1893 TO 2014


WEATHER ITEM   OBSERVED TIME   RECORD YEAR NORMAL DEPARTURE LAST
                VALUE   (LST)  VALUE       VALUE  FROM      YEAR
                                                  NORMAL
..................................................................
TEMPERATURE (F)
 YESTERDAY
  MAXIMUM        102    437 PM 106    1952  94      8       92
  MINIMUM         73    414 AM  56    1956  69      4       66
  AVERAGE         88                        82      6       79

PRECIPITATION (IN)
  YESTERDAY        0.00          2.60 1941   0.08  -0.08     0.00
  MONTH TO DATE    0.47                      1.78  -1.31     3.09
  SINCE JUN 1      7.82                      7.68   0.14     8.45
  SINCE JAN 1     14.05                     16.25  -2.20    13.24

SNOWFALL (IN)
  YESTERDAY        0.0          MM      MM   0.0    0.0      0.0
  MONTH TO DATE    0.0                       0.0    0.0      0.0
  SINCE JUN 1      0.0                       0.0    0.0      0.0
  SINCE JUL 1      0.0                       0.0    0.0      0.0
  SNOW DEPTH       0

DEGREE DAYS
 HEATING
  YESTERDAY        0                         0      0        0
  MONTH TO DATE    0                         0      0        0
  SINCE JUN 1      0                         2     -2        0
  SINCE JUL 1      0                         0      0        0

 COOLING
  YESTERDAY       23                        17      6       14
  MONTH TO DATE  363                       371     -8      368
  SINCE JUN 1   1298                      1361    -63     1399
  SINCE JAN 1   1662                      1673    -11     1750
..................................................................


WIND (MPH)
  RESULTANT WIND SPEED  13   RESULTANT WIND DIRECTION   S (190)
  HIGHEST WIND SPEED    23   HIGHEST WIND DIRECTION     S (180)
  HIGHEST GUST SPEED    30   HIGHEST GUST DIRECTION     S (180)
  AVERAGE WIND SPEED    13.5


SKY COVER
  AVERAGE SKY COVER 0.0


WEATHER CONDITIONS
 THE FOLLOWING WEATHER WAS RECORDED YESTERDAY.
  THUNDERSTORM
  HAZE


RELATIVE HUMIDITY (PERCENT)
 HIGHEST    73           400 AM
 LOWEST     29           400 PM
 AVERAGE    51

..........................................................


THE CHILDRESS CLIMATE NORMALS FOR TODAY
                         NORMAL    RECORD    YEAR
 MAXIMUM TEMPERATURE (F)   94       106      1984
 MINIMUM TEMPERATURE (F)   69        55      1941


SUNRISE AND SUNSET
AUGUST 22 2014........SUNRISE   707 AM CDT   SUNSET   820 PM CDT
AUGUST 23 2014........SUNRISE   708 AM CDT   SUNSET   819 PM CDT


-  INDICATES NEGATIVE NUMBERS.
R  INDICATES RECORD WAS SET OR TIED.
MM INDICATES DATA IS MISSING.
T  INDICATES TRACE AMOUNT.




$$
