000
CDUS44 KLUB 150725
CLICDS


CLIMATE REPORT
NATIONAL WEATHER SERVICE LUBBOCK, TX
125 AM CST FRI DEC 15 2017


...................................

...THE CHILDRESS CLIMATE SUMMARY FOR DECEMBER 14 2017...

CLIMATE NORMAL PERIOD 1981 TO 2010
CLIMATE RECORD PERIOD 1893 TO 2017


WEATHER ITEM   OBSERVED TIME   RECORD YEAR NORMAL DEPARTURE LAST
                VALUE   (LST)  VALUE       VALUE  FROM      YEAR
                                                  NORMAL
..................................................................
TEMPERATURE (F)
 YESTERDAY
  MAXIMUM         54    338 PM  76    2008  54      0       47
  MINIMUM         33    801 AM   7    1985  29      4       24
  AVERAGE         44                        42      2       36

PRECIPITATION (IN)
  YESTERDAY        0.00          0.69 1959   0.03  -0.03     0.00
  MONTH TO DATE    0.00                      0.46  -0.46     1.14
  SINCE DEC 1      0.00                      0.46  -0.46     1.14
  SINCE JAN 1     23.51                     23.47   0.04    29.89

SNOWFALL (IN)
  YESTERDAY        0.0          MM      MM   0.0    0.0      0.0
  MONTH TO DATE    0.0                       0.7   -0.7      0.0
  SINCE DEC 1      0.0                       0.7   -0.7      0.0
  SINCE JUL 1      0.0                       1.6   -1.6      0.0
  SNOW DEPTH       0

DEGREE DAYS
 HEATING
  YESTERDAY       21                        23     -2       29
  MONTH TO DATE  220                       304    -84      336
  SINCE DEC 1    220                       304    -84      336
  SINCE JUL 1    657                       864   -207      603

 COOLING
  YESTERDAY        0                         0      0        0
  MONTH TO DATE    0                         0      0        0
  SINCE DEC 1      0                         0      0        0
  SINCE JAN 1   2307                      2207    100     2370
..................................................................


WIND (MPH)
  RESULTANT WIND SPEED  10   RESULTANT WIND DIRECTION   N (0)
  HIGHEST WIND SPEED    22   HIGHEST WIND DIRECTION     N (360)
  HIGHEST GUST SPEED    25   HIGHEST GUST DIRECTION     N (10)
  AVERAGE WIND SPEED    11.1


SKY COVER
  AVERAGE SKY COVER 0.1


WEATHER CONDITIONS
 THE FOLLOWING WEATHER WAS RECORDED YESTERDAY.
  NO SIGNIFICANT WEATHER WAS OBSERVED.


RELATIVE HUMIDITY (PERCENT)
 HIGHEST    60           900 PM
 LOWEST     29           200 PM
 AVERAGE    45

..........................................................


THE CHILDRESS CLIMATE NORMALS FOR TODAY
                         NORMAL    RECORD    YEAR
 MAXIMUM TEMPERATURE (F)   54        83      2010
 MINIMUM TEMPERATURE (F)   29         8      1989
                                             1987


SUNRISE AND SUNSET
DECEMBER 15 2017......SUNRISE   740 AM CST   SUNSET   532 PM CST
DECEMBER 16 2017......SUNRISE   741 AM CST   SUNSET   533 PM CST


-  INDICATES NEGATIVE NUMBERS.
R  INDICATES RECORD WAS SET OR TIED.
MM INDICATES DATA IS MISSING.
T  INDICATES TRACE AMOUNT.




$$
