000
CDUS44 KLUB 030629
CLICDS


CLIMATE REPORT
NATIONAL WEATHER SERVICE LUBBOCK, TX
1228 AM CST SAT DEC 3 2016


...................................

...THE CHILDRESS CLIMATE SUMMARY FOR DECEMBER 2 2016...

CLIMATE NORMAL PERIOD 1981 TO 2010
CLIMATE RECORD PERIOD 1893 TO 2016


WEATHER ITEM   OBSERVED TIME   RECORD YEAR NORMAL DEPARTURE LAST
                VALUE   (LST)  VALUE       VALUE  FROM      YEAR
                                                  NORMAL
..................................................................
TEMPERATURE (F)
 YESTERDAY
  MAXIMUM         51    242 PM  82    2012  58     -7       59
                                      1995
  MINIMUM         34    553 AM  11    1985  32      2       30
  AVERAGE         43                        45     -2       45

PRECIPITATION (IN)
  YESTERDAY       MM             2.35 1913   0.04  MM        0.00
  MONTH TO DATE    0.00                      0.07  -0.07     0.00
  SINCE DEC 1      0.00                      0.07  -0.07     0.00
  SINCE JAN 1     28.75                     23.08   5.67    35.91

SNOWFALL (IN)
  YESTERDAY       MM            MM      MM   0.0   MM        0.0
  MONTH TO DATE    0.0                       0.1   -0.1      0.0
  SINCE DEC 1      0.0                       0.1   -0.1      0.0
  SINCE JUL 1      0.0                       1.0   -1.0      0.8
  SNOW DEPTH       0

DEGREE DAYS
 HEATING
  YESTERDAY       22                        20      2       20
  MONTH TO DATE   40                        40      0       39
  SINCE DEC 1     40                        40      0       39
  SINCE JUL 1    307                       600   -293      492

 COOLING
  YESTERDAY        0                         0      0        0
  MONTH TO DATE    0                         0      0        0
  SINCE DEC 1      0                         0      0        0
  SINCE JAN 1   2370                      2207    163     2321
..................................................................


WIND (MPH)
  RESULTANT WIND SPEED   8   RESULTANT WIND DIRECTION   N (20)
  HIGHEST WIND SPEED    20   HIGHEST WIND DIRECTION    NE (50)
  HIGHEST GUST SPEED    25   HIGHEST GUST DIRECTION    NE (50)
  AVERAGE WIND SPEED     9.3


SKY COVER
  AVERAGE SKY COVER 0.6


WEATHER CONDITIONS
 THE FOLLOWING WEATHER WAS RECORDED YESTERDAY.
  RAIN
  LIGHT RAIN
  FOG


RELATIVE HUMIDITY (PERCENT)
 HIGHEST    96          1100 PM
 LOWEST     39           100 PM
 AVERAGE    68

..........................................................


THE CHILDRESS CLIMATE NORMALS FOR TODAY
                         NORMAL    RECORD    YEAR
 MAXIMUM TEMPERATURE (F)   57        84      2010
 MINIMUM TEMPERATURE (F)   32        11      1985


SUNRISE AND SUNSET
DECEMBER  3 2016......SUNRISE   732 AM CST   SUNSET   531 PM CST
DECEMBER  4 2016......SUNRISE   732 AM CST   SUNSET   531 PM CST


-  INDICATES NEGATIVE NUMBERS.
R  INDICATES RECORD WAS SET OR TIED.
MM INDICATES DATA IS MISSING.
T  INDICATES TRACE AMOUNT.




$$
