000
CDUS44 KLUB 280127
CLICDS


CLIMATE REPORT
NATIONAL WEATHER SERVICE LUBBOCK, TX
826 PM CDT MON MAR 27 2017


...................................

...THE CHILDRESS CLIMATE SUMMARY FOR MARCH 27 2017...
VALID TODAY AS OF 0800 PM LOCAL TIME.

CLIMATE NORMAL PERIOD 1981 TO 2010
CLIMATE RECORD PERIOD 1893 TO 2017


WEATHER ITEM   OBSERVED TIME   RECORD YEAR NORMAL DEPARTURE LAST
                VALUE   (LST)  VALUE       VALUE  FROM      YEAR
                                                  NORMAL
..................................................................
TEMPERATURE (F)
 TODAY
  MAXIMUM         73    520 PM 100    1971  71      2       64
  MINIMUM         42    653 AM  12    1931  42      0       38
  AVERAGE         58                        57      1       51

PRECIPITATION (IN)
  TODAY            0.00          1.35 1929   0.05  -0.05     0.00
  MONTH TO DATE    0.02                      1.31  -1.29     0.78
  SINCE MAR 1      0.02                      1.31  -1.29     0.78
  SINCE JAN 1      4.24                      3.09   1.15     2.03

SNOWFALL (IN)
  TODAY            0.0          MM      MM   0.0    0.0      0.0
  MONTH TO DATE    0.0                       0.4   -0.4      0.0
  SINCE MAR 1      0.0                       0.4   -0.4      0.0
  SINCE JUL 1      1.5                       6.8   -5.3      7.0
  SNOW DEPTH       0

DEGREE DAYS
 HEATING
  TODAY            7                         9     -2       14
  MONTH TO DATE  192                       340   -148      216
  SINCE MAR 1    192                       340   -148      216
  SINCE JUL 1   2140                      2900   -760     2384

 COOLING
  TODAY            0                         1     -1        0
  MONTH TO DATE   58                        12     46       13
  SINCE MAR 1     58                        12     46       13
  SINCE JAN 1     73                        13     60       15
..................................................................


WIND (MPH)
  RESULTANT WIND SPEED   5   RESULTANT WIND DIRECTION   N (350)
  HIGHEST WIND SPEED    20   HIGHEST WIND DIRECTION     N (350)
  HIGHEST GUST SPEED    22   HIGHEST GUST DIRECTION     N (350)
  AVERAGE WIND SPEED     8.3


SKY COVER
  AVERAGE SKY COVER 0.0


WEATHER CONDITIONS
 THE FOLLOWING WEATHER WAS RECORDED TODAY.
  NO SIGNIFICANT WEATHER WAS OBSERVED.


RELATIVE HUMIDITY (PERCENT)
 HIGHEST    82           700 AM
 LOWEST     31           500 PM
 AVERAGE    57

..........................................................


THE CHILDRESS CLIMATE NORMALS FOR TOMORROW
                         NORMAL    RECORD    YEAR
 MAXIMUM TEMPERATURE (F)   71        94      1963
                                             1962
 MINIMUM TEMPERATURE (F)   43        12      1931


SUNRISE AND SUNSET
MARCH 27 2017.........SUNRISE   735 AM CDT   SUNSET   759 PM CDT
MARCH 28 2017.........SUNRISE   733 AM CDT   SUNSET   759 PM CDT


-  INDICATES NEGATIVE NUMBERS.
R  INDICATES RECORD WAS SET OR TIED.
MM INDICATES DATA IS MISSING.
T  INDICATES TRACE AMOUNT.




$$
