000
CDUS44 KLUB 240633
CLICDS


CLIMATE REPORT
NATIONAL WEATHER SERVICE LUBBOCK, TX
133 AM CDT SUN MAY 24 2015


...................................

...THE CHILDRESS CLIMATE SUMMARY FOR MAY 23 2015...

CLIMATE NORMAL PERIOD 1981 TO 2010
CLIMATE RECORD PERIOD 1893 TO 2015


WEATHER ITEM   OBSERVED TIME   RECORD YEAR NORMAL DEPARTURE LAST
                VALUE   (LST)  VALUE       VALUE  FROM      YEAR
                                                  NORMAL
..................................................................
TEMPERATURE (F)
 YESTERDAY
  MAXIMUM         76   1128 AM 111    2000  86    -10       68
  MINIMUM         58    212 AM  44    1893  61     -3       62
  AVERAGE         67                        73     -6       65

PRECIPITATION (IN)
  YESTERDAY        1.78          2.92 2014   0.12   1.66     2.92
  MONTH TO DATE   11.58                      2.14   9.44     3.05
  SINCE MAR 1     16.80                      5.79  11.01     5.04
  SINCE JAN 1     17.97                      7.57  10.40     5.40

SNOWFALL (IN)
  YESTERDAY        0.0          MM      MM   0.0    0.0      0.0
  MONTH TO DATE    0.0                       0.0    0.0      0.0
  SINCE MAR 1      0.0                       0.6   -0.6       T
  SINCE JUL 1      2.0                       7.0   -5.0      9.5
  SNOW DEPTH       0

DEGREE DAYS
 HEATING
  YESTERDAY        0                         0      0        0
  MONTH TO DATE   42                        27     15       30
  SINCE MAR 1    476                       555    -79      640
  SINCE JUL 1   2973                      3115   -142     3456

 COOLING
  YESTERDAY        2                         9     -7        0
  MONTH TO DATE   70                       143    -73      216
  SINCE MAR 1    166                       233    -67      310
  SINCE JAN 1    166                       234    -68      310
..................................................................


WIND (MPH)
  RESULTANT WIND SPEED   9   RESULTANT WIND DIRECTION  SE (140)
  HIGHEST WIND SPEED    29   HIGHEST WIND DIRECTION     W (290)
  HIGHEST GUST SPEED    35   HIGHEST GUST DIRECTION    NW (310)
  AVERAGE WIND SPEED    11.7


SKY COVER
  AVERAGE SKY COVER 0.8


WEATHER CONDITIONS
 THE FOLLOWING WEATHER WAS RECORDED YESTERDAY.
  THUNDERSTORM
  HEAVY RAIN
  RAIN
  LIGHT RAIN
  FOG
  FOG W/VISIBILITY <= 1/4 MILE


RELATIVE HUMIDITY (PERCENT)
 HIGHEST   100          1200 AM
 LOWEST     79          1200 PM
 AVERAGE    90

..........................................................


THE CHILDRESS CLIMATE NORMALS FOR TODAY
                         NORMAL    RECORD    YEAR
 MAXIMUM TEMPERATURE (F)   86       111      2000
 MINIMUM TEMPERATURE (F)   61        48      1935
                                             1894


SUNRISE AND SUNSET
MAY 24 2015...........SUNRISE   633 AM CDT   SUNSET   843 PM CDT
MAY 25 2015...........SUNRISE   633 AM CDT   SUNSET   844 PM CDT


-  INDICATES NEGATIVE NUMBERS.
R  INDICATES RECORD WAS SET OR TIED.
MM INDICATES DATA IS MISSING.
T  INDICATES TRACE AMOUNT.




$$
