244
CDUS44 KLUB 230626
CLICDS


CLIMATE REPORT
NATIONAL WEATHER SERVICE LUBBOCK, TX
126 AM CDT TUE MAY 23 2017


...................................

...THE CHILDRESS CLIMATE SUMMARY FOR MAY 22 2017...

CLIMATE NORMAL PERIOD 1981 TO 2010
CLIMATE RECORD PERIOD 1893 TO 2017


WEATHER ITEM   OBSERVED TIME   RECORD YEAR NORMAL DEPARTURE LAST
                VALUE   (LST)  VALUE       VALUE  FROM      YEAR
                                                  NORMAL
..................................................................
TEMPERATURE (F)
 YESTERDAY
  MAXIMUM         75    514 PM 107    1939  86    -11       88
  MINIMUM         55    537 AM  40    1931  60     -5       64
  AVERAGE         65                        73     -8       76

PRECIPITATION (IN)
  YESTERDAY        0.07          3.96 2016   0.12  -0.05     3.96
  MONTH TO DATE    1.03                      2.02  -0.99     6.48
  SINCE MAR 1      5.05                      5.67  -0.62     9.25
  SINCE JAN 1      9.27                      7.45   1.82    10.50

SNOWFALL (IN)
  YESTERDAY        0.0          MM      MM   0.0    0.0      0.0
  MONTH TO DATE    0.0                       0.0    0.0      0.0
  SINCE MAR 1      0.0                       0.6   -0.6      0.0
  SINCE JUL 1      1.5                       7.0   -5.5      7.0
  SNOW DEPTH       0

DEGREE DAYS
 HEATING
  YESTERDAY        0                         1     -1        0
  MONTH TO DATE   20                        27     -7       62
  SINCE MAR 1    379                       555   -176      387
  SINCE JUL 1   2327                      3115   -788     2555

 COOLING
  YESTERDAY        0                         8     -8       11
  MONTH TO DATE  112                       134    -22       97
  SINCE MAR 1    247                       224     23      158
  SINCE JAN 1    262                       225     37      160
..................................................................


WIND (MPH)
  RESULTANT WIND SPEED   5   RESULTANT WIND DIRECTION  SE (130)
  HIGHEST WIND SPEED    23   HIGHEST WIND DIRECTION     N (20)
  HIGHEST GUST SPEED    26   HIGHEST GUST DIRECTION     N (10)
  AVERAGE WIND SPEED     7.6


SKY COVER
  AVERAGE SKY COVER 0.6


WEATHER CONDITIONS
 THE FOLLOWING WEATHER WAS RECORDED YESTERDAY.
  THUNDERSTORM
  RAIN
  LIGHT RAIN
  FOG


RELATIVE HUMIDITY (PERCENT)
 HIGHEST    84          1000 PM
 LOWEST     53          1100 AM
 AVERAGE    69

..........................................................


THE CHILDRESS CLIMATE NORMALS FOR TODAY
                         NORMAL    RECORD    YEAR
 MAXIMUM TEMPERATURE (F)   86       111      2000
 MINIMUM TEMPERATURE (F)   61        44      1893


SUNRISE AND SUNSET
MAY 23 2017...........SUNRISE   633 AM CDT   SUNSET   843 PM CDT
MAY 24 2017...........SUNRISE   633 AM CDT   SUNSET   843 PM CDT


-  INDICATES NEGATIVE NUMBERS.
R  INDICATES RECORD WAS SET OR TIED.
MM INDICATES DATA IS MISSING.
T  INDICATES TRACE AMOUNT.




$$
