000
CDUS44 KLUB 190628
CLICDS


CLIMATE REPORT
NATIONAL WEATHER SERVICE LUBBOCK, TX
128 AM CDT THU OCT 19 2017


...................................

...THE CHILDRESS CLIMATE SUMMARY FOR OCTOBER 18 2017...

CLIMATE NORMAL PERIOD 1981 TO 2010
CLIMATE RECORD PERIOD 1893 TO 2017


WEATHER ITEM   OBSERVED TIME   RECORD YEAR NORMAL DEPARTURE LAST
                VALUE   (LST)  VALUE       VALUE  FROM      YEAR
                                                  NORMAL
..................................................................
TEMPERATURE (F)
 YESTERDAY
  MAXIMUM         84    412 PM  92    1943  76      8       81
                                      1932
  MINIMUM         49    721 AM  33    1948  49      0       55
  AVERAGE         67                        62      5       68

PRECIPITATION (IN)
  YESTERDAY        0.00          2.17 1956   0.07  -0.07     0.00
  MONTH TO DATE    1.14                      1.36  -0.22     0.38
  SINCE SEP 1      5.68                      3.78   1.90     3.79
  SINCE JAN 1     23.36                     20.87   2.49    26.57

SNOWFALL (IN)
  YESTERDAY       MM            MM      MM   0.0   MM        0.0
  MONTH TO DATE    0.0                       0.0    0.0      0.0
  SINCE SEP 1      0.0                       0.0    0.0      0.0
  SINCE JUL 1      0.0                       0.0    0.0      0.0
  SNOW DEPTH       0

DEGREE DAYS
 HEATING
  YESTERDAY        0                         5     -5        0
  MONTH TO DATE   41                        55    -14       24
  SINCE SEP 1     47                        72    -25       26
  SINCE JUL 1     47                        72    -25       26

 COOLING
  YESTERDAY        2                         2      0        3
  MONTH TO DATE   96                        59     37      110
  SINCE SEP 1    390                       352     38      429
  SINCE JAN 1   2284                      2183    101     2302
..................................................................


WIND (MPH)
  RESULTANT WIND SPEED   9   RESULTANT WIND DIRECTION   S (160)
  HIGHEST WIND SPEED    21   HIGHEST WIND DIRECTION     S (170)
  HIGHEST GUST SPEED    25   HIGHEST GUST DIRECTION     S (180)
  AVERAGE WIND SPEED     9.7


SKY COVER
  AVERAGE SKY COVER 0.0


WEATHER CONDITIONS
 THE FOLLOWING WEATHER WAS RECORDED YESTERDAY.
  NO SIGNIFICANT WEATHER WAS OBSERVED.


RELATIVE HUMIDITY (PERCENT)
 HIGHEST    71           400 AM
 LOWEST     23           400 PM
 AVERAGE    47

..........................................................


THE CHILDRESS CLIMATE NORMALS FOR TODAY
                         NORMAL    RECORD    YEAR
 MAXIMUM TEMPERATURE (F)   75        94      1940
 MINIMUM TEMPERATURE (F)   49        31      1989


SUNRISE AND SUNSET
OCTOBER 19 2017.......SUNRISE   750 AM CDT   SUNSET   701 PM CDT
OCTOBER 20 2017.......SUNRISE   751 AM CDT   SUNSET   700 PM CDT


-  INDICATES NEGATIVE NUMBERS.
R  INDICATES RECORD WAS SET OR TIED.
MM INDICATES DATA IS MISSING.
T  INDICATES TRACE AMOUNT.




$$
