903
CDUS44 KLUB 270625
CLICDS


CLIMATE REPORT
NATIONAL WEATHER SERVICE LUBBOCK, TX
125 AM CDT SAT AUG 27 2016


...................................

...THE CHILDRESS CLIMATE SUMMARY FOR AUGUST 26 2016...

CLIMATE NORMAL PERIOD 1981 TO 2010
CLIMATE RECORD PERIOD 1893 TO 2016


WEATHER ITEM   OBSERVED TIME   RECORD YEAR NORMAL DEPARTURE LAST
                VALUE   (LST)  VALUE       VALUE  FROM      YEAR
                                                  NORMAL
..................................................................
TEMPERATURE (F)
 YESTERDAY
  MAXIMUM         86    526 PM 106    1952  93     -7       98
                                      1936
  MINIMUM         65    643 AM  52    2010  68     -3       68
  AVERAGE         76                        81     -5       83

PRECIPITATION (IN)
  YESTERDAY        T             0.65 1946   0.09  -0.09     0.00
                                      1934
  MONTH TO DATE    2.37                      2.20   0.17     1.80
  SINCE JUN 1      9.26                      8.10   1.16    10.52
  SINCE JAN 1     21.12                     16.67   4.45    30.38

SNOWFALL (IN)
  YESTERDAY        0.0          MM      MM   0.0    0.0      0.0
  MONTH TO DATE    0.0                       0.0    0.0      0.0
  SINCE JUN 1      0.0                       0.0    0.0      0.0
  SINCE JUL 1      0.0                       0.0    0.0      0.0
  SNOW DEPTH       0

DEGREE DAYS
 HEATING
  YESTERDAY        0                         0      0        0
  MONTH TO DATE    0                         0      0        0
  SINCE JUN 1      0                         2     -2        0
  SINCE JUL 1      0                         0      0        0

 COOLING
  YESTERDAY       11                        16     -5       18
  MONTH TO DATE  435                       451    -16      461
  SINCE JUN 1   1542                      1441    101     1492
  SINCE JAN 1   1806                      1753     53     1692
..................................................................


WIND (MPH)
  RESULTANT WIND SPEED   1   RESULTANT WIND DIRECTION  NE (30)
  HIGHEST WIND SPEED    12   HIGHEST WIND DIRECTION     N (350)
  HIGHEST GUST SPEED    15   HIGHEST GUST DIRECTION     N (340)
  AVERAGE WIND SPEED     3.8


SKY COVER
  AVERAGE SKY COVER 0.0


WEATHER CONDITIONS
 THE FOLLOWING WEATHER WAS RECORDED YESTERDAY.
  LIGHT RAIN


RELATIVE HUMIDITY (PERCENT)
 HIGHEST    93           100 AM
 LOWEST     48           500 PM
 AVERAGE    71

..........................................................


THE CHILDRESS CLIMATE NORMALS FOR TODAY
                         NORMAL    RECORD    YEAR
 MAXIMUM TEMPERATURE (F)   93       107      2011
 MINIMUM TEMPERATURE (F)   68        53      1906


SUNRISE AND SUNSET
AUGUST 27 2016........SUNRISE   711 AM CDT   SUNSET   813 PM CDT
AUGUST 28 2016........SUNRISE   712 AM CDT   SUNSET   812 PM CDT


-  INDICATES NEGATIVE NUMBERS.
R  INDICATES RECORD WAS SET OR TIED.
MM INDICATES DATA IS MISSING.
T  INDICATES TRACE AMOUNT.




$$
