000
CDUS46 KEKA 211215
CLICEC


CLIMATE REPORT
NATIONAL WEATHER SERVICE EUREKA CA
515 AM PDT MON AUG 21 2017


...................................

...THE CRESCENT CITY CA CLIMATE SUMMARY FOR AUGUST 20 2017...

CLIMATE NORMAL PERIOD 1981 TO 2010
CLIMATE RECORD PERIOD 1894 TO 2017


WEATHER ITEM   OBSERVED TIME   RECORD YEAR NORMAL DEPARTURE LAST
                VALUE   (LST)  VALUE       VALUE  FROM      YEAR
                                                  NORMAL
..................................................................
TEMPERATURE (F)
 YESTERDAY
  MAXIMUM         61   1249 PM  84    1961  63     -2       62
  MINIMUM         52   1131 PM  42    1996  52      0       50
  AVERAGE         57                        57      0       56

PRECIPITATION (IN)
  YESTERDAY        0.00          0.89 1968   0.02  -0.02     0.00
  MONTH TO DATE    0.02                      0.30  -0.28     0.00
  SINCE OCT 1     94.31                     62.88  31.43    67.46
  SINCE JAN 1     49.21                     37.64  11.57    32.78

SNOWFALL (IN)
  YESTERDAY        0.0          MM      MM  MM     MM        0.0
  MONTH TO DATE    0.0                      MM     MM        0.0
  SINCE JUN 1      0.0                      MM     MM        0.0
  SINCE JUL 1      0.0                      MM     MM        0.0
  SNOW DEPTH       0

DEGREE DAYS
 HEATING
  YESTERDAY        8                         8      0        9
  MONTH TO DATE  133                       160    -27      174
  SINCE JUN 1    697                       743    -46      661
  SINCE JUL 1    414                       434    -20      404

 COOLING
  YESTERDAY        0                         0      0        0
  MONTH TO DATE    0                         0      0        0
  SINCE JUN 1      0                         0      0        0
  SINCE JAN 1      0                         0      0        0
..................................................................


WIND (MPH)
  HIGHEST WIND SPEED    23   HIGHEST WIND DIRECTION     N (350)
  HIGHEST GUST SPEED    31   HIGHEST GUST DIRECTION     N (360)
  AVERAGE WIND SPEED    10.8


SKY COVER
  AVERAGE SKY COVER 1.0


WEATHER CONDITIONS
 THE FOLLOWING WEATHER WAS RECORDED YESTERDAY.
  HAZE


RELATIVE HUMIDITY (PERCENT)
 HIGHEST    93
 LOWEST     72
 AVERAGE    83

..........................................................


THE CRESCENT CITY CA CLIMATE NORMALS FOR TODAY
                         NORMAL    RECORD    YEAR
 MAXIMUM TEMPERATURE (F)   63        77      1961
 MINIMUM TEMPERATURE (F)   52        41      1960


SUNRISE AND SUNSET
AUGUST 21 2017........SUNRISE   632 AM PDT   SUNSET   807 PM PDT
AUGUST 22 2017........SUNRISE   633 AM PDT   SUNSET   806 PM PDT


-  INDICATES NEGATIVE NUMBERS.
R  INDICATES RECORD WAS SET OR TIED.
MM INDICATES DATA IS MISSING.
T  INDICATES TRACE AMOUNT.




$$
