000
CDUS46 KEKA 220010
CLICEC


CLIMATE REPORT
NATIONAL WEATHER SERVICE EUREKA CA
510 PM PDT THU AUG 21 2014


...................................

...THE CRESCENT CITY CA CLIMATE SUMMARY FOR AUGUST 21 2014...
VALID TODAY AS OF 0500 PM LOCAL TIME.

CLIMATE NORMAL PERIOD 1981 TO 2010
CLIMATE RECORD PERIOD 1894 TO 2014


WEATHER ITEM   OBSERVED TIME   RECORD YEAR NORMAL DEPARTURE LAST
                VALUE   (LST)  VALUE       VALUE  FROM      YEAR
                                                  NORMAL
..................................................................
TEMPERATURE (F)
 TODAY
  MAXIMUM         65    328 PM  77    1961  63      2       60
  MINIMUM         49    556 AM  41    1960  52     -3       51
  AVERAGE         57                        57      0       56

PRECIPITATION (IN)
  TODAY            0.00          0.39 1978   0.01  -0.01     0.00
  MONTH TO DATE    0.04                      0.31  -0.27     0.12
  SINCE JUL 1      0.24                      0.72  -0.48     0.12
  SINCE JAN 1     24.83                     37.65 -12.82    20.05

SNOWFALL (IN)
  TODAY            0.0          MM      MM  MM     MM        0.0
  MONTH TO DATE    0.0                      MM     MM        0.0
  SINCE JUN 1      0.0                      MM     MM        0.0
  SINCE JUL 1      0.0                      MM     MM        0.0
  SNOW DEPTH      MM

..................................................................


WIND (MPH)
  HIGHEST WIND SPEED    13   HIGHEST WIND DIRECTION    NW (310)
  HIGHEST GUST SPEED    17   HIGHEST GUST DIRECTION    NW (320)
  AVERAGE WIND SPEED     4.6


SKY COVER
  AVERAGE SKY COVER 0.2


WEATHER CONDITIONS
 THE FOLLOWING WEATHER WAS RECORDED TODAY.
  FOG W/VISIBILITY <= 1/4 MILE


RELATIVE HUMIDITY (PERCENT)
 HIGHEST   100
 LOWEST     67
 AVERAGE    84

..........................................................


THE CRESCENT CITY CA CLIMATE NORMALS FOR TOMORROW
                         NORMAL    RECORD    YEAR
 MAXIMUM TEMPERATURE (F)   63        74      1954
 MINIMUM TEMPERATURE (F)   52        43      1979


SUNRISE AND SUNSET
AUGUST 21 2014........SUNRISE   632 AM PDT   SUNSET   808 PM PDT
AUGUST 22 2014........SUNRISE   633 AM PDT   SUNSET   806 PM PDT


-  INDICATES NEGATIVE NUMBERS.
R  INDICATES RECORD WAS SET OR TIED.
MM INDICATES DATA IS MISSING.
T  INDICATES TRACE AMOUNT.




$$
