000
CDUS46 KEKA 210013
CLICEC


CLIMATE REPORT
NATIONAL WEATHER SERVICE EUREKA CA
509 PM PDT SUN APR 20 2014


...................................

...THE CRESCENT CITY CA CLIMATE SUMMARY FOR APRIL 20 2014...
VALID TODAY AS OF 0500 PM LOCAL TIME.

CLIMATE NORMAL PERIOD 1981 TO 2010
CLIMATE RECORD PERIOD 1894 TO 2014


WEATHER ITEM   OBSERVED TIME   RECORD YEAR NORMAL DEPARTURE LAST
                VALUE   (LST)  VALUE       VALUE  FROM      YEAR
                                                  NORMAL
..................................................................
TEMPERATURE (F)
 TODAY
  MAXIMUM         56    206 PM  75    1982  55      1       54
  MINIMUM         39    456 AM  34    1963  44     -5       43
  AVERAGE         48                        50     -2       49

PRECIPITATION (IN)
  TODAY            0.00          1.63 1955   0.15  -0.15     0.00
  MONTH TO DATE    0.17                      3.90  -3.73     3.05
  SINCE JUL 1     28.11                     58.13 -30.02    50.01
  SINCE JAN 1     19.12                     31.03 -11.91    16.31

SNOWFALL (IN)
  TODAY            0.0          MM      MM  MM     MM        0.0
  MONTH TO DATE    0.0                      MM     MM        0.0
  SINCE MAR 1      0.0                      MM     MM        0.0
  SINCE JUL 1      0.0                      MM     MM        0.0
  SNOW DEPTH      MM

..................................................................


WIND (MPH)
  HIGHEST WIND SPEED    12   HIGHEST WIND DIRECTION    NW (300)
  HIGHEST GUST SPEED    14   HIGHEST GUST DIRECTION    NW (310)
  AVERAGE WIND SPEED     5.6


SKY COVER
  AVERAGE SKY COVER 0.2


WEATHER CONDITIONS
 THE FOLLOWING WEATHER WAS RECORDED TODAY.
  FOG
  HAZE


RELATIVE HUMIDITY (PERCENT)
 HIGHEST   100
 LOWEST     72
 AVERAGE    86

..........................................................


THE CRESCENT CITY CA CLIMATE NORMALS FOR TOMORROW
                         NORMAL    RECORD    YEAR
 MAXIMUM TEMPERATURE (F)   55        78      1982
 MINIMUM TEMPERATURE (F)   45        31      1971


SUNRISE AND SUNSET
APRIL 20 2014.........SUNRISE   629 AM PDT   SUNSET   803 PM PDT
APRIL 21 2014.........SUNRISE   627 AM PDT   SUNSET   804 PM PDT


-  INDICATES NEGATIVE NUMBERS.
R  INDICATES RECORD WAS SET OR TIED.
MM INDICATES DATA IS MISSING.
T  INDICATES TRACE AMOUNT.




$$
