000
CDUS46 KEKA 191218
CLICEC


CLIMATE REPORT
NATIONAL WEATHER SERVICE EUREKA CA
518 AM PDT THU OCT 19 2017


...................................

...THE CRESCENT CITY CA CLIMATE SUMMARY FOR OCTOBER 18 2017...

CLIMATE NORMAL PERIOD 1981 TO 2010
CLIMATE RECORD PERIOD 1894 TO 2017


WEATHER ITEM   OBSERVED TIME   RECORD YEAR NORMAL DEPARTURE LAST
                VALUE   (LST)  VALUE       VALUE  FROM      YEAR
                                                  NORMAL
..................................................................
TEMPERATURE (F)
 YESTERDAY
  MAXIMUM         55    251 PM  78    1964  61     -6       61
  MINIMUM         40    635 AM  32    1949  46     -6       48
  AVERAGE         48                        53     -5       55

PRECIPITATION (IN)
  YESTERDAY        T             1.45 1996   0.13  -0.13     0.04
  MONTH TO DATE    0.24                      1.70  -1.46    10.02
  SINCE OCT 1      0.24                      1.70  -1.46    10.02
  SINCE JAN 1     50.72                     40.49  10.23    42.80

SNOWFALL (IN)
  YESTERDAY       MM            MM      MM  MM     MM       MM
  MONTH TO DATE    0.0                      MM     MM        0.0
  SINCE SEP 1      0.0                      MM     MM        0.0
  SINCE JUL 1      0.0                      MM     MM        0.0
  SNOW DEPTH       0

DEGREE DAYS
 HEATING
  YESTERDAY       17                        12      5       10
  MONTH TO DATE  220                       201     19      154
  SINCE SEP 1    425                       485    -60      387
  SINCE JUL 1    923                      1005    -82      885

 COOLING
  YESTERDAY        0                         0      0        0
  MONTH TO DATE    0                         0      0        0
  SINCE SEP 1      6                         0      6        0
  SINCE JAN 1      6                         0      6        0
..................................................................


WIND (MPH)
  HIGHEST WIND SPEED    13   HIGHEST WIND DIRECTION    SE (150)
  HIGHEST GUST SPEED    16   HIGHEST GUST DIRECTION     S (170)
  AVERAGE WIND SPEED     5.8


SKY COVER
  AVERAGE SKY COVER 0.8


WEATHER CONDITIONS
 THE FOLLOWING WEATHER WAS RECORDED YESTERDAY.
  LIGHT RAIN
  FOG
  FOG W/VISIBILITY <= 1/4 MILE


RELATIVE HUMIDITY (PERCENT)
 HIGHEST   100
 LOWEST     89
 AVERAGE    95

..........................................................


THE CRESCENT CITY CA CLIMATE NORMALS FOR TODAY
                         NORMAL    RECORD    YEAR
 MAXIMUM TEMPERATURE (F)   60        80      1964
 MINIMUM TEMPERATURE (F)   46        34      1966


SUNRISE AND SUNSET
OCTOBER 19 2017.......SUNRISE   734 AM PDT   SUNSET   629 PM PDT
OCTOBER 20 2017.......SUNRISE   735 AM PDT   SUNSET   627 PM PDT


-  INDICATES NEGATIVE NUMBERS.
R  INDICATES RECORD WAS SET OR TIED.
MM INDICATES DATA IS MISSING.
T  INDICATES TRACE AMOUNT.




$$
