000
CDUS46 KEKA 180021
CLICEC


CLIMATE REPORT
NATIONAL WEATHER SERVICE EUREKA CA
421 PM PST SUN DEC 17 2017


...................................

...THE CRESCENT CITY CA CLIMATE SUMMARY FOR DECEMBER 17 2017...
VALID TODAY AS OF 0400 PM LOCAL TIME.

CLIMATE NORMAL PERIOD 1981 TO 2010
CLIMATE RECORD PERIOD 1894 TO 2017


WEATHER ITEM   OBSERVED TIME   RECORD YEAR NORMAL DEPARTURE LAST
                VALUE   (LST)  VALUE       VALUE  FROM      YEAR
                                                  NORMAL
..................................................................
TEMPERATURE (F)
 TODAY
  MAXIMUM         57   1221 PM  67    1954  54      3       49
  MINIMUM         40    744 AM  30    2016  41     -1       30
  AVERAGE         49                        48      1       40

PRECIPITATION (IN)
  TODAY            0.00          2.37 2015   0.41  -0.41     0.00
  MONTH TO DATE    0.87                      5.51  -4.64    11.06
  SINCE OCT 1     12.15                     19.48  -7.33    43.02
  SINCE JAN 1     62.63                     58.27   4.36    75.80

SNOWFALL (IN)
  TODAY            0.0          MM      MM  MM     MM        0.0
  MONTH TO DATE    0.0                      MM     MM        0.0
  SINCE DEC 1      0.0                      MM     MM        0.0
  SINCE JUL 1      0.0                      MM     MM        0.0
  SNOW DEPTH       0

..................................................................


WIND (MPH)
  HIGHEST WIND SPEED    14   HIGHEST WIND DIRECTION     N (340)
  HIGHEST GUST SPEED    21   HIGHEST GUST DIRECTION     N (350)
  AVERAGE WIND SPEED     6.1


SKY COVER
  AVERAGE SKY COVER 0.0


WEATHER CONDITIONS
 THE FOLLOWING WEATHER WAS RECORDED TODAY.
  HAZE


RELATIVE HUMIDITY (PERCENT)
 HIGHEST    71
 LOWEST     50
 AVERAGE    61

..........................................................


THE CRESCENT CITY CA CLIMATE NORMALS FOR TOMORROW
                         NORMAL    RECORD    YEAR
 MAXIMUM TEMPERATURE (F)   54        66      1996
 MINIMUM TEMPERATURE (F)   41        30      1965


SUNRISE AND SUNSET
DECEMBER 17 2017......SUNRISE   739 AM PST   SUNSET   448 PM PST
DECEMBER 18 2017......SUNRISE   739 AM PST   SUNSET   448 PM PST


-  INDICATES NEGATIVE NUMBERS.
R  INDICATES RECORD WAS SET OR TIED.
MM INDICATES DATA IS MISSING.
T  INDICATES TRACE AMOUNT.




$$
