000
CDUS46 KEKA 210028
CLICEC


CLIMATE REPORT
NATIONAL WEATHER SERVICE EUREKA CA
428 PM PST SAT DEC 20 2014


...................................

...THE CRESCENT CITY CA CLIMATE SUMMARY FOR DECEMBER 20 2014...
VALID TODAY AS OF 0400 PM LOCAL TIME.

CLIMATE NORMAL PERIOD 1981 TO 2010
CLIMATE RECORD PERIOD 1894 TO 2014


WEATHER ITEM   OBSERVED TIME   RECORD YEAR NORMAL DEPARTURE LAST
                VALUE   (LST)  VALUE       VALUE  FROM      YEAR
                                                  NORMAL
..................................................................
TEMPERATURE (F)
 TODAY
  MAXIMUM         57    359 PM  68    2005  54      3       51
  MINIMUM         53   1044 AM  23    1990  41     12       37
  AVERAGE         55                        48      7       44

PRECIPITATION (IN)
  TODAY            2.12R         1.95 1957   0.43   1.69     0.04
  MONTH TO DATE    8.59                      6.79   1.80     1.31
  SINCE JUL 1     22.32                     22.62  -0.30     8.99
  SINCE JAN 1     46.91                     59.55 -12.64    28.92

SNOWFALL (IN)
  TODAY            0.0          MM      MM  MM     MM        0.0
  MONTH TO DATE    0.0                      MM     MM        0.0
  SINCE DEC 1      0.0                      MM     MM        0.0
  SINCE JUL 1      0.0                      MM     MM        0.0
  SNOW DEPTH       0

..................................................................


WIND (MPH)
  HIGHEST WIND SPEED    32   HIGHEST WIND DIRECTION     S (180)
  HIGHEST GUST SPEED    42   HIGHEST GUST DIRECTION     S (180)
  AVERAGE WIND SPEED    22.6


SKY COVER
  AVERAGE SKY COVER 1.0


WEATHER CONDITIONS
 THE FOLLOWING WEATHER WAS RECORDED TODAY.
  HEAVY RAIN
  RAIN
  LIGHT RAIN
  FOG


RELATIVE HUMIDITY (PERCENT)
 HIGHEST   100
 LOWEST     89
 AVERAGE    95

..........................................................


THE CRESCENT CITY CA CLIMATE NORMALS FOR TOMORROW
                         NORMAL    RECORD    YEAR
 MAXIMUM TEMPERATURE (F)   54        68      1977
 MINIMUM TEMPERATURE (F)   41        19      1990


SUNRISE AND SUNSET
DECEMBER 20 2014......SUNRISE   740 AM PST   SUNSET   449 PM PST
DECEMBER 21 2014......SUNRISE   741 AM PST   SUNSET   449 PM PST


-  INDICATES NEGATIVE NUMBERS.
R  INDICATES RECORD WAS SET OR TIED.
MM INDICATES DATA IS MISSING.
T  INDICATES TRACE AMOUNT.




$$
