000
CDUS45 KGJT 240729
CLICEZ


CLIMATE REPORT
NATIONAL WEATHER SERVICE GRAND JUNCTION CO
124 AM MDT SUN SEP 24 2017


...................................

...THE CORTEZ CO CLIMATE SUMMARY FOR SEPTEMBER 23 2017...

CLIMATE NORMAL PERIOD 1981 TO 2010
CLIMATE RECORD PERIOD 9999 TO 9999


WEATHER ITEM   OBSERVED TIME   RECORD YEAR NORMAL DEPARTURE LAST
                VALUE   (LST)  VALUE       VALUE  FROM      YEAR
                                                  NORMAL
..................................................................
TEMPERATURE (F)
 YESTERDAY
  MAXIMUM         65    446 PM  MM      MM  75    -10       68
  MINIMUM         44   1159 PM  MM      MM  40      4       36
  AVERAGE         55                        57     -2       52

PRECIPITATION (IN)
  YESTERDAY        0.48         MM      MM   0.07   0.41     0.37
  MONTH TO DATE    0.74                      1.40  -0.66     0.90
  SINCE SEP 1      0.74                      1.40  -0.66     0.90
  SINCE JAN 1      8.78                      9.84  -1.06     9.49

SNOWFALL (IN)
  YESTERDAY       MM            MM      MM  MM     MM       MM
  MONTH TO DATE   MM                        MM     MM       MM
  SINCE SEP 1     MM                        MM     MM       MM
  SINCE JUL 1     MM                        MM     MM       MM
  SNOW DEPTH      MM

DEGREE DAYS
 HEATING
  YESTERDAY       10                         8      2       13
  MONTH TO DATE   48                        97    -49       79
  SINCE SEP 1     48                        97    -49       79
  SINCE JUL 1     50                       109    -59       92

 COOLING
  YESTERDAY        0                         0      0        0
  MONTH TO DATE   69                        16     53       20
  SINCE SEP 1     69                        16     53       20
  SINCE JAN 1    591                       425    166      537
..................................................................


WIND (MPH)
  HIGHEST WIND SPEED    20   HIGHEST WIND DIRECTION     S (170)
  HIGHEST GUST SPEED    24   HIGHEST GUST DIRECTION     S (200)
  AVERAGE WIND SPEED     7.3


SKY COVER
  POSSIBLE SUNSHINE  MM
  AVERAGE SKY COVER 0.4


WEATHER CONDITIONS
 THE FOLLOWING WEATHER WAS RECORDED YESTERDAY.
  THUNDERSTORM
  HEAVY RAIN
  RAIN
  LIGHT RAIN
  FOG


RELATIVE HUMIDITY (PERCENT)
 HIGHEST   100           500 AM
 LOWEST     43           300 PM
 AVERAGE    72

..........................................................


THE CORTEZ CO CLIMATE NORMALS FOR TODAY
                         NORMAL    RECORD    YEAR
 MAXIMUM TEMPERATURE (F)   75        MM        MM
 MINIMUM TEMPERATURE (F)   39        MM        MM


SUNRISE AND SUNSET
SEPTEMBER 24 2017.....SUNRISE   704 AM MDT   SUNSET   708 PM MDT
SEPTEMBER 25 2017.....SUNRISE   705 AM MDT   SUNSET   706 PM MDT


-  INDICATES NEGATIVE NUMBERS.
R  INDICATES RECORD WAS SET OR TIED.
MM INDICATES DATA IS MISSING.
T  INDICATES TRACE AMOUNT.




$$
