000
CDUS43 KPAH 290655
CLICGI


CLIMATE REPORT
NATIONAL WEATHER SERVICE PADUCAH KY
150 AM CDT TUE JUL 29 2014


...................................

...THE CAPE GIRARDEAU MO CLIMATE SUMMARY FOR JULY 28 2014...

CLIMATE NORMAL PERIOD 1981 TO 2010
CLIMATE RECORD PERIOD 1960 TO 2014


WEATHER ITEM   OBSERVED TIME   RECORD YEAR NORMAL DEPARTURE LAST
                VALUE   (LST)  VALUE       VALUE  FROM      YEAR
                                                  NORMAL
..................................................................
TEMPERATURE (F)
 YESTERDAY
  MAXIMUM         83    325 PM 100    1993  89     -6       79
  MINIMUM         60   1159 PM  53    2013  67     -7       53
                                      2004
  AVERAGE         72                        78     -6

PRECIPITATION (IN)
  YESTERDAY        0.00          1.44 1972   0.10  -0.10     0.00
  MONTH TO DATE    2.92                      3.04  -0.12     0.28
  SINCE JUN 1     10.42                      6.61   3.81     8.04
  SINCE JAN 1     28.81                     27.71   1.10    24.21

DEGREE DAYS
 HEATING
  YESTERDAY        0                         0      0        0
  MONTH TO DATE    0                         0      0        0
  SINCE JUN 1      0                         4     -4        0
  SINCE JUL 1      0                         0      0        0

 COOLING
  YESTERDAY        7                        13     -6        1
  MONTH TO DATE  265                       386   -121      314
  SINCE JUN 1    624                       698    -74      647
  SINCE JAN 1    835                       850    -15      818
..................................................................


WIND (MPH)
  HIGHEST WIND SPEED    17   HIGHEST WIND DIRECTION     N (360)
  HIGHEST GUST SPEED    23   HIGHEST GUST DIRECTION     N (350)
  AVERAGE WIND SPEED     8.2


SKY COVER
  AVERAGE SKY COVER 0.2


WEATHER CONDITIONS
 THE FOLLOWING WEATHER WAS RECORDED YESTERDAY.
  HAZE


RELATIVE HUMIDITY (PERCENT)
 HIGHEST    90
 LOWEST     47
 AVERAGE    69

..........................................................


THE CAPE GIRARDEAU MO CLIMATE NORMALS FOR TODAY
                         NORMAL    RECORD    YEAR
 MAXIMUM TEMPERATURE (F)   89        98      1999
 MINIMUM TEMPERATURE (F)   67        56      1994


SUNRISE AND SUNSET
JULY 29 2014..........SUNRISE   601 AM CDT   SUNSET   809 PM CDT
JULY 30 2014..........SUNRISE   601 AM CDT   SUNSET   808 PM CDT


-  INDICATES NEGATIVE NUMBERS.
R  INDICATES RECORD WAS SET OR TIED.
MM INDICATES DATA IS MISSING.
T  INDICATES TRACE AMOUNT.




$$
