000
CDUS41 KLWX 260524
CLICHO


CLIMATE REPORT
NATIONAL WEATHER SERVICE BALTIMORE MD/WASHINGTON DC
124 AM EDT THU MAY 26 2016


...................................

...THE CHARLOTTESVILLE VA CLIMATE SUMMARY FOR MAY 25 2016...

CLIMATE NORMAL PERIOD 1981 TO 2010
CLIMATE RECORD PERIOD 1889 TO 2016


WEATHER ITEM   OBSERVED TIME   RECORD YEAR NORMAL DEPARTURE LAST
                VALUE   (LST)  VALUE       VALUE  FROM      YEAR
                                                  NORMAL
..................................................................
TEMPERATURE (F)
 YESTERDAY
  MAXIMUM         86    353 PM  MM      MM  77      9       84
  MINIMUM         55    453 AM  MM      MM  54      1       59
  AVERAGE         71                        66      5       72

PRECIPITATION (IN)
  YESTERDAY        0.00                      0.15  -0.15     0.00
  MONTH TO DATE    5.02                      3.08   1.94     1.65
  SINCE MAR 1      9.88                     10.10  -0.22     9.83
  SINCE JAN 1     16.00                     15.57   0.43    12.49

DEGREE DAYS
 HEATING
  YESTERDAY        0                         2     -2        0
  MONTH TO DATE  119                       110      9       43
  SINCE MAR 1    722                      1010   -288      893
  SINCE JUL 1   3480                      4422   -942     4408

 COOLING
  YESTERDAY        6                         3      3        7
  MONTH TO DATE   27                        44    -17      105
  SINCE MAR 1     54                        65    -11      113
  SINCE JAN 1     54                        65    -11      113
..................................................................


WIND (MPH)
  HIGHEST WIND SPEED    12   HIGHEST WIND DIRECTION     S (190)
  HIGHEST GUST SPEED    14   HIGHEST GUST DIRECTION     S (180)
  AVERAGE WIND SPEED     3.8


SKY COVER
  POSSIBLE SUNSHINE  MM
  AVERAGE SKY COVER 0.0


WEATHER CONDITIONS
 THE FOLLOWING WEATHER WAS RECORDED YESTERDAY.
  NO SIGNIFICANT WEATHER WAS OBSERVED.


RELATIVE HUMIDITY (PERCENT)
 HIGHEST    83           500 AM
 LOWEST     31          1200 PM
 AVERAGE    57

..........................................................


THE CHARLOTTESVILLE VA CLIMATE NORMALS FOR TODAY
                         NORMAL    RECORD    YEAR
 MAXIMUM TEMPERATURE (F)   77        MM        MM
 MINIMUM TEMPERATURE (F)   55        MM        MM


SUNRISE AND SUNSET
MAY 26 2016...........SUNRISE   555 AM EDT   SUNSET   827 PM EDT
MAY 27 2016...........SUNRISE   555 AM EDT   SUNSET   828 PM EDT


-  INDICATES NEGATIVE NUMBERS.
R  INDICATES RECORD WAS SET OR TIED.
MM INDICATES DATA IS MISSING.
T  INDICATES TRACE AMOUNT.




$$
