000
CDUS41 KLWX 240541
CLICHO


CLIMATE REPORT
NATIONAL WEATHER SERVICE BALTIMORE MD/WASHINGTON DC
141 AM EDT FRI OCT 24 2014


...................................

...THE CHARLOTTESVILLE VA CLIMATE SUMMARY FOR OCTOBER 23 2014...

CLIMATE NORMAL PERIOD 1981 TO 2010
CLIMATE RECORD PERIOD 1889 TO 2014


WEATHER ITEM   OBSERVED TIME   RECORD YEAR NORMAL DEPARTURE LAST
                VALUE   (LST)  VALUE       VALUE  FROM      YEAR
                                                  NORMAL
..................................................................
TEMPERATURE (F)
 YESTERDAY
  MAXIMUM         66    135 PM  MM      MM  66      0       58
  MINIMUM         51    617 AM  MM      MM  42      9       42
  AVERAGE         59                        54      5       50

PRECIPITATION (IN)
  YESTERDAY        0.00                      0.09  -0.09     0.26
  MONTH TO DATE    3.72                      2.37   1.35     3.47
  SINCE SEP 1      4.58                      6.85  -2.27     4.12
  SINCE JAN 1     33.08                     34.99  -1.91    37.64

DEGREE DAYS
 HEATING
  YESTERDAY        6                        11     -5       15
  MONTH TO DATE  134                       190    -56      124
  SINCE SEP 1    157                       245    -88      194
  SINCE JUL 1    157                       248    -91      199

 COOLING
  YESTERDAY        0                         0      0        0
  MONTH TO DATE   14                        12      2       37
  SINCE SEP 1    166                       123     43      143
  SINCE JAN 1   1094                      1033     61     1145
..................................................................


WIND (MPH)
  HIGHEST WIND SPEED    18   HIGHEST WIND DIRECTION    NW (330)
  HIGHEST GUST SPEED    27   HIGHEST GUST DIRECTION    NW (330)
  AVERAGE WIND SPEED    10.4


SKY COVER
  POSSIBLE SUNSHINE  MM
  AVERAGE SKY COVER 0.1


WEATHER CONDITIONS
 THE FOLLOWING WEATHER WAS RECORDED YESTERDAY.
  NO SIGNIFICANT WEATHER WAS OBSERVED.


RELATIVE HUMIDITY (PERCENT)
 HIGHEST    63           100 AM
 LOWEST     42           100 PM
 AVERAGE    53

..........................................................


THE CHARLOTTESVILLE VA CLIMATE NORMALS FOR TODAY
                         NORMAL    RECORD    YEAR
 MAXIMUM TEMPERATURE (F)   65        MM        MM
 MINIMUM TEMPERATURE (F)   42        MM        MM


SUNRISE AND SUNSET
OCTOBER 24 2014.......SUNRISE   731 AM EDT   SUNSET   624 PM EDT
OCTOBER 25 2014.......SUNRISE   732 AM EDT   SUNSET   623 PM EDT


-  INDICATES NEGATIVE NUMBERS.
R  INDICATES RECORD WAS SET OR TIED.
MM INDICATES DATA IS MISSING.
T  INDICATES TRACE AMOUNT.




$$
