000
CDUS41 KLWX 280532
CLICHO


CLIMATE REPORT
NATIONAL WEATHER SERVICE BALTIMORE MD/WASHINGTON DC
131 AM EDT SUN MAY 28 2017


...................................

...THE CHARLOTTESVILLE VA CLIMATE SUMMARY FOR MAY 27 2017...

CLIMATE NORMAL PERIOD 1981 TO 2010
CLIMATE RECORD PERIOD 1889 TO 2017


WEATHER ITEM   OBSERVED TIME   RECORD YEAR NORMAL DEPARTURE LAST
                VALUE   (LST)  VALUE       VALUE  FROM      YEAR
                                                  NORMAL
..................................................................
TEMPERATURE (F)
 YESTERDAY
  MAXIMUM         83    355 PM  MM      MM  78      5       87
  MINIMUM         57    514 AM  MM      MM  55      2       66
  AVERAGE         70                        66      4       77

PRECIPITATION (IN)
  YESTERDAY        0.65                      0.15   0.50     0.00
  MONTH TO DATE    8.64                      3.37   5.27     5.02
  SINCE MAR 1     14.17                     10.39   3.78     9.88
  SINCE JAN 1     17.41                     15.86   1.55    16.00

DEGREE DAYS
 HEATING
  YESTERDAY        0                         2     -2        0
  MONTH TO DATE   90                       114    -24      119
  SINCE MAR 1    718                      1014   -296      722
  SINCE JUL 1   3091                      4426  -1335     3480

 COOLING
  YESTERDAY        5                         3      2       12
  MONTH TO DATE   83                        50     33       48
  SINCE MAR 1    180                        71    109       75
  SINCE JAN 1    181                        71    110       75
..................................................................


WIND (MPH)
  HIGHEST WIND SPEED    20   HIGHEST WIND DIRECTION    NE (40)
  HIGHEST GUST SPEED    24   HIGHEST GUST DIRECTION     N (10)
  AVERAGE WIND SPEED     4.8


SKY COVER
  POSSIBLE SUNSHINE  MM
  AVERAGE SKY COVER 0.5


WEATHER CONDITIONS
 THE FOLLOWING WEATHER WAS RECORDED YESTERDAY.
  THUNDERSTORM
  HEAVY RAIN
  RAIN
  LIGHT RAIN
  HAIL
  FOG


RELATIVE HUMIDITY (PERCENT)
 HIGHEST    93           400 AM
 LOWEST     54          1200 PM
 AVERAGE    74

..........................................................


THE CHARLOTTESVILLE VA CLIMATE NORMALS FOR TODAY
                         NORMAL    RECORD    YEAR
 MAXIMUM TEMPERATURE (F)   78        MM        MM
 MINIMUM TEMPERATURE (F)   55        MM        MM


SUNRISE AND SUNSET
MAY 28 2017...........SUNRISE   554 AM EDT   SUNSET   828 PM EDT
MAY 29 2017...........SUNRISE   554 AM EDT   SUNSET   829 PM EDT


-  INDICATES NEGATIVE NUMBERS.
R  INDICATES RECORD WAS SET OR TIED.
MM INDICATES DATA IS MISSING.
T  INDICATES TRACE AMOUNT.




$$
