000
CDUS41 KLWX 220525
CLICHO


CLIMATE REPORT
NATIONAL WEATHER SERVICE BALTIMORE MD/WASHINGTON DC
1224 AM EST WED FEB 22 2017


...................................

...THE CHARLOTTESVILLE VA CLIMATE SUMMARY FOR FEBRUARY 21 2017...

CLIMATE NORMAL PERIOD 1981 TO 2010
CLIMATE RECORD PERIOD 1889 TO 2017


WEATHER ITEM   OBSERVED TIME   RECORD YEAR NORMAL DEPARTURE LAST
                VALUE   (LST)  VALUE       VALUE  FROM      YEAR
                                                  NORMAL
..................................................................
TEMPERATURE (F)
 YESTERDAY
  MAXIMUM         62    309 PM  MM      MM  50     12       56
  MINIMUM         41    711 AM  MM      MM  28     13       47
  AVERAGE         52                        39     13       52

PRECIPITATION (IN)
  YESTERDAY        0.00                      0.11  -0.11     0.43
  MONTH TO DATE    0.21                      1.97  -1.76     3.05
  SINCE DEC 1      4.53                      7.89  -3.36     8.74
  SINCE JAN 1      2.81                      4.74  -1.93     4.91

DEGREE DAYS
 HEATING
  YESTERDAY       13                        26    -13       13
  MONTH TO DATE  340                       578   -238      575
  SINCE DEC 1   1780                      2347   -567     1961
  SINCE JUL 1   2305                      3238   -933     2607

 COOLING
  YESTERDAY        0                         0      0        0
  MONTH TO DATE    1                         0      1        0
  SINCE DEC 1      1                         0      1        2
  SINCE JAN 1      1                         0      1        0
..................................................................


WIND (MPH)
  HIGHEST WIND SPEED    14   HIGHEST WIND DIRECTION     S (160)
  HIGHEST GUST SPEED    19   HIGHEST GUST DIRECTION     S (180)
  AVERAGE WIND SPEED     4.5


SKY COVER
  POSSIBLE SUNSHINE  MM
  AVERAGE SKY COVER 0.0


WEATHER CONDITIONS
 THE FOLLOWING WEATHER WAS RECORDED YESTERDAY.
  NO SIGNIFICANT WEATHER WAS OBSERVED.


RELATIVE HUMIDITY (PERCENT)
 HIGHEST    70           800 AM
 LOWEST     39           300 PM
 AVERAGE    55

..........................................................


THE CHARLOTTESVILLE VA CLIMATE NORMALS FOR TODAY
                         NORMAL    RECORD    YEAR
 MAXIMUM TEMPERATURE (F)   50        MM        MM
 MINIMUM TEMPERATURE (F)   29        MM        MM


SUNRISE AND SUNSET
FEBRUARY 22 2017......SUNRISE   655 AM EST   SUNSET   600 PM EST
FEBRUARY 23 2017......SUNRISE   653 AM EST   SUNSET   601 PM EST


-  INDICATES NEGATIVE NUMBERS.
R  INDICATES RECORD WAS SET OR TIED.
MM INDICATES DATA IS MISSING.
T  INDICATES TRACE AMOUNT.




$$
