000
CDUS41 KLWX 260523
CLICHO


CLIMATE REPORT
NATIONAL WEATHER SERVICE BALTIMORE MD/WASHINGTON DC
123 AM EDT TUE SEP 26 2017


...................................

...THE CHARLOTTESVILLE VA CLIMATE SUMMARY FOR SEPTEMBER 25 2017...

CLIMATE NORMAL PERIOD 1981 TO 2010
CLIMATE RECORD PERIOD 1998 TO 2017


WEATHER ITEM   OBSERVED TIME   RECORD YEAR NORMAL DEPARTURE LAST
                VALUE   (LST)  VALUE       VALUE  FROM      YEAR
                                                  NORMAL
..................................................................
TEMPERATURE (F)
 YESTERDAY
  MAXIMUM         89    354 PM  MM      MM  75     14       70
  MINIMUM         63    555 AM  MM      MM  52     11       59
  AVERAGE         76                        63     13       65

PRECIPITATION (IN)
  YESTERDAY        0.00                      0.18  -0.18      T
  MONTH TO DATE    1.95                      3.55  -1.60     1.05
  SINCE SEP 1      1.95                      3.55  -1.60     1.05
  SINCE JAN 1     29.29                     31.69  -2.40    27.01

DEGREE DAYS
 HEATING
  YESTERDAY        0                         3     -3        0
  MONTH TO DATE   24                        32     -8        0
  SINCE SEP 1     24                        32     -8        0
  SINCE JUL 1     24                        35    -11        0

 COOLING
  YESTERDAY       11                         2      9        0
  MONTH TO DATE  152                       104     48      275
  SINCE SEP 1    152                       104     48      275
  SINCE JAN 1   1470                      1014    456     1619
..................................................................


WIND (MPH)
  HIGHEST WIND SPEED    12   HIGHEST WIND DIRECTION    NE (60)
  HIGHEST GUST SPEED    16   HIGHEST GUST DIRECTION    NE (50)
  AVERAGE WIND SPEED     3.5


SKY COVER
  POSSIBLE SUNSHINE  MM
  AVERAGE SKY COVER 0.1


WEATHER CONDITIONS
 THE FOLLOWING WEATHER WAS RECORDED YESTERDAY.
  FOG


RELATIVE HUMIDITY (PERCENT)
 HIGHEST    93           100 AM
 LOWEST     47           400 PM
 AVERAGE    70

..........................................................


THE CHARLOTTESVILLE VA CLIMATE NORMALS FOR TODAY
                         NORMAL    RECORD    YEAR
 MAXIMUM TEMPERATURE (F)   74        MM        MM
 MINIMUM TEMPERATURE (F)   51        MM        MM


SUNRISE AND SUNSET
SEPTEMBER 26 2017.....SUNRISE   705 AM EDT   SUNSET   704 PM EDT
SEPTEMBER 27 2017.....SUNRISE   706 AM EDT   SUNSET   703 PM EDT


-  INDICATES NEGATIVE NUMBERS.
R  INDICATES RECORD WAS SET OR TIED.
MM INDICATES DATA IS MISSING.
T  INDICATES TRACE AMOUNT.




$$
