000
CDUS41 KLWX 210524
CLICHO


CLIMATE REPORT
NATIONAL WEATHER SERVICE BALTIMORE MD/WASHINGTON DC
1224 AM EST SUN JAN 21 2018


...................................

...THE CHARLOTTESVILLE VA CLIMATE SUMMARY FOR JANUARY 20 2018...

CLIMATE NORMAL PERIOD 1981 TO 2010
CLIMATE RECORD PERIOD 1998 TO 2018


WEATHER ITEM   OBSERVED TIME   RECORD YEAR NORMAL DEPARTURE LAST
                VALUE   (LST)  VALUE       VALUE  FROM      YEAR
                                                  NORMAL
..................................................................
TEMPERATURE (F)
 YESTERDAY
  MAXIMUM         64    423 PM  MM      MM  44     20       52
  MINIMUM         35    343 AM  MM      MM  26      9       41
  AVERAGE         50                        35     15       47

PRECIPITATION (IN)
  YESTERDAY        0.00                      0.09  -0.09     0.08
  MONTH TO DATE    0.97                      1.80  -0.83     1.17
  SINCE DEC 1      1.32                      4.95  -3.63     2.89
  SINCE JAN 1      0.97                      1.80  -0.83     1.17

DEGREE DAYS
 HEATING
  YESTERDAY       15                        30    -15       18
  MONTH TO DATE  670                       600     70      492
  SINCE DEC 1   1478                      1445     33     1225
  SINCE JUL 1   2140                      2336   -196     1750

 COOLING
  YESTERDAY        0                         0      0        0
  MONTH TO DATE    0                         0      0        0
  SINCE DEC 1      0                         0      0        0
  SINCE JAN 1      0                         0      0        0
..................................................................


WIND (MPH)
  HIGHEST WIND SPEED    14   HIGHEST WIND DIRECTION    SW (210)
  HIGHEST GUST SPEED    20   HIGHEST GUST DIRECTION    SW (210)
  AVERAGE WIND SPEED     6.3


SKY COVER
  POSSIBLE SUNSHINE  MM
  AVERAGE SKY COVER 0.0


WEATHER CONDITIONS
 THE FOLLOWING WEATHER WAS RECORDED YESTERDAY.
  NO SIGNIFICANT WEATHER WAS OBSERVED.


RELATIVE HUMIDITY (PERCENT)
 HIGHEST    50           900 PM
 LOWEST     18           500 AM
 AVERAGE    34

..........................................................


THE CHARLOTTESVILLE VA CLIMATE NORMALS FOR TODAY
                         NORMAL    RECORD    YEAR
 MAXIMUM TEMPERATURE (F)   44        MM        MM
 MINIMUM TEMPERATURE (F)   26        MM        MM


SUNRISE AND SUNSET
JANUARY 21 2018.......SUNRISE   726 AM EST   SUNSET   524 PM EST
JANUARY 22 2018.......SUNRISE   726 AM EST   SUNSET   526 PM EST


-  INDICATES NEGATIVE NUMBERS.
R  INDICATES RECORD WAS SET OR TIED.
MM INDICATES DATA IS MISSING.
T  INDICATES TRACE AMOUNT.




$$
