000
CDUS42 KCHS 300523
CLICHS


CLIMATE REPORT
NATIONAL WEATHER SERVICE CHARLESTON SC
123 AM EDT THU OCT 30 2014


...................................

...THE NORTH CHARLESTON SC CLIMATE SUMMARY FOR OCTOBER 29 2014...

CLIMATE NORMAL PERIOD 1981 TO 2010
CLIMATE RECORD PERIOD 1938 TO 2014


WEATHER ITEM   OBSERVED TIME   RECORD YEAR NORMAL DEPARTURE LAST
                VALUE   (LST)  VALUE       VALUE  FROM      YEAR
                                                  NORMAL
..................................................................
TEMPERATURE (F)
 YESTERDAY
  MAXIMUM         84    212 PM  85    1946  74     10       79
  MINIMUM         64    514 AM  27    1976  52     12       51
  AVERAGE         74                        63     11       65

PRECIPITATION (IN)
  YESTERDAY        0.00          2.60 1959   0.09  -0.09     0.00
  MONTH TO DATE    0.86                      3.57  -2.71     1.37
  SINCE SEP 1      9.52                      9.67  -0.15     6.38
  SINCE JAN 1     44.85                     45.31  -0.46    52.44

SNOWFALL (IN)
  YESTERDAY        0.0                       0.0    0.0
  SINCE SEP 1      0.0                       0.0    0.0
  SINCE JUL 1      0.0                       0.0    0.0

DEGREE DAYS
 HEATING
  YESTERDAY        0                         4     -4        0
  MONTH TO DATE   20                        58    -38       42
  SINCE SEP 1     20                        61    -41       42
  SINCE JUL 1     20                        61    -41       42

 COOLING
  YESTERDAY        9                         2      7        0
  MONTH TO DATE  183                       122     61      161
  SINCE SEP 1    589                       455    134      534
  SINCE JAN 1   2751                      2260    491     2389
..................................................................


WIND (MPH)
  HIGHEST WIND SPEED    17   HIGHEST WIND DIRECTION    SW (240)
  HIGHEST GUST SPEED    20   HIGHEST GUST DIRECTION     W (250)
  AVERAGE WIND SPEED     6.6


SKY COVER
  POSSIBLE SUNSHINE  MM
  AVERAGE SKY COVER 0.5


WEATHER CONDITIONS
 THE FOLLOWING WEATHER WAS RECORDED YESTERDAY.
  FOG
  FOG W/VISIBILITY <= 1/4 MILE


RELATIVE HUMIDITY (PERCENT)
 HIGHEST    93           100 AM
 LOWEST     47           100 PM
 AVERAGE    70

..........................................................


THE NORTH CHARLESTON SC CLIMATE NORMALS FOR TODAY
                         NORMAL    RECORD    YEAR
 MAXIMUM TEMPERATURE (F)   74        85      1949
 MINIMUM TEMPERATURE (F)   52        27      1952


SUNRISE AND SUNSET
OCTOBER 30 2014.......SUNRISE   736 AM EDT   SUNSET   631 PM EDT
OCTOBER 31 2014.......SUNRISE   737 AM EDT   SUNSET   630 PM EDT


-  INDICATES NEGATIVE NUMBERS.
R  INDICATES RECORD WAS SET OR TIED.
MM INDICATES DATA IS MISSING.
T  INDICATES TRACE AMOUNT.




$$
