461
CDUS42 KCHS 220601
CLICHS


CLIMATE REPORT
NATIONAL WEATHER SERVICE CHARLESTON SC
100 AM EST MON JAN 22 2018


...................................

...THE NORTH CHARLESTON SC CLIMATE SUMMARY FOR JANUARY 21 2018...

CLIMATE NORMAL PERIOD 1981 TO 2010
CLIMATE RECORD PERIOD 1938 TO 2018


WEATHER ITEM   OBSERVED TIME   RECORD YEAR NORMAL DEPARTURE LAST
                VALUE   (LST)  VALUE       VALUE  FROM      YEAR
                                                  NORMAL
..................................................................
TEMPERATURE (F)
 YESTERDAY
  MAXIMUM         71    239 PM  80    1954  59     12       69
  MINIMUM         42    759 AM   6    1985  38      4       57
  AVERAGE         57                        48      9       63

PRECIPITATION (IN)
  YESTERDAY        0.00          2.47 1983   0.12  -0.12     0.85
  MONTH TO DATE    1.26                      2.51  -1.25     1.75
  SINCE DEC 1      3.77                      5.62  -1.85     6.53
  SINCE JAN 1      1.26                      2.51  -1.25     1.75

SNOWFALL (IN)
  YESTERDAY        0.0                       0.0    0.0
  SINCE DEC 1      5.3                       0.3    5.0
  SINCE JUL 1      5.3                       0.3    5.0

DEGREE DAYS
 HEATING
  YESTERDAY        8                        17     -9        2
  MONTH TO DATE  485                       357    128      168
  SINCE DEC 1    902                       803     99      483
  SINCE JUL 1   1188                      1095     93      701

 COOLING
  YESTERDAY        0                         0      0        0
  MONTH TO DATE    2                         0      2       15
  SINCE DEC 1      5                         7     -2       22
  SINCE JAN 1      2                         0      2       15
..................................................................


WIND (MPH)
  HIGHEST WIND SPEED    13   HIGHEST WIND DIRECTION    SE (130)
  HIGHEST GUST SPEED    16   HIGHEST GUST DIRECTION    SE (140)
  AVERAGE WIND SPEED     2.8


SKY COVER
  POSSIBLE SUNSHINE  MM
  AVERAGE SKY COVER 0.4


WEATHER CONDITIONS
 THE FOLLOWING WEATHER WAS RECORDED YESTERDAY.
  NO SIGNIFICANT WEATHER WAS OBSERVED.


RELATIVE HUMIDITY (PERCENT)
 HIGHEST    89          1100 PM
 LOWEST     33           100 PM
 AVERAGE    61

..........................................................


THE NORTH CHARLESTON SC CLIMATE NORMALS FOR TODAY
                         NORMAL    RECORD    YEAR
 MAXIMUM TEMPERATURE (F)   59        80      1999
 MINIMUM TEMPERATURE (F)   38        14      1985


SUNRISE AND SUNSET
JANUARY 22 2018.......SUNRISE   721 AM EST   SUNSET   543 PM EST
JANUARY 23 2018.......SUNRISE   720 AM EST   SUNSET   544 PM EST


-  INDICATES NEGATIVE NUMBERS.
R  INDICATES RECORD WAS SET OR TIED.
MM INDICATES DATA IS MISSING.
T  INDICATES TRACE AMOUNT.




$$
