000
CDUS42 KCHS 270621
CLICHS


CLIMATE REPORT
NATIONAL WEATHER SERVICE CHARLESTON SC
221 AM EDT MON MAR 27 2017


...................................

...THE NORTH CHARLESTON SC CLIMATE SUMMARY FOR MARCH 26 2017...

CLIMATE NORMAL PERIOD 1981 TO 2010
CLIMATE RECORD PERIOD 1938 TO 2017


WEATHER ITEM   OBSERVED TIME   RECORD YEAR NORMAL DEPARTURE LAST
                VALUE   (LST)  VALUE       VALUE  FROM      YEAR
                                                  NORMAL
..................................................................
TEMPERATURE (F)
 YESTERDAY
  MAXIMUM         80    242 PM  86    1938  72      8       71
  MINIMUM         54    624 AM  24    1947  49      5       62
  AVERAGE         67                        60      7       67

PRECIPITATION (IN)
  YESTERDAY        0.00          1.11 1978   0.13  -0.13     0.96
  MONTH TO DATE    0.84                      3.10  -2.26     1.81
  SINCE MAR 1      0.84                      3.10  -2.26     1.81
  SINCE JAN 1      5.02                      9.77  -4.75    10.10

SNOWFALL (IN)
  YESTERDAY        0.0                       0.0    0.0
  SINCE MAR 1      0.0                       0.0    0.0
  SINCE JUL 1      T                         0.5   -0.5

DEGREE DAYS
 HEATING
  YESTERDAY        0                         6     -6        0
  MONTH TO DATE  234                       214     20      102
  SINCE MAR 1    234                       214     20      102
  SINCE JUL 1   1202                      1850   -648     1279

 COOLING
  YESTERDAY        2                         1      1        2
  MONTH TO DATE   22                        24     -2       80
  SINCE MAR 1     22                        24     -2       80
  SINCE JAN 1     57                        31     26       88
..................................................................


WIND (MPH)
  HIGHEST WIND SPEED    18   HIGHEST WIND DIRECTION     S (190)
  HIGHEST GUST SPEED    27   HIGHEST GUST DIRECTION    SE (150)
  AVERAGE WIND SPEED     7.9


SKY COVER
  POSSIBLE SUNSHINE  MM
  AVERAGE SKY COVER 0.3


WEATHER CONDITIONS
 THE FOLLOWING WEATHER WAS RECORDED YESTERDAY.
  NO SIGNIFICANT WEATHER WAS OBSERVED.


RELATIVE HUMIDITY (PERCENT)
 HIGHEST    93           500 AM
 LOWEST     39          1200 PM
 AVERAGE    66

..........................................................


THE NORTH CHARLESTON SC CLIMATE NORMALS FOR TODAY
                         NORMAL    RECORD    YEAR
 MAXIMUM TEMPERATURE (F)   72        85      1949
 MINIMUM TEMPERATURE (F)   49        26      1955


SUNRISE AND SUNSET
MARCH 27 2017.........SUNRISE   714 AM EDT   SUNSET   737 PM EDT
MARCH 28 2017.........SUNRISE   713 AM EDT   SUNSET   738 PM EDT


-  INDICATES NEGATIVE NUMBERS.
R  INDICATES RECORD WAS SET OR TIED.
MM INDICATES DATA IS MISSING.
T  INDICATES TRACE AMOUNT.




$$
