000
CDUS42 KCHS 292109
CLICHS


CLIMATE REPORT
NATIONAL WEATHER SERVICE CHARLESTON SC
509 PM EDT SAT AUG 29 2015


...................................

...THE NORTH CHARLESTON SC CLIMATE SUMMARY FOR AUGUST 29 2015...
VALID TODAY AS OF 0500 PM LOCAL TIME.

CLIMATE NORMAL PERIOD 1981 TO 2010
CLIMATE RECORD PERIOD 1938 TO 2015


WEATHER ITEM   OBSERVED TIME   RECORD YEAR NORMAL DEPARTURE LAST
                VALUE   (LST)  VALUE       VALUE  FROM      YEAR
                                                  NORMAL
..................................................................
TEMPERATURE (F)
 TODAY
  MAXIMUM         84   1106 AM  97    1990  88     -4       92
  MINIMUM         71    628 AM  57    1986  71      0       69
  AVERAGE         78                        80     -2       81

PRECIPITATION (IN)
  TODAY            T             3.98 2004   0.24  -0.24     0.00
  MONTH TO DATE    3.82                      6.67  -2.85     7.08
  SINCE JUN 1     19.23                     18.85   0.38    18.08
  SINCE JAN 1     34.45                     35.16  -0.71    35.33

SNOWFALL (IN)
  TODAY            0.0                       0.0    0.0
  SINCE JUN 1      0.0                       0.0    0.0
  SINCE JUL 1      0.0                       0.0    0.0

DEGREE DAYS
 HEATING
  TODAY            0                         0      0        0
  MONTH TO DATE    0                         0      0        0
  SINCE JUN 1      0                         1     -1        0
  SINCE JUL 1      0                         0      0        0

 COOLING
  TODAY           13                        15     -2       16
  MONTH TO DATE  485                       465     20      531
  SINCE JUN 1   1587                      1415    172     1615
  SINCE JAN 1   2020                      1777    243     2125
..................................................................


WIND (MPH)
  HIGHEST WIND SPEED    14   HIGHEST WIND DIRECTION    NE (50)
  HIGHEST GUST SPEED    17   HIGHEST GUST DIRECTION    NE (40)
  AVERAGE WIND SPEED     7.1


SKY COVER
  POSSIBLE SUNSHINE  MM
  AVERAGE SKY COVER 0.6


WEATHER CONDITIONS
 THE FOLLOWING WEATHER WAS RECORDED TODAY.
  NO SIGNIFICANT WEATHER WAS OBSERVED.


RELATIVE HUMIDITY (PERCENT)
 HIGHEST    90           200 AM
 LOWEST     58          1100 AM
 AVERAGE    74

..........................................................


THE NORTH CHARLESTON SC CLIMATE NORMALS FOR TOMORROW
                         NORMAL    RECORD    YEAR
 MAXIMUM TEMPERATURE (F)   88        96      1948
 MINIMUM TEMPERATURE (F)   71        59      1986


SUNRISE AND SUNSET
AUGUST 29 2015........SUNRISE   653 AM EDT   SUNSET   749 PM EDT
AUGUST 30 2015........SUNRISE   653 AM EDT   SUNSET   748 PM EDT


-  INDICATES NEGATIVE NUMBERS.
R  INDICATES RECORD WAS SET OR TIED.
MM INDICATES DATA IS MISSING.
T  INDICATES TRACE AMOUNT.




$$
