000
CDUS42 KCHS 182206
CLICHS


CLIMATE REPORT
NATIONAL WEATHER SERVICE CHARLESTON SC
506 PM EST SAT NOV 18 2017


...................................

...THE NORTH CHARLESTON SC CLIMATE SUMMARY FOR NOVEMBER 18 2017...
VALID TODAY AS OF 0500 PM LOCAL TIME.

CLIMATE NORMAL PERIOD 1981 TO 2010
CLIMATE RECORD PERIOD 1938 TO 2017


WEATHER ITEM   OBSERVED TIME   RECORD YEAR NORMAL DEPARTURE LAST
                VALUE   (LST)  VALUE       VALUE  FROM      YEAR
                                                  NORMAL
..................................................................
TEMPERATURE (F)
 TODAY
  MAXIMUM         76    138 PM  86    1978  69      7       78
  MINIMUM         41    426 AM  28    1943  47     -6       44
                                      1940
  AVERAGE         59                        58      1       61

PRECIPITATION (IN)
  TODAY            0.00          2.14 1974   0.08  -0.08     0.00
  MONTH TO DATE    1.17                      1.47  -0.30     0.11
  SINCE SEP 1     11.49                     11.32   0.17    22.86
  SINCE JAN 1     49.93                     46.96   2.97    54.85

SNOWFALL (IN)
  TODAY            0.0                       0.0    0.0
  SINCE SEP 1      0.0                       0.0    0.0
  SINCE JUL 1      T                         0.0    0.0

DEGREE DAYS
 HEATING
  TODAY            6                         8     -2        4
  MONTH TO DATE  113                       110      3      111
  SINCE SEP 1    171                       179     -8      127
  SINCE JUL 1    171                       179     -8      127

 COOLING
  TODAY            0                         1     -1        0
  MONTH TO DATE   32                        23      9       22
  SINCE SEP 1    637                       482    155      658
  SINCE JAN 1   2679                      2287    392     2933
..................................................................


WIND (MPH)
  HIGHEST WIND SPEED    23   HIGHEST WIND DIRECTION    SW (210)
  HIGHEST GUST SPEED    32   HIGHEST GUST DIRECTION    SW (210)
  AVERAGE WIND SPEED     5.4


SKY COVER
  POSSIBLE SUNSHINE  MM
  AVERAGE SKY COVER 0.3


WEATHER CONDITIONS
 THE FOLLOWING WEATHER WAS RECORDED TODAY.
  NO SIGNIFICANT WEATHER WAS OBSERVED.


RELATIVE HUMIDITY (PERCENT)
 HIGHEST   100          1200 AM
 LOWEST     46           200 PM
 AVERAGE    73

..........................................................


THE NORTH CHARLESTON SC CLIMATE NORMALS FOR TOMORROW
                         NORMAL    RECORD    YEAR
 MAXIMUM TEMPERATURE (F)   69        83      1942
 MINIMUM TEMPERATURE (F)   47        23      2014


SUNRISE AND SUNSET
NOVEMBER 18 2017......SUNRISE   653 AM EST   SUNSET   517 PM EST
NOVEMBER 19 2017......SUNRISE   654 AM EST   SUNSET   517 PM EST


-  INDICATES NEGATIVE NUMBERS.
R  INDICATES RECORD WAS SET OR TIED.
MM INDICATES DATA IS MISSING.
T  INDICATES TRACE AMOUNT.




$$
