000
CDUS42 KCHS 230605
CLICHS


CLIMATE REPORT
NATIONAL WEATHER SERVICE CHARLESTON SC
104 AM EST MON JAN 23 2017


...................................

...THE NORTH CHARLESTON SC CLIMATE SUMMARY FOR JANUARY 22 2017...

CLIMATE NORMAL PERIOD 1981 TO 2010
CLIMATE RECORD PERIOD 1938 TO 2017


WEATHER ITEM   OBSERVED TIME   RECORD YEAR NORMAL DEPARTURE LAST
                VALUE   (LST)  VALUE       VALUE  FROM      YEAR
                                                  NORMAL
..................................................................
TEMPERATURE (F)
 YESTERDAY
  MAXIMUM         66   1147 PM  80    1999  59      7       51
  MINIMUM         58   1211 AM  14    1985  38     20       37
  AVERAGE         62                        48     14       44

PRECIPITATION (IN)
  YESTERDAY        1.99R         1.77 1987   0.12   1.87     1.02
  MONTH TO DATE    3.74                      2.63   1.11     3.26
  SINCE DEC 1      8.52                      5.74   2.78     6.40
  SINCE JAN 1      3.74                      2.63   1.11     3.26

SNOWFALL (IN)
  YESTERDAY        0.0                       0.0    0.0
  SINCE DEC 1      T                         0.3   -0.3
  SINCE JUL 1      T                         0.3   -0.3

DEGREE DAYS
 HEATING
  YESTERDAY        3                        17    -14       21
  MONTH TO DATE  171                       374   -203      380
  SINCE DEC 1    486                       820   -334      513
  SINCE JUL 1    704                      1112   -408      659

 COOLING
  YESTERDAY        0                         0      0        0
  MONTH TO DATE   15                         0     15        0
  SINCE DEC 1     22                         7     15       97
  SINCE JAN 1     15                         0     15        0
..................................................................


WIND (MPH)
  HIGHEST WIND SPEED    23   HIGHEST WIND DIRECTION     S (170)
  HIGHEST GUST SPEED    34   HIGHEST GUST DIRECTION     S (190)
  AVERAGE WIND SPEED     8.2


SKY COVER
  POSSIBLE SUNSHINE  MM
  AVERAGE SKY COVER 0.9


WEATHER CONDITIONS
 THE FOLLOWING WEATHER WAS RECORDED YESTERDAY.
  THUNDERSTORM
  HEAVY RAIN
  RAIN
  LIGHT RAIN
  FOG


RELATIVE HUMIDITY (PERCENT)
 HIGHEST   100          1000 AM
 LOWEST     90           200 AM
 AVERAGE    95

..........................................................


THE NORTH CHARLESTON SC CLIMATE NORMALS FOR TODAY
                         NORMAL    RECORD    YEAR
 MAXIMUM TEMPERATURE (F)   59        80      1974
 MINIMUM TEMPERATURE (F)   38        19      1985


SUNRISE AND SUNSET
JANUARY 23 2017.......SUNRISE   720 AM EST   SUNSET   544 PM EST
JANUARY 24 2017.......SUNRISE   720 AM EST   SUNSET   545 PM EST


-  INDICATES NEGATIVE NUMBERS.
R  INDICATES RECORD WAS SET OR TIED.
MM INDICATES DATA IS MISSING.
T  INDICATES TRACE AMOUNT.




$$
