000
CDUS42 KCHS 252212
CLICHS


CLIMATE REPORT
NATIONAL WEATHER SERVICE CHARLESTON SC
512 PM EST THU DEC 25 2014


...................................

...THE NORTH CHARLESTON SC CLIMATE SUMMARY FOR DECEMBER 25 2014...
VALID TODAY AS OF 0500 PM LOCAL TIME.

CLIMATE NORMAL PERIOD 1981 TO 2010
CLIMATE RECORD PERIOD 1938 TO 2014


WEATHER ITEM   OBSERVED TIME   RECORD YEAR NORMAL DEPARTURE LAST
                VALUE   (LST)  VALUE       VALUE  FROM      YEAR
                                                  NORMAL
..................................................................
TEMPERATURE (F)
 TODAY
  MAXIMUM         66   1236 AM  80    2008  60      6       53
  MINIMUM         52   1151 AM  11    1983  38     14       33
  AVERAGE         59                        49     10       43

PRECIPITATION (IN)
  TODAY            0.00          1.83 1953   0.11  -0.11     0.00
  MONTH TO DATE    3.21                      2.47   0.74     1.49
  SINCE DEC 1      3.21                      2.47   0.74     1.49
  SINCE JAN 1     52.81                     50.39   2.42    57.45

SNOWFALL (IN)
  TODAY            0.0                       0.0    0.0
  SINCE DEC 1      0.0                       0.2   -0.2
  SINCE JUL 1      0.0                       0.2   -0.2

DEGREE DAYS
 HEATING
  TODAY            6                        16    -10       22
  MONTH TO DATE  290                       347    -57      220
  SINCE DEC 1    290                       347    -57      220
  SINCE JUL 1    628                       639    -11      525

 COOLING
  TODAY            0                         0      0        0
  MONTH TO DATE    0                         0      0       34
  SINCE DEC 1      0                         0      0       34
  SINCE JAN 1   2769                      2297    472     2463
..................................................................


WIND (MPH)
  HIGHEST WIND SPEED    23   HIGHEST WIND DIRECTION     W (290)
  HIGHEST GUST SPEED    30   HIGHEST GUST DIRECTION     W (280)
  AVERAGE WIND SPEED    11.1


SKY COVER
  POSSIBLE SUNSHINE  MM
  AVERAGE SKY COVER 0.6


WEATHER CONDITIONS
 THE FOLLOWING WEATHER WAS RECORDED TODAY.
  NO SIGNIFICANT WEATHER WAS OBSERVED.


RELATIVE HUMIDITY (PERCENT)
 HIGHEST    93           100 AM
 LOWEST     42           300 PM
 AVERAGE    68

..........................................................


THE NORTH CHARLESTON SC CLIMATE NORMALS FOR TOMORROW
                         NORMAL    RECORD    YEAR
 MAXIMUM TEMPERATURE (F)   59        78      1942
 MINIMUM TEMPERATURE (F)   38        11      1983


SUNRISE AND SUNSET
DECEMBER 25 2014......SUNRISE   721 AM EST   SUNSET   520 PM EST
DECEMBER 26 2014......SUNRISE   721 AM EST   SUNSET   521 PM EST


-  INDICATES NEGATIVE NUMBERS.
R  INDICATES RECORD WAS SET OR TIED.
MM INDICATES DATA IS MISSING.
T  INDICATES TRACE AMOUNT.




$$
