000
CDUS43 KDVN 252157
CLICID


CLIMATE REPORT
NATIONAL WEATHER SERVICE QUAD CITIES IA IL
457 PM CDT FRI JUL 25 2014


...................................

...THE CEDAR RAPIDS IA CLIMATE SUMMARY FOR JULY 25 2014...
VALID TODAY AS OF 0400 PM LOCAL TIME.

CLIMATE NORMAL PERIOD 1981 TO 2010
CLIMATE RECORD PERIOD 1891 TO 2014


WEATHER ITEM   OBSERVED TIME   RECORD YEAR NORMAL DEPARTURE LAST
                VALUE   (LST)  VALUE       VALUE  FROM      YEAR
                                                  NORMAL
..................................................................
TEMPERATURE (F)
 TODAY
  MAXIMUM         77    255 PM 105    1940  83     -6       83
  MINIMUM         61    941 AM  50    2004  62     -1       56
  AVERAGE         69                        73     -4       70

PRECIPITATION (IN)
  TODAY            0.52         MM      MM   0.12   0.40     1.41
  MONTH TO DATE    3.57                      3.68  -0.11     2.69
  SINCE JUN 1     16.86                      8.60   8.26     9.01
  SINCE JAN 1     28.10                     20.04   8.06    29.20

DEGREE DAYS
 HEATING
  TODAY            0                         0      0        0
  MONTH TO DATE   19                         0     19        0
  SINCE JUN 1     24                        29     -5       28
  SINCE JUL 1     19                         0     19        0

 COOLING
  TODAY            4                         8     -4        5
  MONTH TO DATE  113                       200    -87      224
  SINCE JUN 1    296                       366    -70      396
  SINCE JAN 1    376                       415    -39      470
..................................................................


WIND (MPH)
  HIGHEST WIND SPEED    29   HIGHEST WIND DIRECTION     S (180)
  HIGHEST GUST SPEED    37   HIGHEST GUST DIRECTION     S (180)
  AVERAGE WIND SPEED    11.5


SKY COVER
  POSSIBLE SUNSHINE  MM
  AVERAGE SKY COVER 0.5


WEATHER CONDITIONS
 THE FOLLOWING WEATHER WAS RECORDED TODAY.
  THUNDERSTORM
  RAIN
  LIGHT RAIN
  FOG


RELATIVE HUMIDITY (PERCENT)
 HIGHEST    97           900 AM
 LOWEST     69           300 PM
 AVERAGE    83

..........................................................


THE CEDAR RAPIDS IA CLIMATE NORMALS FOR TOMORROW
                         NORMAL    RECORD    YEAR
 MAXIMUM TEMPERATURE (F)   83       108      1936
 MINIMUM TEMPERATURE (F)   62        47      1911


SUNRISE AND SUNSET
JULY 25 2014..........SUNRISE   554 AM CDT   SUNSET   832 PM CDT
JULY 26 2014..........SUNRISE   555 AM CDT   SUNSET   831 PM CDT


-  INDICATES NEGATIVE NUMBERS.
R  INDICATES RECORD WAS SET OR TIED.
MM INDICATES DATA IS MISSING.
T  INDICATES TRACE AMOUNT.




$$
