000
CDUS43 KDVN 270941
CLICID


CLIMATE REPORT
NATIONAL WEATHER SERVICE QUAD CITIES IA IL
438 AM CDT THU JUL 27 2017


...................................

...THE CEDAR RAPIDS IA CLIMATE SUMMARY FOR JULY 26 2017...

CLIMATE NORMAL PERIOD 1981 TO 2010
CLIMATE RECORD PERIOD 1891 TO 2017


WEATHER ITEM   OBSERVED TIME   RECORD YEAR NORMAL DEPARTURE LAST
                VALUE   (LST)  VALUE       VALUE  FROM      YEAR
                                                  NORMAL
..................................................................
TEMPERATURE (F)
 YESTERDAY
  MAXIMUM         82    254 PM 108    1936  83     -1       86
  MINIMUM         70    533 AM  47    1911  62      8       62
  AVERAGE         76                        73      3       74

PRECIPITATION (IN)
  YESTERDAY        0.39         MM      MM   0.13   0.26     0.00
  MONTH TO DATE    3.08                      3.81  -0.73     3.75
  SINCE JUN 1      6.04                      8.73  -2.69    12.08
  SINCE JAN 1     18.42                     20.17  -1.75    20.74

DEGREE DAYS
 HEATING
  YESTERDAY        0                         0      0        0
  MONTH TO DATE    0                         0      0        3
  SINCE JUN 1     22                        29     -7        8
  SINCE JUL 1      0                         0      0        3

 COOLING
  YESTERDAY       11                         8      3        9
  MONTH TO DATE  239                       208     31      214
  SINCE JUN 1    445                       374     71      451
  SINCE JAN 1    483                       423     60      511
..................................................................


WIND (MPH)
  HIGHEST WIND SPEED    13   HIGHEST WIND DIRECTION     W (270)
  HIGHEST GUST SPEED    16   HIGHEST GUST DIRECTION     E (70)
  AVERAGE WIND SPEED     6.4


SKY COVER
  POSSIBLE SUNSHINE  MM
  AVERAGE SKY COVER 0.5


WEATHER CONDITIONS
 THE FOLLOWING WEATHER WAS RECORDED YESTERDAY.
  HEAVY RAIN
  FOG


RELATIVE HUMIDITY (PERCENT)
 HIGHEST   100           600 PM
 LOWEST     79           200 PM
 AVERAGE    90

..........................................................


THE CEDAR RAPIDS IA CLIMATE NORMALS FOR TODAY
                         NORMAL    RECORD    YEAR
 MAXIMUM TEMPERATURE (F)   83       104      1930
 MINIMUM TEMPERATURE (F)   62        48      1937


SUNRISE AND SUNSET
JULY 27 2017..........SUNRISE   556 AM CDT   SUNSET   830 PM CDT
JULY 28 2017..........SUNRISE   557 AM CDT   SUNSET   829 PM CDT


-  INDICATES NEGATIVE NUMBERS.
R  INDICATES RECORD WAS SET OR TIED.
MM INDICATES DATA IS MISSING.
T  INDICATES TRACE AMOUNT.




$$
