000
CDUS43 KDVN 190922
CLICID


CLIMATE REPORT
NATIONAL WEATHER SERVICE QUAD CITIES IA IL
421 AM CDT SAT APR 19 2014


...................................

...THE CEDAR RAPIDS IA CLIMATE SUMMARY FOR APRIL 18 2014...

CLIMATE NORMAL PERIOD 1981 TO 2010
CLIMATE RECORD PERIOD 1891 TO 2014


WEATHER ITEM   OBSERVED TIME   RECORD YEAR NORMAL DEPARTURE LAST
                VALUE   (LST)  VALUE       VALUE  FROM      YEAR
                                                  NORMAL
..................................................................
TEMPERATURE (F)
 YESTERDAY
  MAXIMUM         62    425 PM  90    1994  62      0       58
  MINIMUM         26    324 AM  20    1983  39    -13       34
  AVERAGE         44                        50     -6       46

PRECIPITATION (IN)
  YESTERDAY        0.00         MM      MM   0.11  -0.11     0.81
  MONTH TO DATE    4.06                      1.68   2.38     8.52
  SINCE MAR 1      4.45                      3.78   0.67    10.86
  SINCE JAN 1      6.20                      5.92   0.28    12.81

DEGREE DAYS
 HEATING
  YESTERDAY       21                        15      6       19
  MONTH TO DATE  367                       329     38      383
  SINCE MAR 1   1437                      1210    227     1493
  SINCE JUL 1   7476                      6493    983     6605

 COOLING
  YESTERDAY        0                         0      0        0
  MONTH TO DATE    4                         0      4        0
  SINCE MAR 1      4                         0      4        0
  SINCE JAN 1      4                         0      4        0
..................................................................


WIND (MPH)
  HIGHEST WIND SPEED    13   HIGHEST WIND DIRECTION    SE (120)
  HIGHEST GUST SPEED    15   HIGHEST GUST DIRECTION    SE (120)
  AVERAGE WIND SPEED     6.5


SKY COVER
  POSSIBLE SUNSHINE  MM
  AVERAGE SKY COVER 0.0


WEATHER CONDITIONS
 THE FOLLOWING WEATHER WAS RECORDED YESTERDAY.
  FOG
  HAZE


RELATIVE HUMIDITY (PERCENT)
 HIGHEST   100           400 AM
 LOWEST     25           400 PM
 AVERAGE    63

..........................................................


THE CEDAR RAPIDS IA CLIMATE NORMALS FOR TODAY
                         NORMAL    RECORD    YEAR
 MAXIMUM TEMPERATURE (F)   62        86      1915
 MINIMUM TEMPERATURE (F)   39        20      1988


SUNRISE AND SUNSET
APRIL 19 2014.........SUNRISE   620 AM CDT   SUNSET   752 PM CDT
APRIL 20 2014.........SUNRISE   619 AM CDT   SUNSET   753 PM CDT


-  INDICATES NEGATIVE NUMBERS.
R  INDICATES RECORD WAS SET OR TIED.
MM INDICATES DATA IS MISSING.
T  INDICATES TRACE AMOUNT.




$$
