000
CDUS43 KDVN 250943
CLICID


CLIMATE REPORT
NATIONAL WEATHER SERVICE QUAD CITIES IA IL
443 AM CDT MON JUL 25 2016


...................................

...THE CEDAR RAPIDS IA CLIMATE SUMMARY FOR JULY 24 2016...

CLIMATE NORMAL PERIOD 1981 TO 2010
CLIMATE RECORD PERIOD 1891 TO 2016


WEATHER ITEM   OBSERVED TIME   RECORD YEAR NORMAL DEPARTURE LAST
                VALUE   (LST)  VALUE       VALUE  FROM      YEAR
                                                  NORMAL
..................................................................
TEMPERATURE (F)
 YESTERDAY
  MAXIMUM         89    238 PM 107    1901  83      6       82
  MINIMUM         67   1152 PM  50    1927  62      5       63
  AVERAGE         78                        73      5       73

PRECIPITATION (IN)
  YESTERDAY        0.00         MM      MM   0.13  -0.13     0.13
  MONTH TO DATE    3.75                      3.56   0.19     1.55
  SINCE JUN 1     12.08                      8.48   3.60    10.40
  SINCE JAN 1     20.74                     19.92   0.82    19.60

DEGREE DAYS
 HEATING
  YESTERDAY        0                         0      0        0
  MONTH TO DATE    3                         0      3        4
  SINCE JUN 1      8                        29    -21       13
  SINCE JUL 1      3                         0      3        4

 COOLING
  YESTERDAY       13                         8      5        8
  MONTH TO DATE  196                       192      4      154
  SINCE JUN 1    433                       358     75      299
  SINCE JAN 1    493                       407     86      349
..................................................................


WIND (MPH)
  HIGHEST WIND SPEED    17   HIGHEST WIND DIRECTION     W (290)
  HIGHEST GUST SPEED    28   HIGHEST GUST DIRECTION    SW (230)
  AVERAGE WIND SPEED     8.7


SKY COVER
  POSSIBLE SUNSHINE  MM
  AVERAGE SKY COVER 0.2


WEATHER CONDITIONS
 THE FOLLOWING WEATHER WAS RECORDED YESTERDAY.
  FOG


RELATIVE HUMIDITY (PERCENT)
 HIGHEST   100          1200 AM
 LOWEST     65           400 PM
 AVERAGE    83

..........................................................


THE CEDAR RAPIDS IA CLIMATE NORMALS FOR TODAY
                         NORMAL    RECORD    YEAR
 MAXIMUM TEMPERATURE (F)   83       105      1940
 MINIMUM TEMPERATURE (F)   62        50      2004


SUNRISE AND SUNSET
JULY 25 2016..........SUNRISE   554 AM CDT   SUNSET   832 PM CDT
JULY 26 2016..........SUNRISE   555 AM CDT   SUNSET   831 PM CDT


-  INDICATES NEGATIVE NUMBERS.
R  INDICATES RECORD WAS SET OR TIED.
MM INDICATES DATA IS MISSING.
T  INDICATES TRACE AMOUNT.




$$
