000
CDUS43 KDVN 282123
CLICID


CLIMATE REPORT
NATIONAL WEATHER SERVICE QUAD CITIES IA IL
421 PM CDT THU MAY 28 2015


...................................

...THE CEDAR RAPIDS IA CLIMATE SUMMARY FOR MAY 28 2015...
VALID TODAY AS OF 0400 PM LOCAL TIME.

CLIMATE NORMAL PERIOD 1981 TO 2010
CLIMATE RECORD PERIOD 1891 TO 2015


WEATHER ITEM   OBSERVED TIME   RECORD YEAR NORMAL DEPARTURE LAST
                VALUE   (LST)  VALUE       VALUE  FROM      YEAR
                                                  NORMAL
..................................................................
TEMPERATURE (F)
 TODAY
  MAXIMUM         81    234 PM  95    1991  75      6       80
  MINIMUM         58    522 AM  33    1928  53      5       63
  AVERAGE         70                        64      6       72

PRECIPITATION (IN)
  TODAY            0.00         MM      MM   0.13  -0.13     0.01
  MONTH TO DATE    3.31                      3.72  -0.41     2.23
  SINCE MAR 1      7.55                      8.87  -1.32     9.49
  SINCE JAN 1      8.88                     11.01  -2.13    11.24

DEGREE DAYS
 HEATING
  TODAY            0                         3     -3        0
  MONTH TO DATE  123                       183    -60      189
  SINCE MAR 1   1414                      1545   -131     1776
  SINCE JUL 1   6941                      6828    113     7815

 COOLING
  TODAY            5                         2      3        7
  MONTH TO DATE   43                        33     10       48
  SINCE MAR 1     43                        40      3       55
  SINCE JAN 1     43                        40      3       55
..................................................................


WIND (MPH)
  HIGHEST WIND SPEED    20   HIGHEST WIND DIRECTION     S (170)
  HIGHEST GUST SPEED    26   HIGHEST GUST DIRECTION     S (180)
  AVERAGE WIND SPEED     8.2


SKY COVER
  POSSIBLE SUNSHINE  MM
  AVERAGE SKY COVER 0.0


WEATHER CONDITIONS
 THE FOLLOWING WEATHER WAS RECORDED TODAY.
  NO SIGNIFICANT WEATHER WAS OBSERVED.


RELATIVE HUMIDITY (PERCENT)
 HIGHEST    93           300 AM
 LOWEST     39           200 PM
 AVERAGE    66

..........................................................


THE CEDAR RAPIDS IA CLIMATE NORMALS FOR TOMORROW
                         NORMAL    RECORD    YEAR
 MAXIMUM TEMPERATURE (F)   75        99      1934
 MINIMUM TEMPERATURE (F)   54        34      1947


SUNRISE AND SUNSET
MAY 28 2015...........SUNRISE   536 AM CDT   SUNSET   832 PM CDT
MAY 29 2015...........SUNRISE   536 AM CDT   SUNSET   833 PM CDT


-  INDICATES NEGATIVE NUMBERS.
R  INDICATES RECORD WAS SET OR TIED.
MM INDICATES DATA IS MISSING.
T  INDICATES TRACE AMOUNT.




$$
