000
CDUS43 KDVN 200908
CLICID


CLIMATE REPORT
NATIONAL WEATHER SERVICE QUAD CITIES IA IL
407 AM CDT WED SEP 20 2017


...................................

...THE CEDAR RAPIDS IA CLIMATE SUMMARY FOR SEPTEMBER 19 2017...

CLIMATE NORMAL PERIOD 1981 TO 2010
CLIMATE RECORD PERIOD 1891 TO 2017


WEATHER ITEM   OBSERVED TIME   RECORD YEAR NORMAL DEPARTURE LAST
                VALUE   (LST)  VALUE       VALUE  FROM      YEAR
                                                  NORMAL
..................................................................
TEMPERATURE (F)
 YESTERDAY
  MAXIMUM         81    412 PM  98    1925  73      8       89
  MINIMUM         56    243 AM  33    1991  50      6       60
  AVERAGE         69                        62      7       75

PRECIPITATION (IN)
  YESTERDAY        0.00         MM      MM   0.11  -0.11     0.00
  MONTH TO DATE    0.24                      2.09  -1.85     4.26
  SINCE SEP 1      0.24                      2.09  -1.85     4.26
  SINCE JAN 1     20.26                     27.39  -7.13    32.79

DEGREE DAYS
 HEATING
  YESTERDAY        0                         5     -5        0
  MONTH TO DATE   37                        57    -20        4
  SINCE SEP 1     37                        57    -20        4
  SINCE JUL 1     48                        76    -28        8

 COOLING
  YESTERDAY        4                         2      2       10
  MONTH TO DATE   44                        59    -15       90
  SINCE SEP 1     44                        59    -15       90
  SINCE JAN 1    643                       727    -84      901
..................................................................


WIND (MPH)
  HIGHEST WIND SPEED    17   HIGHEST WIND DIRECTION    SE (140)
  HIGHEST GUST SPEED    24   HIGHEST GUST DIRECTION    SE (150)
  AVERAGE WIND SPEED     8.4


SKY COVER
  POSSIBLE SUNSHINE  MM
  AVERAGE SKY COVER 0.6


WEATHER CONDITIONS
 THE FOLLOWING WEATHER WAS RECORDED YESTERDAY.
  FOG
  FOG W/VISIBILITY <= 1/4 MILE
  HAZE


RELATIVE HUMIDITY (PERCENT)
 HIGHEST   100          1200 AM
 LOWEST     58           300 PM
 AVERAGE    79

..........................................................


THE CEDAR RAPIDS IA CLIMATE NORMALS FOR TODAY
                         NORMAL    RECORD    YEAR
 MAXIMUM TEMPERATURE (F)   73        93      1931
 MINIMUM TEMPERATURE (F)   49        29      1991


SUNRISE AND SUNSET
SEPTEMBER 20 2017.....SUNRISE   652 AM CDT   SUNSET   707 PM CDT
SEPTEMBER 21 2017.....SUNRISE   653 AM CDT   SUNSET   705 PM CDT


-  INDICATES NEGATIVE NUMBERS.
R  INDICATES RECORD WAS SET OR TIED.
MM INDICATES DATA IS MISSING.
T  INDICATES TRACE AMOUNT.




$$
