000
CDUS43 KDVN 230930
CLICID


CLIMATE REPORT
NATIONAL WEATHER SERVICE QUAD CITIES IA IL
430 AM CDT THU MAR 23 2017


...................................

...THE CEDAR RAPIDS IA CLIMATE SUMMARY FOR MARCH 22 2017...

CLIMATE NORMAL PERIOD 1981 TO 2010
CLIMATE RECORD PERIOD 1891 TO 2017


WEATHER ITEM   OBSERVED TIME   RECORD YEAR NORMAL DEPARTURE LAST
                VALUE   (LST)  VALUE       VALUE  FROM      YEAR
                                                  NORMAL
..................................................................
TEMPERATURE (F)
 YESTERDAY
  MAXIMUM         44    248 PM  76    1994  50     -6       61
  MINIMUM         24    435 AM   1    1912  29     -5       43
  AVERAGE         34                        39     -5       52

PRECIPITATION (IN)
  YESTERDAY        0.00         MM      MM   0.07  -0.07     0.00
  MONTH TO DATE    0.84                      1.43  -0.59     1.26
  SINCE MAR 1      0.84                      1.43  -0.59     1.26
  SINCE JAN 1      3.01                      3.57  -0.56     1.86

DEGREE DAYS
 HEATING
  YESTERDAY       31                        26      5       13
  MONTH TO DATE  666                       668     -2      497
  SINCE MAR 1    666                       668     -2      497
  SINCE JUL 1   4942                      5951  -1009     4808

 COOLING
  YESTERDAY        0                         0      0        0
  MONTH TO DATE    0                         0      0        0
  SINCE MAR 1      0                         0      0        0
  SINCE JAN 1      0                         0      0        0
..................................................................


WIND (MPH)
  HIGHEST WIND SPEED    20   HIGHEST WIND DIRECTION    SE (130)
  HIGHEST GUST SPEED    25   HIGHEST GUST DIRECTION    SE (130)
  AVERAGE WIND SPEED    12.7


SKY COVER
  POSSIBLE SUNSHINE  MM
  AVERAGE SKY COVER 0.3


WEATHER CONDITIONS
 THE FOLLOWING WEATHER WAS RECORDED YESTERDAY.
  NO SIGNIFICANT WEATHER WAS OBSERVED.


RELATIVE HUMIDITY (PERCENT)
 HIGHEST    74           400 AM
 LOWEST     31           200 PM
 AVERAGE    53

..........................................................


THE CEDAR RAPIDS IA CLIMATE NORMALS FOR TODAY
                         NORMAL    RECORD    YEAR
 MAXIMUM TEMPERATURE (F)   50        87      1910
 MINIMUM TEMPERATURE (F)   29         1      1912


SUNRISE AND SUNSET
MARCH 23 2017.........SUNRISE   704 AM CDT   SUNSET   723 PM CDT
MARCH 24 2017.........SUNRISE   703 AM CDT   SUNSET   724 PM CDT


-  INDICATES NEGATIVE NUMBERS.
R  INDICATES RECORD WAS SET OR TIED.
MM INDICATES DATA IS MISSING.
T  INDICATES TRACE AMOUNT.




$$
