000
CDUS43 KDVN 050912
CLICID


CLIMATE REPORT
NATIONAL WEATHER SERVICE QUAD CITIES IA IL
411 AM CDT SUN JUL 5 2015


...................................

...THE CEDAR RAPIDS IA CLIMATE SUMMARY FOR JULY 4 2015...

CLIMATE NORMAL PERIOD 1981 TO 2010
CLIMATE RECORD PERIOD 1891 TO 2015


WEATHER ITEM   OBSERVED TIME   RECORD YEAR NORMAL DEPARTURE LAST
                VALUE   (LST)  VALUE       VALUE  FROM      YEAR
                                                  NORMAL
..................................................................
TEMPERATURE (F)
 YESTERDAY
  MAXIMUM         79    247 PM 106    1911  84     -5       76
  MINIMUM         55    508 AM  45    1924  62     -7       51
  AVERAGE         67                        73     -6       64

PRECIPITATION (IN)
  YESTERDAY        0.00         MM      MM   0.16  -0.16     0.00
  MONTH TO DATE    T                         0.61  -0.61     0.08
  SINCE JUN 1      8.85                      5.53   3.32    13.37
  SINCE JAN 1     18.05                     16.97   1.08    24.61

DEGREE DAYS
 HEATING
  YESTERDAY        0                         0      0        1
  MONTH TO DATE    2                         0      2        9
  SINCE JUN 1     11                        29    -18       14
  SINCE JUL 1      2                         0      2        9

 COOLING
  YESTERDAY        2                         8     -6        0
  MONTH TO DATE    4                        32    -28        4
  SINCE JUN 1    149                       198    -49      187
  SINCE JAN 1    199                       247    -48      267
..................................................................


WIND (MPH)
  HIGHEST WIND SPEED     9   HIGHEST WIND DIRECTION    SW (220)
  HIGHEST GUST SPEED    13   HIGHEST GUST DIRECTION    SW (220)
  AVERAGE WIND SPEED     3.1


SKY COVER
  POSSIBLE SUNSHINE  MM
  AVERAGE SKY COVER 0.1


WEATHER CONDITIONS
 THE FOLLOWING WEATHER WAS RECORDED YESTERDAY.
  FOG


RELATIVE HUMIDITY (PERCENT)
 HIGHEST   100           100 AM
 LOWEST     58           200 PM
 AVERAGE    79

..........................................................


THE CEDAR RAPIDS IA CLIMATE NORMALS FOR TODAY
                         NORMAL    RECORD    YEAR
 MAXIMUM TEMPERATURE (F)   84       110      1911
 MINIMUM TEMPERATURE (F)   63        49      1997


SUNRISE AND SUNSET
JULY  5 2015..........SUNRISE   538 AM CDT   SUNSET   845 PM CDT
JULY  6 2015..........SUNRISE   538 AM CDT   SUNSET   845 PM CDT


-  INDICATES NEGATIVE NUMBERS.
R  INDICATES RECORD WAS SET OR TIED.
MM INDICATES DATA IS MISSING.
T  INDICATES TRACE AMOUNT.




$$
