000
CDUS41 KCLE 300540
CLICLE


CLIMATE REPORT
NATIONAL WEATHER SERVICE CLEVELAND OH
139 AM EDT THU MAR 30 2017


...................................

...THE CLEVELAND OH CLIMATE SUMMARY FOR MARCH 29 2017...

CLIMATE NORMAL PERIOD 1981 TO 2010
CLIMATE RECORD PERIOD 1871 TO 2017


WEATHER ITEM   OBSERVED TIME   RECORD YEAR NORMAL DEPARTURE LAST
                VALUE   (LST)  VALUE       VALUE  FROM      YEAR
                                                  NORMAL
..................................................................
TEMPERATURE (F)
 YESTERDAY
  MAXIMUM         53    207 PM  81    1910  52      1       44
  MINIMUM         38    430 AM  11    1887  34      4       32
  AVERAGE         46                        43      3       38

PRECIPITATION (IN)
  YESTERDAY        T                         0.11  -0.11     0.00
  MONTH TO DATE    2.86                      2.71   0.15     3.87
  SINCE MAR 1      2.86                      2.71   0.15     3.87
  SINCE JAN 1     10.32                      7.77   2.55     8.46

SNOWFALL (IN)
  YESTERDAY        0.0                       0.3   -0.3      0.0
  MONTH TO DATE    9.3                      12.1   -2.8      3.2
  SINCE MAR 1      9.3                      12.1   -2.8      3.2
  SINCE JUL 1     34.5                      64.3  -29.8     25.0
  SNOW DEPTH       0

DEGREE DAYS
 HEATING
  YESTERDAY       19                        22     -3       27
  MONTH TO DATE  759                       781    -22      602
  SINCE MAR 1    759                       781    -22      602
  SINCE JUL 1   4070                      4998   -928     4193

 COOLING
  YESTERDAY        0                         0      0        0
  MONTH TO DATE    0                         0      0        0
  SINCE MAR 1      0                         0      0        0
  SINCE JAN 1      0                         0      0        0
..................................................................


WIND (MPH)
  HIGHEST WIND SPEED    17   HIGHEST WIND DIRECTION    NE (40)
  HIGHEST GUST SPEED    21   HIGHEST GUST DIRECTION    NE (40)
  AVERAGE WIND SPEED     8.1


SKY COVER
  POSSIBLE SUNSHINE  MM
  AVERAGE SKY COVER 0.6


WEATHER CONDITIONS
 THE FOLLOWING WEATHER WAS RECORDED YESTERDAY.
  LIGHT RAIN
  FOG


RELATIVE HUMIDITY (PERCENT)
 HIGHEST    85           300 AM
 LOWEST     41           500 PM
 AVERAGE    63

..........................................................


THE CLEVELAND OH CLIMATE NORMALS FOR TODAY
                         NORMAL    RECORD    YEAR
 MAXIMUM TEMPERATURE (F)   52        82      1986
 MINIMUM TEMPERATURE (F)   35        16      1887


SUNRISE AND SUNSET
MARCH 30 2017.........SUNRISE   713 AM EDT   SUNSET   751 PM EDT
MARCH 31 2017.........SUNRISE   712 AM EDT   SUNSET   752 PM EDT


-  INDICATES NEGATIVE NUMBERS.
R  INDICATES RECORD WAS SET OR TIED.
MM INDICATES DATA IS MISSING.
T  INDICATES TRACE AMOUNT.




$$
