000
CDUS44 KHGX 240717
CLICLL


CLIMATE REPORT
NATIONAL WEATHER SERVICE HOUSTON/GALVESTON TX
116 AM CST TUE JAN 24 2017


...................................

...THE COLLEGE STATION CLIMATE SUMMARY FOR JANUARY 23 2017...

CLIMATE NORMAL PERIOD 1981 TO 2010
CLIMATE RECORD PERIOD 1902 TO 2017


WEATHER ITEM   OBSERVED TIME   RECORD YEAR NORMAL DEPARTURE LAST
                VALUE   (LST)  VALUE       VALUE  FROM      YEAR
                                                  NORMAL
..................................................................
TEMPERATURE (F)
 YESTERDAY
  MAXIMUM         71    422 PM  86    1972  61     10       54
  MINIMUM         44    458 AM   8    1940  41      3       30
  AVERAGE         58                        51      7       42

PRECIPITATION (IN)
  YESTERDAY        0.00          2.72 1938   0.11  -0.11     0.00
  MONTH TO DATE    3.73                      2.40   1.33     1.30
  SINCE DEC 1      6.50                      5.63   0.87     9.38
  SINCE JAN 1      3.73                      2.40   1.33     1.30

SNOWFALL (IN)
  YESTERDAY        0.0
  MONTH TO DATE    T
  SINCE JUL 1      T

DEGREE DAYS
 HEATING
  YESTERDAY        7                        14     -7       23
  MONTH TO DATE  203                       335   -132      362
  SINCE DEC 1    522                       746   -224      617
  SINCE JUL 1    591                       971   -380      764

 COOLING
  YESTERDAY        0                         0      0        0
  MONTH TO DATE   35                         0     35        0
  SINCE DEC 1     79                        16     63       36
  SINCE JAN 1     35                         0     35        0
..................................................................


WIND (MPH)
  HIGHEST WIND SPEED    12   HIGHEST WIND DIRECTION     S (170)
  HIGHEST GUST SPEED    14   HIGHEST GUST DIRECTION     S (170)
  AVERAGE WIND SPEED     6.9


SKY COVER
  AVERAGE SKY COVER 0.0


WEATHER CONDITIONS
 THE FOLLOWING WEATHER WAS RECORDED YESTERDAY.
  NO SIGNIFICANT WEATHER WAS OBSERVED.


RELATIVE HUMIDITY (PERCENT)
 HIGHEST    76           500 AM
 LOWEST     27           300 PM
 AVERAGE    52

..........................................................


THE COLLEGE STATION CLIMATE NORMALS FOR TODAY
                         NORMAL    RECORD    YEAR
 MAXIMUM TEMPERATURE (F)   62        84      1943
 MINIMUM TEMPERATURE (F)   41        15      1963


SUNRISE AND SUNSET
JANUARY 24 2017.......SUNRISE   721 AM CST   SUNSET   555 PM CST
JANUARY 25 2017.......SUNRISE   720 AM CST   SUNSET   556 PM CST


-  INDICATES NEGATIVE NUMBERS.
R  INDICATES RECORD WAS SET OR TIED.
MM INDICATES DATA IS MISSING.
T  INDICATES TRACE AMOUNT.




$$
