000
CDUS44 KHGX 190834
CLICLL


CLIMATE REPORT
NATIONAL WEATHER SERVICE HOUSTON/GALVESTON TX
223 AM CST MON FEB 19 2018


...................................

...THE COLLEGE STATION CLIMATE SUMMARY FOR FEBRUARY 18 2018...

CLIMATE NORMAL PERIOD 1981 TO 2010
CLIMATE RECORD PERIOD 1902 TO 2018


WEATHER ITEM   OBSERVED TIME   RECORD YEAR NORMAL DEPARTURE LAST
                VALUE   (LST)  VALUE       VALUE  FROM      YEAR
                                                  NORMAL
..................................................................
TEMPERATURE (F)
 YESTERDAY
  MAXIMUM         78    501 PM  89    1986  65     13       84
  MINIMUM         52    434 AM  11    1900  45      7       56
  AVERAGE         65                        55     10       70

PRECIPITATION (IN)
  YESTERDAY        0.01          2.64 1963   0.11  -0.10     0.00
  MONTH TO DATE    0.72                      1.88  -1.16     1.04
  SINCE DEC 1      5.28                      8.35  -3.07     7.55
  SINCE JAN 1      1.78                      5.12  -3.34     4.78

SNOWFALL (IN)
  YESTERDAY        0.0
  MONTH TO DATE    0.0
  SINCE JUL 1      5.0

DEGREE DAYS
 HEATING
  YESTERDAY        0                        10    -10        0
  MONTH TO DATE  234                       215     19       86
  SINCE DEC 1   1172                      1068    104      683
  SINCE JUL 1   1319                      1293     26      752

 COOLING
  YESTERDAY        0                         1     -1        5
  MONTH TO DATE    7                        15     -8       58
  SINCE DEC 1     23                        42    -19      137
  SINCE JAN 1     10                        26    -16       93
..................................................................


WIND (MPH)
  HIGHEST WIND SPEED    24   HIGHEST WIND DIRECTION    SE (150)
  HIGHEST GUST SPEED    33   HIGHEST GUST DIRECTION     S (160)
  AVERAGE WIND SPEED    11.1


SKY COVER
  AVERAGE SKY COVER 0.7


WEATHER CONDITIONS
 THE FOLLOWING WEATHER WAS RECORDED YESTERDAY.
  LIGHT RAIN
  FOG
  FOG W/VISIBILITY <= 1/4 MILE


RELATIVE HUMIDITY (PERCENT)
 HIGHEST   100           100 AM
 LOWEST     62           500 PM
 AVERAGE    81

..........................................................


THE COLLEGE STATION CLIMATE NORMALS FOR TODAY
                         NORMAL    RECORD    YEAR
 MAXIMUM TEMPERATURE (F)   66        89      1986
 MINIMUM TEMPERATURE (F)   45        22      1978


SUNRISE AND SUNSET
FEBRUARY 19 2018......SUNRISE   702 AM CST   SUNSET   617 PM CST
FEBRUARY 20 2018......SUNRISE   701 AM CST   SUNSET   618 PM CST


-  INDICATES NEGATIVE NUMBERS.
R  INDICATES RECORD WAS SET OR TIED.
MM INDICATES DATA IS MISSING.
T  INDICATES TRACE AMOUNT.




$$
