000
CDUS44 KHGX 030733
CLICLL


CLIMATE REPORT
NATIONAL WEATHER SERVICE HOUSTON/GALVESTON TX
230 AM CDT THU SEP 3 2015


...................................

...THE COLLEGE STATION CLIMATE SUMMARY FOR SEPTEMBER 2 2015...

CLIMATE NORMAL PERIOD 1981 TO 2010
CLIMATE RECORD PERIOD 1902 TO 2015


WEATHER ITEM   OBSERVED TIME   RECORD YEAR NORMAL DEPARTURE LAST
                VALUE   (LST)  VALUE       VALUE  FROM      YEAR
                                                  NORMAL
..................................................................
TEMPERATURE (F)
 YESTERDAY
  MAXIMUM         90    449 PM 107    2000  94     -4       96
  MINIMUM         70    415 AM  58    1915  73     -3       77
  AVERAGE         80                        84     -4       87

PRECIPITATION (IN)
  YESTERDAY        0.02          3.56 1970   0.10  -0.08      T
  MONTH TO DATE    0.02                      0.21  -0.19      T
  SINCE SEP 1      0.02                      0.21  -0.19      T
  SINCE JAN 1     34.67                     25.73   8.94    22.77

SNOWFALL (IN)
  YESTERDAY        0.0
  MONTH TO DATE    0.0
  SINCE JUL 1      0.0

DEGREE DAYS
 HEATING
  YESTERDAY        0                         0      0        0
  MONTH TO DATE    0                         0      0        0
  SINCE SEP 1      0                         0      0        0
  SINCE JUL 1      0                         0      0        0

 COOLING
  YESTERDAY       15                        19     -4       22
  MONTH TO DATE   31                        38     -7       43
  SINCE SEP 1     31                        38     -7       43
  SINCE JAN 1   2391                      2384      7     2250
..................................................................


WIND (MPH)
  HIGHEST WIND SPEED    15   HIGHEST WIND DIRECTION    SE (140)
  HIGHEST GUST SPEED    20   HIGHEST GUST DIRECTION    SE (120)
  AVERAGE WIND SPEED     6.2


SKY COVER
  AVERAGE SKY COVER 0.2


WEATHER CONDITIONS
 THE FOLLOWING WEATHER WAS RECORDED YESTERDAY.
  NO SIGNIFICANT WEATHER WAS OBSERVED.


RELATIVE HUMIDITY (PERCENT)
 HIGHEST    93           300 AM
 LOWEST     50           100 PM
 AVERAGE    72

..........................................................


THE COLLEGE STATION CLIMATE NORMALS FOR TODAY
                         NORMAL    RECORD    YEAR
 MAXIMUM TEMPERATURE (F)   94       109      2000
 MINIMUM TEMPERATURE (F)   73        60      1919


SUNRISE AND SUNSET
SEPTEMBER  3 2015.....SUNRISE   703 AM CDT   SUNSET   746 PM CDT
SEPTEMBER  4 2015.....SUNRISE   704 AM CDT   SUNSET   745 PM CDT


-  INDICATES NEGATIVE NUMBERS.
R  INDICATES RECORD WAS SET OR TIED.
MM INDICATES DATA IS MISSING.
T  INDICATES TRACE AMOUNT.




$$
