000
CDUS44 KHGX 022230
CLICLL


CLIMATE REPORT
NATIONAL WEATHER SERVICE HOUSTON/GALVESTON TX
429 PM CST FRI DEC 2 2016


...................................

...THE COLLEGE STATION CLIMATE SUMMARY FOR DECEMBER 2 2016...
VALID TODAY AS OF 400 PM LOCAL TIME.

CLIMATE NORMAL PERIOD 1981 TO 2010
CLIMATE RECORD PERIOD 1902 TO 2016


WEATHER ITEM   OBSERVED TIME   RECORD YEAR NORMAL DEPARTURE LAST
                VALUE   (LST)  VALUE       VALUE  FROM      YEAR
                                                  NORMAL
..................................................................
TEMPERATURE (F)
 TODAY
  MAXIMUM         66   1249 PM  83    1995  65      1       66
  MINIMUM         48    354 AM  23    1929  45      3       42
  AVERAGE         57                        55      2       54

PRECIPITATION (IN)
  TODAY            T             4.93 1965   0.11  -0.11     0.00
  MONTH TO DATE    T                         0.22  -0.22     0.00
  SINCE DEC 1      T                         0.22  -0.22     0.00
  SINCE JAN 1     44.02                     37.05   6.97    50.23

SNOWFALL (IN)
  TODAY           MM
  MONTH TO DATE    0.0
  SINCE JUL 1      0.0

DEGREE DAYS
 HEATING
  TODAY            8                        11     -3       11
  MONTH TO DATE   20                        22     -2       22
  SINCE DEC 1     20                        22     -2       22
  SINCE JUL 1     89                       247   -158      169

 COOLING
  TODAY            0                         1     -1        0
  MONTH TO DATE    0                         2     -2        0
  SINCE DEC 1      0                         2     -2        0
  SINCE JAN 1   3290                      3075    215     3207
..................................................................


WIND (MPH)
  HIGHEST WIND SPEED    16   HIGHEST WIND DIRECTION     E (80)
  HIGHEST GUST SPEED    20   HIGHEST GUST DIRECTION     E (70)
  AVERAGE WIND SPEED     8.3


SKY COVER
  AVERAGE SKY COVER 0.5


WEATHER CONDITIONS
 THE FOLLOWING WEATHER WAS RECORDED TODAY.
  LIGHT RAIN


RELATIVE HUMIDITY (PERCENT)
 HIGHEST    77           400 AM
 LOWEST     34           400 PM
 AVERAGE    56

..........................................................


THE COLLEGE STATION CLIMATE NORMALS FOR TOMORROW
                         NORMAL    RECORD    YEAR
 MAXIMUM TEMPERATURE (F)   65        86      1995
 MINIMUM TEMPERATURE (F)   44        27      1915


SUNRISE AND SUNSET
DECEMBER  2 2016......SUNRISE   706 AM CST   SUNSET   524 PM CST
DECEMBER  3 2016......SUNRISE   707 AM CST   SUNSET   524 PM CST


-  INDICATES NEGATIVE NUMBERS.
R  INDICATES RECORD WAS SET OR TIED.
MM INDICATES DATA IS MISSING.
T  INDICATES TRACE AMOUNT.




$$
