000
CDUS44 KHGX 040819
CLICLL


CLIMATE REPORT
NATIONAL WEATHER SERVICE HOUSTON/GALVESTON TX
218 AM CST WED MAR 4 2015


...................................

...THE COLLEGE STATION CLIMATE SUMMARY FOR MARCH 3 2015...

CLIMATE NORMAL PERIOD 1981 TO 2010
CLIMATE RECORD PERIOD 1902 TO 2015


WEATHER ITEM   OBSERVED TIME   RECORD YEAR NORMAL DEPARTURE LAST
                VALUE   (LST)  VALUE       VALUE  FROM      YEAR
                                                  NORMAL
..................................................................
TEMPERATURE (F)
 YESTERDAY
  MAXIMUM         76    301 PM  86    1905  68      8       32
  MINIMUM         45    528 AM  17    1943  48     -3       22
  AVERAGE         61                        58      3       27

PRECIPITATION (IN)
  YESTERDAY        0.00          1.23 1950   0.10  -0.10     0.07
  MONTH TO DATE    0.04                      0.29  -0.25     0.17
  SINCE MAR 1      0.04                      0.29  -0.25     0.17
  SINCE JAN 1      7.45                      6.38   1.07     2.35

SNOWFALL (IN)
  YESTERDAY       MM
  MONTH TO DATE   MM
  SINCE JUL 1      T

DEGREE DAYS
 HEATING
  YESTERDAY        4                         8     -4       38
  MONTH TO DATE   49                        24     25       55
  SINCE MAR 1     49                        24     25       55
  SINCE JUL 1   1590                      1411    179     1779

 COOLING
  YESTERDAY        0                         1     -1        0
  MONTH TO DATE    0                         3     -3        7
  SINCE MAR 1      0                         3     -3        7
  SINCE JAN 1      1                        31    -30       28
..................................................................


WIND (MPH)
  HIGHEST WIND SPEED    21   HIGHEST WIND DIRECTION     S (190)
  HIGHEST GUST SPEED    26   HIGHEST GUST DIRECTION     S (180)
  AVERAGE WIND SPEED     7.6


SKY COVER
  AVERAGE SKY COVER 0.9


WEATHER CONDITIONS
 THE FOLLOWING WEATHER WAS RECORDED YESTERDAY.
  FOG
  FOG W/VISIBILITY <= 1/4 MILE


RELATIVE HUMIDITY (PERCENT)
 HIGHEST   100          1200 AM
 LOWEST     64           400 PM
 AVERAGE    82

..........................................................


THE COLLEGE STATION CLIMATE NORMALS FOR TODAY
                         NORMAL    RECORD    YEAR
 MAXIMUM TEMPERATURE (F)   69        85      1938
 MINIMUM TEMPERATURE (F)   48        21      2002


SUNRISE AND SUNSET
MARCH  4 2015.........SUNRISE   649 AM CST   SUNSET   626 PM CST
MARCH  5 2015.........SUNRISE   647 AM CST   SUNSET   627 PM CST


-  INDICATES NEGATIVE NUMBERS.
R  INDICATES RECORD WAS SET OR TIED.
MM INDICATES DATA IS MISSING.
T  INDICATES TRACE AMOUNT.




$$
