000
CDUS44 KHGX 170818
CLICLL


CLIMATE REPORT
NATIONAL WEATHER SERVICE HOUSTON/GALVESTON TX
218 AM CST WED DEC 17 2014


...................................

...THE COLLEGE STATION CLIMATE SUMMARY FOR DECEMBER 16 2014...

CLIMATE NORMAL PERIOD 1981 TO 2010
CLIMATE RECORD PERIOD 1902 TO 2014


WEATHER ITEM   OBSERVED TIME   RECORD YEAR NORMAL DEPARTURE LAST
                VALUE   (LST)  VALUE       VALUE  FROM      YEAR
                                                  NORMAL
..................................................................
TEMPERATURE (F)
 YESTERDAY
  MAXIMUM         62    344 PM  82    1924  62      0       64
  MINIMUM         45    732 AM  13    1989  42      3       32
  AVERAGE         54                        52      2       48

PRECIPITATION (IN)
  YESTERDAY        0.00          1.24 2012   0.11  -0.11     0.00
  MONTH TO DATE    0.23                      1.67  -1.44     0.20
  SINCE DEC 1      0.23                      1.67  -1.44     0.20
  SINCE JAN 1     37.27                     38.50  -1.23    38.79

SNOWFALL (IN)
  YESTERDAY        0.0
  MONTH TO DATE    0.0
  SINCE JUL 1      0.0

DEGREE DAYS
 HEATING
  YESTERDAY       11                        14     -3       17
  MONTH TO DATE   94                       196   -102      286
  SINCE DEC 1     94                       196   -102      286
  SINCE JUL 1    389                       421    -32      588

 COOLING
  YESTERDAY        0                         0      0        0
  MONTH TO DATE   10                        13     -3        7
  SINCE DEC 1     10                        13     -3        7
  SINCE JAN 1   2943                      3086   -143     3275
..................................................................


WIND (MPH)
  HIGHEST WIND SPEED    18   HIGHEST WIND DIRECTION     N (350)
  HIGHEST GUST SPEED    25   HIGHEST GUST DIRECTION     N (360)
  AVERAGE WIND SPEED     9.1


SKY COVER
  AVERAGE SKY COVER 0.0


WEATHER CONDITIONS
 THE FOLLOWING WEATHER WAS RECORDED YESTERDAY.
  NO SIGNIFICANT WEATHER WAS OBSERVED.


RELATIVE HUMIDITY (PERCENT)
 HIGHEST    65          1000 PM
 LOWEST     34           300 PM
 AVERAGE    50

..........................................................


THE COLLEGE STATION CLIMATE NORMALS FOR TODAY
                         NORMAL    RECORD    YEAR
 MAXIMUM TEMPERATURE (F)   62        81      1924
 MINIMUM TEMPERATURE (F)   42        20      1932


SUNRISE AND SUNSET
DECEMBER 17 2014......SUNRISE   716 AM CST   SUNSET   527 PM CST
DECEMBER 18 2014......SUNRISE   717 AM CST   SUNSET   527 PM CST


-  INDICATES NEGATIVE NUMBERS.
R  INDICATES RECORD WAS SET OR TIED.
MM INDICATES DATA IS MISSING.
T  INDICATES TRACE AMOUNT.




$$
