000
CDUS44 KHGX 012223
CLICLL


CLIMATE REPORT
NATIONAL WEATHER SERVICE HOUSTON/GALVESTON TX
423 PM CST SUN FEB 1 2015


...................................

...THE COLLEGE STATION CLIMATE SUMMARY FOR FEBRUARY 1 2015...
VALID TODAY AS OF 400 PM LOCAL TIME.

CLIMATE NORMAL PERIOD 1981 TO 2010
CLIMATE RECORD PERIOD 1902 TO 2015


WEATHER ITEM   OBSERVED TIME   RECORD YEAR NORMAL DEPARTURE LAST
                VALUE   (LST)  VALUE       VALUE  FROM      YEAR
                                                  NORMAL
..................................................................
TEMPERATURE (F)
 TODAY
  MAXIMUM         75    152 PM  83    1911  62     13       71
  MINIMUM         60    541 AM  12    1951  42     18       58
  AVERAGE         68                        52     16       65

PRECIPITATION (IN)
  TODAY            0.04          2.11 2006   0.11  -0.07      T
  MONTH TO DATE    0.04                      0.11  -0.07      T
  SINCE DEC 1      9.27                      6.58   2.69     2.05
  SINCE JAN 1      6.70                      3.35   3.35     1.29

SNOWFALL (IN)
  TODAY            0.0
  MONTH TO DATE    0.0
  SINCE JUL 1      0.0

DEGREE DAYS
 HEATING
  TODAY            0                        13    -13        0
  MONTH TO DATE    0                        13    -13        0
  SINCE DEC 1    849                       866    -17     1047
  SINCE JUL 1   1144                      1091     53     1349

 COOLING
  TODAY            3                         0      3        0
  MONTH TO DATE    3                         0      3        0
  SINCE DEC 1     13                        27    -14       14
  SINCE JAN 1      3                        11     -8        0
..................................................................


WIND (MPH)
  HIGHEST WIND SPEED    23   HIGHEST WIND DIRECTION    NW (320)
  HIGHEST GUST SPEED    29   HIGHEST GUST DIRECTION    NW (320)
  AVERAGE WIND SPEED    12.9


SKY COVER
  AVERAGE SKY COVER 0.8


WEATHER CONDITIONS
 THE FOLLOWING WEATHER WAS RECORDED TODAY.
  LIGHT RAIN
  FOG


RELATIVE HUMIDITY (PERCENT)
 HIGHEST   100           600 AM
 LOWEST     53           300 PM
 AVERAGE    77

..........................................................


THE COLLEGE STATION CLIMATE NORMALS FOR TOMORROW
                         NORMAL    RECORD    YEAR
 MAXIMUM TEMPERATURE (F)   63        84      1911
 MINIMUM TEMPERATURE (F)   42         5      1951


SUNRISE AND SUNSET
FEBRUARY  1 2015......SUNRISE   717 AM CST   SUNSET   602 PM CST
FEBRUARY  2 2015......SUNRISE   716 AM CST   SUNSET   602 PM CST


-  INDICATES NEGATIVE NUMBERS.
R  INDICATES RECORD WAS SET OR TIED.
MM INDICATES DATA IS MISSING.
T  INDICATES TRACE AMOUNT.




$$
