000
CDUS44 KHGX 282120
CLICLL


CLIMATE REPORT
NATIONAL WEATHER SERVICE HOUSTON/GALVESTON TX
417 PM CDT THU MAY 28 2015


...................................

...THE COLLEGE STATION CLIMATE SUMMARY FOR MAY 28 2015...
VALID TODAY AS OF 400 PM LOCAL TIME.

CLIMATE NORMAL PERIOD 1981 TO 2010
CLIMATE RECORD PERIOD 1902 TO 2015


WEATHER ITEM   OBSERVED TIME   RECORD YEAR NORMAL DEPARTURE LAST
                VALUE   (LST)  VALUE       VALUE  FROM      YEAR
                                                  NORMAL
..................................................................
TEMPERATURE (F)
 TODAY
  MAXIMUM         87   1231 PM  98    2011  89     -2       83
                                      1958
  MINIMUM         71    352 AM  53    1961  70      1       66
  AVERAGE         79                        79      0       75

PRECIPITATION (IN)
  TODAY            T             3.93 1929   0.15  -0.15     0.25
  MONTH TO DATE    9.16                      3.90   5.26     9.01
  SINCE MAR 1     19.79                      9.73  10.06    11.85
  SINCE JAN 1     27.20                     15.82  11.38    14.03

SNOWFALL (IN)
  TODAY            0.0
  MONTH TO DATE    0.0
  SINCE JUL 1      T

DEGREE DAYS
 HEATING
  TODAY            0                         0      0        0
  MONTH TO DATE    0                         0      0        8
  SINCE MAR 1    227                       219      8      340
  SINCE JUL 1   1768                      1606    162     2064

 COOLING
  TODAY           14                        14      0       10
  MONTH TO DATE  294                       307    -13      238
  SINCE MAR 1    532                       518     14      425
  SINCE JAN 1    533                       546    -13      446
..................................................................


WIND (MPH)
  HIGHEST WIND SPEED    17   HIGHEST WIND DIRECTION     S (180)
  HIGHEST GUST SPEED    22   HIGHEST GUST DIRECTION     S (170)
  AVERAGE WIND SPEED     7.3


SKY COVER
  AVERAGE SKY COVER 0.4


WEATHER CONDITIONS
 THE FOLLOWING WEATHER WAS RECORDED TODAY.
  THUNDERSTORM
  LIGHT RAIN


RELATIVE HUMIDITY (PERCENT)
 HIGHEST    94           800 AM
 LOWEST     61          1200 PM
 AVERAGE    78

..........................................................


THE COLLEGE STATION CLIMATE NORMALS FOR TOMORROW
                         NORMAL    RECORD    YEAR
 MAXIMUM TEMPERATURE (F)   89       100      1996
 MINIMUM TEMPERATURE (F)   70        54      1947


SUNRISE AND SUNSET
MAY 28 2015...........SUNRISE   625 AM CDT   SUNSET   821 PM CDT
MAY 29 2015...........SUNRISE   624 AM CDT   SUNSET   822 PM CDT


-  INDICATES NEGATIVE NUMBERS.
R  INDICATES RECORD WAS SET OR TIED.
MM INDICATES DATA IS MISSING.
T  INDICATES TRACE AMOUNT.


$$
