000
CDUS42 KGSP 220654
CLICLT

CLIMATE REPORT
NATIONAL WEATHER SERVICE GREENVILLE-SPARTANBURG SC
254 AM EDT MON MAY 22 2017


...................................

...THE CHARLOTTE NC CLIMATE SUMMARY FOR MAY 21 2017...

CLIMATE NORMAL PERIOD 1981 TO 2010
CLIMATE RECORD PERIOD 1878 TO 2017


WEATHER ITEM   OBSERVED TIME   RECORD YEAR NORMAL DEPARTURE LAST
                VALUE   (LST)  VALUE       VALUE  FROM      YEAR
                                                  NORMAL
..................................................................
TEMPERATURE (F)
 YESTERDAY
  MAXIMUM         85   1242 PM  97    1941  80      5       78
  MINIMUM         69   1159 PM  41    1894  57     12       59
  AVERAGE         77                        69      8       69

PRECIPITATION (IN)
  YESTERDAY        2.04          2.41 1942   0.10   1.94     0.76
  MONTH TO DATE    3.66                      2.07   1.59     4.88
  SINCE MAR 1     11.91                      9.12   2.79     7.76
  SINCE JAN 1     18.82                     15.85   2.97    14.54

SNOWFALL (IN)
  YESTERDAY        0.0           0.0    MM   0.0    0.0      0.0
  MONTH TO DATE    0.0                       0.0    0.0      0.0
  SINCE MAR 1      1.1                       0.6    0.5      0.0
  SINCE JUL 1      2.2                       4.3   -2.1      3.3
  SNOW DEPTH       0

DEGREE DAYS
 HEATING
  YESTERDAY        0                         1     -1        0
  MONTH TO DATE   26                        45    -19       40
  SINCE MAR 1    494                       678   -184      423
  SINCE JUL 1   2392                      3377   -985     2565

 COOLING
  YESTERDAY       12                         5      7        4
  MONTH TO DATE  103                        66     37       82
  SINCE MAR 1    228                       103    125      180
  SINCE JAN 1    233                       103    130      180
..................................................................


WIND (MPH)
  HIGHEST WIND SPEED    16   HIGHEST WIND DIRECTION    SE (140)
  HIGHEST GUST SPEED    24   HIGHEST GUST DIRECTION    SE (130)
  AVERAGE WIND SPEED     9.1


SKY COVER
  POSSIBLE SUNSHINE  MM
  AVERAGE SKY COVER 0.8


WEATHER CONDITIONS
 THE FOLLOWING WEATHER WAS RECORDED YESTERDAY.
  HEAVY RAIN
  RAIN
  LIGHT RAIN
  FOG


RELATIVE HUMIDITY (PERCENT)
 HIGHEST    90           700 PM
 LOWEST     46           100 PM
 AVERAGE    68

..........................................................


THE CHARLOTTE NC CLIMATE NORMALS FOR TODAY
                         NORMAL    RECORD    YEAR
 MAXIMUM TEMPERATURE (F)   80        98      1941
 MINIMUM TEMPERATURE (F)   58        42      2002


SUNRISE AND SUNSET
MAY 22 2017...........SUNRISE   615 AM EDT   SUNSET   826 PM EDT
MAY 23 2017...........SUNRISE   614 AM EDT   SUNSET   827 PM EDT


-  INDICATES NEGATIVE NUMBERS.
R  INDICATES RECORD WAS SET OR TIED.
MM INDICATES DATA IS MISSING.
T  INDICATES TRACE AMOUNT.

$$

OUTLAW
