000
CDUS42 KGSP 250628 RRB
CLICLT

CLIMATE REPORT
NATIONAL WEATHER SERVICE GREENVILLE-SPARTANBURG SC
127 AM EST THU DEC 25 2014


...................................

...THE CHARLOTTE NC CLIMATE SUMMARY FOR DECEMBER 24 2014...

CLIMATE NORMAL PERIOD 1981 TO 2010
CLIMATE RECORD PERIOD 1878 TO 2014


WEATHER ITEM   OBSERVED TIME   RECORD YEAR NORMAL DEPARTURE LAST
                VALUE   (LST)  VALUE       VALUE  FROM      YEAR
                                                  NORMAL
..................................................................
TEMPERATURE (F)
 YESTERDAY
  MAXIMUM         60    917 PM  71    1982  51      9       49
                                      1931
  MINIMUM         45    455 AM   6    1983  31     14       29
  AVERAGE         53                        41     12       39

PRECIPITATION (IN)
  YESTERDAY        0.91          1.47 2002   0.11   0.80     0.00
  MONTH TO DATE    1.88                      2.53  -0.65     5.30
  SINCE DEC 1      1.88                      2.53  -0.65     5.30
  SINCE JAN 1     44.77                     40.91   3.86    47.79

SNOWFALL (IN)
  YESTERDAY        0.0           0.3  1960   0.0    0.0      0.0
  MONTH TO DATE    0.0                       0.1   -0.1      0.0
  SINCE DEC 1      0.0                       0.1   -0.1      0.0
  SINCE JUL 1      T                         0.2   -0.2       T
  SNOW DEPTH       0

DEGREE DAYS
 HEATING
  YESTERDAY       12                        24    -12       26
  MONTH TO DATE  453                       528    -75      403
  SINCE DEC 1    453                       528    -75      403
  SINCE JUL 1   1111                      1164    -53     1053

 COOLING
  YESTERDAY        0                         0      0        0
  MONTH TO DATE    0                         0      0        8
  SINCE DEC 1      0                         0      0        8
  SINCE JAN 1   1655                      1517    138     1585
..................................................................


WIND (MPH)
  HIGHEST WIND SPEED    21   HIGHEST WIND DIRECTION     W (260)
  HIGHEST GUST SPEED    25   HIGHEST GUST DIRECTION     W (260)
  AVERAGE WIND SPEED     6.0


SKY COVER
  POSSIBLE SUNSHINE  MM
  AVERAGE SKY COVER 1.0


WEATHER CONDITIONS
 THE FOLLOWING WEATHER WAS RECORDED YESTERDAY.
  HEAVY RAIN
  RAIN
  LIGHT RAIN
  FOG
  FOG W/VISIBILITY <= 1/4 MILE


RELATIVE HUMIDITY (PERCENT)
 HIGHEST    93           100 AM
 LOWEST     87          1000 PM
 AVERAGE    90

..........................................................


THE CHARLOTTE NC CLIMATE NORMALS FOR TODAY
                         NORMAL    RECORD    YEAR
 MAXIMUM TEMPERATURE (F)   51        77      1955
 MINIMUM TEMPERATURE (F)   30         4      1983


SUNRISE AND SUNSET
DECEMBER 25 2014......SUNRISE   730 AM EST   SUNSET   518 PM EST
DECEMBER 26 2014......SUNRISE   731 AM EST   SUNSET   518 PM EST


-  INDICATES NEGATIVE NUMBERS.
R  INDICATES RECORD WAS SET OR TIED.
MM INDICATES DATA IS MISSING.
T  INDICATES TRACE AMOUNT.

$$
