000
CDUS42 KGSP 200704 RRA
CLICLT

CLIMATE REPORT
NATIONAL WEATHER SERVICE GREENVILLE-SPARTANBURG SC
303 AM EDT FRI OCT   2017

...................................

...THE CHARLOTTE NC CLIMATE SUMMARY FOR OCTOBER 19 2017...

CLIMATE NORMAL PERIOD 1981 TO 2010
CLIMATE RECORD PERIOD 1878 TO 2017


WEATHER ITEM   OBSERVED TIME   RECORD YEAR NORMAL DEPARTURE LAST
                VALUE   (LST)  VALUE       VALUE  FROM      YEAR
                                                  NORMAL
..................................................................
TEMPERATURE (F)
 YESTERDAY
  MAXIMUM         76    336 PM  89    2016  71      5       89
  MINIMUM         39    516 AM  30    2009  48     -9       60
  AVERAGE         58                        59     -1       75

PRECIPITATION (IN)
  YESTERDAY        0.00          1.20 1997   0.10  -0.10     0.00
  MONTH TO DATE    1.92                      2.19  -0.27     2.78
  SINCE SEP 1      4.64                      5.43  -0.79     8.22
  SINCE JAN 1     39.60                     34.03   5.57    29.76

SNOWFALL (IN)
  YESTERDAY        0.0           0.0    MM   0.0    0.0      0.0
  MONTH TO DATE    0.0                       0.0    0.0      0.0
  SINCE SEP 1      0.0                       0.0    0.0      0.0
  SINCE JUL 1      0.0                       0.0    0.0      0.0
  SNOW DEPTH       0

DEGREE DAYS
 HEATING
  YESTERDAY        7                         7      0        0
  MONTH TO DATE   34                        85    -51       27
  SINCE SEP 1     43                       108    -65       27
  SINCE JUL 1     43                       108    -65       27

 COOLING
  YESTERDAY        0                         1     -1       10
  MONTH TO DATE  100                        32     68       46
  SINCE SEP 1    338                       230    108      409
  SINCE JAN 1   1899                      1507    392     2176
..................................................................


WIND (MPH)
  HIGHEST WIND SPEED     7   HIGHEST WIND DIRECTION     S (170)
  HIGHEST GUST SPEED    10   HIGHEST GUST DIRECTION     S (180)
  AVERAGE WIND SPEED     2.3


SKY COVER
  POSSIBLE SUNSHINE  MM
  AVERAGE SKY COVER 0.2


WEATHER CONDITIONS
 THE FOLLOWING WEATHER WAS RECORDED YESTERDAY.
  FOG


RELATIVE HUMIDITY (PERCENT)
 HIGHEST   100           100 AM
 LOWEST     27           400 PM
 AVERAGE    64

..........................................................


THE CHARLOTTE NC CLIMATE NORMALS FOR TODAY
                         NORMAL    RECORD    YEAR
 MAXIMUM TEMPERATURE (F)   71        86      1926
 MINIMUM TEMPERATURE (F)   47        30      1972


SUNRISE AND SUNSET
OCTOBER 20 2017.......SUNRISE   734 AM EDT   SUNSET   642 PM EDT
OCTOBER 21 2017.......SUNRISE   735 AM EDT   SUNSET   641 PM EDT


-  INDICATES NEGATIVE NUMBERS.
R  INDICATES RECORD WAS SET OR TIED.
MM INDICATES DATA IS MISSING.
T  INDICATES TRACE AMOUNT.

$$
