000
CDUS42 KGSP 290635 RRA
CLICLT

CLIMATE REPORT
NATIONAL WEATHER SERVICE GREENVILLE-SPARTANBURG SC
235 AM EDT SUN MAY 29 2016


...................................

...THE CHARLOTTE NC CLIMATE SUMMARY FOR MAY 28 2016...

CLIMATE NORMAL PERIOD 1981 TO 2010
CLIMATE RECORD PERIOD 1878 TO 2016


WEATHER ITEM   OBSERVED TIME   RECORD YEAR NORMAL DEPARTURE LAST
                VALUE   (LST)  VALUE       VALUE  FROM      YEAR
                                                  NORMAL
..................................................................
TEMPERATURE (F)
 YESTERDAY
  MAXIMUM         86    239 PM  97    1941  82      4       88
  MINIMUM         59    520 AM  42    1961  60     -1       67
  AVERAGE         73                        71      2       78

PRECIPITATION (IN)
  YESTERDAY        T             2.70 1990   0.12  -0.12     0.00
  MONTH TO DATE    4.90                      2.83   2.07     0.32
  SINCE MAR 1      7.78                      9.88  -2.10     8.65
  SINCE JAN 1     14.56                     16.61  -2.05    14.47

SNOWFALL (IN)
  YESTERDAY        0.0           0.0    MM   0.0    0.0      0.0
  MONTH TO DATE    0.0                       0.0    0.0      0.0
  SINCE MAR 1      0.0                       0.6   -0.6      0.0
  SINCE JUL 1      3.3                       4.3   -1.0      3.1
  SNOW DEPTH       0

DEGREE DAYS
 HEATING
  YESTERDAY        0                         1     -1        0
  MONTH TO DATE   43                        52     -9       15
  SINCE MAR 1    426                       685   -259      483
  SINCE JUL 1   2568                      3384   -816     3254

 COOLING
  YESTERDAY        8                         6      2       13
  MONTH TO DATE  118                       105     13      193
  SINCE MAR 1    216                       142     74      256
  SINCE JAN 1    216                       142     74      256
..................................................................


WIND (MPH)
  HIGHEST WIND SPEED    10   HIGHEST WIND DIRECTION     E (90)
  HIGHEST GUST SPEED    22   HIGHEST GUST DIRECTION     E (90)
  AVERAGE WIND SPEED     3.5


SKY COVER
  POSSIBLE SUNSHINE  MM
  AVERAGE SKY COVER 0.5


WEATHER CONDITIONS
 THE FOLLOWING WEATHER WAS RECORDED YESTERDAY.
  LIGHT RAIN


RELATIVE HUMIDITY (PERCENT)
 HIGHEST    84           600 AM
 LOWEST     34           200 PM
 AVERAGE    59

..........................................................


THE CHARLOTTE NC CLIMATE NORMALS FOR TODAY
                         NORMAL    RECORD    YEAR
 MAXIMUM TEMPERATURE (F)   82        98      1941
 MINIMUM TEMPERATURE (F)   60        48      1894


SUNRISE AND SUNSET
MAY 29 2016...........SUNRISE   611 AM EDT   SUNSET   831 PM EDT
MAY 30 2016...........SUNRISE   611 AM EDT   SUNSET   832 PM EDT


-  INDICATES NEGATIVE NUMBERS.
R  INDICATES RECORD WAS SET OR TIED.
MM INDICATES DATA IS MISSING.
T  INDICATES TRACE AMOUNT.

$$
