000
CDUS42 KGSP 230651
CLICLT

CLIMATE REPORT
NATIONAL WEATHER SERVICE GREENVILLE-SPARTANBURG SC
151 AM EST MON JAN 23 2017


...................................

...THE CHARLOTTE NC CLIMATE SUMMARY FOR JANUARY 22 2017...

CLIMATE NORMAL PERIOD 1981 TO 2010
CLIMATE RECORD PERIOD 1878 TO 2017


WEATHER ITEM   OBSERVED TIME   RECORD YEAR NORMAL DEPARTURE LAST
                VALUE   (LST)  VALUE       VALUE  FROM      YEAR
                                                  NORMAL
..................................................................
TEMPERATURE (F)
 YESTERDAY
  MAXIMUM         64    323 PM  74    1937  51     13       39
  MINIMUM         54    453 AM   5    1970  30     24       25
  AVERAGE         59                        40     19       32

PRECIPITATION (IN)
  YESTERDAY        0.74          1.79 1954   0.11   0.63     0.82
  MONTH TO DATE    4.53                      2.46   2.07     2.22
  SINCE DEC 1      7.44                      5.71   1.73    10.92
  SINCE JAN 1      4.53                      2.46   2.07     2.22

SNOWFALL (IN)
  YESTERDAY        0.0           5.6  1987   0.1   -0.1      3.0
  MONTH TO DATE    1.1                       1.5   -0.4      3.0
  SINCE DEC 1      1.1                       1.8   -0.7      3.0
  SINCE JUL 1      1.1                       1.9   -0.8      3.0
  SNOW DEPTH       0

DEGREE DAYS
 HEATING
  YESTERDAY        6                        25    -19       33
  MONTH TO DATE  376                       550   -174      578
  SINCE DEC 1   1001                      1251   -250      879
  SINCE JUL 1   1419                      1887   -468     1345

 COOLING
  YESTERDAY        0                         0      0        0
  MONTH TO DATE    0                         0      0        0
  SINCE DEC 1      0                         1     -1       12
  SINCE JAN 1      0                         0      0        0
..................................................................


WIND (MPH)
  HIGHEST WIND SPEED    25   HIGHEST WIND DIRECTION     E (100)
  HIGHEST GUST SPEED    35   HIGHEST GUST DIRECTION     E (70)
  AVERAGE WIND SPEED     8.6


SKY COVER
  POSSIBLE SUNSHINE  MM
  AVERAGE SKY COVER 1.0


WEATHER CONDITIONS
 THE FOLLOWING WEATHER WAS RECORDED YESTERDAY.
  THUNDERSTORM
  HEAVY RAIN
  RAIN
  LIGHT RAIN
  FOG


RELATIVE HUMIDITY (PERCENT)
 HIGHEST   100           300 AM
 LOWEST     78           200 PM
 AVERAGE    89

..........................................................


THE CHARLOTTE NC CLIMATE NORMALS FOR TODAY
                         NORMAL    RECORD    YEAR
 MAXIMUM TEMPERATURE (F)   51        75      1927
 MINIMUM TEMPERATURE (F)   30         9      2003


SUNRISE AND SUNSET
JANUARY 23 2017.......SUNRISE   729 AM EST   SUNSET   543 PM EST
JANUARY 24 2017.......SUNRISE   728 AM EST   SUNSET   544 PM EST


-  INDICATES NEGATIVE NUMBERS.
R  INDICATES RECORD WAS SET OR TIED.
MM INDICATES DATA IS MISSING.
T  INDICATES TRACE AMOUNT.

$$

OUTLAW
