000
CDUS42 KGSP 052144
CLICLT

CLIMATE REPORT
NATIONAL WEATHER SERVICE GREENVILLE-SPARTANBURG SC
444 PM EST MON DEC 5 2016


...................................

...THE CHARLOTTE NC CLIMATE SUMMARY FOR DECEMBER 5 2016...
VALID TODAY AS OF 0400 PM LOCAL TIME.

CLIMATE NORMAL PERIOD 1981 TO 2010
CLIMATE RECORD PERIOD 1878 TO 2016


WEATHER ITEM   OBSERVED TIME   RECORD YEAR NORMAL DEPARTURE LAST
                VALUE   (LST)  VALUE       VALUE  FROM      YEAR
                                                  NORMAL
..................................................................
TEMPERATURE (F)
 TODAY
  MAXIMUM         58    259 PM  75    1998  56      2       57
  MINIMUM         42    736 AM  18    1969  34      8       27
                                      1886
  AVERAGE         50                        45      5       42

PRECIPITATION (IN)
  TODAY            0.13          2.06 1886   0.11   0.02     0.00
  MONTH TO DATE    0.68                      0.56   0.12     0.14
  SINCE DEC 1      0.68                      0.56   0.12     0.14
  SINCE JAN 1     31.32                     38.94  -7.62    40.92

SNOWFALL (IN)
  TODAY            0.0           T    1901   0.0   MM        0.0
  MONTH TO DATE    0.0                       0.0    0.0      0.0
  SINCE DEC 1      0.0                       0.0    0.0      0.0
  SINCE JUL 1      0.0                       0.1   -0.1      0.0
  SNOW DEPTH       0

DEGREE DAYS
 HEATING
  TODAY           15                        20     -5       23
  MONTH TO DATE   88                        98    -10       87
  SINCE DEC 1     88                        98    -10       87
  SINCE JUL 1    506                       734   -228      553

 COOLING
  TODAY            0                         0      0        0
  MONTH TO DATE    0                         0      0        0
  SINCE DEC 1      0                         0      0        0
  SINCE JAN 1   2193                      1517    676     2016
..................................................................


WIND (MPH)
  HIGHEST WIND SPEED     9   HIGHEST WIND DIRECTION    NE (30)
  HIGHEST GUST SPEED    15   HIGHEST GUST DIRECTION    NE (50)
  AVERAGE WIND SPEED     3.7


SKY COVER
  POSSIBLE SUNSHINE  MM
  AVERAGE SKY COVER 0.9


WEATHER CONDITIONS
 THE FOLLOWING WEATHER WAS RECORDED TODAY.
  LIGHT RAIN
  FOG


RELATIVE HUMIDITY (PERCENT)
 HIGHEST    96           600 AM
 LOWEST     62           400 PM
 AVERAGE    79

..........................................................


THE CHARLOTTE NC CLIMATE NORMALS FOR TOMORROW
                         NORMAL    RECORD    YEAR
 MAXIMUM TEMPERATURE (F)   55        78      1998
 MINIMUM TEMPERATURE (F)   34        18      1895


SUNRISE AND SUNSET
DECEMBER  5 2016......SUNRISE   718 AM EST   SUNSET   511 PM EST
DECEMBER  6 2016......SUNRISE   719 AM EST   SUNSET   511 PM EST


-  INDICATES NEGATIVE NUMBERS.
R  INDICATES RECORD WAS SET OR TIED.
MM INDICATES DATA IS MISSING.
T  INDICATES TRACE AMOUNT.




$$
