000
CDUS42 KGSP 030629 RRA
CLICLT

CLIMATE REPORT
NATIONAL WEATHER SERVICE GREENVILLE-SPARTANBURG SC
128 AM EST TUE MAR 3 2015


...................................

...THE CHARLOTTE NC CLIMATE SUMMARY FOR MARCH 2 2015...

CLIMATE NORMAL PERIOD 1981 TO 2010
CLIMATE RECORD PERIOD 1878 TO 2015


WEATHER ITEM   OBSERVED TIME   RECORD YEAR NORMAL DEPARTURE LAST
                VALUE   (LST)  VALUE       VALUE  FROM      YEAR
                                                  NORMAL
..................................................................
TEMPERATURE (F)
 YESTERDAY
  MAXIMUM         70    355 PM  80    1887  59     11       73
  MINIMUM         39    312 AM  14    1980  36      3       32
  AVERAGE         55                        47      8       53

PRECIPITATION (IN)
  YESTERDAY        T             1.59 1960   0.14  -0.14     0.00
  MONTH TO DATE    0.16                      0.27  -0.11      T
  SINCE MAR 1      0.16                      0.27  -0.11      T
  SINCE JAN 1      5.98                      7.00  -1.02     6.92

SNOWFALL (IN)
  YESTERDAY        0.0          10.4  1927   0.1   -0.1      0.0
  MONTH TO DATE    0.0                       0.1   -0.1      0.0
  SINCE MAR 1      0.0                       0.1   -0.1      0.0
  SINCE JUL 1      3.1                       3.8   -0.7      9.3
  SNOW DEPTH       0

DEGREE DAYS
 HEATING
  YESTERDAY       10                        18     -8       12
  MONTH TO DATE   39                        36      3       33
  SINCE MAR 1     39                        36      3       33
  SINCE JUL 1   2810                      2735     75     2709

 COOLING
  YESTERDAY        0                         0      0        0
  MONTH TO DATE    0                         0      0        0
  SINCE MAR 1      0                         0      0        0
  SINCE JAN 1      0                         0      0        1
..................................................................


WIND (MPH)
  HIGHEST WIND SPEED    14   HIGHEST WIND DIRECTION    NE (50)
  HIGHEST GUST SPEED    21   HIGHEST GUST DIRECTION    NE (50)
  AVERAGE WIND SPEED     5.5


SKY COVER
  POSSIBLE SUNSHINE  MM
  AVERAGE SKY COVER 0.8


WEATHER CONDITIONS
 THE FOLLOWING WEATHER WAS RECORDED YESTERDAY.
  LIGHT RAIN
  FOG
  FOG W/VISIBILITY <= 1/4 MILE


RELATIVE HUMIDITY (PERCENT)
 HIGHEST    93           500 AM
 LOWEST     28          1100 PM
 AVERAGE    61

..........................................................


THE CHARLOTTE NC CLIMATE NORMALS FOR TODAY
                         NORMAL    RECORD    YEAR
 MAXIMUM TEMPERATURE (F)   59        84      1976
 MINIMUM TEMPERATURE (F)   36         4      1980


SUNRISE AND SUNSET
MARCH  3 2015.........SUNRISE   651 AM EST   SUNSET   621 PM EST
MARCH  4 2015.........SUNRISE   650 AM EST   SUNSET   622 PM EST


-  INDICATES NEGATIVE NUMBERS.
R  INDICATES RECORD WAS SET OR TIED.
MM INDICATES DATA IS MISSING.
T  INDICATES TRACE AMOUNT.

$$
07
