000
CDUS42 KGSP 240636
CLICLT

CLIMATE REPORT
NATIONAL WEATHER SERVICE GREENVILLE-SPARTANBURG SC
233 AM EDT SAT JUN 24 2017


...................................

...THE CHARLOTTE NC CLIMATE SUMMARY FOR JUNE 23 2017...

CLIMATE NORMAL PERIOD 1981 TO 2010
CLIMATE RECORD PERIOD 1878 TO 2017


WEATHER ITEM   OBSERVED TIME   RECORD YEAR NORMAL DEPARTURE LAST
                VALUE   (LST)  VALUE       VALUE  FROM      YEAR
                                                  NORMAL
..................................................................
TEMPERATURE (F)
 YESTERDAY
  MAXIMUM         89    412 PM 100    2015  88      1       96
  MINIMUM         74    142 AM  53    1947  66      8       77
  AVERAGE         82                        77      5       87

PRECIPITATION (IN)
  YESTERDAY        0.46          1.82 2004   0.11   0.35      T
  MONTH TO DATE    3.90                      2.96   0.94     1.24
  SINCE JUN 1      3.90                      2.96   0.94     1.24
  SINCE JAN 1     24.82                     19.92   4.90    16.53

SNOWFALL (IN)
  YESTERDAY        0.0           0.0    MM   0.0    0.0      0.0
  MONTH TO DATE    0.0                       0.0    0.0      0.0
  SINCE JUN 1      0.0                       0.0    0.0      0.0
  SINCE JUL 1      2.2                       4.3   -2.1      3.3
  SNOW DEPTH       0

DEGREE DAYS
 HEATING
  YESTERDAY        0                         0      0        0
  MONTH TO DATE    0                         0      0        0
  SINCE JUN 1      0                         0      0        0
  SINCE JUL 1   2392                      3385   -993     2568

 COOLING
  YESTERDAY       17                        12      5       22
  MONTH TO DATE  268                       223     45      305
  SINCE JUN 1    268                       223     45      305
  SINCE JAN 1    571                       386    185      550
..................................................................


WIND (MPH)
  HIGHEST WIND SPEED    20   HIGHEST WIND DIRECTION    SW (210)
  HIGHEST GUST SPEED    28   HIGHEST GUST DIRECTION     W (250)
  AVERAGE WIND SPEED    11.9


SKY COVER
  POSSIBLE SUNSHINE  MM
  AVERAGE SKY COVER 0.7


WEATHER CONDITIONS
 THE FOLLOWING WEATHER WAS RECORDED YESTERDAY.
  THUNDERSTORM
  HEAVY RAIN
  RAIN
  LIGHT RAIN
  FOG


RELATIVE HUMIDITY (PERCENT)
 HIGHEST    93           100 AM
 LOWEST     50           600 PM
 AVERAGE    72

..........................................................


THE CHARLOTTE NC CLIMATE NORMALS FOR TODAY
                         NORMAL    RECORD    YEAR
 MAXIMUM TEMPERATURE (F)   88       102      1930
 MINIMUM TEMPERATURE (F)   66        55      1972
                                             1936


SUNRISE AND SUNSET
JUNE 24 2017..........SUNRISE   610 AM EDT   SUNSET   842 PM EDT
JUNE 25 2017..........SUNRISE   611 AM EDT   SUNSET   842 PM EDT


-  INDICATES NEGATIVE NUMBERS.
R  INDICATES RECORD WAS SET OR TIED.
MM INDICATES DATA IS MISSING.
T  INDICATES TRACE AMOUNT.




$$
