000
CDUS42 KGSP 280636
CLICLT

CLIMATE REPORT
NATIONAL WEATHER SERVICE GREENVILLE-SPARTANBURG SC
234 AM EDT MON JUL 28 2014

...................................

...THE CHARLOTTE NC CLIMATE SUMMARY FOR JULY 27 2014...

CLIMATE NORMAL PERIOD 1981 TO 2010
CLIMATE RECORD PERIOD 1878 TO 2014


WEATHER ITEM   OBSERVED TIME   RECORD YEAR NORMAL DEPARTURE LAST
                VALUE   (LST)  VALUE       VALUE  FROM      YEAR
                                                  NORMAL
..................................................................
TEMPERATURE (F)
 YESTERDAY
  MAXIMUM         90    303 PM 103    1940  89      1       81
  MINIMUM         70   1203 AM  57    1920  68      2       69
  AVERAGE         80                        79      1       75

PRECIPITATION (IN)
  YESTERDAY        0.18          2.46 1889   0.13   0.05     0.55
  MONTH TO DATE    2.87                      3.13  -0.26     7.33
  SINCE JUN 1      5.72                      6.87  -1.15    14.64
  SINCE JAN 1     28.51                     23.83   4.68    33.39

SNOWFALL (IN)
  YESTERDAY        0.0           0.0    MM   0.0    0.0      0.0
  MONTH TO DATE    0.0                       0.0    0.0      0.0
  SINCE JUN 1      0.0                       0.0    0.0      0.0
  SINCE JUL 1      0.0                       0.0    0.0      0.0
  SNOW DEPTH       0

DEGREE DAYS
 HEATING
  YESTERDAY        0                         0      0        0
  MONTH TO DATE    0                         0      0        0
  SINCE JUN 1      0                         3     -3        0
  SINCE JUL 1      0                         0      0        0

 COOLING
  YESTERDAY       15                        14      1       10
  MONTH TO DATE  357                       371    -14      367
  SINCE JUN 1    730                       682     48      714
  SINCE JAN 1    958                       845    113      883
..................................................................


WIND (MPH)
  HIGHEST WIND SPEED    20   HIGHEST WIND DIRECTION     W (270)
  HIGHEST GUST SPEED    30   HIGHEST GUST DIRECTION     W (270)
  AVERAGE WIND SPEED     5.5


SKY COVER
  POSSIBLE SUNSHINE  MM
  AVERAGE SKY COVER 0.9


WEATHER CONDITIONS
 THE FOLLOWING WEATHER WAS RECORDED YESTERDAY.
  THUNDERSTORM
  LIGHT RAIN
  FOG


RELATIVE HUMIDITY (PERCENT)
 HIGHEST    87           900 AM
 LOWEST     50           200 PM
 AVERAGE    69

..........................................................


THE CHARLOTTE NC CLIMATE NORMALS FOR TODAY
                         NORMAL    RECORD    YEAR
 MAXIMUM TEMPERATURE (F)   89       102      1952
 MINIMUM TEMPERATURE (F)   68        54      1962


SUNRISE AND SUNSET
JULY 28 2014..........SUNRISE   630 AM EDT   SUNSET   830 PM EDT
JULY 29 2014..........SUNRISE   631 AM EDT   SUNSET   830 PM EDT


-  INDICATES NEGATIVE NUMBERS.
R  INDICATES RECORD WAS SET OR TIED.
MM INDICATES DATA IS MISSING.
T  INDICATES TRACE AMOUNT.

$$
