000
CDUS42 KGSP 202035
CLICLT

CLIMATE REPORT
NATIONAL WEATHER SERVICE GREENVILLE-SPARTANBURG SC
433 PM EDT WED AUG 20 2014


...................................

...THE CHARLOTTE NC CLIMATE SUMMARY FOR AUGUST 20 2014...
VALID TODAY AS OF 400 PM LOCAL TIME.

CLIMATE NORMAL PERIOD 1981 TO 2010
CLIMATE RECORD PERIOD 1878 TO 2014


WEATHER ITEM   OBSERVED TIME   RECORD YEAR NORMAL DEPARTURE LAST
                VALUE   (LST)  VALUE       VALUE  FROM      YEAR
                                                  NORMAL
..................................................................
TEMPERATURE (F)
 TODAY
  MAXIMUM         91    211 PM 103    1925  87      4       82
  MINIMUM         67    557 AM  56    1918  67      0       66
  AVERAGE         79                        77      2       74

PRECIPITATION (IN)
  TODAY            0.00          1.84 1898   0.14  -0.14      T
  MONTH TO DATE    3.46                      2.76   0.70     1.60
  SINCE JUN 1     10.69                     10.18   0.51    16.37
  SINCE JAN 1     33.48                     27.14   6.34    35.12

SNOWFALL (IN)
  TODAY            0.0           0.0    MM   0.0    0.0      0.0
  MONTH TO DATE    0.0                       0.0    0.0      0.0
  SINCE JUN 1      0.0                       0.0    0.0      0.0
  SINCE JUL 1      0.0                       0.0    0.0      0.0
  SNOW DEPTH       0

DEGREE DAYS
 HEATING
  TODAY            0                         0      0        0
  MONTH TO DATE    0                         0      0        1
  SINCE JUN 1      0                         3     -3        1
  SINCE JUL 1      0                         0      0        1

 COOLING
  TODAY           14                        12      2        9
  MONTH TO DATE  221                       257    -36      227
  SINCE JUN 1    989                       988      1      990
  SINCE JAN 1   1217                      1151     66     1159
..................................................................


WIND (MPH)
  HIGHEST WIND SPEED     9   HIGHEST WIND DIRECTION     W (270)
  HIGHEST GUST SPEED    13   HIGHEST GUST DIRECTION     W (290)
  AVERAGE WIND SPEED     3.2


SKY COVER
  POSSIBLE SUNSHINE  MM
  AVERAGE SKY COVER 0.5


WEATHER CONDITIONS
 THE FOLLOWING WEATHER WAS RECORDED TODAY.
  FOG


RELATIVE HUMIDITY (PERCENT)
 HIGHEST   100           100 AM
 LOWEST     47           200 PM
 AVERAGE    74

..........................................................


THE CHARLOTTE NC CLIMATE NORMALS FOR TOMORROW
                         NORMAL    RECORD    YEAR
 MAXIMUM TEMPERATURE (F)   87       103      1983
 MINIMUM TEMPERATURE (F)   67        56      1998
                                             1886


SUNRISE AND SUNSET
AUGUST 20 2014........SUNRISE   647 AM EDT   SUNSET   806 PM EDT
AUGUST 21 2014........SUNRISE   648 AM EDT   SUNSET   805 PM EDT


-  INDICATES NEGATIVE NUMBERS.
R  INDICATES RECORD WAS SET OR TIED.
MM INDICATES DATA IS MISSING.
T  INDICATES TRACE AMOUNT.




$$

JPT
