000
CDUS46 KLOX 290125
CLICMA


CLIMATE REPORT
NATIONAL WEATHER SERVICE LOS ANGELES/OXNARD CA
625 PM PDT SUN MAY 28 2017


...................................

...THE CAMARILLO CLIMATE SUMMARY FOR MAY 28 2017...
VALID TODAY AS OF 0600 PM LOCAL TIME.

CLIMATE NORMAL PERIOD 1981 TO 2010
CLIMATE RECORD PERIOD 1923 TO 2017


WEATHER ITEM   OBSERVED TIME   RECORD YEAR NORMAL DEPARTURE LAST
                VALUE   (LST)  VALUE       VALUE  FROM      YEAR
                                                  NORMAL
..................................................................
TEMPERATURE (F)
 TODAY
  MAXIMUM         72    318 PM  89    1997  71      1       69
  MINIMUM         51    504 AM  36    1927  54     -3       53
  AVERAGE         62                        63     -1       61

PRECIPITATION (IN)
  TODAY            0.00          0.18 1937   0.01  -0.01     0.00
  MONTH TO DATE    0.08                      0.31  -0.23      T
  SINCE OCT 1     19.44                     14.93   4.51     5.98
  SINCE JAN 1     14.78                     10.93   3.85     5.42

SNOWFALL (IN)
  TODAY            0.0
  MONTH TO DATE    0.0
  SINCE MAR 1      0.0
  SINCE JUL 1      0.0

DEGREE DAYS
 HEATING
  TODAY            3                         3      0        4
  MONTH TO DATE   81                       115    -34       80
  SINCE MAR 1    340                       599   -259      374
  SINCE JUL 1   1328                      1935   -607     1191

 COOLING
  TODAY            0                         0      0        0
  MONTH TO DATE   20                         0     20        0
  SINCE MAR 1     40                        11     29       13
  SINCE JAN 1     41                        20     21       71
..................................................................


WIND (MPH)
  HIGHEST WIND SPEED    15   HIGHEST WIND DIRECTION    SW (240)
  HIGHEST GUST SPEED    19   HIGHEST GUST DIRECTION    SW (220)
  AVERAGE WIND SPEED     4.8


SKY COVER
  POSSIBLE SUNSHINE  MM
  AVERAGE SKY COVER 0.0


WEATHER CONDITIONS
 THE FOLLOWING WEATHER WAS RECORDED TODAY.
  NO SIGNIFICANT WEATHER WAS OBSERVED.


RELATIVE HUMIDITY (PERCENT)
 HIGHEST    83           100 AM
 LOWEST     53          1100 AM
 AVERAGE    68

..........................................................


THE CAMARILLO CLIMATE NORMALS FOR TOMORROW
                         NORMAL    RECORD    YEAR
 MAXIMUM TEMPERATURE (F)   71        90      2010
 MINIMUM TEMPERATURE (F)   54        37      1927


SUNRISE AND SUNSET
MAY 28 2017...........SUNRISE   547 AM PDT   SUNSET   801 PM PDT
MAY 29 2017...........SUNRISE   547 AM PDT   SUNSET   801 PM PDT


-  INDICATES NEGATIVE NUMBERS.
R  INDICATES RECORD WAS SET OR TIED.
MM INDICATES DATA IS MISSING.
T  INDICATES TRACE AMOUNT.




$$
