000
CDUS46 KLOX 180926
CLICMA


CLIMATE REPORT
NATIONAL WEATHER SERVICE LOS ANGELES/OXNARD CA
126 AM PST SAT NOV 18 2017


...................................

...THE CAMARILLO AIRPORT CA CLIMATE SUMMARY FOR NOVEMBER 17 2017...

CLIMATE NORMAL PERIOD 1981 TO 2010
CLIMATE RECORD PERIOD 1923 TO 2017


WEATHER ITEM   OBSERVED TIME   RECORD YEAR NORMAL DEPARTURE LAST
                VALUE   (LST)  VALUE       VALUE  FROM      YEAR
                                                  NORMAL
..................................................................
TEMPERATURE (F)
 YESTERDAY
  MAXIMUM         72    111 PM  92    1932  70      2       75
  MINIMUM         53   1129 PM  31    1958  46      7       43
  AVERAGE         63                        58      5       59

PRECIPITATION (IN)
  YESTERDAY        0.00          1.52 1972   0.05  -0.05     0.00
  MONTH TO DATE    0.07                      0.83  -0.76     0.00
  SINCE OCT 1      0.07                      1.46  -1.39     0.49
  SINCE JAN 1     14.87                     12.68   2.19     5.91

SNOWFALL (IN)
  YESTERDAY        0.0
  MONTH TO DATE    0.0
  SINCE SEP 1      0.0
  SINCE JUL 1      0.0

DEGREE DAYS
 HEATING
  YESTERDAY        2                         7     -5        6
  MONTH TO DATE   33                        99    -66       25
  SINCE SEP 1     53                       207   -154       58
  SINCE JUL 1     54                       222   -168       58

 COOLING
  YESTERDAY        0                         0      0        0
  MONTH TO DATE    3                        13    -10       53
  SINCE SEP 1    343                       117    226      264
  SINCE JAN 1    839                       329    510      729
..................................................................


WIND (MPH)
  HIGHEST WIND SPEED    17   HIGHEST WIND DIRECTION     W (260)
  HIGHEST GUST SPEED    21   HIGHEST GUST DIRECTION     W (260)
  AVERAGE WIND SPEED     4.8


SKY COVER
  POSSIBLE SUNSHINE  MM
  AVERAGE SKY COVER 0.4


WEATHER CONDITIONS
 THE FOLLOWING WEATHER WAS RECORDED YESTERDAY.
  NO SIGNIFICANT WEATHER WAS OBSERVED.


RELATIVE HUMIDITY (PERCENT)
 HIGHEST    93           600 AM
 LOWEST     61           400 PM
 AVERAGE    77

..........................................................


THE CAMARILLO AIRPORT CA CLIMATE NORMALS FOR TODAY
                         NORMAL    RECORD    YEAR
 MAXIMUM TEMPERATURE (F)   70        94      1932
 MINIMUM TEMPERATURE (F)   46        32      1964


SUNRISE AND SUNSET
NOVEMBER 18 2017......SUNRISE   632 AM PST   SUNSET   451 PM PST
NOVEMBER 19 2017......SUNRISE   633 AM PST   SUNSET   450 PM PST


-  INDICATES NEGATIVE NUMBERS.
R  INDICATES RECORD WAS SET OR TIED.
MM INDICATES DATA IS MISSING.
T  INDICATES TRACE AMOUNT.




$$
