000
CDUS46 KLOX 190207
CLICMA


CLIMATE REPORT
NATIONAL WEATHER SERVICE LOS ANGELES/OXNARD CA
606 PM PST THU DEC 18 2014


...................................

...THE CAMARILLO CLIMATE SUMMARY FOR DECEMBER 18 2014...
VALID TODAY AS OF 500 PM LOCAL TIME.

CLIMATE NORMAL PERIOD 1981 TO 2010
CLIMATE RECORD PERIOD 1948 TO 2014


WEATHER ITEM   OBSERVED TIME   RECORD YEAR NORMAL DEPARTURE LAST
                VALUE   (LST)  VALUE       VALUE  FROM      YEAR
                                                  NORMAL
..................................................................
TEMPERATURE (F)
 TODAY
  MAXIMUM         63    302 PM  83    1985  65     -2       66
  MINIMUM         47    622 AM  33    1960  42      5       54
  AVERAGE         55                        53      2       60

PRECIPITATION (IN)
  TODAY            T             2.83 2010   0.05  -0.05     0.00
  MONTH TO DATE    4.08                      0.76   3.32     0.22
  SINCE JUL 1      4.94                      2.94   2.00     0.82
  SINCE JAN 1      9.13                     13.92  -4.79     2.97

SNOWFALL (IN)
  TODAY           MM
  MONTH TO DATE    0.0
  SINCE DEC 1      0.0
  SINCE JUL 1      0.0

DEGREE DAYS
 HEATING
  TODAY           10                        12     -2        5
  MONTH TO DATE   95                       201   -106      185
  SINCE DEC 1     95                       201   -106      185
  SINCE JUL 1    182                       533   -351      409

 COOLING
  TODAY            0                         0      0        0
  MONTH TO DATE    0                         0      0       12
  SINCE DEC 1      0                         0      0       12
  SINCE JAN 1   1009                       330    679      646
..................................................................


WIND (MPH)
  HIGHEST WIND SPEED    12   HIGHEST WIND DIRECTION     E (80)
  HIGHEST GUST SPEED    13   HIGHEST GUST DIRECTION     E (80)
  AVERAGE WIND SPEED     3.2


SKY COVER
  POSSIBLE SUNSHINE  MM
  AVERAGE SKY COVER 0.8


WEATHER CONDITIONS
 THE FOLLOWING WEATHER WAS RECORDED TODAY.
  LIGHT RAIN


RELATIVE HUMIDITY (PERCENT)
 HIGHEST    86          1200 AM
 LOWEST     60           200 PM
 AVERAGE    73

..........................................................


THE CAMARILLO CLIMATE NORMALS FOR TOMORROW
                         NORMAL    RECORD    YEAR
 MAXIMUM TEMPERATURE (F)   65        84      1985
 MINIMUM TEMPERATURE (F)   42        31      2006


SUNRISE AND SUNSET
DECEMBER 18 2014......SUNRISE   657 AM PST   SUNSET   449 PM PST
DECEMBER 19 2014......SUNRISE   657 AM PST   SUNSET   450 PM PST


-  INDICATES NEGATIVE NUMBERS.
R  INDICATES RECORD WAS SET OR TIED.
MM INDICATES DATA IS MISSING.
T  INDICATES TRACE AMOUNT.




$$
