000
CDUS46 KLOX 060119
CLICMA


CLIMATE REPORT
NATIONAL WEATHER SERVICE LOS ANGELES/OXNARD CA
619 PM PDT SUN JUL 5 2015


...................................

...THE CAMARILLO CLIMATE SUMMARY FOR JULY 5 2015...
VALID TODAY AS OF 0600 PM LOCAL TIME.

CLIMATE NORMAL PERIOD 1981 TO 2010
CLIMATE RECORD PERIOD 1948 TO 2015


WEATHER ITEM   OBSERVED TIME   RECORD YEAR NORMAL DEPARTURE LAST
                VALUE   (LST)  VALUE       VALUE  FROM      YEAR
                                                  NORMAL
..................................................................
TEMPERATURE (F)
 TODAY
  MAXIMUM         74   1251 PM  85    2011  75     -1       84
  MINIMUM         62    648 AM  46    1948  58      4       65
  AVERAGE         68                        66      2       75

PRECIPITATION (IN)
  TODAY            0.00          T    2001   0.00   0.00     0.00
  MONTH TO DATE    0.00                      0.00   0.00     0.00
  SINCE OCT 1      8.43                     14.98  -6.55     4.97
  SINCE JAN 1      3.52                     10.98  -7.46     4.19

SNOWFALL (IN)
  TODAY            0.0
  MONTH TO DATE    0.0
  SINCE JUN 1      0.0
  SINCE JUL 1      0.0

DEGREE DAYS
 HEATING
  TODAY            0                         0      0        0
  MONTH TO DATE    0                         1     -1        0
  SINCE JUN 1      4                        44    -40       12
  SINCE JUL 1      0                         1     -1        0

 COOLING
  TODAY            3                         2      1       10
  MONTH TO DATE   23                        10     13       30
  SINCE JUN 1     83                        33     50       75
  SINCE JAN 1    192                        64    128      223
..................................................................


WIND (MPH)
  HIGHEST WIND SPEED    16   HIGHEST WIND DIRECTION     W (270)
  HIGHEST GUST SPEED    21   HIGHEST GUST DIRECTION     W (280)
  AVERAGE WIND SPEED     7.2


SKY COVER
  POSSIBLE SUNSHINE  MM
  AVERAGE SKY COVER 0.9


WEATHER CONDITIONS
 THE FOLLOWING WEATHER WAS RECORDED TODAY.
  FOG
  HAZE


RELATIVE HUMIDITY (PERCENT)
 HIGHEST    90           600 AM
 LOWEST     61          1200 PM
 AVERAGE    76

..........................................................


THE CAMARILLO CLIMATE NORMALS FOR TOMORROW
                         NORMAL    RECORD    YEAR
 MAXIMUM TEMPERATURE (F)   75        87      2011
 MINIMUM TEMPERATURE (F)   58        44      1948


SUNRISE AND SUNSET
JULY  5 2015..........SUNRISE   550 AM PDT   SUNSET   812 PM PDT
JULY  6 2015..........SUNRISE   550 AM PDT   SUNSET   812 PM PDT


-  INDICATES NEGATIVE NUMBERS.
R  INDICATES RECORD WAS SET OR TIED.
MM INDICATES DATA IS MISSING.
T  INDICATES TRACE AMOUNT.




$$
