000
CDUS46 KLOX 230907
CLICMA


CLIMATE REPORT
NATIONAL WEATHER SERVICE LOS ANGELES/OXNARD CA
207 AM PDT SAT JUL 23 2016


...................................

...THE CAMARILLO AIRPORT CA CLIMATE SUMMARY FOR JULY 22 2016...

CLIMATE NORMAL PERIOD 1981 TO 2010
CLIMATE RECORD PERIOD 1948 TO 2016


WEATHER ITEM   OBSERVED TIME   RECORD YEAR NORMAL DEPARTURE LAST
                VALUE   (LST)  VALUE       VALUE  FROM      YEAR
                                                  NORMAL
..................................................................
TEMPERATURE (F)
 YESTERDAY
  MAXIMUM         88    323 PM  89    2006  76     12       79
                                      1960
  MINIMUM         62    519 AM  52    2001  58      4       67
  AVERAGE         75                        67      8       73

PRECIPITATION (IN)
  YESTERDAY        0.00          0.04 2013   0.01  -0.01     0.00
  MONTH TO DATE    0.00                      0.02  -0.02     0.53
  SINCE OCT 1      5.98                     15.00  -9.02     8.96
  SINCE JAN 1      5.42                     11.00  -5.58     4.05

SNOWFALL (IN)
  YESTERDAY        0.0
  MONTH TO DATE    0.0
  SINCE JUN 1      0.0
  SINCE JUL 1      0.0

DEGREE DAYS
 HEATING
  YESTERDAY        0                         0      0        0
  MONTH TO DATE    0                         1     -1        0
  SINCE JUN 1     17                        44    -27        4
  SINCE JUL 1      0                         1     -1        0

 COOLING
  YESTERDAY       10                         3      7        8
  MONTH TO DATE   99                        49     50      111
  SINCE JUN 1    168                        72     96      171
  SINCE JAN 1    239                       103    136      280
..................................................................


WIND (MPH)
  HIGHEST WIND SPEED    13   HIGHEST WIND DIRECTION     W (280)
  HIGHEST GUST SPEED    16   HIGHEST GUST DIRECTION     W (260)
  AVERAGE WIND SPEED     4.3


SKY COVER
  POSSIBLE SUNSHINE  MM
  AVERAGE SKY COVER 0.0


WEATHER CONDITIONS
 THE FOLLOWING WEATHER WAS RECORDED YESTERDAY.
  NO SIGNIFICANT WEATHER WAS OBSERVED.


RELATIVE HUMIDITY (PERCENT)
 HIGHEST    84           100 AM
 LOWEST     36          1200 PM
 AVERAGE    60

..........................................................


THE CAMARILLO AIRPORT CA CLIMATE NORMALS FOR TODAY
                         NORMAL    RECORD    YEAR
 MAXIMUM TEMPERATURE (F)   76        91      2006
 MINIMUM TEMPERATURE (F)   58        53      2002


SUNRISE AND SUNSET
JULY 23 2016..........SUNRISE   601 AM PDT   SUNSET   804 PM PDT
JULY 24 2016..........SUNRISE   602 AM PDT   SUNSET   803 PM PDT


-  INDICATES NEGATIVE NUMBERS.
R  INDICATES RECORD WAS SET OR TIED.
MM INDICATES DATA IS MISSING.
T  INDICATES TRACE AMOUNT.




$$
