000
CDUS46 KLOX 230915
CLICMA


CLIMATE REPORT
NATIONAL WEATHER SERVICE LOS ANGELES/OXNARD CA
115 AM PST THU FEB 23 2017


...................................

...THE CAMARILLO AIRPORT CA CLIMATE SUMMARY FOR FEBRUARY 22 2017...

CLIMATE NORMAL PERIOD 1981 TO 2010
CLIMATE RECORD PERIOD 1948 TO 2017


WEATHER ITEM   OBSERVED TIME   RECORD YEAR NORMAL DEPARTURE LAST
                VALUE   (LST)  VALUE       VALUE  FROM      YEAR
                                                  NORMAL
..................................................................
TEMPERATURE (F)
 YESTERDAY
  MAXIMUM         64    235 PM  90    2002  65     -1       85
  MINIMUM         45   1157 PM  33    1955  43      2       41
  AVERAGE         55                        54      1       63

PRECIPITATION (IN)
  YESTERDAY        0.00          0.83 1998   0.16  -0.16     0.00
  MONTH TO DATE    5.92                      2.88   3.04     0.31
  SINCE OCT 1     18.83                     10.35   8.48     3.50
  SINCE JAN 1     14.17                      6.35   7.82     2.94

SNOWFALL (IN)
  YESTERDAY        0.0
  MONTH TO DATE    0.0
  SINCE DEC 1      0.0
  SINCE JUL 1      0.0

DEGREE DAYS
 HEATING
  YESTERDAY       10                        11     -1        2
  MONTH TO DATE  150                       252   -102      105
  SINCE DEC 1    736                       939   -203      653
  SINCE JUL 1    899                      1271   -372      798

 COOLING
  YESTERDAY        0                         0      0        0
  MONTH TO DATE    0                         0      0       53
  SINCE DEC 1      6                         9     -3       57
  SINCE JAN 1      1                         7     -6       53
..................................................................


WIND (MPH)
  HIGHEST WIND SPEED    25   HIGHEST WIND DIRECTION     W (270)
  HIGHEST GUST SPEED    29   HIGHEST GUST DIRECTION     W (270)
  AVERAGE WIND SPEED     7.3


SKY COVER
  POSSIBLE SUNSHINE  MM
  AVERAGE SKY COVER 0.3


WEATHER CONDITIONS
 THE FOLLOWING WEATHER WAS RECORDED YESTERDAY.
  FOG


RELATIVE HUMIDITY (PERCENT)
 HIGHEST   100           500 AM
 LOWEST     52           200 PM
 AVERAGE    76

..........................................................


THE CAMARILLO AIRPORT CA CLIMATE NORMALS FOR TODAY
                         NORMAL    RECORD    YEAR
 MAXIMUM TEMPERATURE (F)   65        89      1954
 MINIMUM TEMPERATURE (F)   43        31      1960


SUNRISE AND SUNSET
FEBRUARY 23 2017......SUNRISE   632 AM PST   SUNSET   548 PM PST
FEBRUARY 24 2017......SUNRISE   631 AM PST   SUNSET   549 PM PST


-  INDICATES NEGATIVE NUMBERS.
R  INDICATES RECORD WAS SET OR TIED.
MM INDICATES DATA IS MISSING.
T  INDICATES TRACE AMOUNT.




$$
