000
CDUS46 KLOX 280943
CLICMA


CLIMATE REPORT
NATIONAL WEATHER SERVICE LOS ANGELES/OXNARD CA
242 AM PDT TUE MAR 28 2017


...................................

...THE CAMARILLO AIRPORT CA CLIMATE SUMMARY FOR MARCH 27 2017...

CLIMATE NORMAL PERIOD 1981 TO 2010
CLIMATE RECORD PERIOD 1948 TO 2017


WEATHER ITEM   OBSERVED TIME   RECORD YEAR NORMAL DEPARTURE LAST
                VALUE   (LST)  VALUE       VALUE  FROM      YEAR
                                                  NORMAL
..................................................................
TEMPERATURE (F)
 YESTERDAY
  MAXIMUM         72    230 PM  86    1968  67      5       69
  MINIMUM         48    553 AM  40    2002  48      0       49
  AVERAGE         60                        57      3       59

PRECIPITATION (IN)
  YESTERDAY        0.00          2.30 1979   0.04  -0.04     0.00
  MONTH TO DATE    0.22                      2.52  -2.30     1.91
  SINCE OCT 1     19.23                     13.70   5.53     5.41
  SINCE JAN 1     14.57                      9.70   4.87     4.85

SNOWFALL (IN)
  YESTERDAY        0.0
  MONTH TO DATE    0.0
  SINCE MAR 1      0.0
  SINCE JUL 1      0.0

DEGREE DAYS
 HEATING
  YESTERDAY        5                         8     -3        6
  MONTH TO DATE  149                       245    -96      151
  SINCE MAR 1    149                       245    -96      151
  SINCE JUL 1   1137                      1581   -444      968

 COOLING
  YESTERDAY        0                         0      0        0
  MONTH TO DATE    1                         0      1        1
  SINCE MAR 1      1                         0      1        1
  SINCE JAN 1      2                         9     -7       59
..................................................................


WIND (MPH)
  HIGHEST WIND SPEED    24   HIGHEST WIND DIRECTION     W (280)
  HIGHEST GUST SPEED    30   HIGHEST GUST DIRECTION     W (270)
  AVERAGE WIND SPEED     7.9


SKY COVER
  POSSIBLE SUNSHINE  MM
  AVERAGE SKY COVER 0.0


WEATHER CONDITIONS
 THE FOLLOWING WEATHER WAS RECORDED YESTERDAY.
  NO SIGNIFICANT WEATHER WAS OBSERVED.


RELATIVE HUMIDITY (PERCENT)
 HIGHEST    93           400 AM
 LOWEST     35           400 PM
 AVERAGE    64

..........................................................


THE CAMARILLO AIRPORT CA CLIMATE NORMALS FOR TODAY
                         NORMAL    RECORD    YEAR
 MAXIMUM TEMPERATURE (F)   67        94      2004
 MINIMUM TEMPERATURE (F)   48        39      1975


SUNRISE AND SUNSET
MARCH 28 2017.........SUNRISE   649 AM PDT   SUNSET   714 PM PDT
MARCH 29 2017.........SUNRISE   647 AM PDT   SUNSET   715 PM PDT


-  INDICATES NEGATIVE NUMBERS.
R  INDICATES RECORD WAS SET OR TIED.
MM INDICATES DATA IS MISSING.
T  INDICATES TRACE AMOUNT.




$$
