000
CDUS46 KLOX 180902
CLICMA


CLIMATE REPORT
NATIONAL WEATHER SERVICE LOS ANGELES/OXNARD CA
202 AM PDT FRI APR 18 2014


...................................

...THE CAMARILLO AIRPORT CA CLIMATE SUMMARY FOR APRIL 17 2014...

CLIMATE NORMAL PERIOD 1981 TO 2010
CLIMATE RECORD PERIOD 1948 TO 2014


WEATHER ITEM   OBSERVED TIME   RECORD YEAR NORMAL DEPARTURE LAST
                VALUE   (LST)  VALUE       VALUE  FROM      YEAR
                                                  NORMAL
..................................................................
TEMPERATURE (F)
 YESTERDAY
  MAXIMUM         68    158 PM  85    1999  69     -1       73
  MINIMUM         52    115 AM  40    2009  48      4       45
                                      1976
  AVERAGE         60                        58      2       59

PRECIPITATION (IN)
  YESTERDAY        0.00          1.48 2000   0.03  -0.03     0.00
  MONTH TO DATE    0.05                      0.36  -0.31     0.00
  SINCE JUL 1      5.00                     14.43  -9.43     4.78
  SINCE JAN 1      4.18                     10.19  -6.01     2.07

SNOWFALL (IN)
  YESTERDAY        0.0
  MONTH TO DATE    0.0
  SINCE MAR 1      0.0
  SINCE JUL 1      0.0

DEGREE DAYS
 HEATING
  YESTERDAY        5                         7     -2        6
  MONTH TO DATE  104                       124    -20       65
  SINCE MAR 1    255                       401   -146      267
  SINCE JUL 1   1208                      1737   -529     1407

 COOLING
  YESTERDAY        0                         0      0        0
  MONTH TO DATE    2                         0      2        0
  SINCE MAR 1     14                         4     10        4
  SINCE JAN 1     42                        13     29       24
..................................................................


WIND (MPH)
  HIGHEST WIND SPEED    15   HIGHEST WIND DIRECTION    SW (210)
  HIGHEST GUST SPEED    20   HIGHEST GUST DIRECTION    SE (150)
  AVERAGE WIND SPEED     5.9


SKY COVER
  POSSIBLE SUNSHINE  MM
  AVERAGE SKY COVER 0.5


WEATHER CONDITIONS
 THE FOLLOWING WEATHER WAS RECORDED YESTERDAY.
  FOG
  HAZE


RELATIVE HUMIDITY (PERCENT)
 HIGHEST    93           300 AM
 LOWEST     59           200 PM
 AVERAGE    76

..........................................................


THE CAMARILLO AIRPORT CA CLIMATE NORMALS FOR TODAY
                         NORMAL    RECORD    YEAR
 MAXIMUM TEMPERATURE (F)   69        82      2013
                                             1999
 MINIMUM TEMPERATURE (F)   48        38      1968


SUNRISE AND SUNSET
APRIL 18 2014.........SUNRISE   621 AM PDT   SUNSET   730 PM PDT
APRIL 19 2014.........SUNRISE   620 AM PDT   SUNSET   731 PM PDT


-  INDICATES NEGATIVE NUMBERS.
R  INDICATES RECORD WAS SET OR TIED.
MM INDICATES DATA IS MISSING.
T  INDICATES TRACE AMOUNT.




$$
