000
CDUS46 KLOX 100904
CLICMA


CLIMATE REPORT
NATIONAL WEATHER SERVICE LOS ANGELES/OXNARD CA
104 AM PST WED FEB 10 2016


...................................

...THE CAMARILLO AIRPORT CA CLIMATE SUMMARY FOR FEBRUARY 9 2016...

CLIMATE NORMAL PERIOD 1981 TO 2010
CLIMATE RECORD PERIOD 1948 TO 2016


WEATHER ITEM   OBSERVED TIME   RECORD YEAR NORMAL DEPARTURE LAST
                VALUE   (LST)  VALUE       VALUE  FROM      YEAR
                                                  NORMAL
..................................................................
TEMPERATURE (F)
 YESTERDAY
  MAXIMUM         91R   248 PM  88    2006  65     26       70
  MINIMUM         52   1159 PM  33    1966  42     10       51
  AVERAGE         72                        54     18       61

PRECIPITATION (IN)
  YESTERDAY        0.00          3.20 1978   0.13  -0.13     0.00
  MONTH TO DATE    0.00                      0.93  -0.93     0.16
  SINCE OCT 1      3.19                      8.40  -5.21     7.16
  SINCE JAN 1      2.63                      4.40  -1.77     2.25

SNOWFALL (IN)
  YESTERDAY        0.0
  MONTH TO DATE    0.0
  SINCE DEC 1      0.0
  SINCE JUL 1      0.0

DEGREE DAYS
 HEATING
  YESTERDAY        0                        12    -12        4
  MONTH TO DATE   54                       102    -48       59
  SINCE DEC 1    602                       789   -187      474
  SINCE JUL 1    747                      1121   -374      561

 COOLING
  YESTERDAY        7                         0      7        0
  MONTH TO DATE   31                         0     31        0
  SINCE DEC 1     35                         9     26       28
  SINCE JAN 1     31                         7     24       24
..................................................................


WIND (MPH)
  HIGHEST WIND SPEED    22   HIGHEST WIND DIRECTION     E (70)
  HIGHEST GUST SPEED    26   HIGHEST GUST DIRECTION     E (80)
  AVERAGE WIND SPEED    11.0


SKY COVER
  POSSIBLE SUNSHINE  MM
  AVERAGE SKY COVER 0.0


WEATHER CONDITIONS
 THE FOLLOWING WEATHER WAS RECORDED YESTERDAY.
  NO SIGNIFICANT WEATHER WAS OBSERVED.


RELATIVE HUMIDITY (PERCENT)
 HIGHEST    59          1000 PM
 LOWEST      8           200 PM
 AVERAGE    34

..........................................................


THE CAMARILLO AIRPORT CA CLIMATE NORMALS FOR TODAY
                         NORMAL    RECORD    YEAR
 MAXIMUM TEMPERATURE (F)   65        83      2015
                                             1988
 MINIMUM TEMPERATURE (F)   42        32      1965


SUNRISE AND SUNSET
FEBRUARY 10 2016......SUNRISE   647 AM PST   SUNSET   535 PM PST
FEBRUARY 11 2016......SUNRISE   646 AM PST   SUNSET   536 PM PST


-  INDICATES NEGATIVE NUMBERS.
R  INDICATES RECORD WAS SET OR TIED.
MM INDICATES DATA IS MISSING.
T  INDICATES TRACE AMOUNT.




$$
