506
CDUS46 KLOX 210911
CLICMA


CLIMATE REPORT
NATIONAL WEATHER SERVICE LOS ANGELES/OXNARD CA
111 AM PST SAT JAN 21 2017


...................................

...THE CAMARILLO AIRPORT CA CLIMATE SUMMARY FOR JANUARY 20 2017...

CLIMATE NORMAL PERIOD 1981 TO 2010
CLIMATE RECORD PERIOD 1948 TO 2017


WEATHER ITEM   OBSERVED TIME   RECORD YEAR NORMAL DEPARTURE LAST
                VALUE   (LST)  VALUE       VALUE  FROM      YEAR
                                                  NORMAL
..................................................................
TEMPERATURE (F)
 YESTERDAY
  MAXIMUM         60    226 PM  88    1968  66     -6       66
  MINIMUM         51   1159 PM  30    1963  43      8       54
  AVERAGE         56                        54      2       60

PRECIPITATION (IN)
  YESTERDAY        0.99          1.21 1969   0.12   0.87     0.00
  MONTH TO DATE    5.23                      2.65   2.58     2.26
  SINCE OCT 1      9.89                      6.65   3.24     2.82
  SINCE JAN 1      5.23                      2.65   2.58     2.26

SNOWFALL (IN)
  YESTERDAY        0.0
  MONTH TO DATE    0.0
  SINCE DEC 1      0.0
  SINCE JUL 1      0.0

DEGREE DAYS
 HEATING
  YESTERDAY        9                        11     -2        5
  MONTH TO DATE  207                       220    -13      197
  SINCE DEC 1    473                       569    -96      475
  SINCE JUL 1    636                       901   -265      620

 COOLING
  YESTERDAY        0                         0      0        0
  MONTH TO DATE    0                         0      0        0
  SINCE DEC 1      5                         2      3        4
  SINCE JAN 1      0                         0      0        0
..................................................................


WIND (MPH)
  HIGHEST WIND SPEED    30   HIGHEST WIND DIRECTION     W (260)
  HIGHEST GUST SPEED    37   HIGHEST GUST DIRECTION     W (260)
  AVERAGE WIND SPEED    13.2


SKY COVER
  POSSIBLE SUNSHINE  MM
  AVERAGE SKY COVER 0.7


WEATHER CONDITIONS
 THE FOLLOWING WEATHER WAS RECORDED YESTERDAY.
  HEAVY RAIN
  RAIN
  LIGHT RAIN
  FOG
  HAZE


RELATIVE HUMIDITY (PERCENT)
 HIGHEST   100           300 AM
 LOWEST     66           400 PM
 AVERAGE    83

..........................................................


THE CAMARILLO AIRPORT CA CLIMATE NORMALS FOR TODAY
                         NORMAL    RECORD    YEAR
 MAXIMUM TEMPERATURE (F)   66        84      2014
                                             2013
 MINIMUM TEMPERATURE (F)   43        33      1966


SUNRISE AND SUNSET
JANUARY 21 2017.......SUNRISE   700 AM PST   SUNSET   516 PM PST
JANUARY 22 2017.......SUNRISE   659 AM PST   SUNSET   517 PM PST


-  INDICATES NEGATIVE NUMBERS.
R  INDICATES RECORD WAS SET OR TIED.
MM INDICATES DATA IS MISSING.
T  INDICATES TRACE AMOUNT.




$$
