000
CDUS41 KILN 060600
CLICMH


CLIMATE REPORT
NATIONAL WEATHER SERVICE WILMINGTON OH
1255 AM EST FRI MAR 6 2015


...................................

...THE COLUMBUS OH CLIMATE SUMMARY FOR MARCH 5 2015...

CLIMATE NORMAL PERIOD 1981 TO 2010
CLIMATE RECORD PERIOD 1869 TO 2015


WEATHER ITEM   OBSERVED TIME   RECORD YEAR NORMAL DEPARTURE LAST
                VALUE   (LST)  VALUE       VALUE  FROM      YEAR
                                                  NORMAL
..................................................................
TEMPERATURE (F)
 YESTERDAY
  MAXIMUM         23   1209 AM  78    1983  47    -24       36
  MINIMUM          8   1159 PM   1    1978  29    -21       18
  AVERAGE         16                        38    -22       27

PRECIPITATION (IN)
  YESTERDAY        T             2.87 1897   0.08  -0.08     0.00
  MONTH TO DATE    1.38                      0.41   0.97     0.22
  SINCE MAR 1      1.38                      0.41   0.97     0.22
  SINCE JAN 1      5.95                      5.39   0.56     5.01

SNOWFALL (IN)
  YESTERDAY        T             8.6  1962   0.1   -0.1      0.0
  MONTH TO DATE    4.5                       0.9    3.6      2.9
  SINCE MAR 1      4.5                       0.9    3.6      2.9
  SINCE JUL 1     32.5                      22.3   10.2     53.9
  SNOW DEPTH       4

DEGREE DAYS
 HEATING
  YESTERDAY       49                        27     22       38
  MONTH TO DATE  195                       138     57      199
  SINCE MAR 1    195                       138     57      199
  SINCE JUL 1   4749                      4133    616     4583

 COOLING
  YESTERDAY        0                         0      0        0
  MONTH TO DATE    0                         0      0        0
  SINCE MAR 1      0                         0      0        0
  SINCE JAN 1      0                         0      0        0
..................................................................


WIND (MPH)
  RESULTANT WIND SPEED  11   RESULTANT WIND DIRECTION   N (350)
  HIGHEST WIND SPEED    21   HIGHEST WIND DIRECTION     N (350)
  HIGHEST GUST SPEED    26   HIGHEST GUST DIRECTION     N (340)
  AVERAGE WIND SPEED    10.4


SKY COVER
  POSSIBLE SUNSHINE  MM
  AVERAGE SKY COVER 0.8


WEATHER CONDITIONS
 THE FOLLOWING WEATHER WAS RECORDED YESTERDAY.
  LIGHT SNOW


RELATIVE HUMIDITY (PERCENT)
 HIGHEST    67          1100 PM
 LOWEST     49           300 AM
 AVERAGE    58

..........................................................


THE COLUMBUS OH CLIMATE NORMALS FOR TODAY
                         NORMAL    RECORD    YEAR
 MAXIMUM TEMPERATURE (F)   47        76      1973
 MINIMUM TEMPERATURE (F)   30         2      1901


SUNRISE AND SUNSET
MARCH  6 2015.........SUNRISE   658 AM EST   SUNSET   629 PM EST
MARCH  7 2015.........SUNRISE   656 AM EST   SUNSET   630 PM EST


-  INDICATES NEGATIVE NUMBERS.
R  INDICATES RECORD WAS SET OR TIED.
MM INDICATES DATA IS MISSING.
T  INDICATES TRACE AMOUNT.




$$
