000
CDUS41 KILN 250544
CLICMH


CLIMATE REPORT
NATIONAL WEATHER SERVICE WILMINGTON OH
144 AM EDT MON SEP 25 2017


...................................

...THE COLUMBUS OH CLIMATE SUMMARY FOR SEPTEMBER 24 2017...

CLIMATE NORMAL PERIOD 1981 TO 2010
CLIMATE RECORD PERIOD 1869 TO 2017


WEATHER ITEM   OBSERVED TIME   RECORD YEAR NORMAL DEPARTURE LAST
                VALUE   (LST)  VALUE       VALUE  FROM      YEAR
                                                  NORMAL
..................................................................
TEMPERATURE (F)
 YESTERDAY
  MAXIMUM         91    327 PM  92    2010  74     17       80
                                      2007
                                      1961
  MINIMUM         62    552 AM  35    1983  53      9       61
                                      1981
                                      1950
  AVERAGE         77                        63     14       71

PRECIPITATION (IN)
  YESTERDAY        0.00          1.14 1972   0.09  -0.09     0.00
  MONTH TO DATE    2.58                      2.31   0.27     2.11
  SINCE SEP 1      2.58                      2.31   0.27     2.11
  SINCE JAN 1     36.61                     30.00   6.61    29.37

SNOWFALL (IN)
  YESTERDAY        0.0          MM      MM   0.0    0.0      0.0
  MONTH TO DATE    0.0                       0.0    0.0      0.0
  SINCE SEP 1      0.0                       0.0    0.0      0.0
  SINCE JUL 1      0.0                       0.0    0.0      0.0
  SNOW DEPTH       0

DEGREE DAYS
 HEATING
  YESTERDAY        0                         4     -4        0
  MONTH TO DATE   42                        40      2        0
  SINCE SEP 1     42                        40      2        0
  SINCE JUL 1     42                        40      2        0

 COOLING
  YESTERDAY       12                         2     10        6
  MONTH TO DATE  104                       110     -6      184
  SINCE SEP 1    104                       110     -6      184
  SINCE JAN 1   1013                       999     14     1277
..................................................................


WIND (MPH)
  RESULTANT WIND SPEED   3   RESULTANT WIND DIRECTION   E (90)
  HIGHEST WIND SPEED    15   HIGHEST WIND DIRECTION     E (110)
  HIGHEST GUST SPEED    19   HIGHEST GUST DIRECTION     E (110)
  AVERAGE WIND SPEED     4.4


SKY COVER
  POSSIBLE SUNSHINE  MM
  AVERAGE SKY COVER 0.1


WEATHER CONDITIONS
 THE FOLLOWING WEATHER WAS RECORDED YESTERDAY.
  NO SIGNIFICANT WEATHER WAS OBSERVED.


RELATIVE HUMIDITY (PERCENT)
 HIGHEST    93           400 AM
 LOWEST     36          1200 PM
 AVERAGE    65

..........................................................


THE COLUMBUS OH CLIMATE NORMALS FOR TODAY
                         NORMAL    RECORD    YEAR
 MAXIMUM TEMPERATURE (F)   73        93      1900
 MINIMUM TEMPERATURE (F)   53        33      1967
                                             1950


SUNRISE AND SUNSET
SEPTEMBER 25 2017.....SUNRISE   722 AM EDT   SUNSET   723 PM EDT
SEPTEMBER 26 2017.....SUNRISE   723 AM EDT   SUNSET   722 PM EDT


-  INDICATES NEGATIVE NUMBERS.
R  INDICATES RECORD WAS SET OR TIED.
MM INDICATES DATA IS MISSING.
T  INDICATES TRACE AMOUNT.




$$
