000
CDUS41 KILN 242105
CLICMH


CLIMATE REPORT
NATIONAL WEATHER SERVICE WILMINGTON OH
505 PM EDT MON APR 24 2017


...................................

...THE COLUMBUS OH CLIMATE SUMMARY FOR APRIL 24 2017...
VALID TODAY AS OF 0500 PM LOCAL TIME.

CLIMATE NORMAL PERIOD 1981 TO 2010
CLIMATE RECORD PERIOD 1869 TO 2017


WEATHER ITEM   OBSERVED TIME   RECORD YEAR NORMAL DEPARTURE LAST
                VALUE   (LST)  VALUE       VALUE  FROM      YEAR
                                                  NORMAL
..................................................................
TEMPERATURE (F)
 TODAY
  MAXIMUM         72        MM  88    1960  67      5       71
  MINIMUM         44        MM  28    2015  45     -1       39
                                      1930
  AVERAGE         58                        56      2       55

PRECIPITATION (IN)
  TODAY            0.00          1.72 1970   0.11  -0.11     0.00
  MONTH TO DATE    1.54                      2.72  -1.18     1.99
  SINCE MAR 1      6.93                      5.74   1.19     6.26
  SINCE JAN 1     12.39                     10.72   1.67    10.67

SNOWFALL (IN)
  TODAY            0.0           3.0  2005   0.0    0.0      0.0
  MONTH TO DATE    T                         1.1   -1.1      0.3
  SINCE MAR 1      1.7                       5.3   -3.6      2.6
  SINCE JUL 1      9.3                      26.7  -17.4     17.1
  SNOW DEPTH       0

DEGREE DAYS
 HEATING
  TODAY            7                        10     -3       10
  MONTH TO DATE  188                       320   -132      353
  SINCE MAR 1    861                      1036   -175      857
  SINCE JUL 1   4130                      5031   -901     4298

 COOLING
  TODAY            0                         1     -1        0
  MONTH TO DATE   29                         6     23        1
  SINCE MAR 1     31                         6     25        1
  SINCE JAN 1     35                         6     29        1
..................................................................


WIND (MPH)
  HIGHEST WIND SPEED    17   HIGHEST WIND DIRECTION     E (80)
  HIGHEST GUST SPEED    23   HIGHEST GUST DIRECTION     E (80)
  AVERAGE WIND SPEED    10.4


SKY COVER
  POSSIBLE SUNSHINE  MM
  AVERAGE SKY COVER 0.4


WEATHER CONDITIONS
 THE FOLLOWING WEATHER WAS RECORDED TODAY.
  NO SIGNIFICANT WEATHER WAS OBSERVED.


RELATIVE HUMIDITY (PERCENT)
 HIGHEST    70           500 AM
 LOWEST     37          1100 AM
 AVERAGE    54

..........................................................


THE COLUMBUS OH CLIMATE NORMALS FOR TOMORROW
                         NORMAL    RECORD    YEAR
 MAXIMUM TEMPERATURE (F)   67        90      1915
 MINIMUM TEMPERATURE (F)   46        25      1919


SUNRISE AND SUNSET
APRIL 24 2017.........SUNRISE   640 AM EDT   SUNSET   819 PM EDT
APRIL 25 2017.........SUNRISE   639 AM EDT   SUNSET   820 PM EDT


-  INDICATES NEGATIVE NUMBERS.
R  INDICATES RECORD WAS SET OR TIED.
MM INDICATES DATA IS MISSING.
T  INDICATES TRACE AMOUNT.




$$
