000
CDUS41 KILN 070534
CLICMH


CLIMATE REPORT
NATIONAL WEATHER SERVICE WILMINGTON OH
1233 AM EST SUN FEB 7 2016


...................................

...THE COLUMBUS OH CLIMATE SUMMARY FOR FEBRUARY 6 2016...

CLIMATE NORMAL PERIOD 1981 TO 2010
CLIMATE RECORD PERIOD 1869 TO 2016


WEATHER ITEM   OBSERVED TIME   RECORD YEAR NORMAL DEPARTURE LAST
                VALUE   (LST)  VALUE       VALUE  FROM      YEAR
                                                  NORMAL
..................................................................
TEMPERATURE (F)
 YESTERDAY
  MAXIMUM         42    426 PM  62    2008  38      4       29
  MINIMUM         24    759 AM -11    1977  23      1        8
  AVERAGE         33                        31      2       19

PRECIPITATION (IN)
  YESTERDAY        0.00          1.41 1893   0.08  -0.08     0.00
  MONTH TO DATE    0.71                      0.50   0.21     0.71
  SINCE DEC 1      6.71                      6.20   0.51     6.28
  SINCE JAN 1      1.83                      3.23  -1.40     3.58

SNOWFALL (IN)
  YESTERDAY        0.0           4.7  1972   0.3   -0.3      0.0
  MONTH TO DATE    T                         1.5   -1.5      3.0
  SINCE DEC 1      5.4                      15.7  -10.3     11.4
  SINCE JUL 1      5.4                      16.8  -11.4     15.5
  SNOW DEPTH       0

DEGREE DAYS
 HEATING
  YESTERDAY       32                        34     -2       46
  MONTH TO DATE  162                       207    -45      234
  SINCE DEC 1   1912                      2285   -373     2330
  SINCE JUL 1   2717                      3299   -582     3515

 COOLING
  YESTERDAY        0                         0      0        0
  MONTH TO DATE    0                         0      0        0
  SINCE DEC 1      0                         0      0        0
  SINCE JAN 1      0                         0      0        0
..................................................................


WIND (MPH)
  RESULTANT WIND SPEED   4   RESULTANT WIND DIRECTION  SW (220)
  HIGHEST WIND SPEED    13   HIGHEST WIND DIRECTION    SW (230)
  HIGHEST GUST SPEED    17   HIGHEST GUST DIRECTION     W (250)
  AVERAGE WIND SPEED     3.8


SKY COVER
  POSSIBLE SUNSHINE  MM
  AVERAGE SKY COVER 0.3


WEATHER CONDITIONS
 THE FOLLOWING WEATHER WAS RECORDED YESTERDAY.
  FOG
  HAZE


RELATIVE HUMIDITY (PERCENT)
 HIGHEST    81           500 AM
 LOWEST     28           300 PM
 AVERAGE    55

..........................................................


THE COLUMBUS OH CLIMATE NORMALS FOR TODAY
                         NORMAL    RECORD    YEAR
 MAXIMUM TEMPERATURE (F)   39        61      1925
 MINIMUM TEMPERATURE (F)   24        -2      1977


SUNRISE AND SUNSET
FEBRUARY  7 2016......SUNRISE   734 AM EST   SUNSET   557 PM EST
FEBRUARY  8 2016......SUNRISE   733 AM EST   SUNSET   559 PM EST


-  INDICATES NEGATIVE NUMBERS.
R  INDICATES RECORD WAS SET OR TIED.
MM INDICATES DATA IS MISSING.
T  INDICATES TRACE AMOUNT.




$$
