000
CDUS41 KILN 300552
CLICMH


CLIMATE REPORT
NATIONAL WEATHER SERVICE WILMINGTON OH
151 AM EDT FRI SEP 30 2016


...................................

...THE COLUMBUS OH CLIMATE SUMMARY FOR SEPTEMBER 29 2016...

CLIMATE NORMAL PERIOD 1981 TO 2010
CLIMATE RECORD PERIOD 1869 TO 2016


WEATHER ITEM   OBSERVED TIME   RECORD YEAR NORMAL DEPARTURE LAST
                VALUE   (LST)  VALUE       VALUE  FROM      YEAR
                                                  NORMAL
..................................................................
TEMPERATURE (F)
 YESTERDAY
  MAXIMUM         68   1156 AM  96    1953  72     -4       72
  MINIMUM         56   1227 AM  32    1961  51      5       61
  AVERAGE         62                        61      1       67

PRECIPITATION (IN)
  YESTERDAY        0.26          2.38 1896   0.08   0.18     1.19
  MONTH TO DATE    3.29                      2.75   0.54     3.21
  SINCE SEP 1      3.29                      2.75   0.54     3.21
  SINCE JAN 1     30.55                     30.44   0.11    35.07

SNOWFALL (IN)
  YESTERDAY        0.0                       0.0    0.0      0.0
  MONTH TO DATE    0.0                       0.0    0.0      0.0
  SINCE SEP 1      0.0                       0.0    0.0      0.0
  SINCE JUL 1      0.0                       0.0    0.0      0.0
  SNOW DEPTH       0

DEGREE DAYS
 HEATING
  YESTERDAY        3                         5     -2        0
  MONTH TO DATE   16                        63    -47       17
  SINCE SEP 1     16                        63    -47       17
  SINCE JUL 1     16                        63    -47       22

 COOLING
  YESTERDAY        0                         2     -2        2
  MONTH TO DATE  188                       120     68      166
  SINCE SEP 1    188                       120     68      166
  SINCE JAN 1   1281                      1009    272     1022
..................................................................


WIND (MPH)
  RESULTANT WIND SPEED   4   RESULTANT WIND DIRECTION   E (90)
  HIGHEST WIND SPEED    12   HIGHEST WIND DIRECTION     N (10)
  HIGHEST GUST SPEED    18   HIGHEST GUST DIRECTION     N (350)
  AVERAGE WIND SPEED     5.6


SKY COVER
  POSSIBLE SUNSHINE  MM
  AVERAGE SKY COVER 1.0


WEATHER CONDITIONS
 THE FOLLOWING WEATHER WAS RECORDED YESTERDAY.
  THUNDERSTORM
  HEAVY RAIN
  RAIN
  LIGHT RAIN
  FOG


RELATIVE HUMIDITY (PERCENT)
 HIGHEST   100          1200 AM
 LOWEST     68          1200 PM
 AVERAGE    84

..........................................................


THE COLUMBUS OH CLIMATE NORMALS FOR TODAY
                         NORMAL    RECORD    YEAR
 MAXIMUM TEMPERATURE (F)   71        92      1953
 MINIMUM TEMPERATURE (F)   51        31      1963


SUNRISE AND SUNSET
SEPTEMBER 30 2016.....SUNRISE   727 AM EDT   SUNSET   715 PM EDT
OCTOBER  1 2016.......SUNRISE   728 AM EDT   SUNSET   713 PM EDT


-  INDICATES NEGATIVE NUMBERS.
R  INDICATES RECORD WAS SET OR TIED.
MM INDICATES DATA IS MISSING.
T  INDICATES TRACE AMOUNT.




$$
