000
CDUS41 KILN 220535
CLICMH


CLIMATE REPORT
NATIONAL WEATHER SERVICE WILMINGTON OH
1233 AM EST WED NOV 22 2017


...................................

...THE COLUMBUS OH CLIMATE SUMMARY FOR NOVEMBER 21 2017...

CLIMATE NORMAL PERIOD 1981 TO 2010
CLIMATE RECORD PERIOD 1869 TO 2017


WEATHER ITEM   OBSERVED TIME   RECORD YEAR NORMAL DEPARTURE LAST
                VALUE   (LST)  VALUE       VALUE  FROM      YEAR
                                                  NORMAL
..................................................................
TEMPERATURE (F)
 YESTERDAY
  MAXIMUM         56    347 PM  73    1934  50      6       39
  MINIMUM         37    558 AM   5    1880  34      3       25
  AVERAGE         47                        42      5       32

PRECIPITATION (IN)
  YESTERDAY        0.01          1.18 1883   0.12  -0.11     0.00
  MONTH TO DATE    4.54                      2.23   2.31     0.46
  SINCE SEP 1     10.69                      7.68   3.01     6.87
  SINCE JAN 1     44.72                     35.37   9.35    34.13

SNOWFALL (IN)
  YESTERDAY        0.0           1.9  1995   0.0    0.0      0.0
  MONTH TO DATE    0.0                       0.4   -0.4       T
  SINCE SEP 1      T                         0.6   -0.6       T
  SINCE JUL 1      T                         0.6   -0.6       T
  SNOW DEPTH       0

DEGREE DAYS
 HEATING
  YESTERDAY       18                        23     -5       33
  MONTH TO DATE  432                       397     35      338
  SINCE SEP 1    713                       791    -78      570
  SINCE JUL 1    713                       791    -78      570

 COOLING
  YESTERDAY        0                         0      0        0
  MONTH TO DATE    2                         0      2        3
  SINCE SEP 1    186                       135     51      234
  SINCE JAN 1   1095                      1024     71     1327
..................................................................


WIND (MPH)
  RESULTANT WIND SPEED  10   RESULTANT WIND DIRECTION  SW (210)
  HIGHEST WIND SPEED    24   HIGHEST WIND DIRECTION    SW (210)
  HIGHEST GUST SPEED    31   HIGHEST GUST DIRECTION    SW (210)
  AVERAGE WIND SPEED    12.5


SKY COVER
  POSSIBLE SUNSHINE  MM
  AVERAGE SKY COVER 0.7


WEATHER CONDITIONS
 THE FOLLOWING WEATHER WAS RECORDED YESTERDAY.
  LIGHT RAIN


RELATIVE HUMIDITY (PERCENT)
 HIGHEST    70          1100 PM
 LOWEST     35           400 PM
 AVERAGE    53

..........................................................


THE COLUMBUS OH CLIMATE NORMALS FOR TODAY
                         NORMAL    RECORD    YEAR
 MAXIMUM TEMPERATURE (F)   50        74      1931
 MINIMUM TEMPERATURE (F)   34        -5      1880


SUNRISE AND SUNSET
NOVEMBER 22 2017......SUNRISE   725 AM EST   SUNSET   510 PM EST
NOVEMBER 23 2017......SUNRISE   726 AM EST   SUNSET   510 PM EST


-  INDICATES NEGATIVE NUMBERS.
R  INDICATES RECORD WAS SET OR TIED.
MM INDICATES DATA IS MISSING.
T  INDICATES TRACE AMOUNT.




$$
