000
CDUS41 KILN 270630
CLICMH


CLIMATE REPORT
NATIONAL WEATHER SERVICE WILMINGTON OH
212 AM EDT WED AUG 27 2014


...................................

...THE COLUMBUS OH CLIMATE SUMMARY FOR AUGUST 26 2014...

CLIMATE NORMAL PERIOD 1981 TO 2010
CLIMATE RECORD PERIOD 1869 TO 2014


WEATHER ITEM   OBSERVED TIME   RECORD YEAR NORMAL DEPARTURE LAST
                VALUE   (LST)  VALUE       VALUE  FROM      YEAR
                                                  NORMAL
..................................................................
TEMPERATURE (F)
 YESTERDAY
  MAXIMUM         90    411 PM  98    1948  83      7       90
  MINIMUM         69    542 AM  48    1958  63      6       63
  AVERAGE         80                        73      7       77

PRECIPITATION (IN)
  YESTERDAY        0.00          0.80 1882   0.10  -0.10     0.00
  MONTH TO DATE    2.93                      2.77   0.16     1.98
  SINCE JUN 1     11.69                     11.57   0.12    13.31
  SINCE JAN 1     28.54                     27.14   1.40    25.78

SNOWFALL (IN)
  YESTERDAY        0.0           0.0         0.0    0.0      0.0
  MONTH TO DATE    0.0                       0.0    0.0      0.0
  SINCE JUN 1      0.0                       0.0    0.0      0.0
  SINCE JUL 1      0.0                       0.0    0.0      0.0
  SNOW DEPTH       0

DEGREE DAYS
 HEATING
  YESTERDAY        0                         0      0        0
  MONTH TO DATE    0                         0      0        4
  SINCE JUN 1      1                        19    -18       10
  SINCE JUL 1      0                         0      0        4

 COOLING
  YESTERDAY       15                         8      7       12
  MONTH TO DATE  264                       242     22      208
  SINCE JUN 1    804                       768     36      766
  SINCE JAN 1    959                       850    109      927
..................................................................


WIND (MPH)
  RESULTANT WIND SPEED   3   RESULTANT WIND DIRECTION   S (180)
  HIGHEST WIND SPEED    10   HIGHEST WIND DIRECTION     S (200)
  HIGHEST GUST SPEED    13   HIGHEST GUST DIRECTION     S (200)
  AVERAGE WIND SPEED     4.7


SKY COVER
  POSSIBLE SUNSHINE  MM
  AVERAGE SKY COVER 0.6


WEATHER CONDITIONS
 THE FOLLOWING WEATHER WAS RECORDED YESTERDAY.
  NO SIGNIFICANT WEATHER WAS OBSERVED.


RELATIVE HUMIDITY (PERCENT)
 HIGHEST    79           300 AM
 LOWEST     46           100 PM
 AVERAGE    63

..........................................................


THE COLUMBUS OH CLIMATE NORMALS FOR TODAY
                         NORMAL    RECORD    YEAR
 MAXIMUM TEMPERATURE (F)   83       100      1948
 MINIMUM TEMPERATURE (F)   63        46      1968


SUNRISE AND SUNSET
AUGUST 27 2014........SUNRISE   655 AM EDT   SUNSET   811 PM EDT
AUGUST 28 2014........SUNRISE   655 AM EDT   SUNSET   809 PM EDT


-  INDICATES NEGATIVE NUMBERS.
R  INDICATES RECORD WAS SET OR TIED.
MM INDICATES DATA IS MISSING.
T  INDICATES TRACE AMOUNT.




$$
