831
CDUS41 KILN 230604
CLICMH


CLIMATE REPORT
NATIONAL WEATHER SERVICE WILMINGTON OH
203 AM EDT SUN JUL 23 2017


...................................

...THE COLUMBUS OH CLIMATE SUMMARY FOR JULY 22 2017...

CLIMATE NORMAL PERIOD 1981 TO 2010
CLIMATE RECORD PERIOD 1869 TO 2017


WEATHER ITEM   OBSERVED TIME   RECORD YEAR NORMAL DEPARTURE LAST
                VALUE   (LST)  VALUE       VALUE  FROM      YEAR
                                                  NORMAL
..................................................................
TEMPERATURE (F)
 YESTERDAY
  MAXIMUM         88    513 PM 104    1901  85      3       86
  MINIMUM         72    848 AM  50    1966  66      6       71
  AVERAGE         80                        75      5       79

PRECIPITATION (IN)
  YESTERDAY        0.41          2.31 2013   0.16   0.25     1.07
  MONTH TO DATE    7.12                      3.46   3.66     2.33
  SINCE JUN 1     11.78                      7.47   4.31     7.55
  SINCE JAN 1     30.46                     23.04   7.42    21.28

SNOWFALL (IN)
  YESTERDAY        0.0           0.0    MM   0.0    0.0      0.0
  MONTH TO DATE    0.0                       0.0    0.0      0.0
  SINCE JUN 1      0.0                       0.0    0.0      0.0
  SINCE JUL 1      0.0                       0.0    0.0      0.0
  SNOW DEPTH       0

DEGREE DAYS
 HEATING
  YESTERDAY        0                         0      0        0
  MONTH TO DATE    0                         0      0        0
  SINCE JUN 1      7                        19    -12        4
  SINCE JUL 1      0                         0      0        0

 COOLING
  YESTERDAY       15                        10      5       14
  MONTH TO DATE  250                       220     30      234
  SINCE JUN 1    480                       436     44      493
  SINCE JAN 1    605                       518     87      558
..................................................................


WIND (MPH)
  RESULTANT WIND SPEED   3   RESULTANT WIND DIRECTION  SW (240)
  HIGHEST WIND SPEED    30   HIGHEST WIND DIRECTION     W (290)
  HIGHEST GUST SPEED    39   HIGHEST GUST DIRECTION     W (280)
  AVERAGE WIND SPEED     6.4


SKY COVER
  POSSIBLE SUNSHINE  MM
  AVERAGE SKY COVER 0.8


WEATHER CONDITIONS
 THE FOLLOWING WEATHER WAS RECORDED YESTERDAY.
  THUNDERSTORM
  RAIN
  LIGHT RAIN
  FOG
  HAZE


RELATIVE HUMIDITY (PERCENT)
 HIGHEST   100           200 AM
 LOWEST     68           600 PM
 AVERAGE    84

..........................................................


THE COLUMBUS OH CLIMATE NORMALS FOR TODAY
                         NORMAL    RECORD    YEAR
 MAXIMUM TEMPERATURE (F)   85        99      1933
 MINIMUM TEMPERATURE (F)   66        51      1981


SUNRISE AND SUNSET
JULY 23 2017..........SUNRISE   622 AM EDT   SUNSET   853 PM EDT
JULY 24 2017..........SUNRISE   623 AM EDT   SUNSET   853 PM EDT


-  INDICATES NEGATIVE NUMBERS.
R  INDICATES RECORD WAS SET OR TIED.
MM INDICATES DATA IS MISSING.
T  INDICATES TRACE AMOUNT.




$$
