000
CDUS41 KILN 240545
CLICMH


CLIMATE REPORT
NATIONAL WEATHER SERVICE WILMINGTON OH
144 AM EDT THU APR 24 2014


...................................

...THE COLUMBUS OH CLIMATE SUMMARY FOR APRIL 23 2014...

CLIMATE NORMAL PERIOD 1981 TO 2010
CLIMATE RECORD PERIOD 1869 TO 2014


WEATHER ITEM   OBSERVED TIME   RECORD YEAR NORMAL DEPARTURE LAST
                VALUE   (LST)  VALUE       VALUE  FROM      YEAR
                                                  NORMAL
..................................................................
TEMPERATURE (F)
 YESTERDAY
  MAXIMUM         58    514 PM  88    1960  66     -8       72
  MINIMUM         40    632 AM  23    1986  45     -5       47
  AVERAGE         49                        56     -7       60

PRECIPITATION (IN)
  YESTERDAY        0.00          1.64 1882   0.12  -0.12      T
  MONTH TO DATE    2.70                      2.61   0.09     2.21
  SINCE MAR 1      5.29                      5.63  -0.34     5.33
  SINCE JAN 1     10.08                     10.61  -0.53     9.40

SNOWFALL (IN)
  YESTERDAY        0.0           0.2  2005   0.1   -0.1      0.0
  MONTH TO DATE    0.9                       1.1   -0.2       T
  SINCE MAR 1      5.4                       5.3    0.1     12.2
  SINCE JUL 1     56.4                      26.7   29.7     41.2
  SNOW DEPTH       0

DEGREE DAYS
 HEATING
  YESTERDAY       16                        10      6        5
  MONTH TO DATE  245                       310    -65      275
  SINCE MAR 1   1082                      1026     56     1126
  SINCE JUL 1   5466                      5021    445     4984

 COOLING
  YESTERDAY        0                         1     -1        0
  MONTH TO DATE    6                         5      1       23
  SINCE MAR 1      6                         5      1       23
  SINCE JAN 1      6                         5      1       23
..................................................................


WIND (MPH)
  RESULTANT WIND SPEED   8   RESULTANT WIND DIRECTION   N (360)
  HIGHEST WIND SPEED    16   HIGHEST WIND DIRECTION     N (350)
  HIGHEST GUST SPEED    22   HIGHEST GUST DIRECTION    NW (330)
  AVERAGE WIND SPEED     9.0


SKY COVER
  POSSIBLE SUNSHINE  MM
  AVERAGE SKY COVER 0.3


WEATHER CONDITIONS
 THE FOLLOWING WEATHER WAS RECORDED YESTERDAY.
  NO SIGNIFICANT WEATHER WAS OBSERVED.


RELATIVE HUMIDITY (PERCENT)
 HIGHEST    64           600 AM
 LOWEST     36           500 PM
 AVERAGE    50

..........................................................


THE COLUMBUS OH CLIMATE NORMALS FOR TODAY
                         NORMAL    RECORD    YEAR
 MAXIMUM TEMPERATURE (F)   67        88      1960
 MINIMUM TEMPERATURE (F)   45        28      1930


SUNRISE AND SUNSET
APRIL 24 2014.........SUNRISE   641 AM EDT   SUNSET   819 PM EDT
APRIL 25 2014.........SUNRISE   639 AM EDT   SUNSET   820 PM EDT


-  INDICATES NEGATIVE NUMBERS.
R  INDICATES RECORD WAS SET OR TIED.
MM INDICATES DATA IS MISSING.
T  INDICATES TRACE AMOUNT.




$$
